[INFO] fetching crate ryo-executor 0.2.0...
[INFO] testing ryo-executor-0.2.0 against 1.99.0-beta.8 for beta-1.100-2
[INFO] extracting crate ryo-executor 0.2.0 into /workspace/builds/worker-1-tc1/source
[INFO] started tweaking crates.io crate ryo-executor 0.2.0
[INFO] removed 0 missing tests
[INFO] finished tweaking crates.io crate ryo-executor 0.2.0
[INFO] tweaked toml for crates.io crate ryo-executor 0.2.0 written to /workspace/builds/worker-1-tc1/source/Cargo.toml
[INFO] validating manifest of crates.io crate ryo-executor 0.2.0 on toolchain 1.99.0-beta.8
[INFO] running `Command { std: CARGO_HOME="/workspace/cargo-home" RUSTUP_HOME="/workspace/rustup-home" "/workspace/cargo-home/bin/cargo" "+1.99.0-beta.8" "metadata" "--manifest-path" "Cargo.toml" "--no-deps", kill_on_drop: false }`
[INFO] crate crates.io crate ryo-executor 0.2.0 already has a lockfile, it will not be regenerated
[INFO] running `Command { std: CARGO_HOME="/workspace/cargo-home" RUSTUP_HOME="/workspace/rustup-home" "/workspace/cargo-home/bin/cargo" "+1.99.0-beta.8" "fetch" "--manifest-path" "Cargo.toml", kill_on_drop: false }`
[INFO] [stderr]     Updating crates.io index
[INFO] [stderr]  Downloading crates ...
[INFO] [stderr]   Downloaded ryo-symbol v0.2.0
[INFO] [stderr]   Downloaded ryo-verification v0.2.0
[INFO] [stderr]   Downloaded cargo-platform v0.1.9
[INFO] [stderr]   Downloaded rand_xoshiro v0.6.0
[INFO] [stderr]   Downloaded ryo-test v0.2.0
[INFO] [stderr]   Downloaded cargo_metadata v0.19.2
[INFO] [stderr]   Downloaded sized-chunks v0.6.5
[INFO] [stderr]   Downloaded bitmaps v2.1.0
[INFO] [stderr]   Downloaded uuid v1.19.0
[INFO] [stderr]   Downloaded compact_str v0.8.1
[INFO] [stderr]   Downloaded ryo-mutations v0.2.0
[INFO] [stderr]   Downloaded ryo-source v0.2.0
[INFO] [stderr]   Downloaded im v15.1.0
[INFO] [stderr]   Downloaded ryo-analysis v0.2.0
[INFO] [stderr]   Downloaded petgraph v0.6.5
[INFO] running `Command { std: "docker" "create" "-v" "/var/lib/crater-agent-workspace/builds/worker-1-tc1/source:/opt/rustwide/workdir:ro,Z" "-v" "/var/lib/crater-agent-workspace/builds/worker-1-tc1/target:/opt/rustwide/target:rw,Z" "-v" "/var/lib/crater-agent-workspace/cargo-home:/opt/rustwide/cargo-home:ro,Z" "-v" "/var/lib/crater-agent-workspace/rustup-home:/opt/rustwide/rustup-home:ro,Z" "-m" "1610612736" "--network" "none" "ghcr.io/rust-lang/crates-build-env/linux@sha256:3111399a4047eeb3a02b7a90e478d715f38a8c6669b5c4b49d30a17385265909" "sleep" "infinity", kill_on_drop: false }`
[INFO] [stdout] 6d65ced11b0d3f24d76b2cded1aa87249bd6f9d16537ff74d2f3d8089a73c102
[INFO] running `Command { std: "docker" "start" "6d65ced11b0d3f24d76b2cded1aa87249bd6f9d16537ff74d2f3d8089a73c102", kill_on_drop: false }`
[INFO] running `Command { std: "docker" "inspect" "6d65ced11b0d3f24d76b2cded1aa87249bd6f9d16537ff74d2f3d8089a73c102", kill_on_drop: false }`
[INFO] running `Command { std: "docker" "exec" "-e" "SOURCE_DIR=/opt/rustwide/workdir" "-e" "CARGO_HOME=/opt/rustwide/cargo-home" "-e" "RUSTUP_HOME=/opt/rustwide/rustup-home" "-e" "CARGO_TARGET_DIR=/opt/rustwide/target" "-w" "/opt/rustwide/workdir" "--user" "0:0" "6d65ced11b0d3f24d76b2cded1aa87249bd6f9d16537ff74d2f3d8089a73c102" "/opt/rustwide/cargo-home/bin/cargo" "+1.99.0-beta.8" "metadata" "--no-deps" "--format-version=1", kill_on_drop: false }`
[INFO] running `Command { std: "docker" "inspect" "6d65ced11b0d3f24d76b2cded1aa87249bd6f9d16537ff74d2f3d8089a73c102", kill_on_drop: false }`
[INFO] running `Command { std: "docker" "exec" "-e" "SOURCE_DIR=/opt/rustwide/workdir" "-e" "CARGO_HOME=/opt/rustwide/cargo-home" "-e" "RUSTUP_HOME=/opt/rustwide/rustup-home" "-e" "CARGO_TARGET_DIR=/opt/rustwide/target" "-e" "CARGO_INCREMENTAL=0" "-e" "RUST_BACKTRACE=full" "-e" "RUSTFLAGS=--cap-lints=warn" "-e" "RUSTDOCFLAGS=--cap-lints=warn" "-w" "/opt/rustwide/workdir" "--user" "0:0" "6d65ced11b0d3f24d76b2cded1aa87249bd6f9d16537ff74d2f3d8089a73c102" "/opt/rustwide/cargo-home/bin/cargo" "+1.99.0-beta.8" "build" "--frozen" "--message-format=json", kill_on_drop: false }`
[INFO] [stderr]    Compiling proc-macro2 v1.0.103
[INFO] [stderr]    Compiling quote v1.0.42
[INFO] [stderr]    Compiling unicode-ident v1.0.22
[INFO] [stderr]    Compiling memchr v2.7.6
[INFO] [stderr]    Compiling itoa v1.0.16
[INFO] [stderr]    Compiling thiserror v1.0.69
[INFO] [stderr]    Compiling typenum v1.19.0
[INFO] [stderr]    Compiling serde_json v1.0.147
[INFO] [stderr]    Compiling thiserror v2.0.17
[INFO] [stderr]    Compiling camino v1.2.2
[INFO] [stderr]    Compiling slotmap v1.1.1
[INFO] [stderr]    Compiling zmij v0.1.8
[INFO] [stderr]    Compiling prettyplease v0.2.37
[INFO] [stderr]    Compiling anyhow v1.0.100
[INFO] [stderr]    Compiling castaway v0.2.4
[INFO] [stderr]    Compiling semver v1.0.27
[INFO] [stderr]    Compiling ryu v1.0.21
[INFO] [stderr]    Compiling uuid v1.19.0
[INFO] [stderr]    Compiling im v15.1.0
[INFO] [stderr]    Compiling regex-syntax v0.8.8
[INFO] [stderr]    Compiling rand_core v0.6.4
[INFO] [stderr]    Compiling fixedbitset v0.4.2
[INFO] [stderr]    Compiling rand_xoshiro v0.6.0
[INFO] [stderr]    Compiling bitflags v2.10.0
[INFO] [stderr]    Compiling getrandom v0.4.2
[INFO] [stderr]    Compiling pin-project-lite v0.2.16
[INFO] [stderr]    Compiling rustix v1.1.4
[INFO] [stderr]    Compiling fastrand v2.3.0
[INFO] [stderr]    Compiling glob v0.3.3
[INFO] [stderr]    Compiling crossbeam-channel v0.5.15
[INFO] [stderr]    Compiling aho-corasick v1.1.4
[INFO] [stderr]    Compiling bitmaps v2.1.0
[INFO] [stderr]    Compiling syn v2.0.111
[INFO] [stderr]    Compiling sized-chunks v0.6.5
[INFO] [stderr]    Compiling tempfile v3.27.0
[INFO] [stderr]    Compiling regex-automata v0.4.13
[INFO] [stderr]    Compiling regex v1.12.2
[INFO] [stderr]    Compiling serde_derive v1.0.228
[INFO] [stderr]    Compiling thiserror-impl v1.0.69
[INFO] [stderr]    Compiling thiserror-impl v2.0.17
[INFO] [stderr]    Compiling tracing-attributes v0.1.31
[INFO] [stderr]    Compiling tracing v0.1.44
[INFO] [stderr]    Compiling serde v1.0.228
[INFO] [stderr]    Compiling cargo-platform v0.1.9
[INFO] [stderr]    Compiling smallvec v1.15.1
[INFO] [stderr]    Compiling compact_str v0.8.1
[INFO] [stderr]    Compiling ryo-source v0.2.0
[INFO] [stderr]    Compiling petgraph v0.6.5
[INFO] [stderr]    Compiling cargo_metadata v0.19.2
[INFO] [stderr]    Compiling ryo-symbol v0.2.0
[INFO] [stderr]    Compiling ryo-analysis v0.2.0
[INFO] [stderr]    Compiling ryo-mutations v0.2.0
[INFO] [stderr]    Compiling ryo-verification v0.2.0
[INFO] [stderr]    Compiling ryo-executor v0.2.0 (/opt/rustwide/workdir)
[INFO] [stderr]     Finished `dev` profile [unoptimized + debuginfo] target(s) in 44.44s
[INFO] running `Command { std: "docker" "inspect" "6d65ced11b0d3f24d76b2cded1aa87249bd6f9d16537ff74d2f3d8089a73c102", kill_on_drop: false }`
[INFO] running `Command { std: "docker" "exec" "-e" "SOURCE_DIR=/opt/rustwide/workdir" "-e" "CARGO_HOME=/opt/rustwide/cargo-home" "-e" "RUSTUP_HOME=/opt/rustwide/rustup-home" "-e" "CARGO_TARGET_DIR=/opt/rustwide/target" "-e" "CARGO_INCREMENTAL=0" "-e" "RUST_BACKTRACE=full" "-e" "RUSTFLAGS=--cap-lints=warn" "-e" "RUSTDOCFLAGS=--cap-lints=warn" "-w" "/opt/rustwide/workdir" "--user" "0:0" "6d65ced11b0d3f24d76b2cded1aa87249bd6f9d16537ff74d2f3d8089a73c102" "/opt/rustwide/cargo-home/bin/cargo" "+1.99.0-beta.8" "test" "--frozen" "--no-run" "--message-format=json", kill_on_drop: false }`
[INFO] [stderr]    Compiling getrandom v0.3.4
[INFO] [stderr]    Compiling zerocopy v0.8.31
[INFO] [stderr]    Compiling zerocopy-derive v0.8.31
[INFO] [stderr]    Compiling tempfile v3.27.0
[INFO] [stderr]    Compiling num-traits v0.2.19
[INFO] [stderr]    Compiling clap_lex v0.7.6
[INFO] [stderr]    Compiling is-terminal v0.4.17
[INFO] [stderr]    Compiling tinytemplate v1.2.1
[INFO] [stderr]    Compiling yansi v1.0.1
[INFO] [stderr]    Compiling diff v0.1.13
[INFO] [stderr]    Compiling similar v2.7.0
[INFO] [stderr]    Compiling clap_builder v4.5.53
[INFO] [stderr]    Compiling uuid v1.19.0
[INFO] [stderr]    Compiling pretty_assertions v1.4.1
[INFO] [stderr]    Compiling ryo-test v0.2.0
[INFO] [stderr]    Compiling ryo-symbol v0.2.0
[INFO] [stderr]    Compiling plotters v0.3.7
[INFO] [stderr]    Compiling ryo-analysis v0.2.0
[INFO] [stderr]    Compiling ryo-mutations v0.2.0
[INFO] [stderr]    Compiling clap v4.5.53
[INFO] [stderr]    Compiling half v2.7.1
[INFO] [stderr]    Compiling ciborium-ll v0.2.2
[INFO] [stderr]    Compiling ciborium v0.2.2
[INFO] [stderr]    Compiling criterion v0.5.1
[INFO] [stderr]    Compiling ryo-verification v0.2.0
[INFO] [stderr]    Compiling ryo-executor v0.2.0 (/opt/rustwide/workdir)
[INFO] [stderr]     Finished `test` profile [unoptimized + debuginfo] target(s) in 34.36s
[INFO] running `Command { std: "docker" "inspect" "6d65ced11b0d3f24d76b2cded1aa87249bd6f9d16537ff74d2f3d8089a73c102", kill_on_drop: false }`
[INFO] running `Command { std: "docker" "exec" "-e" "SOURCE_DIR=/opt/rustwide/workdir" "-e" "CARGO_HOME=/opt/rustwide/cargo-home" "-e" "RUSTUP_HOME=/opt/rustwide/rustup-home" "-e" "CARGO_TARGET_DIR=/opt/rustwide/target" "-e" "CARGO_INCREMENTAL=0" "-e" "RUST_BACKTRACE=full" "-e" "RUSTFLAGS=--cap-lints=warn" "-e" "RUSTDOCFLAGS=--cap-lints=warn" "-w" "/opt/rustwide/workdir" "--user" "0:0" "6d65ced11b0d3f24d76b2cded1aa87249bd6f9d16537ff74d2f3d8089a73c102" "/opt/rustwide/cargo-home/bin/cargo" "+1.99.0-beta.8" "test" "--frozen", kill_on_drop: false }`
[INFO] [stderr]     Finished `test` profile [unoptimized + debuginfo] target(s) in 0.19s
[INFO] [stderr]      Running unittests src/lib.rs (/opt/rustwide/target/debug/deps/ryo_executor-1f8215224e109ac4)
[INFO] [stdout] 
[INFO] [stdout] running 334 tests
[INFO] [stdout] test decider::context::tests::test_context_creation ... ok
[INFO] [stdout] test decider::action::tests::test_action_result ... ok
[INFO] [stdout] test decider::deciders::tests::test_composable_decider_chain ... ok
[INFO] [stdout] test decider::deciders::tests::test_composable_decider_with_error_modifier ... ok
[INFO] [stdout] test decider::deciders::tests::test_composable_decider_basic ... ok
[INFO] [stdout] test decider::action::tests::test_action_creation ... ok
[INFO] [stdout] test decider::deciders::tests::test_parameterized_decider_with_errors ... ok
[INFO] [stdout] test decider::state::tests::test_agent_state ... ok
[INFO] [stdout] test decider::state::tests::test_investigation ... ok
[INFO] [stdout] test decider::deciders::tests::test_murmuration_decider ... ok
[INFO] [stdout] test decider::deciders::tests::test_plain_decider ... ok
[INFO] [stdout] test decider::state::tests::test_occupation ... ok
[INFO] [stdout] test decider::deciders::tests::test_success_rate_modifier ... ok
[INFO] [stdout] test decider::context::tests::test_context_results ... ok
[INFO] [stdout] test decider::tests::test_agent_mode_plain ... ok
[INFO] [stdout] test engine::impls::bool_simplify::tests::test_v2_bool_simplify_eq_true ... ok
[INFO] [stdout] test engine::impls::assign_op::tests::test_v2_assign_op_multiple ... ok
[INFO] [stdout] test engine::impls::bool_simplify::tests::test_v2_bool_simplify_eq_false ... ok
[INFO] [stdout] test engine::impls::assign_op::tests::test_v2_assign_op_basic ... ok
[INFO] [stdout] test engine::impls::assign_op::tests::test_v2_assign_op_target_fn ... ok
[INFO] [stdout] test engine::impls::bool_simplify::tests::test_v2_bool_simplify_in_if ... ok
[INFO] [stdout] test engine::impls::bool_simplify::tests::test_v2_bool_simplify_no_changes ... ok
[INFO] [stdout] test engine::impls::clone_on_copy::tests::test_v2_clone_on_copy_aggressive ... ok
[INFO] [stdout] test engine::impls::assign_op::tests::test_v2_assign_op_in_method ... ok
[INFO] [stdout] test decider::tests::test_agent_mode_agentic ... ok
[INFO] [stdout] test engine::impls::clone_on_copy::tests::test_v2_clone_on_copy_target_fn_scopes_to_target_only ... ok
[INFO] [stdout] test decider::tests::test_decider_config ... ok
[INFO] [stdout] test engine::impls::assign_op::tests::test_v2_assign_op_no_changes ... ok
[INFO] [stdout] test engine::impls::clone_on_copy::tests::test_v2_clone_on_copy_literal ... ok
[INFO] [stdout] test engine::impls::collapsible_if::tests::test_v2_collapsible_if_basic ... ok
[INFO] [stdout] test engine::impls::clone_on_copy::tests::test_v2_clone_on_copy_param ... ok
[INFO] [stdout] test engine::impls::clone_on_copy::tests::test_v2_clone_on_copy_no_changes ... ok
[INFO] [stdout] test engine::impls::collapsible_if::tests::test_v2_collapsible_if_no_changes ... ok
[INFO] [stdout] test engine::impls::comparison_to_method::tests::test_v2_comparison_empty_string ... ok
[INFO] [stdout] test engine::impls::create_mod::tests::test_create_mod_already_exists ... ok
[INFO] [stdout] test engine::impls::collapsible_if::tests::test_v2_collapsible_if_with_else ... ok
[INFO] [stdout] test engine::impls::comparison_to_method::tests::test_v2_comparison_no_changes ... ok
[INFO] [stdout] test engine::impls::comparison_to_method::tests::test_v2_comparison_len_zero ... ok
[INFO] [stdout] test engine::impls::create_mod::tests::test_create_mod_empty_content ... ok
[INFO] [stdout] test decider::context::tests::test_query_keywords ... ok
[INFO] [stdout] test decider::deciders::tests::test_composable_decider_stall_detection ... ok
[INFO] [stdout] test engine::impls::create_mod::tests::test_create_mod_basic ... ok
[INFO] [stdout] test engine::impls::create_mod::tests::test_create_nested_mod ... ok
[INFO] [stdout] test engine::impls::item::legacy_tests::test_multiple_impl_blocks_methods_merged ... ok
[INFO] [stdout] test engine::impls::create_mod::tests::test_create_pub_mod ... ok
[INFO] [stdout] test engine::impls::item::tests::test_v2_replace_code_substitutes_item_with_verbatim ... ok
[INFO] [stdout] test engine::impls::introduce_variable::tests::test_v2_introduce_variable_no_match ... ok
[INFO] [stdout] test engine::impls::item::legacy_tests::test_add_impl_block_registers_methods_on_parent_type ... ok
[INFO] [stdout] test engine::impls::create_mod::tests::test_create_mod_with_multiple_items ... ok
[INFO] [stdout] test engine::impls::loop_to_iter::tests::test_v2_loop_to_iter_no_changes ... ok
[INFO] [stdout] test engine::impls::filter_next::tests::test_v2_filter_next_basic ... ok
[INFO] [stdout] test engine::impls::filter_next::tests::test_v2_filter_next_map_next ... ok
[INFO] [stdout] test engine::impls::item::tests::test_v2_replace_code_missing_target_reports_zero ... ok
[INFO] [stdout] test engine::impls::filter_next::tests::test_v2_filter_next_no_changes ... ok
[INFO] [stdout] test engine::impls::introduce_variable::tests::test_v2_introduce_variable ... ok
[INFO] [stdout] test engine::impls::map_unwrap_or::tests::test_v2_map_unwrap_or_else ... ok
[INFO] [stdout] test engine::impls::match_arm::tests::normalize_let_match_wrapped ... ok
[INFO] [stdout] test engine::impls::map_unwrap_or::tests::test_v2_map_unwrap_or_no_changes ... ok
[INFO] [stdout] test engine::impls::loop_to_iter::tests::test_v2_loop_to_iter_target_fn_scopes_to_target_only ... ok
[INFO] [stdout] test engine::impls::match_arm::tests::normalize_shorthand_different_binding_unchanged ... ok
[INFO] [stdout] test engine::impls::manual_map::tests::test_v2_manual_map_no_changes ... ok
[INFO] [stdout] test engine::impls::match_arm::tests::normalize_block_expr_unchanged ... ok
[INFO] [stdout] test engine::impls::match_arm::tests::normalize_shorthand_already_short ... ok
[INFO] [stdout] test engine::impls::match_arm::tests::normalize_shorthand_explicit_to_shorthand ... ok
[INFO] [stdout] test engine::impls::match_arm::tests::normalize_shorthand_mixed ... ok
[INFO] [stdout] test engine::impls::loop_to_iter::tests::test_v2_loop_to_iter_map_collect ... ok
[INFO] [stdout] test engine::impls::match_arm::tests::normalize_shorthand_with_rest ... ok
[INFO] [stdout] test engine::impls::match_arm::tests::normalize_simple_expr_unchanged ... ok
[INFO] [stdout] test engine::impls::match_arm::tests::normalize_shorthand_no_braces ... ok
[INFO] [stdout] test engine::impls::match_arm::tests::normalize_stmt_sequence_wrapped ... ok
[INFO] [stdout] test engine::impls::match_arm::tests::normalize_whitespace_trimmed ... ok
[INFO] [stdout] test engine::impls::match_arm::tests::pattern_contains_enum_other ... ok
[INFO] [stdout] test engine::impls::match_arm::tests::pattern_contains_enum_path ... ok
[INFO] [stdout] test engine::impls::match_arm::tests::pattern_matches_other_variant ... ok
[INFO] [stdout] test engine::impls::match_arm::tests::pattern_matches_tuple_struct_wildcard ... ok
[INFO] [stdout] test engine::impls::match_arm::tests::pattern_matches_tuple_struct ... ok
[INFO] [stdout] test engine::impls::match_arm::tests::pattern_contains_enum_struct ... ok
[INFO] [stdout] test engine::impls::match_arm::tests::parse_pattern_tuple_struct ... ok
[INFO] [stdout] test engine::impls::match_arm::tests::parse_pattern_tuple_struct_wild ... ok
[INFO] [stdout] test engine::impls::match_arm::tests::pattern_matches_named_struct ... ok
[INFO] [stdout] test engine::impls::match_arm::tests::parse_pattern_path ... ok
[INFO] [stdout] test engine::impls::match_arm::tests::parse_pattern_wildcard ... ok
[INFO] [stdout] test engine::impls::match_arm::tests::parse_pattern_struct ... ok
[INFO] [stdout] test engine::impls::match_arm::tests::path_segment_exact_match ... ok
[INFO] [stdout] test engine::impls::match_arm::tests::path_segment_no_substring_match ... ok
[INFO] [stdout] test engine::impls::match_arm::tests::pattern_matches_tuple_struct_multi ... ok
[INFO] [stdout] test engine::impls::map_unwrap_or::tests::test_v2_map_unwrap_or_basic ... ok
[INFO] [stdout] test engine::impls::match_arm::tests::path_segment_middle_match ... ok
[INFO] [stdout] test engine::impls::match_arm::tests::pattern_matches_wild ... ok
[INFO] [stdout] test engine::impls::match_to_if_let::tests::test_v2_match_to_if_let_no_changes ... ok
[INFO] [stdout] test engine::impls::match_arm::tests::replace_match_arm_struct_pattern ... ok
[INFO] [stdout] test engine::impls::organize_imports::tests::test_trees_equal ... ok
[INFO] [stdout] test engine::impls::organize_imports::tests::test_organize_deduplicates ... ok
[INFO] [stdout] test engine::impls::organize_imports::tests::test_v2_organize_imports_target_module_non_mod_id_no_leak ... ok
[INFO] [stdout] test engine::impls::redundant_closure::tests::test_v2_redundant_closure_not_redundant ... ok
[INFO] [stdout] test engine::impls::noop_arm::tests::test_v2_noop_arm_emits_event_on_positive_changes ... ok
[INFO] [stdout] test engine::impls::redundant_closure::tests::test_v2_redundant_closure_single_param ... ok
[INFO] [stdout] test engine::impls::noop_arm::tests::test_v2_noop_arm_no_changes ... ok
[INFO] [stdout] test engine::impls::organize_imports::tests::test_organize_no_changes_when_unique ... ok
[INFO] [stdout] test engine::impls::organize_imports::tests::test_trees_not_equal_different_names ... ok
[INFO] [stdout] test engine::impls::noop_arm::tests::test_v2_noop_arm_with_replacement ... ok
[INFO] [stdout] test engine::impls::redundant_closure::tests::test_v2_redundant_closure_no_changes ... ok
[INFO] [stdout] test engine::impls::noop_arm::tests::test_v2_noop_arm_empty_block ... ok
[INFO] [stdout] test engine::impls::method::tests::test_add_method_to_struct_new_design ... ok
[INFO] [stdout] test engine::impls::stmt_ops::tests::test_v2_replace_expr ... ok
[INFO] [stdout] test engine::impls::method::tests::test_remove_method_from_struct_new_design ... ok
[INFO] [stdout] test engine::impls::noop_arm::tests::test_v2_noop_arm_unit_tuple ... ok
[INFO] [stdout] test engine::impls::stmt_ops::tests::test_v2_insert_statement_after_pattern_method_chain ... ok
[INFO] [stdout] test engine::impls::method::tests::test_add_method_to_generic_struct_via_add_item ... ok
[INFO] [stdout] test engine::impls::stmt_ops::tests::test_v2_insert_statement_after_pattern_let ... ok
[INFO] [stdout] test engine::impls::stmt_ops::tests::test_v2_remove_statement_no_match ... ok
[INFO] [stdout] test engine::impls::method::tests::test_add_method_to_generic_struct ... ok
[INFO] [stdout] test engine::impls::stmt_ops::tests::test_v2_insert_statement_after_pattern_macro ... ok
[INFO] [stdout] test engine::impls::method::tests::test_remove_method_from_trait_impl ... ok
[INFO] [stdout] test engine::impls::stmt_ops::tests::test_v2_insert_statement_start ... ok
[INFO] [stdout] test engine::impls::method::tests::test_remove_multiple_methods ... ok
[INFO] [stdout] test engine::impls::trait_ops::tests::test_v2_enum_to_trait_registers_variant_trait_impls ... ok
[INFO] [stdout] test engine::impls::trait_ops::tests::test_v2_extract_trait ... ok
[INFO] [stdout] test engine::impls::trait_ops::tests::test_v2_enum_to_trait_static_strategy ... ok
[INFO] [stdout] test engine::impls::match_arm::tests::pattern_matches_path ... ok
[INFO] [stdout] test engine::impls::type_ops::tests::test_replace_type_in_pure_type_reference ... ok
[INFO] [stdout] test engine::impls::trait_ops::tests::test_v2_enum_to_trait_marker_only_strategy ... ok
[INFO] [stdout] test engine::impls::type_ops::tests::test_replace_type_in_pure_type_simple ... ok
[INFO] [stdout] test engine::impls::type_ops::tests::test_replace_type_in_pure_type_no_match ... ok
[INFO] [stdout] test engine::impls::type_ops::tests::test_transform_to_pure_type_box_dyn ... ok
[INFO] [stdout] test engine::impls::type_ops::tests::test_transform_to_pure_type_impl_trait ... ok
[INFO] [stdout] test engine::impls::unwrap_to_question::tests::test_v2_unwrap_to_question_basic ... ok
[INFO] [stdout] test engine::impls::trait_ops::tests::test_v2_inline_trait_keep_trait ... ok
[INFO] [stdout] test engine::impls::utils::tests::test_register_empty_impl_block ... ok
[INFO] [stdout] test engine::impls::trait_ops::tests::test_v2_inline_trait ... ok
[INFO] [stdout] test engine::impls::unwrap_to_question::tests::test_v2_unwrap_to_question_expect ... ok
[INFO] [stdout] test engine::impls::utils::tests::test_register_plain_impl_block ... ok
[INFO] [stdout] test engine::impls::trait_ops::tests::test_v2_enum_to_trait_dynamic_strategy ... ok
[INFO] [stdout] test engine::impls::unwrap_to_question::tests::test_v2_unwrap_to_question_non_option_return ... ok
[INFO] [stdout] test engine::impls::trait_ops::tests::test_v2_enum_to_trait_generic_strategy ... ok
[INFO] [stdout] test engine::modified_files::tests::test_collect_modified_symbols_modified ... ok
[INFO] [stdout] test engine::registry_generator::tests::test_derive_child_path_respects_existing_mod_rs ... ok
[INFO] [stdout] test engine::registry_generator::tests::test_add_mod_no_span_required ... ok
[INFO] [stdout] test engine::registry_generator::tests::test_derive_child_path_per_crate_isolation ... ok
[INFO] [stdout] test engine::modified_files::tests::test_collect_modified_symbols_added_module_propagates_to_parent ... ok
[INFO] [stdout] test engine::registry_generator::tests::test_derive_child_path_respects_existing_flat ... ok
[INFO] [stdout] test engine::registry_generator::tests::test_empty_cfg_test_mod_preserved_in_single_file ... ok
[INFO] [stdout] test engine::impls::utils::tests::test_register_trait_impl_block ... ok
[INFO] [stdout] test engine::impls::utils::tests::test_strip_generics ... ok
[INFO] [stdout] test engine::registry_generator::tests::test_derive_child_path_per_crate_falls_back_to_workspace_wide ... ok
[INFO] [stdout] test engine::modified_files::tests::test_collect_modified_symbols_added ... ok
[INFO] [stdout] test engine::registry_generator::tests::test_external_module_visibility_from_pure_mod ... ok
[INFO] [stdout] test engine::modified_files::tests::test_collect_modified_symbols_added_function_no_parent_propagation ... ok
[INFO] [stdout] test engine::registry_generator::tests::test_add_nested_mod_no_span_required ... ok
[INFO] [stdout] test engine::impls::utils::tests::test_register_multiple_impl_blocks_merge ... ok
[INFO] [stdout] test engine::registry_generator::tests::test_external_mod_preserves_attrs ... ok
[INFO] [stdout] test engine::registry_generator::tests::test_generate_affected_no_duplicate_mod_rs_when_flat_exists ... ok
[INFO] [stdout] test engine::registry_generator::tests::test_generate_with_graph_single_file ... ok
[INFO] [stdout] test engine::registry_generator::tests::test_generate_affected_only_affected_files ... ok
[INFO] [stdout] test engine::registry_generator::tests::test_derive_child_path_default_flat ... ok
[INFO] [stdout] test engine::registry_generator::tests::test_generate_affected_empty_symbols_returns_empty ... ok
[INFO] [stdout] test engine::registry_generator::tests::test_inline_module_multi_file_no_separate_file ... ok
[INFO] [stdout] test engine::registry_generator::tests::test_external_module_visibility_preserved ... ok
[INFO] [stdout] test engine::registry_generator::tests::test_generate_with_graph_matches_original ... ok
[INFO] [stdout] test engine::registry_generator::tests::test_external_module_visibility_with_graph ... ok
[INFO] [stdout] test engine::registry_generator::tests::test_external_module_with_items_not_inlined ... ok
[INFO] [stdout] test engine::registry_generator::tests::test_main_multi_file_modules ... ok
[INFO] [stdout] test engine::registry_generator::tests::test_generate_with_graph_multi_file ... ok
[INFO] [stdout] test engine::registry_generator::tests::test_inline_test_module_idempotent_output ... ok
[INFO] [stdout] test engine::registry_generator::tests::test_main_with_modules ... ok
[INFO] [stdout] test engine::registry_generator::tests::test_no_spurious_attrs ... ok
[INFO] [stdout] test engine::registry_generator::tests::test_multi_file_submodule_preserves_inner_attrs ... ok
[INFO] [stdout] test engine::registry_generator::tests::test_inner_attrs_at_file_level ... ok
[INFO] [stdout] test engine::registry_generator::tests::test_marked_inline_module_stays_inline ... ok
[INFO] [stdout] test engine::impls::utils::tests::test_register_generic_impl_block ... ok
[INFO] [stdout] test engine::registry_generator::tests::test_multi_crate ... ok
[INFO] [stdout] test engine::registry_generator::tests::test_move_symbol_between_modules ... ok
[INFO] [stdout] test engine::registry_generator::tests::test_multi_file_modern_style ... ok
[INFO] [stdout] test engine::registry_generator::tests::test_mixed_outer_inner_attrs_separation ... ok
[INFO] [stdout] test engine::registry_generator::tests::test_inline_sibling_last_segment_collision ... ok
[INFO] [stdout] test engine::registry_generator::tests::test_inline_module_with_impl_idempotent_output ... ok
[INFO] [stdout] test engine::registry_generator::tests::test_symbol_path_to_file_key_main_symbol ... ok
[INFO] [stdout] test engine::registry_generator::tests::test_symbol_path_to_file_key_root_items ... ok
[INFO] [stdout] test engine::source_pipeline::tests::test_source_generator_trait_implemented ... ok
[INFO] [stdout] test engine::registry_generator::tests::test_single_file_nested_modules ... ok
[INFO] [stdout] test engine::registry_generator::tests::test_symbol_path_to_file_key_module_items ... ok
[INFO] [stdout] test engine::registry_generator::tests::test_all_generated_valid_rust ... ok
[INFO] [stdout] test engine::registry_generator::tests::test_partial_remove_mod ... ok
[INFO] [stdout] test engine::registry_generator::tests::test_remove_mod_no_span_required ... ok
[INFO] [stdout] test engine::tests::integration::context_builder_tests::test_add_field_idempotent ... ok
[INFO] [stdout] test engine::registry_generator::tests::test_single_file_basic ... ok
[INFO] [stdout] test engine::tests::integration::blueprint_v2_tests::test_execute_v2_create_mod ... ok
[INFO] [stdout] test engine::registry_generator::tests::test_symbol_path_to_file_key_nested_modules ... ok
[INFO] [stdout] test engine::source_pipeline::tests::test_get_crate_templates ... ok
[INFO] [stdout] test engine::tests::integration::test_create_mod_to_registry ... ok
[INFO] [stdout] test engine::tests::integration::context_builder_tests::test_create_mod_creates_module ... ok
[INFO] [stdout] test engine::tests::integration::context_builder_tests::test_ast_registry_populated_from_file ... ok
[INFO] [stdout] test engine::tests::integration::test_add_field_to_registry ... ok
[INFO] [stdout] test engine::tests::integration::test_file_dumper_output ... ok
[INFO] [stdout] test engine::tests::integration::test_full_pipeline_add_field ... ok
[INFO] [stdout] test executor::blueprint::tests::test_delete_reference_conflict ... ok
[INFO] [stdout] test executor::blueprint::tests::test_dependency_graph_ready_set ... ok
[INFO] [stdout] test executor::blueprint::tests::test_no_conflict_with_ordering ... ok
[INFO] [stdout] test engine::tests::integration::context_builder_tests::test_add_field_via_context_builder ... ok
[INFO] [stdout] test executor::blueprint::tests::test_visibility_conflict ... ok
[INFO] [stdout] test executor::blueprint::tests::test_visibility_no_conflict_same_value ... ok
[INFO] [stdout] test engine::tests::integration::context_builder_tests::test_multiple_mutations_sequence ... ok
[INFO] [stdout] test executor::blueprint::tests::test_same_target_conflict_detection ... ok
[INFO] [stdout] test engine::tests::integration::context_builder_tests::test_remove_field_via_context_builder ... ok
[INFO] [stdout] test executor::blueprint::tests::test_topological_levels ... ok
[INFO] [stdout] test executor::blueprint::tests::test_rename_chain_conflict ... ok
[INFO] [stdout] test engine::source_pipeline::tests::test_source_dumper_creation ... ok
[INFO] [stdout] test engine::registry_generator::tests::test_lib_and_main_separate_modules ... ok
[INFO] [stdout] test engine::registry_generator::tests::test_main_entry_point ... ok
[INFO] [stdout] test engine::tests::integration::blueprint_v2_tests::test_execute_v2_multiple_specs ... ok
[INFO] [stdout] test executor::blueprint_executor::tests::test_blueprint_executor_add_item_generic_struct ... ok
[INFO] [stdout] test engine::tests::integration::blueprint_v2_tests::test_execute_v2_remove_field ... ok
[INFO] [stdout] test executor::blueprint_executor::tests::test_blueprint_executor_add_derive_to_generic_struct ... ok
[INFO] [stdout] test executor::blueprint_executor::tests::test_blueprint_executor_add_derive ... ok
[INFO] [stdout] test executor::blueprint_executor::tests::test_blueprint_executor_add_item_fn ... ok
[INFO] [stdout] test engine::tests::integration::blueprint_v2_tests::test_execute_v2_add_field ... ok
[INFO] [stdout] test executor::blueprint_executor::tests::test_blueprint_executor_create_mod_declaration ... ok
[INFO] [stdout] test executor::blueprint_executor::tests::test_blueprint_executor_add_method_with_self ... ok
[INFO] [stdout] test executor::blueprint_executor::tests::test_blueprint_executor_add_method_with_params ... ok
[INFO] [stdout] test executor::blueprint_executor::tests::test_blueprint_executor_add_item_struct ... ok
[INFO] [stdout] test executor::blueprint_executor::tests::test_blueprint_executor_create_file ... ok
[INFO] [stdout] test executor::blueprint_executor::tests::test_blueprint_executor_create_module_workflow ... ok
[INFO] [stdout] test executor::blueprint_executor::tests::test_blueprint_executor_add_item_enum ... ok
[INFO] [stdout] test executor::blueprint_executor::tests::test_blueprint_executor_rename ... ok
[INFO] [stdout] test executor::blueprint_executor::tests::test_execute_v2_without_sync_is_faster ... ignored, flaky: µs-level timing comparison depends on CPU load
[INFO] [stdout] test executor::blueprint_executor::tests::test_sequential_and_wavefront_produce_same_result ... ignored, V1 path disabled - needs V2 migration
[INFO] [stdout] test executor::blueprint_executor::tests::test_suggest_strategy ... ok
[INFO] [stdout] test executor::blueprint_executor::tests::ws_key_custom_prefix_layout ... ok
[INFO] [stdout] test executor::blueprint_executor::tests::ws_key_in_crates_hyphen_name_flat_file ... ok
[INFO] [stdout] test executor::blueprint_executor::tests::test_blueprint_with_conflicts_fails_when_not_ignored ... ok
[INFO] [stdout] test executor::blueprint_executor::tests::ws_key_layout_lookup_failure_returns_none ... ok
[INFO] [stdout] test executor::blueprint_executor::tests::ws_key_root_layout_flat_file ... ok
[INFO] [stdout] test executor::blueprint_executor::tests::ws_key_in_crates_hyphen_name_nested_module ... ok
[INFO] [stdout] test executor::cascade_convert::tests::test_add_derive_conversion ... ok
[INFO] [stdout] test executor::cascade_convert::tests::test_add_use_conversion ... ok
[INFO] [stdout] test executor::blueprint_executor::tests::test_blueprint_executor_add_field_to_generic_struct ... ok
[INFO] [stdout] test executor::conflict::tests::test_cross_variant_conflict ... ok
[INFO] [stdout] test executor::conflict::tests::test_group_by_conflicts_conflicting ... ok
[INFO] [stdout] test executor::conflict::tests::test_group_by_conflicts_independent ... ok
[INFO] [stdout] test executor::conflict::tests::test_specs_conflict_different_targets ... ok
[INFO] [stdout] test executor::cascade_convert::tests::test_change_visibility_conversion ... ok
[INFO] [stdout] test executor::conflict::tests::test_specs_conflict_same_target_same_field ... ok
[INFO] [stdout] test executor::blueprint_executor::tests::test_blueprint_executor_add_item_async_fn ... ok
[INFO] [stdout] test executor::conflict::tests::test_specs_no_conflict_same_target_different_fields ... ok
[INFO] [stdout] test executor::conflict::tests::test_target_conflicts_different_ids ... ok
[INFO] [stdout] test executor::conflict::tests::test_target_conflicts_same_id ... ok
[INFO] [stdout] test executor::context::tests::test_context_creation ... ok
[INFO] [stdout] test executor::context::tests::test_resolve_path ... ok
[INFO] [stdout] test executor::core::tests::test_truncate_lines ... ok
[INFO] [stdout] test executor::blueprint_executor::tests::test_blueprint_executor_add_item_use ... ok
[INFO] [stdout] test executor::orchestrator::tests::test_find_conflicting_pairs ... ok
[INFO] [stdout] test executor::core::tests::test_core_executor_supported_kinds ... ok
[INFO] [stdout] test executor::orchestrator::tests::test_orchestrator_verifies_changes_applied ... ignored, V1 path disabled - needs V2 migration
[INFO] [stdout] test executor::orchestrator::tests::test_classify_for_parallel_execution ... ok
[INFO] [stdout] test executor::orchestrator::tests::test_orchestrator_with_add_items ... ignored, V1 path disabled - needs V2 migration
[INFO] [stdout] test executor::orchestrator::tests::test_partition_by_item_refs_conflicting_merged ... ok
[INFO] [stdout] test executor::blueprint_executor::tests::test_blueprint_executor_add_method_basic ... ok
[INFO] [stdout] test executor::blueprint_executor::tests::test_wavefront_execution_basic ... ok
[INFO] [stdout] test executor::orchestrator::tests::test_specs_conflict_different_fields_no_conflict ... ok
[INFO] [stdout] test executor::orchestrator::tests::test_specs_conflict_different_structs_no_conflict ... ok
[INFO] [stdout] test executor::orchestrator::tests::test_specs_conflict_parent_child_conflict ... ok
[INFO] [stdout] test executor::orchestrator::tests::test_specs_conflict_same_field_conflict ... ok
[INFO] [stdout] test executor::orchestrator::tests::test_suggest_orchestration_few_specs ... ok
[INFO] [stdout] test executor::orchestrator::tests::test_orchestrator_sequential_basic ... ok
[INFO] [stdout] test executor::orchestrator::tests::test_partition_by_item_refs_independent_groups ... ok
[INFO] [stdout] test executor::blueprint_executor::tests::test_blueprint_executor_add_item_impl ... ok
[INFO] [stdout] test executor::orchestrator::tests::test_suggest_orchestration_many_independent ... ok
[INFO] [stdout] test executor::orchestrator::tests::test_run_speculative_verified_with_graph_verifier ... ok
[INFO] [stdout] test executor::orchestrator::tests::test_orchestrator_empty_specs ... ok
[INFO] [stdout] test executor::orchestrator::tests::test_verified_orchestrated_result_success ... ok
[INFO] [stdout] test executor::blueprint_executor::tests::test_blueprint_executor_multi_file_add_items ... ok
[INFO] [stdout] test executor::blueprint_executor::tests::test_blueprint_executor_create_pub_mod_declaration ... ok
[INFO] [stdout] test executor::registry::converters::derive::tests::test_derive_converter_spec_kinds ... ok
[INFO] [stdout] test executor::registry::converters::enum_::tests::test_enum_converter_can_handle_add_variant ... ok
[INFO] [stdout] test executor::registry::converters::idiom::tests::test_idiom_converter_spec_kinds ... ok
[INFO] [stdout] test executor::registry::converters::match_arm::tests::test_match_arm_converter_can_handle ... ok
[INFO] [stdout] test executor::registry::converters::match_arm::tests::test_match_arm_converter_spec_kinds ... ok
[INFO] [stdout] test executor::registry::converters::method::tests::test_method_converter_can_handle ... ok
[INFO] [stdout] test executor::registry::converters::method::tests::test_method_converter_spec_kinds ... ok
[INFO] [stdout] test executor::registry::converters::module::tests::test_module_converter_can_handle_create ... ok
[INFO] [stdout] test executor::registry::converters::module::tests::test_module_converter_can_handle_remove ... ok
[INFO] [stdout] test executor::registry::converters::module::tests::test_module_converter_spec_kinds ... ok
[INFO] [stdout] test executor::registry::converters::move_::tests::test_move_converter_can_handle ... ok
[INFO] [stdout] test executor::registry::converters::move_::tests::test_move_converter_spec_kinds ... ok
[INFO] [stdout] test executor::registry::converters::plugin::tests::test_plugin_converter_spec_kinds ... ok
[INFO] [stdout] test executor::registry::converters::enum_::tests::test_enum_converter_can_handle_remove_variant ... ok
[INFO] [stdout] test executor::registry::converters::field::tests::test_field_converter_can_handle_add ... ok
[INFO] [stdout] test executor::orchestrator::tests::test_run_speculative_verified_basic ... ok
[INFO] [stdout] test executor::orchestrator::tests::test_verified_orchestrated_result_verification_failure ... ok
[INFO] [stdout] test executor::registry::converters::remove::tests::test_remove_converter_can_handle ... ok
[INFO] [stdout] test executor::registry::converters::field::tests::test_field_converter_spec_kinds ... ok
[INFO] [stdout] test executor::registry::converters::remove::tests::test_remove_converter_spec_kinds ... ok
[INFO] [stdout] test executor::registry::converters::rename::tests::test_rename_converter_can_handle ... ok
[INFO] [stdout] test executor::registry::converters::stmt::tests::build_verbatim_expr_preserves_raw_bytes_with_unusual_spacing ... ok
[INFO] [stdout] test executor::registry::converters::stmt::tests::build_verbatim_replacement_stmt_honors_tail_expr_intent ... ok
[INFO] [stdout] test executor::registry::converters::stmt::tests::build_verbatim_replacement_stmt_passes_explicit_terminator_through ... ok
[INFO] [stdout] test executor::registry::converters::stmt::tests::build_verbatim_replacement_stmt_keeps_semi_completion_for_let ... ok
[INFO] [stdout] test executor::orchestrator::tests::test_verified_orchestrated_result_orchestration_failure ... ok
[INFO] [stdout] test executor::registry::converters::stmt::tests::test_stmt_converter_can_handle ... ok
[INFO] [stdout] test executor::registry::converters::stmt::tests::test_stmt_converter_spec_kinds ... ok
[INFO] [stdout] test executor::registry::converters::struct_literal_field::tests::test_struct_literal_field_converter_can_handle ... ok
[INFO] [stdout] test executor::registry::converters::struct_literal_field::tests::test_struct_literal_field_converter_spec_kinds ... ok
[INFO] [stdout] test executor::registry::converters::trait_::tests::test_trait_converter_spec_kinds ... ok
[INFO] [stdout] test executor::registry::converters::rename::tests::test_rename_converter_spec_kinds ... ok
[INFO] [stdout] test executor::registry::converters::spec_alias::tests::test_spec_alias_converter_spec_kinds ... ok
[INFO] [stdout] test executor::registry::converters::stmt::tests::build_verbatim_expr_rejects_syntactically_invalid_input ... ok
[INFO] [stdout] test executor::registry::converters::visibility::tests::test_visibility_converter_spec_kinds ... ok
[INFO] [stdout] test executor::registry::converters::stmt::tests::build_verbatim_stmt_appends_trailing_semicolon_if_missing ... ok
[INFO] [stdout] test executor::registry::converters::stmt::tests::build_verbatim_stmt_rejects_syntactically_invalid_input ... ok
[INFO] [stdout] test executor::registry::tests::test_registry_can_handle_add_item ... ok
[INFO] [stdout] test executor::registry::tests::test_registry_registered_kinds ... ok
[INFO] [stdout] test executor::orchestrator::tests::test_orchestrator_speculative_independent_groups ... ok
[INFO] [stdout] test executor::registry::tests::test_registry_can_handle_rename ... ok
[INFO] [stdout] test executor::registry::tests::test_all_converter_spec_kinds_are_registered ... ok
[INFO] [stdout] test executor::registry::converters::field::tests::test_field_converter_can_handle_remove ... ok
[INFO] [stdout] test executor::registry::converters::visibility::tests::test_visibility_to_pure_vis ... ok
[INFO] [stdout] test executor::registry::tests::test_registry_can_handle_field ... ok
[INFO] [stdout] test executor::registry::converters::stmt::tests::build_verbatim_stmt_preserves_user_terminator_and_interior_spacing ... ok
[INFO] [stdout] test executor::spec::tests::test_idiom_detection ... ok
[INFO] [stdout] test executor::registry::converters::enum_::tests::test_enum_converter_spec_kinds ... ok
[INFO] [stdout] test executor::registry::tests_pre_check::test_pre_check_add_variant_always_passes ... ok
[INFO] [stdout] test executor::traits::tests::test_executor_error_display ... ok
[INFO] [stdout] test executor::spec::tests::test_mutation_spec_serialize ... ok
[INFO] [stdout] test executor::registry::tests_pre_check::test_pre_check_add_derive_with_symbol_id ... ok
[INFO] [stdout] test executor::registry::tests_pre_check::test_pre_check_add_item_no_check_needed ... ok
[INFO] [stdout] test executor::registry::tests_pre_check::test_pre_check_rename_with_symbol_id ... ok
[INFO] [stdout] test executor::registry::tests_pre_check::test_pre_check_add_field_with_symbol_id ... ok
[INFO] [stdout] test executor::blueprint_executor::tests::test_wavefront_execution_with_dependencies ... ok
[INFO] [stdout] test executor::registry::tests::test_registry_has_all_converters ... ok
[INFO] [stdout] test executor::blueprint_executor::tests::test_blueprint_executor_add_method_with_mut_self ... ok
[INFO] [stdout] test executor::orchestrator::tests::test_run_speculative_verified_empty_specs ... ok
[INFO] [stdout] test executor::blueprint_executor::tests::test_blueprint_executor_organize_imports ... ok
[INFO] [stdout] test executor::blueprint_executor::tests::test_blueprint_executor_multi_file_rename ... ok
[INFO] [stdout] test executor::blueprint_executor::tests::test_wavefront_execution_multi_file ... ok
[INFO] [stdout] 
[INFO] [stdout] test result: ok. 330 passed; 0 failed; 4 ignored; 0 measured; 0 filtered out; finished in 0.35s
[INFO] [stdout] 
[INFO] [stderr]      Running tests/mutations.rs (/opt/rustwide/target/debug/deps/mutations-da90aec2c415830f)
[INFO] [stdout] 
[INFO] [stdout] running 140 tests
[INFO] [stdout] test path_resolution_tests::test_add_derive_with_full_path ... ignored, Multi-file tests using execute_mutation_v2_multi with dummy_id don't work - V2 path requires valid SymbolIds from registry lookup
[INFO] [stdout] test symbol_id_tests::test_change_field_visibility_with_symbol_id ... ignored, Fields don't have individual SymbolIds - changing field visibility requires struct SymbolId + field name, but current V2 path doesn't support this
[INFO] [stdout] test c_axis_stability_tests::t3_drop_isolation_with_stop_on_error_disabled ... ok
[INFO] [stdout] test symbol_id_tests::test_add_derive_with_symbol_id ... ok
[INFO] [stdout] test symbol_id_tests::test_remove_variant_with_symbol_id ... ok
[INFO] [stdout] test symbol_id_tests::test_add_field_with_symbol_id ... ok
[INFO] [stdout] test test_add_derive_multiple ... ok
[INFO] [stdout] test symbol_id_tests::test_add_variant_with_symbol_id ... ok
[INFO] [stdout] test test_add_derive_no_existing_derives ... ok
[INFO] [stdout] test test_add_field_to_nonexistent_struct ... ok
[INFO] [stdout] test symbol_id_tests::test_add_field_with_symbol_id_multiple_structs ... ok
[INFO] [stdout] test symbol_id_tests::test_remove_match_arm_with_symbol_id ... ok
[INFO] [stdout] test path_resolution_tests::test_add_derive_with_short_name_returns_ambiguous ... FAILED
[INFO] [stdout] test test_add_derive_single ... ok
[INFO] [stdout] test c_axis_stability_tests::t2_mixed_insert_remove_replace_documents_input_order ... ok
[INFO] [stdout] test symbol_id_tests::test_change_visibility_with_symbol_id ... ok
[INFO] [stdout] test symbol_id_tests::test_duplicate_mod_tree_with_symbol_id ... ok
[INFO] [stdout] test symbol_id_tests::test_add_match_arm_with_symbol_id ... ok
[INFO] [stdout] test symbol_id_tests::test_remove_field_with_symbol_id ... ok
[INFO] [stdout] test symbol_id_tests::test_rename_with_symbol_id ... ok
[INFO] [stdout] test test_add_field_to_empty_struct ... ok
[INFO] [stdout] test symbol_id_tests::test_remove_derive_with_symbol_id ... ok
[INFO] [stdout] test test_add_derive_to_enum ... ok
[INFO] [stdout] test c_axis_stability_tests::t1_replace_only_is_order_independent ... ok
[INFO] [stdout] test test_add_field_to_struct ... ok
[INFO] [stdout] test test_add_method_to_impl ... ok
[INFO] [stdout] test test_add_field_with_generic_type ... ok
[INFO] [stdout] test test_add_item_impl_block ... ok
[INFO] [stdout] test test_add_item_enum ... ok
[INFO] [stdout] test test_add_item_function ... ok
[INFO] [stdout] test test_add_variant_to_empty_enum ... ok
[INFO] [stdout] test test_add_private_field ... ok
[INFO] [stdout] test test_change_visibility_function ... ok
[INFO] [stdout] test test_add_method_with_return_type ... ok
[INFO] [stdout] test test_add_variant_with_fields ... ok
[INFO] [stdout] test test_add_item_struct ... ok
[INFO] [stdout] test test_change_visibility_pub_to_pub_crate ... ok
[INFO] [stdout] test test_create_mod_declaration ... ok
[INFO] [stdout] test test_duplicate_struct ... ok
[INFO] [stdout] test test_add_variant_tuple ... ok
[INFO] [stdout] test test_change_visibility_private_to_pub ... ok
[INFO] [stdout] test test_remove_derive ... ok
[INFO] [stdout] test test_source_normalization ... ok
[INFO] [stdout] test test_create_mod ... ok
[INFO] [stdout] test test_sources_equal_ignores_whitespace ... ok
[INFO] [stdout] test test_add_variant_to_enum ... ok
[INFO] [stdout] test test_duplicate_function ... ok
[INFO] [stdout] test test_duplicate_enum ... ok
[INFO] [stdout] test test_organize_imports_deduplication ... ok
[INFO] [stdout] test test_remove_field_from_struct ... ok
[INFO] [stdout] test test_duplicate_struct_without_impls ... ok
[INFO] [stdout] test test_remove_variant ... ok
[INFO] [stdout] test test_remove_item_struct ... ok
[INFO] [stdout] test test_rename_function ... ok
[INFO] [stdout] test v2_snapshot_tests::v2_add_derive_multiple ... ok
[INFO] [stdout] test v2_snapshot_tests::v2_add_derive_no_existing ... ok
[INFO] [stdout] test test_remove_item_function ... ok
[INFO] [stdout] test test_rename_struct ... ok
[INFO] [stdout] test v2_snapshot_tests::v2_add_field_private ... ok
[INFO] [stdout] test v2_cross_file_tests::v2_move_item_struct_to_submodule ... ok
[INFO] [stdout] test v2_snapshot_tests::v2_add_derive_single ... ok
[INFO] [stdout] test test_remove_method ... ok
[INFO] [stdout] test v2_duplicate_mod_tree_tests::v2_duplicate_mod_tree_with_nested ... ok
[INFO] [stdout] test v2_snapshot_tests::v2_add_field_to_empty_struct ... ok
[INFO] [stdout] test v2_snapshot_tests::v2_add_field_with_generic_type ... ok
[INFO] [stdout] test v2_duplicate_mod_tree_tests::v2_duplicate_mod_tree_basic ... ok
[INFO] [stdout] test v2_snapshot_tests::v2_add_derive_to_enum ... ok
[INFO] [stdout] test test_rename_enum ... ok
[INFO] [stdout] test v2_snapshot_tests::v2_add_field_basic ... ok
[INFO] [stdout] test v2_inline_trait_tests::v2_inline_trait_keep_trait ... ok
[INFO] [stdout] test v2_cross_file_tests::v2_move_item_enum ... ok
[INFO] [stdout] test v2_cross_file_tests::v2_move_item_function ... ok
[INFO] [stdout] test test_multiple_independent_mutations ... ok
[INFO] [stdout] test v2_snapshot_tests::v2_add_match_arm_struct_variant ... ok
[INFO] [stdout] test v2_snapshot_tests::v2_add_match_arm_tuple_variant ... ok
[INFO] [stdout] test v2_snapshot_tests::v2_add_then_remove_field ... ok
[INFO] [stdout] test v2_snapshot_tests::v2_add_variant_struct ... ok
[INFO] [stdout] test v2_cross_file_tests::v2_move_item_with_add_use ... ok
[INFO] [stdout] test v2_snapshot_tests::v2_add_variant_to_empty_enum ... ok
[INFO] [stdout] test v2_snapshot_tests::v2_add_method_basic ... ok
[INFO] [stdout] test v2_snapshot_tests::v2_add_variant_tuple ... ok
[INFO] [stdout] test v2_snapshot_tests::v2_add_match_arm_with_wildcard ... ok
[INFO] [stdout] test v2_snapshot_tests::v2_add_variant_unit ... ok
[INFO] [stdout] test v2_snapshot_tests::v2_add_match_arm_basic ... ok
[INFO] [stdout] test v2_snapshot_tests::v2_change_visibility_function ... ok
[INFO] [stdout] test v2_snapshot_tests::v2_change_visibility_private_to_pub ... ok
[INFO] [stdout] test v2_snapshot_tests::v2_change_visibility_pub_to_pub_crate ... ok
[INFO] [stdout] test v2_inline_trait_tests::v2_inline_trait_multiple_methods ... ok
[INFO] [stdout] test v2_snapshot_tests::v2_add_match_arm_rest_pattern ... ok
[INFO] [stdout] test v2_snapshot_tests::v2_add_struct_literal_field_with_self ... ok
[INFO] [stdout] test v2_snapshot_tests::v2_add_item_function ... ok
[INFO] [stdout] test v2_snapshot_tests::v2_add_method_with_params ... ok
[INFO] [stdout] test v2_snapshot_tests::v2_add_method_static ... ok
[INFO] [stdout] test v2_snapshot_tests::v2_multiple_add_fields ... ok
[INFO] [stdout] test v2_snapshot_tests::v2_remove_all_derives ... ok
[INFO] [stdout] test v2_snapshot_tests::v2_remove_derive_multiple ... ok
[INFO] [stdout] test v2_snapshot_tests::v2_remove_derive_single ... ok
[INFO] [stdout] test v2_snapshot_tests::v2_remove_field_first ... ok
[INFO] [stdout] test v2_snapshot_tests::v2_remove_field_last ... ok
[INFO] [stdout] test v2_snapshot_tests::v2_create_mod_basic ... ok
[INFO] [stdout] test v2_snapshot_tests::v2_remove_field_basic ... ok
[INFO] [stdout] test v2_snapshot_tests::v2_create_mod_empty_content ... ok
[INFO] [stdout] test v2_snapshot_tests::v2_add_item_struct ... ok
[INFO] [stdout] test v2_inline_trait_tests::v2_inline_trait_basic ... ok
[INFO] [stdout] test v2_snapshot_tests::v2_add_item_enum ... ok
[INFO] [stdout] test v2_snapshot_tests::v2_remove_match_arm_basic ... ok
[INFO] [stdout] test v2_snapshot_tests::v2_remove_variant_basic ... ok
[INFO] [stdout] test v2_snapshot_tests::v2_remove_method_basic ... ok
[INFO] [stdout] test v2_snapshot_tests::v2_remove_method_with_params ... ok
[INFO] [stdout] test v2_snapshot_tests::v2_create_mod_decl_private ... ok
[INFO] [stdout] test v2_snapshot_tests::v2_remove_variant_first ... ok
[INFO] [stdout] test v2_snapshot_tests::v2_extract_trait_partial_methods ... ok
[INFO] [stdout] test v2_snapshot_tests::v2_add_struct_literal_field_basic ... ok
[INFO] [stdout] test v2_snapshot_tests::v2_extract_trait_no_pub_in_impl ... ok
[INFO] [stdout] test v2_snapshot_tests::v2_create_mod_decl_to_empty_file ... ok
[INFO] [stdout] test v2_snapshot_tests::v2_remove_variant_last ... ok
[INFO] [stdout] test v2_snapshot_tests::v2_create_mod_private ... ok
[INFO] [stdout] test v2_snapshot_tests::v2_remove_item_enum ... ok
[INFO] [stdout] test v2_statement_tests::v2_remove_statement_all ... ok
[INFO] [stdout] test v2_snapshot_tests::v2_remove_struct_literal_field_basic ... ok
[INFO] [stdout] test v2_snapshot_tests::v2_rename_function ... ok
[INFO] [stdout] test v2_snapshot_tests::v2_rename_enum ... ok
[INFO] [stdout] test v2_statement_tests::v2_remove_statement_single ... ok
[INFO] [stdout] test v2_snapshot_tests::v2_remove_mod_inline ... ok
[INFO] [stdout] test v2_statement_tests::v2_insert_statement_after_pattern ... ok
[INFO] [stdout] test v2_snapshot_tests::v2_create_mod_decl_basic ... ok
[INFO] [stdout] test v2_snapshot_tests::v2_remove_item_function ... ok
[INFO] [stdout] test v2_snapshot_tests::v2_remove_item_struct ... ok
[INFO] [stdout] test v2_statement_tests::v2_insert_statement_preserves_raw_spacing ... ok
[INFO] [stdout] test v2_snapshot_tests::v2_rename_struct ... ok
[INFO] [stdout] test v2_statement_tests::v2_insert_statement_at_end ... ok
[INFO] [stdout] test v2_statement_tests::v2_preserve_mut_type_annotation ... ok
[INFO] [stdout] test v2_statement_tests::v2_preserve_type_annotation_on_let ... ok
[INFO] [stdout] test v2_statement_tests::v2_replace_expr_preserves_raw_macro_spacing ... ok
[INFO] [stdout] test v2_statement_tests::v2_replace_expr_multiple ... ok
[INFO] [stdout] test v2_statement_tests::v2_insert_statement_at_beginning ... ok
[INFO] [stdout] test v2_statement_tests::v2_replace_statement_basic ... ok
[INFO] [stdout] test v2_snapshot_tests::v2_remove_mod_basic ... ok
[INFO] [stdout] test v2_statement_tests::v2_replace_statement_preserves_raw_spacing ... ok
[INFO] [stdout] test v2_statement_tests::v2_replace_expr_basic ... ok
[INFO] [stdout] 
[INFO] [stdout] failures:
[INFO] [stdout] 
[INFO] [stdout] ---- path_resolution_tests::test_add_derive_with_short_name_returns_ambiguous stdout ----
[INFO] [stdout] 
[INFO] [stdout] thread 'path_resolution_tests::test_add_derive_with_short_name_returns_ambiguous' (1971) panicked at tests/mutations.rs:4370:9:
[INFO] [stdout] Neither UserStatus should have Hash derive when target is ambiguous
[INFO] [stdout] stack backtrace:
[INFO] [stdout]    0:     0x5c8d23675cc1 - std[70759c8f55707aa4]::backtrace_rs::backtrace::libunwind::trace
[INFO] [stdout]                                at /rustc/dfb0accb7f508ae8be965d8629557221c889dd98/library/std/src/../../backtrace/src/backtrace/libunwind.rs:117:9
[INFO] [stdout]    1:     0x5c8d23675cc1 - std[70759c8f55707aa4]::backtrace_rs::backtrace::trace_unsynchronized::<std[70759c8f55707aa4]::sys::backtrace::_print_fmt::{closure#1}>
[INFO] [stdout]                                at /rustc/dfb0accb7f508ae8be965d8629557221c889dd98/library/std/src/../../backtrace/src/backtrace/mod.rs:66:14
[INFO] [stdout]    2:     0x5c8d23675cc1 - std[70759c8f55707aa4]::sys::backtrace::_print_fmt
[INFO] [stdout]                                at /rustc/dfb0accb7f508ae8be965d8629557221c889dd98/library/std/src/sys/backtrace.rs:74:9
[INFO] [stdout]    3:     0x5c8d23675cc1 - <<std[70759c8f55707aa4]::sys::backtrace::BacktraceLock>::print::DisplayBacktrace as core[df12db4294e9bfd3]::fmt::Display>::fmt
[INFO] [stdout]                                at /rustc/dfb0accb7f508ae8be965d8629557221c889dd98/library/std/src/sys/backtrace.rs:44:26
[INFO] [stdout]    4:     0x5c8d2368bbda - <core[df12db4294e9bfd3]::fmt::rt::Argument>::fmt
[INFO] [stdout]                                at /rustc/dfb0accb7f508ae8be965d8629557221c889dd98/library/core/src/fmt/rt.rs:152:76
[INFO] [stdout]    5:     0x5c8d2368bbda - core[df12db4294e9bfd3]::fmt::write
[INFO] [stdout]    6:     0x5c8d2367a27c - core[df12db4294e9bfd3]::io::write::default_write_fmt::<alloc[2182bb758b4b3781]::vec::Vec<u8>>
[INFO] [stdout]                                at /rustc/dfb0accb7f508ae8be965d8629557221c889dd98/library/core/src/io/write.rs:402:11
[INFO] [stdout]    7:     0x5c8d2367a27c - <alloc[2182bb758b4b3781]::vec::Vec<u8> as core[df12db4294e9bfd3]::io::write::Write>::write_fmt
[INFO] [stdout]                                at /rustc/dfb0accb7f508ae8be965d8629557221c889dd98/library/core/src/io/write.rs:335:13
[INFO] [stdout]    8:     0x5c8d23650e36 - <std[70759c8f55707aa4]::sys::backtrace::BacktraceLock>::print
[INFO] [stdout]                                at /rustc/dfb0accb7f508ae8be965d8629557221c889dd98/library/std/src/sys/backtrace.rs:47:9
[INFO] [stdout]    9:     0x5c8d23650e36 - std[70759c8f55707aa4]::panicking::default_hook::{closure#0}
[INFO] [stdout]                                at /rustc/dfb0accb7f508ae8be965d8629557221c889dd98/library/std/src/panicking.rs:292:27
[INFO] [stdout]   10:     0x5c8d2366df39 - std[70759c8f55707aa4]::panicking::default_hook
[INFO] [stdout]                                at /rustc/dfb0accb7f508ae8be965d8629557221c889dd98/library/std/src/panicking.rs:316:9
[INFO] [stdout]   11:     0x5c8d2304ebb0 - <alloc[2182bb758b4b3781]::boxed::Box<dyn for<'a, 'b> core[df12db4294e9bfd3]::ops::function::Fn<(&'a std[70759c8f55707aa4]::panic::PanicHookInfo<'b>,), Output = ()> + core[df12db4294e9bfd3]::marker::Send + core[df12db4294e9bfd3]::marker::Sync> as core[df12db4294e9bfd3]::ops::function::Fn<(&std[70759c8f55707aa4]::panic::PanicHookInfo,)>>::call
[INFO] [stdout]                                at /rustc/dfb0accb7f508ae8be965d8629557221c889dd98/library/alloc/src/boxed.rs:2334:9
[INFO] [stdout]   12:     0x5c8d2304ebb0 - test[9d35eded1c95d3be]::test_main_inner::<test[9d35eded1c95d3be]::test_main_static::{closure#0}>::{closure#0}
[INFO] [stdout]                                at /rustc/dfb0accb7f508ae8be965d8629557221c889dd98/library/test/src/lib.rs:155:21
[INFO] [stdout]   13:     0x5c8d2366e262 - <alloc[2182bb758b4b3781]::boxed::Box<dyn for<'a, 'b> core[df12db4294e9bfd3]::ops::function::Fn<(&'a std[70759c8f55707aa4]::panic::PanicHookInfo<'b>,), Output = ()> + core[df12db4294e9bfd3]::marker::Send + core[df12db4294e9bfd3]::marker::Sync> as core[df12db4294e9bfd3]::ops::function::Fn<(&std[70759c8f55707aa4]::panic::PanicHookInfo,)>>::call
[INFO] [stdout]                                at /rustc/dfb0accb7f508ae8be965d8629557221c889dd98/library/alloc/src/boxed.rs:2334:9
[INFO] [stdout]   14:     0x5c8d2366e262 - std[70759c8f55707aa4]::panicking::panic_with_hook
[INFO] [stdout]                                at /rustc/dfb0accb7f508ae8be965d8629557221c889dd98/library/std/src/panicking.rs:823:13
[INFO] [stdout]   15:     0x5c8d23650f14 - std[70759c8f55707aa4]::panicking::panic_handler::{closure#0}
[INFO] [stdout]                                at /rustc/dfb0accb7f508ae8be965d8629557221c889dd98/library/std/src/panicking.rs:681:13
[INFO] [stdout]   16:     0x5c8d23649b19 - std[70759c8f55707aa4]::sys::backtrace::__rust_end_short_backtrace::<std[70759c8f55707aa4]::panicking::panic_handler::{closure#0}, !>
[INFO] [stdout]                                at /rustc/dfb0accb7f508ae8be965d8629557221c889dd98/library/std/src/sys/backtrace.rs:182:18
[INFO] [stdout]   17:     0x5c8d23651add - __rustc[8fa7c3cbc660c2b3]::rust_begin_unwind
[INFO] [stdout]                                at /rustc/dfb0accb7f508ae8be965d8629557221c889dd98/library/std/src/panicking.rs:679:5
[INFO] [stdout]   18:     0x5c8d2368c47c - core[df12db4294e9bfd3]::panicking::panic_fmt
[INFO] [stdout]                                at /rustc/dfb0accb7f508ae8be965d8629557221c889dd98/library/core/src/panicking.rs:80:14
[INFO] [stdout]   19:     0x5c8d23040923 - mutations[359cc8e210296ea7]::path_resolution_tests::test_add_derive_with_short_name_returns_ambiguous
[INFO] [stdout]                                at /opt/rustwide/workdir/tests/mutations.rs:4370:9
[INFO] [stdout]   20:     0x5c8d2303edf7 - mutations[359cc8e210296ea7]::path_resolution_tests::test_add_derive_with_short_name_returns_ambiguous::{closure#0}
[INFO] [stdout]                                at /opt/rustwide/workdir/tests/mutations.rs:4331:59
[INFO] [stdout]   21:     0x5c8d230360b6 - <mutations[359cc8e210296ea7]::path_resolution_tests::test_add_derive_with_short_name_returns_ambiguous::{closure#0} as core[df12db4294e9bfd3]::ops::function::FnOnce<()>>::call_once
[INFO] [stdout]                                at /rustc/dfb0accb7f508ae8be965d8629557221c889dd98/library/core/src/ops/function.rs:250:5
[INFO] [stdout]   22:     0x5c8d23041e9b - <fn() -> core[df12db4294e9bfd3]::result::Result<(), alloc[2182bb758b4b3781]::string::String> as core[df12db4294e9bfd3]::ops::function::FnOnce<()>>::call_once
[INFO] [stdout]                                at /rustc/dfb0accb7f508ae8be965d8629557221c889dd98/library/core/src/ops/function.rs:250:5
[INFO] [stdout]   23:     0x5c8d23041e9b - test[9d35eded1c95d3be]::__rust_begin_short_backtrace::<core[df12db4294e9bfd3]::result::Result<(), alloc[2182bb758b4b3781]::string::String>, fn() -> core[df12db4294e9bfd3]::result::Result<(), alloc[2182bb758b4b3781]::string::String>>
[INFO] [stdout]                                at /rustc/dfb0accb7f508ae8be965d8629557221c889dd98/library/test/src/lib.rs:733:18
[INFO] [stdout]   24:     0x5c8d2304f505 - test[9d35eded1c95d3be]::run_test_in_process::{closure#0}
[INFO] [stdout]                                at /rustc/dfb0accb7f508ae8be965d8629557221c889dd98/library/test/src/lib.rs:756:74
[INFO] [stdout]   25:     0x5c8d2304f505 - <core[df12db4294e9bfd3]::panic::unwind_safe::AssertUnwindSafe<test[9d35eded1c95d3be]::run_test_in_process::{closure#0}> as core[df12db4294e9bfd3]::ops::function::FnOnce<()>>::call_once
[INFO] [stdout]                                at /rustc/dfb0accb7f508ae8be965d8629557221c889dd98/library/core/src/panic/unwind_safe.rs:275:9
[INFO] [stdout]   26:     0x5c8d2304f505 - std[70759c8f55707aa4]::panicking::catch_unwind::do_call::<core[df12db4294e9bfd3]::panic::unwind_safe::AssertUnwindSafe<test[9d35eded1c95d3be]::run_test_in_process::{closure#0}>, core[df12db4294e9bfd3]::result::Result<(), alloc[2182bb758b4b3781]::string::String>>
[INFO] [stdout]                                at /rustc/dfb0accb7f508ae8be965d8629557221c889dd98/library/std/src/panicking.rs:576:43
[INFO] [stdout]   27:     0x5c8d2304f505 - std[70759c8f55707aa4]::panicking::catch_unwind::<core[df12db4294e9bfd3]::result::Result<(), alloc[2182bb758b4b3781]::string::String>, core[df12db4294e9bfd3]::panic::unwind_safe::AssertUnwindSafe<test[9d35eded1c95d3be]::run_test_in_process::{closure#0}>>
[INFO] [stdout]                                at /rustc/dfb0accb7f508ae8be965d8629557221c889dd98/library/std/src/panicking.rs:544:19
[INFO] [stdout]   28:     0x5c8d2304f505 - std[70759c8f55707aa4]::panic::catch_unwind::<core[df12db4294e9bfd3]::panic::unwind_safe::AssertUnwindSafe<test[9d35eded1c95d3be]::run_test_in_process::{closure#0}>, core[df12db4294e9bfd3]::result::Result<(), alloc[2182bb758b4b3781]::string::String>>
[INFO] [stdout]                                at /rustc/dfb0accb7f508ae8be965d8629557221c889dd98/library/std/src/panic.rs:359:14
[INFO] [stdout]   29:     0x5c8d2304f505 - test[9d35eded1c95d3be]::run_test_in_process
[INFO] [stdout]                                at /rustc/dfb0accb7f508ae8be965d8629557221c889dd98/library/test/src/lib.rs:756:27
[INFO] [stdout]   30:     0x5c8d2304f505 - test[9d35eded1c95d3be]::run_test::{closure#0}
[INFO] [stdout]                                at /rustc/dfb0accb7f508ae8be965d8629557221c889dd98/library/test/src/lib.rs:677:43
[INFO] [stdout]   31:     0x5c8d23048dc4 - test[9d35eded1c95d3be]::run_test::{closure#1}
[INFO] [stdout]                                at /rustc/dfb0accb7f508ae8be965d8629557221c889dd98/library/test/src/lib.rs:707:41
[INFO] [stdout]   32:     0x5c8d23048dc4 - std[70759c8f55707aa4]::sys::backtrace::__rust_begin_short_backtrace::<test[9d35eded1c95d3be]::run_test::{closure#1}, ()>
[INFO] [stdout]                                at /rustc/dfb0accb7f508ae8be965d8629557221c889dd98/library/std/src/sys/backtrace.rs:166:18
[INFO] [stdout]   33:     0x5c8d23052662 - std[70759c8f55707aa4]::thread::lifecycle::spawn_unchecked::<test[9d35eded1c95d3be]::run_test::{closure#1}, ()>::{closure#1}::{closure#0}
[INFO] [stdout]                                at /rustc/dfb0accb7f508ae8be965d8629557221c889dd98/library/std/src/thread/lifecycle.rs:70:13
[INFO] [stdout]   34:     0x5c8d23052662 - <core[df12db4294e9bfd3]::panic::unwind_safe::AssertUnwindSafe<std[70759c8f55707aa4]::thread::lifecycle::spawn_unchecked<test[9d35eded1c95d3be]::run_test::{closure#1}, ()>::{closure#1}::{closure#0}> as core[df12db4294e9bfd3]::ops::function::FnOnce<()>>::call_once
[INFO] [stdout]                                at /rustc/dfb0accb7f508ae8be965d8629557221c889dd98/library/core/src/panic/unwind_safe.rs:275:9
[INFO] [stdout]   35:     0x5c8d23052662 - std[70759c8f55707aa4]::panicking::catch_unwind::do_call::<core[df12db4294e9bfd3]::panic::unwind_safe::AssertUnwindSafe<std[70759c8f55707aa4]::thread::lifecycle::spawn_unchecked<test[9d35eded1c95d3be]::run_test::{closure#1}, ()>::{closure#1}::{closure#0}>, ()>
[INFO] [stdout]                                at /rustc/dfb0accb7f508ae8be965d8629557221c889dd98/library/std/src/panicking.rs:576:43
[INFO] [stdout]   36:     0x5c8d23052662 - std[70759c8f55707aa4]::panicking::catch_unwind::<(), core[df12db4294e9bfd3]::panic::unwind_safe::AssertUnwindSafe<std[70759c8f55707aa4]::thread::lifecycle::spawn_unchecked<test[9d35eded1c95d3be]::run_test::{closure#1}, ()>::{closure#1}::{closure#0}>>
[INFO] [stdout]                                at /rustc/dfb0accb7f508ae8be965d8629557221c889dd98/library/std/src/panicking.rs:544:19
[INFO] [stdout]   37:     0x5c8d23052662 - std[70759c8f55707aa4]::panic::catch_unwind::<core[df12db4294e9bfd3]::panic::unwind_safe::AssertUnwindSafe<std[70759c8f55707aa4]::thread::lifecycle::spawn_unchecked<test[9d35eded1c95d3be]::run_test::{closure#1}, ()>::{closure#1}::{closure#0}>, ()>
[INFO] [stdout]                                at /rustc/dfb0accb7f508ae8be965d8629557221c889dd98/library/std/src/panic.rs:359:14
[INFO] [stdout]   38:     0x5c8d23052662 - std[70759c8f55707aa4]::thread::lifecycle::spawn_unchecked::<test[9d35eded1c95d3be]::run_test::{closure#1}, ()>::{closure#1}
[INFO] [stdout]                                at /rustc/dfb0accb7f508ae8be965d8629557221c889dd98/library/std/src/thread/lifecycle.rs:68:26
[INFO] [stdout]   39:     0x5c8d23052662 - <std[70759c8f55707aa4]::thread::lifecycle::spawn_unchecked<test[9d35eded1c95d3be]::run_test::{closure#1}, ()>::{closure#1} as core[df12db4294e9bfd3]::ops::function::FnOnce<()>>::call_once::{shim:vtable#0}
[INFO] [stdout]                                at /rustc/dfb0accb7f508ae8be965d8629557221c889dd98/library/core/src/ops/function.rs:250:5
[INFO] [stdout]   40:     0x5c8d23675369 - <alloc[2182bb758b4b3781]::boxed::Box<dyn core[df12db4294e9bfd3]::ops::function::FnOnce<(), Output = ()> + core[df12db4294e9bfd3]::marker::Send> as core[df12db4294e9bfd3]::ops::function::FnOnce<()>>::call_once
[INFO] [stdout]                                at /rustc/dfb0accb7f508ae8be965d8629557221c889dd98/library/alloc/src/boxed.rs:2320:9
[INFO] [stdout]   41:     0x5c8d23675369 - <std[70759c8f55707aa4]::sys::thread::unix::Thread>::new::thread_start
[INFO] [stdout]                                at /rustc/dfb0accb7f508ae8be965d8629557221c889dd98/library/std/src/sys/thread/unix.rs:123:17
[INFO] [stdout]   42:     0x7b86e50fddfa - <unknown>
[INFO] [stdout]   43:     0x7b86e51913d4 - clone
[INFO] [stdout]   44:                0x0 - <unknown>
[INFO] [stdout] 
[INFO] [stdout] 
[INFO] [stdout] failures:
[INFO] [stdout]     path_resolution_tests::test_add_derive_with_short_name_returns_ambiguous
[INFO] [stdout] 
[INFO] [stdout] test result: FAILED. 137 passed; 1 failed; 2 ignored; 0 measured; 0 filtered out; finished in 1.08s
[INFO] [stdout] 
[INFO] [stderr] error: test failed, to rerun pass `--test mutations`
[INFO] running `Command { std: "docker" "inspect" "6d65ced11b0d3f24d76b2cded1aa87249bd6f9d16537ff74d2f3d8089a73c102", kill_on_drop: false }`
[INFO] running `Command { std: "docker" "rm" "-f" "6d65ced11b0d3f24d76b2cded1aa87249bd6f9d16537ff74d2f3d8089a73c102", kill_on_drop: false }`
[INFO] [stdout] 6d65ced11b0d3f24d76b2cded1aa87249bd6f9d16537ff74d2f3d8089a73c102
