[INFO] fetching crate rv-asm 0.2.1...
[INFO] testing rv-asm-0.2.1 against 1.99.0-beta.8 for beta-1.100-2
[INFO] extracting crate rv-asm 0.2.1 into /workspace/builds/worker-5-tc1/source
[INFO] started tweaking crates.io crate rv-asm 0.2.1
[INFO] finished tweaking crates.io crate rv-asm 0.2.1
[INFO] tweaked toml for crates.io crate rv-asm 0.2.1 written to /workspace/builds/worker-5-tc1/source/Cargo.toml
[INFO] validating manifest of crates.io crate rv-asm 0.2.1 on toolchain 1.99.0-beta.8
[INFO] running `Command { std: CARGO_HOME="/workspace/cargo-home" RUSTUP_HOME="/workspace/rustup-home" "/workspace/cargo-home/bin/cargo" "+1.99.0-beta.8" "metadata" "--manifest-path" "Cargo.toml" "--no-deps", kill_on_drop: false }`
[INFO] crate crates.io crate rv-asm 0.2.1 already has a lockfile, it will not be regenerated
[INFO] running `Command { std: CARGO_HOME="/workspace/cargo-home" RUSTUP_HOME="/workspace/rustup-home" "/workspace/cargo-home/bin/cargo" "+1.99.0-beta.8" "fetch" "--manifest-path" "Cargo.toml", kill_on_drop: false }`
[INFO] [stderr]     Blocking waiting for file lock on package cache
[INFO] [stderr]     Updating crates.io index
[INFO] [stderr]  Downloading crates ...
[INFO] [stderr]   Downloaded tempfile v3.20.0
[INFO] [stderr]   Downloaded errno v0.3.12
[INFO] [stderr]   Downloaded bitflags v2.9.1
[INFO] [stderr]   Downloaded adler2 v2.0.0
[INFO] [stderr]   Downloaded twox-hash v1.6.3
[INFO] [stderr]   Downloaded crc32fast v1.4.2
[INFO] [stderr]   Downloaded r-efi v5.2.0
[INFO] [stderr]   Downloaded ruzstd v0.7.3
[INFO] [stderr]   Downloaded flate2 v1.1.1
[INFO] [stderr]   Downloaded miniz_oxide v0.8.8
[INFO] [stderr]   Downloaded rustix v1.0.7
[INFO] [stderr]   Downloaded object v0.36.7
[INFO] [stderr]   Downloaded libc v0.2.172
[INFO] running `Command { std: "docker" "create" "-v" "/var/lib/crater-agent-workspace/builds/worker-5-tc1/source:/opt/rustwide/workdir:ro,Z" "-v" "/var/lib/crater-agent-workspace/builds/worker-5-tc1/target:/opt/rustwide/target:rw,Z" "-v" "/var/lib/crater-agent-workspace/cargo-home:/opt/rustwide/cargo-home:ro,Z" "-v" "/var/lib/crater-agent-workspace/rustup-home:/opt/rustwide/rustup-home:ro,Z" "-m" "1610612736" "--network" "none" "ghcr.io/rust-lang/crates-build-env/linux@sha256:3111399a4047eeb3a02b7a90e478d715f38a8c6669b5c4b49d30a17385265909" "sleep" "infinity", kill_on_drop: false }`
[INFO] [stdout] bf4630cbba76ecacb45f58a6925b4d3febfeb92ebe813f409bd05e42c14c0ecc
[INFO] running `Command { std: "docker" "start" "bf4630cbba76ecacb45f58a6925b4d3febfeb92ebe813f409bd05e42c14c0ecc", kill_on_drop: false }`
[INFO] running `Command { std: "docker" "inspect" "bf4630cbba76ecacb45f58a6925b4d3febfeb92ebe813f409bd05e42c14c0ecc", kill_on_drop: false }`
[INFO] running `Command { std: "docker" "exec" "-e" "SOURCE_DIR=/opt/rustwide/workdir" "-e" "CARGO_HOME=/opt/rustwide/cargo-home" "-e" "RUSTUP_HOME=/opt/rustwide/rustup-home" "-e" "CARGO_TARGET_DIR=/opt/rustwide/target" "-w" "/opt/rustwide/workdir" "--user" "0:0" "bf4630cbba76ecacb45f58a6925b4d3febfeb92ebe813f409bd05e42c14c0ecc" "/opt/rustwide/cargo-home/bin/cargo" "+1.99.0-beta.8" "metadata" "--no-deps" "--format-version=1", kill_on_drop: false }`
[INFO] running `Command { std: "docker" "inspect" "bf4630cbba76ecacb45f58a6925b4d3febfeb92ebe813f409bd05e42c14c0ecc", kill_on_drop: false }`
[INFO] running `Command { std: "docker" "exec" "-e" "SOURCE_DIR=/opt/rustwide/workdir" "-e" "CARGO_HOME=/opt/rustwide/cargo-home" "-e" "RUSTUP_HOME=/opt/rustwide/rustup-home" "-e" "CARGO_TARGET_DIR=/opt/rustwide/target" "-e" "CARGO_INCREMENTAL=0" "-e" "RUST_BACKTRACE=full" "-e" "RUSTFLAGS=--cap-lints=warn" "-e" "RUSTDOCFLAGS=--cap-lints=warn" "-w" "/opt/rustwide/workdir" "--user" "0:0" "bf4630cbba76ecacb45f58a6925b4d3febfeb92ebe813f409bd05e42c14c0ecc" "/opt/rustwide/cargo-home/bin/cargo" "+1.99.0-beta.8" "build" "--frozen" "--message-format=json", kill_on_drop: false }`
[INFO] [stderr]    Compiling rv-asm v0.2.1 (/opt/rustwide/workdir)
[INFO] [stderr]     Finished `dev` profile [unoptimized + debuginfo] target(s) in 0.57s
[INFO] running `Command { std: "docker" "inspect" "bf4630cbba76ecacb45f58a6925b4d3febfeb92ebe813f409bd05e42c14c0ecc", kill_on_drop: false }`
[INFO] running `Command { std: "docker" "exec" "-e" "SOURCE_DIR=/opt/rustwide/workdir" "-e" "CARGO_HOME=/opt/rustwide/cargo-home" "-e" "RUSTUP_HOME=/opt/rustwide/rustup-home" "-e" "CARGO_TARGET_DIR=/opt/rustwide/target" "-e" "CARGO_INCREMENTAL=0" "-e" "RUST_BACKTRACE=full" "-e" "RUSTFLAGS=--cap-lints=warn" "-e" "RUSTDOCFLAGS=--cap-lints=warn" "-w" "/opt/rustwide/workdir" "--user" "0:0" "bf4630cbba76ecacb45f58a6925b4d3febfeb92ebe813f409bd05e42c14c0ecc" "/opt/rustwide/cargo-home/bin/cargo" "+1.99.0-beta.8" "test" "--frozen" "--no-run" "--message-format=json", kill_on_drop: false }`
[INFO] [stderr]    Compiling cfg-if v1.0.0
[INFO] [stderr]    Compiling crossbeam-utils v0.8.21
[INFO] [stderr]    Compiling libc v0.2.172
[INFO] [stderr]    Compiling rustix v1.0.7
[INFO] [stderr]    Compiling rayon-core v1.12.1
[INFO] [stderr]    Compiling static_assertions v1.1.0
[INFO] [stderr]    Compiling adler2 v2.0.0
[INFO] [stderr]    Compiling getrandom v0.3.3
[INFO] [stderr]    Compiling bitflags v2.9.1
[INFO] [stderr]    Compiling linux-raw-sys v0.9.4
[INFO] [stderr]    Compiling object v0.36.7
[INFO] [stderr]    Compiling once_cell v1.21.3
[INFO] [stderr]    Compiling either v1.15.0
[INFO] [stderr]    Compiling memchr v2.7.4
[INFO] [stderr]    Compiling fastrand v2.3.0
[INFO] [stderr]    Compiling crc32fast v1.4.2
[INFO] [stderr]    Compiling twox-hash v1.6.3
[INFO] [stderr]    Compiling miniz_oxide v0.8.8
[INFO] [stderr]    Compiling ruzstd v0.7.3
[INFO] [stderr]    Compiling crossbeam-epoch v0.9.18
[INFO] [stderr]    Compiling flate2 v1.1.1
[INFO] [stderr]    Compiling crossbeam-deque v0.8.6
[INFO] [stderr]    Compiling rayon v1.10.0
[INFO] [stderr]    Compiling tempfile v3.20.0
[INFO] [stderr]    Compiling rv-asm v0.2.1 (/opt/rustwide/workdir)
[INFO] [stdout] warning: `panic` is ambiguous
[INFO] [stdout]     --> src/lib.rs:2356:13
[INFO] [stdout]      |
[INFO] [stdout] 2356 |             panic!(
[INFO] [stdout]      |             ^^^^^ ambiguous name
[INFO] [stdout]      |
[INFO] [stdout]      = note: ambiguous because of a conflict between a name from a glob import and an outer scope during import or macro resolution
[INFO] [stdout] note: `panic` could refer to the macro imported here
[INFO] [stdout]     --> src/lib.rs:2086:9
[INFO] [stdout]      |
[INFO] [stdout] 2086 |     use std::prelude::rust_2024::*;
[INFO] [stdout]      |         ^^^^^^^^^^^^^^^^^^^^^^^^^^
[INFO] [stdout]      = help: consider adding an explicit import of `panic` to disambiguate
[INFO] [stdout]      = help: or use `self::panic` to refer to this macro unambiguously
[INFO] [stdout] note: `panic` could also refer to a macro from prelude
[INFO] [stdout]     --> /rustc/dfb0accb7f508ae8be965d8629557221c889dd98/library/core/src/prelude/mod.rs:59:12
[INFO] [stdout]      = warning: this was previously accepted by the compiler but is being phased out; it will become a hard error in a future release!
[INFO] [stdout]      = note: for more information, see issue #147319 <https://github.com/rust-lang/rust/issues/147319>
[INFO] [stdout]      = note: `#[warn(ambiguous_panic_imports)]` (part of `#[warn(future_incompatible)]`) on by default
[INFO] [stdout] 
[INFO] [stdout] 
[INFO] [stdout] warning: use of deprecated module `core::u32`: all constants in this module replaced by associated constants on the type
[INFO] [stdout]     --> src/lib.rs:2085:15
[INFO] [stdout]      |
[INFO] [stdout] 2085 |     use core::u32;
[INFO] [stdout]      |               ^^^
[INFO] [stdout]      |
[INFO] [stdout]      = note: `#[warn(deprecated)]` on by default
[INFO] [stdout] 
[INFO] [stdout] 
[INFO] [stdout] warning: use of deprecated constant `core::u32::MAX`: replaced by the `MAX` associated constant on this type
[INFO] [stdout]     --> src/lib.rs:2116:26
[INFO] [stdout]      |
[INFO] [stdout] 2116 |         for i in 0..u32::MAX {
[INFO] [stdout]      |                          ^^^
[INFO] [stdout] 
[INFO] [stdout] 
[INFO] [stdout] warning: use of deprecated constant `core::u32::MAX`: replaced by the `MAX` associated constant on this type
[INFO] [stdout]     --> src/lib.rs:2118:48
[INFO] [stdout]      |
[INFO] [stdout] 2118 |                 let percent = i as f32 / (u32::MAX as f32);
[INFO] [stdout]      |                                                ^^^
[INFO] [stdout] 
[INFO] [stdout] 
[INFO] [stdout] warning: use of deprecated constant `core::u32::MAX`: replaced by the `MAX` associated constant on this type
[INFO] [stdout]     --> src/lib.rs:2136:36
[INFO] [stdout]      |
[INFO] [stdout] 2136 |         let i2 = Inst::decode(u32::MAX, xlen);
[INFO] [stdout]      |                                    ^^^
[INFO] [stdout] 
[INFO] [stdout] 
[INFO] [stdout] warning: use of deprecated constant `core::u32::MAX`: replaced by the `MAX` associated constant on this type
[INFO] [stdout]     --> src/lib.rs:2137:22
[INFO] [stdout]      |
[INFO] [stdout] 2137 |         let i = u32::MAX;
[INFO] [stdout]      |                      ^^^
[INFO] [stdout] 
[INFO] [stdout] 
[INFO] [stdout] warning: use of deprecated constant `core::u32::MAX`: replaced by the `MAX` associated constant on this type
[INFO] [stdout]     --> src/lib.rs:2256:56
[INFO] [stdout]      |
[INFO] [stdout] 2256 |         let chunks = ((SKIP_CHUNKS * CHUNK_SIZE)..u32::MAX)
[INFO] [stdout]      |                                                        ^^^
[INFO] [stdout] 
[INFO] [stdout] 
[INFO] [stdout] warning: use of deprecated constant `core::u32::MAX`: replaced by the `MAX` associated constant on this type
[INFO] [stdout]     --> src/lib.rs:2254:38
[INFO] [stdout]      |
[INFO] [stdout] 2254 |         const CHUNK_SIZE: u32 = u32::MAX / CHUNKS;
[INFO] [stdout]      |                                      ^^^
[INFO] [stdout] 
[INFO] [stdout] 
[INFO] [stderr]     Finished `test` profile [unoptimized + debuginfo] target(s) in 13.16s
[INFO] running `Command { std: "docker" "inspect" "bf4630cbba76ecacb45f58a6925b4d3febfeb92ebe813f409bd05e42c14c0ecc", kill_on_drop: false }`
[INFO] running `Command { std: "docker" "exec" "-e" "SOURCE_DIR=/opt/rustwide/workdir" "-e" "CARGO_HOME=/opt/rustwide/cargo-home" "-e" "RUSTUP_HOME=/opt/rustwide/rustup-home" "-e" "CARGO_TARGET_DIR=/opt/rustwide/target" "-e" "CARGO_INCREMENTAL=0" "-e" "RUST_BACKTRACE=full" "-e" "RUSTFLAGS=--cap-lints=warn" "-e" "RUSTDOCFLAGS=--cap-lints=warn" "-w" "/opt/rustwide/workdir" "--user" "0:0" "bf4630cbba76ecacb45f58a6925b4d3febfeb92ebe813f409bd05e42c14c0ecc" "/opt/rustwide/cargo-home/bin/cargo" "+1.99.0-beta.8" "test" "--frozen", kill_on_drop: false }`
[INFO] [stderr] warning: `panic` is ambiguous
[INFO] [stderr]     --> src/lib.rs:2356:13
[INFO] [stderr]      |
[INFO] [stderr] 2356 |             panic!(
[INFO] [stderr]      |             ^^^^^ ambiguous name
[INFO] [stderr]      |
[INFO] [stderr]      = note: ambiguous because of a conflict between a name from a glob import and an outer scope during import or macro resolution
[INFO] [stderr] note: `panic` could refer to the macro imported here
[INFO] [stderr]     --> src/lib.rs:2086:9
[INFO] [stderr]      |
[INFO] [stderr] 2086 |     use std::prelude::rust_2024::*;
[INFO] [stderr]      |         ^^^^^^^^^^^^^^^^^^^^^^^^^^
[INFO] [stderr]      = help: consider adding an explicit import of `panic` to disambiguate
[INFO] [stderr]      = help: or use `self::panic` to refer to this macro unambiguously
[INFO] [stderr] note: `panic` could also refer to a macro from prelude
[INFO] [stderr]     --> /rustc/dfb0accb7f508ae8be965d8629557221c889dd98/library/core/src/prelude/mod.rs:59:12
[INFO] [stderr]      = warning: this was previously accepted by the compiler but is being phased out; it will become a hard error in a future release!
[INFO] [stderr]      = note: for more information, see issue #147319 <https://github.com/rust-lang/rust/issues/147319>
[INFO] [stderr]      = note: `#[warn(ambiguous_panic_imports)]` (part of `#[warn(future_incompatible)]`) on by default
[INFO] [stderr] 
[INFO] [stderr] warning: use of deprecated module `core::u32`: all constants in this module replaced by associated constants on the type
[INFO] [stderr]     --> src/lib.rs:2085:15
[INFO] [stderr]      |
[INFO] [stderr] 2085 |     use core::u32;
[INFO] [stderr]      |               ^^^
[INFO] [stderr]      |
[INFO] [stderr]      = note: `#[warn(deprecated)]` on by default
[INFO] [stderr] 
[INFO] [stderr] warning: use of deprecated constant `core::u32::MAX`: replaced by the `MAX` associated constant on this type
[INFO] [stderr]     --> src/lib.rs:2116:26
[INFO] [stderr]      |
[INFO] [stderr] 2116 |         for i in 0..u32::MAX {
[INFO] [stderr]      |                          ^^^
[INFO] [stderr] 
[INFO] [stderr] warning: use of deprecated constant `core::u32::MAX`: replaced by the `MAX` associated constant on this type
[INFO] [stderr]     --> src/lib.rs:2118:48
[INFO] [stderr]      |
[INFO] [stderr] 2118 |                 let percent = i as f32 / (u32::MAX as f32);
[INFO] [stderr]      |                                                ^^^
[INFO] [stderr] 
[INFO] [stderr] warning: use of deprecated constant `core::u32::MAX`: replaced by the `MAX` associated constant on this type
[INFO] [stderr]     --> src/lib.rs:2136:36
[INFO] [stderr]      |
[INFO] [stderr] 2136 |         let i2 = Inst::decode(u32::MAX, xlen);
[INFO] [stderr]      |                                    ^^^
[INFO] [stderr] 
[INFO] [stderr] warning: use of deprecated constant `core::u32::MAX`: replaced by the `MAX` associated constant on this type
[INFO] [stderr]     --> src/lib.rs:2137:22
[INFO] [stderr]      |
[INFO] [stderr] 2137 |         let i = u32::MAX;
[INFO] [stderr]      |                      ^^^
[INFO] [stderr] 
[INFO] [stderr] warning: use of deprecated constant `core::u32::MAX`: replaced by the `MAX` associated constant on this type
[INFO] [stderr]     --> src/lib.rs:2256:56
[INFO] [stderr]      |
[INFO] [stderr] 2256 |         let chunks = ((SKIP_CHUNKS * CHUNK_SIZE)..u32::MAX)
[INFO] [stderr]      |                                                        ^^^
[INFO] [stderr] 
[INFO] [stderr] warning: use of deprecated constant `core::u32::MAX`: replaced by the `MAX` associated constant on this type
[INFO] [stderr]     --> src/lib.rs:2254:38
[INFO] [stderr]      |
[INFO] [stderr] 2254 |         const CHUNK_SIZE: u32 = u32::MAX / CHUNKS;
[INFO] [stderr]      |                                      ^^^
[INFO] [stderr] 
[INFO] [stderr] warning: `rv-asm` (lib test) generated 8 warnings
[INFO] [stderr]     Finished `test` profile [unoptimized + debuginfo] target(s) in 0.04s
[INFO] [stderr]      Running unittests src/lib.rs (/opt/rustwide/target/debug/deps/rv_asm-9430f0ff94732106)
[INFO] [stderr]    Doc-tests rv_asm
[INFO] [stdout] 
[INFO] [stdout] running 6 tests
[INFO] [stdout] test tests::compressed_clang_roundtrip ... ignored, this doesn't quite work yet because there is often a non-canonical encoding
[INFO] [stdout] test tests::exhaustive_decode_no_panic_32 ... ignored, cfg(slow_tests) not enabled
[INFO] [stdout] test tests::exhaustive_decode_no_panic_64 ... ignored, cfg(slow_tests) not enabled
[INFO] [stdout] test tests::normal_clang_roundtrip ... ignored, cfg(slow_tests) not enabled
[INFO] [stdout] test tests::size_of_instruction ... ok
[INFO] [stdout] test tests::ensure_no_chunks_are_skipped ... ok
[INFO] [stdout] 
[INFO] [stdout] test result: ok. 2 passed; 0 failed; 4 ignored; 0 measured; 0 filtered out; finished in 0.00s
[INFO] [stdout] 
[INFO] [stdout] 
[INFO] [stdout] running 5 tests
[INFO] [stdout] test src/lib.rs - Inst::first_byte_is_compressed (line 1011) ... FAILED
[INFO] [stdout] test src/lib.rs - Inst::first_byte_is_compressed (line 1003) ... FAILED
[INFO] [stdout] test src/../README.md - (line 47) ... FAILED
[INFO] [stdout] test src/../README.md - (line 36) ... FAILED
[INFO] [stderr] error: doctest failed, to rerun pass `--doc`
[INFO] [stdout] test src/lib.rs - Inst::decode_compressed (line 1043) ... FAILED
[INFO] [stdout] 
[INFO] [stdout] failures:
[INFO] [stdout] 
[INFO] [stdout] ---- src/lib.rs - Inst::first_byte_is_compressed (line 1011) stdout ----
[INFO] [stdout] error[E0433]: cannot find module or crate `rvdc` in this scope
[INFO] [stdout]     --> src/lib.rs:1014:10
[INFO] [stdout]      |
[INFO] [stdout] 1014 | assert!(!rvdc::Inst::first_byte_is_compressed(x.to_le_bytes()[0]));
[INFO] [stdout]      |          ^^^^ use of unresolved module or unlinked crate `rvdc`
[INFO] [stdout]      |
[INFO] [stdout]      = help: if you wanted to use a crate named `rvdc`, use `cargo add rvdc` to add it to your `Cargo.toml`
[INFO] [stdout] 
[INFO] [stdout] error: aborting due to 1 previous error
[INFO] [stdout] 
[INFO] [stdout] For more information about this error, try `rustc --explain E0433`.
[INFO] [stdout] Couldn't compile the test.
[INFO] [stdout] ---- src/lib.rs - Inst::first_byte_is_compressed (line 1003) stdout ----
[INFO] [stdout] error[E0433]: cannot find module or crate `rvdc` in this scope
[INFO] [stdout]     --> src/lib.rs:1006:9
[INFO] [stdout]      |
[INFO] [stdout] 1006 | assert!(rvdc::Inst::first_byte_is_compressed(x.to_le_bytes()[0]));
[INFO] [stdout]      |         ^^^^ use of unresolved module or unlinked crate `rvdc`
[INFO] [stdout]      |
[INFO] [stdout]      = help: if you wanted to use a crate named `rvdc`, use `cargo add rvdc` to add it to your `Cargo.toml`
[INFO] [stdout] 
[INFO] [stdout] error[E0433]: cannot find module or crate `rvdc` in this scope
[INFO] [stdout]     --> src/lib.rs:1008:9
[INFO] [stdout]      |
[INFO] [stdout] 1008 | assert!(rvdc::Inst::first_byte_is_compressed(x.to_le_bytes()[0]));
[INFO] [stdout]      |         ^^^^ use of unresolved module or unlinked crate `rvdc`
[INFO] [stdout]      |
[INFO] [stdout]      = help: if you wanted to use a crate named `rvdc`, use `cargo add rvdc` to add it to your `Cargo.toml`
[INFO] [stdout] 
[INFO] [stdout] error: aborting due to 2 previous errors
[INFO] [stdout] 
[INFO] [stdout] For more information about this error, try `rustc --explain E0433`.
[INFO] [stdout] Couldn't compile the test.
[INFO] [stdout] ---- src/../README.md - (line 47) stdout ----
[INFO] [stdout] error[E0433]: cannot find module or crate `rvdc` in this scope
[INFO] [stdout]   --> src/../README.md:50:16
[INFO] [stdout]    |
[INFO] [stdout] 50 | let expected = rvdc::Inst::Auipc { uimm: rvdc::Imm::new_u32(0xa << 12), dest: rvdc::Reg::T1 };
[INFO] [stdout]    |                ^^^^ use of unresolved module or unlinked crate `rvdc`
[INFO] [stdout]    |
[INFO] [stdout]    = help: if you wanted to use a crate named `rvdc`, use `cargo add rvdc` to add it to your `Cargo.toml`
[INFO] [stdout] 
[INFO] [stdout] error[E0433]: cannot find module or crate `rvdc` in this scope
[INFO] [stdout]   --> src/../README.md:50:42
[INFO] [stdout]    |
[INFO] [stdout] 50 | let expected = rvdc::Inst::Auipc { uimm: rvdc::Imm::new_u32(0xa << 12), dest: rvdc::Reg::T1 };
[INFO] [stdout]    |                                          ^^^^ use of unresolved module or unlinked crate `rvdc`
[INFO] [stdout]    |
[INFO] [stdout]    = help: if you wanted to use a crate named `rvdc`, use `cargo add rvdc` to add it to your `Cargo.toml`
[INFO] [stdout] 
[INFO] [stdout] error[E0433]: cannot find module or crate `rvdc` in this scope
[INFO] [stdout]   --> src/../README.md:50:79
[INFO] [stdout]    |
[INFO] [stdout] 50 | let expected = rvdc::Inst::Auipc { uimm: rvdc::Imm::new_u32(0xa << 12), dest: rvdc::Reg::T1 };
[INFO] [stdout]    |                                                                               ^^^^ use of unresolved module or unlinked crate `rvdc`
[INFO] [stdout]    |
[INFO] [stdout]    = help: if you wanted to use a crate named `rvdc`, use `cargo add rvdc` to add it to your `Cargo.toml`
[INFO] [stdout] 
[INFO] [stdout] error[E0433]: cannot find module or crate `rvdc` in this scope
[INFO] [stdout]   --> src/../README.md:52:29
[INFO] [stdout]    |
[INFO] [stdout] 52 | let (inst, is_compressed) = rvdc::Inst::decode(x, rvdc::Xlen::Rv32).unwrap();
[INFO] [stdout]    |                             ^^^^ use of unresolved module or unlinked crate `rvdc`
[INFO] [stdout]    |
[INFO] [stdout]    = help: if you wanted to use a crate named `rvdc`, use `cargo add rvdc` to add it to your `Cargo.toml`
[INFO] [stdout] 
[INFO] [stdout] error[E0433]: cannot find module or crate `rvdc` in this scope
[INFO] [stdout]   --> src/../README.md:52:51
[INFO] [stdout]    |
[INFO] [stdout] 52 | let (inst, is_compressed) = rvdc::Inst::decode(x, rvdc::Xlen::Rv32).unwrap();
[INFO] [stdout]    |                                                   ^^^^ use of unresolved module or unlinked crate `rvdc`
[INFO] [stdout]    |
[INFO] [stdout]    = help: if you wanted to use a crate named `rvdc`, use `cargo add rvdc` to add it to your `Cargo.toml`
[INFO] [stdout] 
[INFO] [stdout] error[E0433]: cannot find module or crate `rvdc` in this scope
[INFO] [stdout]   --> src/../README.md:54:27
[INFO] [stdout]    |
[INFO] [stdout] 54 | assert_eq!(is_compressed, rvdc::IsCompressed::No);
[INFO] [stdout]    |                           ^^^^ use of unresolved module or unlinked crate `rvdc`
[INFO] [stdout]    |
[INFO] [stdout]    = help: if you wanted to use a crate named `rvdc`, use `cargo add rvdc` to add it to your `Cargo.toml`
[INFO] [stdout] 
[INFO] [stdout] error: aborting due to 6 previous errors
[INFO] [stdout] 
[INFO] [stdout] For more information about this error, try `rustc --explain E0433`.
[INFO] [stdout] Couldn't compile the test.
[INFO] [stdout] ---- src/../README.md - (line 36) stdout ----
[INFO] [stdout] error[E0433]: cannot find module or crate `rvdc` in this scope
[INFO] [stdout]   --> src/../README.md:39:16
[INFO] [stdout]    |
[INFO] [stdout] 39 | let expected = rvdc::Inst::Addi { imm: rvdc::Imm::new_i32(-0x20), dest: rvdc::Reg::SP, src1: rvdc::Reg::SP };
[INFO] [stdout]    |                ^^^^ use of unresolved module or unlinked crate `rvdc`
[INFO] [stdout]    |
[INFO] [stdout]    = help: if you wanted to use a crate named `rvdc`, use `cargo add rvdc` to add it to your `Cargo.toml`
[INFO] [stdout] 
[INFO] [stdout] error[E0433]: cannot find module or crate `rvdc` in this scope
[INFO] [stdout]   --> src/../README.md:39:40
[INFO] [stdout]    |
[INFO] [stdout] 39 | let expected = rvdc::Inst::Addi { imm: rvdc::Imm::new_i32(-0x20), dest: rvdc::Reg::SP, src1: rvdc::Reg::SP };
[INFO] [stdout]    |                                        ^^^^ use of unresolved module or unlinked crate `rvdc`
[INFO] [stdout]    |
[INFO] [stdout]    = help: if you wanted to use a crate named `rvdc`, use `cargo add rvdc` to add it to your `Cargo.toml`
[INFO] [stdout] 
[INFO] [stdout] error[E0433]: cannot find module or crate `rvdc` in this scope
[INFO] [stdout]   --> src/../README.md:39:73
[INFO] [stdout]    |
[INFO] [stdout] 39 | let expected = rvdc::Inst::Addi { imm: rvdc::Imm::new_i32(-0x20), dest: rvdc::Reg::SP, src1: rvdc::Reg::SP };
[INFO] [stdout]    |                                                                         ^^^^ use of unresolved module or unlinked crate `rvdc`
[INFO] [stdout]    |
[INFO] [stdout]    = help: if you wanted to use a crate named `rvdc`, use `cargo add rvdc` to add it to your `Cargo.toml`
[INFO] [stdout] 
[INFO] [stdout] error[E0433]: cannot find module or crate `rvdc` in this scope
[INFO] [stdout]   --> src/../README.md:39:94
[INFO] [stdout]    |
[INFO] [stdout] 39 | let expected = rvdc::Inst::Addi { imm: rvdc::Imm::new_i32(-0x20), dest: rvdc::Reg::SP, src1: rvdc::Reg::SP };
[INFO] [stdout]    |                                                                                              ^^^^ use of unresolved module or unlinked crate `rvdc`
[INFO] [stdout]    |
[INFO] [stdout]    = help: if you wanted to use a crate named `rvdc`, use `cargo add rvdc` to add it to your `Cargo.toml`
[INFO] [stdout] 
[INFO] [stdout] error[E0433]: cannot find module or crate `rvdc` in this scope
[INFO] [stdout]   --> src/../README.md:41:29
[INFO] [stdout]    |
[INFO] [stdout] 41 | let (inst, is_compressed) = rvdc::Inst::decode(x, rvdc::Xlen::Rv32).unwrap();
[INFO] [stdout]    |                             ^^^^ use of unresolved module or unlinked crate `rvdc`
[INFO] [stdout]    |
[INFO] [stdout]    = help: if you wanted to use a crate named `rvdc`, use `cargo add rvdc` to add it to your `Cargo.toml`
[INFO] [stdout] 
[INFO] [stdout] error[E0433]: cannot find module or crate `rvdc` in this scope
[INFO] [stdout]   --> src/../README.md:41:51
[INFO] [stdout]    |
[INFO] [stdout] 41 | let (inst, is_compressed) = rvdc::Inst::decode(x, rvdc::Xlen::Rv32).unwrap();
[INFO] [stdout]    |                                                   ^^^^ use of unresolved module or unlinked crate `rvdc`
[INFO] [stdout]    |
[INFO] [stdout]    = help: if you wanted to use a crate named `rvdc`, use `cargo add rvdc` to add it to your `Cargo.toml`
[INFO] [stdout] 
[INFO] [stdout] error[E0433]: cannot find module or crate `rvdc` in this scope
[INFO] [stdout]   --> src/../README.md:43:27
[INFO] [stdout]    |
[INFO] [stdout] 43 | assert_eq!(is_compressed, rvdc::IsCompressed::Yes);
[INFO] [stdout]    |                           ^^^^ use of unresolved module or unlinked crate `rvdc`
[INFO] [stdout]    |
[INFO] [stdout]    = help: if you wanted to use a crate named `rvdc`, use `cargo add rvdc` to add it to your `Cargo.toml`
[INFO] [stdout] 
[INFO] [stdout] error: aborting due to 7 previous errors
[INFO] [stdout] 
[INFO] [stdout] For more information about this error, try `rustc --explain E0433`.
[INFO] [stdout] Couldn't compile the test.
[INFO] [stdout] ---- src/lib.rs - Inst::decode_compressed (line 1043) stdout ----
[INFO] [stdout] error[E0433]: cannot find module or crate `rvdc` in this scope
[INFO] [stdout]     --> src/lib.rs:1046:16
[INFO] [stdout]      |
[INFO] [stdout] 1046 | let expected = rvdc::Inst::Addi { imm: rvdc::Imm::new_i32(-0x20), dest: rvdc::Reg::SP, src1: rvdc::Reg::SP };
[INFO] [stdout]      |                ^^^^ use of unresolved module or unlinked crate `rvdc`
[INFO] [stdout]      |
[INFO] [stdout]      = help: if you wanted to use a crate named `rvdc`, use `cargo add rvdc` to add it to your `Cargo.toml`
[INFO] [stdout] 
[INFO] [stdout] error[E0433]: cannot find module or crate `rvdc` in this scope
[INFO] [stdout]     --> src/lib.rs:1046:40
[INFO] [stdout]      |
[INFO] [stdout] 1046 | let expected = rvdc::Inst::Addi { imm: rvdc::Imm::new_i32(-0x20), dest: rvdc::Reg::SP, src1: rvdc::Reg::SP };
[INFO] [stdout]      |                                        ^^^^ use of unresolved module or unlinked crate `rvdc`
[INFO] [stdout]      |
[INFO] [stdout]      = help: if you wanted to use a crate named `rvdc`, use `cargo add rvdc` to add it to your `Cargo.toml`
[INFO] [stdout] 
[INFO] [stdout] error[E0433]: cannot find module or crate `rvdc` in this scope
[INFO] [stdout]     --> src/lib.rs:1046:73
[INFO] [stdout]      |
[INFO] [stdout] 1046 | let expected = rvdc::Inst::Addi { imm: rvdc::Imm::new_i32(-0x20), dest: rvdc::Reg::SP, src1: rvdc::Reg::SP };
[INFO] [stdout]      |                                                                         ^^^^ use of unresolved module or unlinked crate `rvdc`
[INFO] [stdout]      |
[INFO] [stdout]      = help: if you wanted to use a crate named `rvdc`, use `cargo add rvdc` to add it to your `Cargo.toml`
[INFO] [stdout] 
[INFO] [stdout] error[E0433]: cannot find module or crate `rvdc` in this scope
[INFO] [stdout]     --> src/lib.rs:1046:94
[INFO] [stdout]      |
[INFO] [stdout] 1046 | let expected = rvdc::Inst::Addi { imm: rvdc::Imm::new_i32(-0x20), dest: rvdc::Reg::SP, src1: rvdc::Reg::SP };
[INFO] [stdout]      |                                                                                              ^^^^ use of unresolved module or unlinked crate `rvdc`
[INFO] [stdout]      |
[INFO] [stdout]      = help: if you wanted to use a crate named `rvdc`, use `cargo add rvdc` to add it to your `Cargo.toml`
[INFO] [stdout] 
[INFO] [stdout] error[E0433]: cannot find module or crate `rvdc` in this scope
[INFO] [stdout]     --> src/lib.rs:1048:12
[INFO] [stdout]      |
[INFO] [stdout] 1048 | let inst = rvdc::Inst::decode_compressed(x, rvdc::Xlen::Rv32).unwrap();
[INFO] [stdout]      |            ^^^^ use of unresolved module or unlinked crate `rvdc`
[INFO] [stdout]      |
[INFO] [stdout]      = help: if you wanted to use a crate named `rvdc`, use `cargo add rvdc` to add it to your `Cargo.toml`
[INFO] [stdout] 
[INFO] [stdout] error[E0433]: cannot find module or crate `rvdc` in this scope
[INFO] [stdout]     --> src/lib.rs:1048:45
[INFO] [stdout]      |
[INFO] [stdout] 1048 | let inst = rvdc::Inst::decode_compressed(x, rvdc::Xlen::Rv32).unwrap();
[INFO] [stdout]      |                                             ^^^^ use of unresolved module or unlinked crate `rvdc`
[INFO] [stdout]      |
[INFO] [stdout]      = help: if you wanted to use a crate named `rvdc`, use `cargo add rvdc` to add it to your `Cargo.toml`
[INFO] [stdout] 
[INFO] [stdout] error: aborting due to 6 previous errors
[INFO] [stdout] 
[INFO] [stdout] For more information about this error, try `rustc --explain E0433`.
[INFO] [stdout] Couldn't compile the test.
[INFO] [stdout] 
[INFO] [stdout] failures:
[INFO] [stdout]     src/../README.md - (line 36)
[INFO] [stdout]     src/../README.md - (line 47)
[INFO] [stdout]     src/lib.rs - Inst::decode_compressed (line 1043)
[INFO] [stdout]     src/lib.rs - Inst::first_byte_is_compressed (line 1003)
[INFO] [stdout]     src/lib.rs - Inst::first_byte_is_compressed (line 1011)
[INFO] [stdout] 
[INFO] [stdout] test result: FAILED. 0 passed; 5 failed; 0 ignored; 0 measured; 0 filtered out; finished in 0.44s
[INFO] [stdout] 
[INFO] [stdout] all doctests ran in 0.75s; merged doctests compilation took 0.31s
[INFO] running `Command { std: "docker" "inspect" "bf4630cbba76ecacb45f58a6925b4d3febfeb92ebe813f409bd05e42c14c0ecc", kill_on_drop: false }`
[INFO] running `Command { std: "docker" "rm" "-f" "bf4630cbba76ecacb45f58a6925b4d3febfeb92ebe813f409bd05e42c14c0ecc", kill_on_drop: false }`
[INFO] [stdout] bf4630cbba76ecacb45f58a6925b4d3febfeb92ebe813f409bd05e42c14c0ecc
