[INFO] fetching crate ruvllm-wasm 2.0.2...
[INFO] testing ruvllm-wasm-2.0.2 against 1.99.0-beta.8 for beta-1.100-2
[INFO] extracting crate ruvllm-wasm 2.0.2 into /workspace/builds/worker-6-tc1/source
[INFO] started tweaking crates.io crate ruvllm-wasm 2.0.2
[INFO] removed 0 missing tests
[INFO] finished tweaking crates.io crate ruvllm-wasm 2.0.2
[INFO] tweaked toml for crates.io crate ruvllm-wasm 2.0.2 written to /workspace/builds/worker-6-tc1/source/Cargo.toml
[INFO] validating manifest of crates.io crate ruvllm-wasm 2.0.2 on toolchain 1.99.0-beta.8
[INFO] running `Command { std: CARGO_HOME="/workspace/cargo-home" RUSTUP_HOME="/workspace/rustup-home" "/workspace/cargo-home/bin/cargo" "+1.99.0-beta.8" "metadata" "--manifest-path" "Cargo.toml" "--no-deps", kill_on_drop: false }`
[INFO] crate crates.io crate ruvllm-wasm 2.0.2 already has a lockfile, it will not be regenerated
[INFO] running `Command { std: CARGO_HOME="/workspace/cargo-home" RUSTUP_HOME="/workspace/rustup-home" "/workspace/cargo-home/bin/cargo" "+1.99.0-beta.8" "fetch" "--manifest-path" "Cargo.toml", kill_on_drop: false }`
[INFO] [stderr]     Blocking waiting for file lock on package cache
[INFO] [stderr]  Downloading crates ...
[INFO] [stderr]   Downloaded wasm-bindgen-test-macro v0.3.75
[INFO] [stderr]   Downloaded wasm-bindgen-test-shared v0.2.125
[INFO] [stderr]   Downloaded wasm-bindgen-test v0.3.75
[INFO] running `Command { std: "docker" "create" "-v" "/var/lib/crater-agent-workspace/builds/worker-6-tc1/source:/opt/rustwide/workdir:ro,Z" "-v" "/var/lib/crater-agent-workspace/builds/worker-6-tc1/target:/opt/rustwide/target:rw,Z" "-v" "/var/lib/crater-agent-workspace/cargo-home:/opt/rustwide/cargo-home:ro,Z" "-v" "/var/lib/crater-agent-workspace/rustup-home:/opt/rustwide/rustup-home:ro,Z" "-m" "1610612736" "--network" "none" "ghcr.io/rust-lang/crates-build-env/linux@sha256:3111399a4047eeb3a02b7a90e478d715f38a8c6669b5c4b49d30a17385265909" "sleep" "infinity", kill_on_drop: false }`
[INFO] [stdout] 5f2f5b7231bbd47174c8ad8ae62034d7045e7dca5739836d0880e259e9f7031d
[INFO] running `Command { std: "docker" "start" "5f2f5b7231bbd47174c8ad8ae62034d7045e7dca5739836d0880e259e9f7031d", kill_on_drop: false }`
[INFO] running `Command { std: "docker" "inspect" "5f2f5b7231bbd47174c8ad8ae62034d7045e7dca5739836d0880e259e9f7031d", kill_on_drop: false }`
[INFO] running `Command { std: "docker" "exec" "-e" "SOURCE_DIR=/opt/rustwide/workdir" "-e" "CARGO_HOME=/opt/rustwide/cargo-home" "-e" "RUSTUP_HOME=/opt/rustwide/rustup-home" "-e" "CARGO_TARGET_DIR=/opt/rustwide/target" "-w" "/opt/rustwide/workdir" "--user" "0:0" "5f2f5b7231bbd47174c8ad8ae62034d7045e7dca5739836d0880e259e9f7031d" "/opt/rustwide/cargo-home/bin/cargo" "+1.99.0-beta.8" "metadata" "--no-deps" "--format-version=1", kill_on_drop: false }`
[INFO] running `Command { std: "docker" "inspect" "5f2f5b7231bbd47174c8ad8ae62034d7045e7dca5739836d0880e259e9f7031d", kill_on_drop: false }`
[INFO] running `Command { std: "docker" "exec" "-e" "SOURCE_DIR=/opt/rustwide/workdir" "-e" "CARGO_HOME=/opt/rustwide/cargo-home" "-e" "RUSTUP_HOME=/opt/rustwide/rustup-home" "-e" "CARGO_TARGET_DIR=/opt/rustwide/target" "-e" "CARGO_INCREMENTAL=0" "-e" "RUST_BACKTRACE=full" "-e" "RUSTFLAGS=--cap-lints=warn" "-e" "RUSTDOCFLAGS=--cap-lints=warn" "-w" "/opt/rustwide/workdir" "--user" "0:0" "5f2f5b7231bbd47174c8ad8ae62034d7045e7dca5739836d0880e259e9f7031d" "/opt/rustwide/cargo-home/bin/cargo" "+1.99.0-beta.8" "build" "--frozen" "--message-format=json", kill_on_drop: false }`
[INFO] [stderr]    Compiling wasm-bindgen-shared v0.2.125
[INFO] [stderr]    Compiling futures-task v0.3.32
[INFO] [stderr]    Compiling futures-core v0.3.32
[INFO] [stderr]    Compiling memchr v2.8.2
[INFO] [stderr]    Compiling proc-macro2 v1.0.106
[INFO] [stderr]    Compiling wasm-bindgen v0.2.125
[INFO] [stderr]    Compiling futures-util v0.3.32
[INFO] [stderr]    Compiling serde_json v1.0.150
[INFO] [stderr]    Compiling quote v1.0.46
[INFO] [stderr]    Compiling syn v2.0.118
[INFO] [stderr]    Compiling wasm-bindgen-macro-support v0.2.125
[INFO] [stderr]    Compiling serde_derive v1.0.228
[INFO] [stderr]    Compiling serde v1.0.228
[INFO] [stderr]    Compiling wasm-bindgen-macro v0.2.125
[INFO] [stderr]    Compiling js-sys v0.3.102
[INFO] [stderr]    Compiling console_error_panic_hook v0.1.7
[INFO] [stderr]    Compiling serde-wasm-bindgen v0.6.5
[INFO] [stderr]    Compiling wasm-bindgen-futures v0.4.75
[INFO] [stderr]    Compiling web-sys v0.3.102
[INFO] [stderr]    Compiling ruvllm-wasm v2.0.2 (/opt/rustwide/workdir)
[INFO] [stderr]     Finished `dev` profile [unoptimized + debuginfo] target(s) in 31.79s
[INFO] running `Command { std: "docker" "inspect" "5f2f5b7231bbd47174c8ad8ae62034d7045e7dca5739836d0880e259e9f7031d", kill_on_drop: false }`
[INFO] running `Command { std: "docker" "exec" "-e" "SOURCE_DIR=/opt/rustwide/workdir" "-e" "CARGO_HOME=/opt/rustwide/cargo-home" "-e" "RUSTUP_HOME=/opt/rustwide/rustup-home" "-e" "CARGO_TARGET_DIR=/opt/rustwide/target" "-e" "CARGO_INCREMENTAL=0" "-e" "RUST_BACKTRACE=full" "-e" "RUSTFLAGS=--cap-lints=warn" "-e" "RUSTDOCFLAGS=--cap-lints=warn" "-w" "/opt/rustwide/workdir" "--user" "0:0" "5f2f5b7231bbd47174c8ad8ae62034d7045e7dca5739836d0880e259e9f7031d" "/opt/rustwide/cargo-home/bin/cargo" "+1.99.0-beta.8" "test" "--frozen" "--no-run" "--message-format=json", kill_on_drop: false }`
[INFO] [stderr]    Compiling serde_json v1.0.150
[INFO] [stderr]    Compiling async-trait v0.1.89
[INFO] [stderr]    Compiling wasm-bindgen-test-macro v0.3.75
[INFO] [stderr]    Compiling wasm-bindgen-test-shared v0.2.125
[INFO] [stderr]    Compiling serde v1.0.228
[INFO] [stderr]    Compiling serde-wasm-bindgen v0.6.5
[INFO] [stderr]    Compiling wasm-bindgen-test v0.3.75
[INFO] [stderr]    Compiling ruvllm-wasm v2.0.2 (/opt/rustwide/workdir)
[INFO] [stderr]     Finished `test` profile [unoptimized + debuginfo] target(s) in 10.18s
[INFO] running `Command { std: "docker" "inspect" "5f2f5b7231bbd47174c8ad8ae62034d7045e7dca5739836d0880e259e9f7031d", kill_on_drop: false }`
[INFO] running `Command { std: "docker" "exec" "-e" "SOURCE_DIR=/opt/rustwide/workdir" "-e" "CARGO_HOME=/opt/rustwide/cargo-home" "-e" "RUSTUP_HOME=/opt/rustwide/rustup-home" "-e" "CARGO_TARGET_DIR=/opt/rustwide/target" "-e" "CARGO_INCREMENTAL=0" "-e" "RUST_BACKTRACE=full" "-e" "RUSTFLAGS=--cap-lints=warn" "-e" "RUSTDOCFLAGS=--cap-lints=warn" "-w" "/opt/rustwide/workdir" "--user" "0:0" "5f2f5b7231bbd47174c8ad8ae62034d7045e7dca5739836d0880e259e9f7031d" "/opt/rustwide/cargo-home/bin/cargo" "+1.99.0-beta.8" "test" "--frozen", kill_on_drop: false }`
[INFO] [stderr]     Finished `test` profile [unoptimized + debuginfo] target(s) in 0.09s
[INFO] [stdout] 
[INFO] [stderr]      Running unittests src/lib.rs (/opt/rustwide/target/debug/deps/ruvllm_wasm-ed1c1a0f9706ce77)
[INFO] [stdout] running 46 tests
[INFO] [stderr] panicked at /opt/rustwide/cargo-home/registry/src/index.crates.io-1949cf8c6b5b557f/js-sys-0.3.102/src/lib.rs:13593:9:
[INFO] [stdout] test hnsw_router::tests::test_add_pattern ... ok
[INFO] [stderr] cannot access imported statics on non-wasm targets
[INFO] [stdout] test hnsw_router::tests::test_cosine_similarity ... ok
[INFO] [stdout] test hnsw_router::tests::test_ef_search ... ok
[INFO] [stdout] test hnsw_router::tests::test_get_pattern ... ok
[INFO] [stdout] test hnsw_router::tests::test_max_patterns_limit ... ok
[INFO] [stdout] test hnsw_router::tests::test_serialization ... ok
[INFO] [stdout] test hnsw_router::tests::test_route ... ok
[INFO] [stdout] test sona_instant::tests::test_adaptive_rank ... FAILED
[INFO] [stdout] test sona_instant::tests::test_config_defaults ... ok
[INFO] [stdout] test sona_instant::tests::test_config_setters ... ok
[INFO] [stdout] test sona_instant::tests::test_cosine_similarity ... ok
[INFO] [stdout] test micro_lora::tests::test_adapter_creation ... ok
[INFO] [stdout] test micro_lora::tests::test_config_creation ... ok
[INFO] [stdout] test micro_lora::tests::test_config_rank_clamping ... ok
[INFO] [stdout] test micro_lora::tests::test_forward_pass ... ok
[INFO] [stdout] test micro_lora::tests::test_reset ... ok
[INFO] [stdout] test micro_lora::tests::test_adaptation ... ok
[INFO] [stdout] test micro_lora::tests::test_serialization ... ok
[INFO] [stdout] test micro_lora::tests::test_memory_calculation ... ok
[INFO] [stdout] test hnsw_router::tests::test_clear ... ok
[INFO] [stdout] test sona_instant::tests::test_suggest_action ... FAILED
[INFO] [stderr] panicked at /opt/rustwide/cargo-home/registry/src/index.crates.io-1949cf8c6b5b557f/once_cell-1.21.4/src/lib.rs:786:25:
[INFO] [stdout] test tests::test_kv_cache_config ... ok
[INFO] [stderr] Lazy instance has previously been poisoned
[INFO] [stdout] test sona_instant::tests::test_instant_adapt ... FAILED
[INFO] [stderr] panicked at /opt/rustwide/cargo-home/registry/src/index.crates.io-1949cf8c6b5b557f/once_cell-1.21.4/src/lib.rs:786:25:
[INFO] [stdout] test utils::tests::test_set_panic_hook_noop ... ok
[INFO] [stderr] Lazy instance has previously been poisoned
[INFO] [stdout] test sona_instant::tests::test_pattern_buffer_overflow ... FAILED
[INFO] [stderr] panicked at src/sona_instant.rs:737:9:
[INFO] [stdout] test sona_instant::tests::test_pattern_recording ... ok
[INFO] [stderr] assertion `left == right` failed
[INFO] [stdout] test sona_instant::tests::test_quality_ema_tracking ... FAILED
[INFO] [stderr]   left: 10
[INFO] [stdout] test sona_instant::tests::test_reset ... FAILED
[INFO] [stderr]  right: 5
[INFO] [stdout] test sona_instant::tests::test_serialization ... FAILED
[INFO] [stderr] panicked at /opt/rustwide/cargo-home/registry/src/index.crates.io-1949cf8c6b5b557f/once_cell-1.21.4/src/lib.rs:786:25:
[INFO] [stdout] test sona_instant::tests::test_sona_creation ... ok
[INFO] [stderr] Lazy instance has previously been poisoned
[INFO] [stdout] test tests::test_arena_creation ... ok
[INFO] [stderr] panicked at /opt/rustwide/cargo-home/registry/src/index.crates.io-1949cf8c6b5b557f/once_cell-1.21.4/src/lib.rs:786:25:
[INFO] [stdout] test tests::test_buffer_pool ... ok
[INFO] [stderr] Lazy instance has previously been poisoned
[INFO] [stdout] test tests::test_chat_message ... ok
[INFO] [stderr] panicked at /opt/rustwide/cargo-home/registry/src/index.crates.io-1949cf8c6b5b557f/once_cell-1.21.4/src/lib.rs:786:25:
[INFO] [stdout] test tests::test_chat_template_detection ... ok
[INFO] [stderr] Lazy instance has previously been poisoned
[INFO] [stdout] test tests::test_generate_config_defaults ... ok
[INFO] [stderr] panicked at /opt/rustwide/cargo-home/registry/src/index.crates.io-1949cf8c6b5b557f/wasm-bindgen-0.2.125/src/lib.rs:1311:1:
[INFO] [stderr] function not implemented on non-wasm32 targets
[INFO] [stderr] panicked at /rustc/dfb0accb7f508ae8be965d8629557221c889dd98/library/core/src/panicking.rs:225:5:
[INFO] [stderr] panic in a function that cannot unwind
[INFO] [stderr] thread caused non-unwinding panic. aborting.
[INFO] [stderr] panicked at /opt/rustwide/cargo-home/registry/src/index.crates.io-1949cf8c6b5b557f/once_cell-1.21.4/src/lib.rs:786:25:
[INFO] [stderr] error: test failed, to rerun pass `--lib`
[INFO] [stderr] 
[INFO] [stderr] Caused by:
[INFO] [stderr]   process didn't exit successfully: `/opt/rustwide/target/debug/deps/ruvllm_wasm-ed1c1a0f9706ce77` (signal: 6, SIGABRT: process abort signal)
[INFO] running `Command { std: "docker" "inspect" "5f2f5b7231bbd47174c8ad8ae62034d7045e7dca5739836d0880e259e9f7031d", kill_on_drop: false }`
[INFO] running `Command { std: "docker" "rm" "-f" "5f2f5b7231bbd47174c8ad8ae62034d7045e7dca5739836d0880e259e9f7031d", kill_on_drop: false }`
[INFO] [stdout] 5f2f5b7231bbd47174c8ad8ae62034d7045e7dca5739836d0880e259e9f7031d
