[INFO] fetching crate ruvector-mincut-gated-transformer 0.1.0...
[INFO] testing ruvector-mincut-gated-transformer-0.1.0 against 1.100.0-beta.1 for beta-1.100-2
[INFO] extracting crate ruvector-mincut-gated-transformer 0.1.0 into /workspace/builds/worker-2-tc2/source
[INFO] started tweaking crates.io crate ruvector-mincut-gated-transformer 0.1.0
[INFO] removed 0 missing examples
[INFO] removed 0 missing tests
[INFO] finished tweaking crates.io crate ruvector-mincut-gated-transformer 0.1.0
[INFO] tweaked toml for crates.io crate ruvector-mincut-gated-transformer 0.1.0 written to /workspace/builds/worker-2-tc2/source/Cargo.toml
[INFO] validating manifest of crates.io crate ruvector-mincut-gated-transformer 0.1.0 on toolchain 1.100.0-beta.1
[INFO] running `Command { std: CARGO_HOME="/workspace/cargo-home" RUSTUP_HOME="/workspace/rustup-home" "/workspace/cargo-home/bin/cargo" "+1.100.0-beta.1" "metadata" "--manifest-path" "Cargo.toml" "--no-deps", kill_on_drop: false }`
[INFO] crate crates.io crate ruvector-mincut-gated-transformer 0.1.0 already has a lockfile, it will not be regenerated
[INFO] running `Command { std: CARGO_HOME="/workspace/cargo-home" RUSTUP_HOME="/workspace/rustup-home" "/workspace/cargo-home/bin/cargo" "+1.100.0-beta.1" "fetch" "--manifest-path" "Cargo.toml", kill_on_drop: false }`
[INFO] running `Command { std: "docker" "create" "-v" "/var/lib/crater-agent-workspace/builds/worker-2-tc2/source:/opt/rustwide/workdir:ro,Z" "-v" "/var/lib/crater-agent-workspace/builds/worker-2-tc2/target:/opt/rustwide/target:rw,Z" "-v" "/var/lib/crater-agent-workspace/cargo-home:/opt/rustwide/cargo-home:ro,Z" "-v" "/var/lib/crater-agent-workspace/rustup-home:/opt/rustwide/rustup-home:ro,Z" "-m" "1610612736" "--network" "none" "ghcr.io/rust-lang/crates-build-env/linux@sha256:3111399a4047eeb3a02b7a90e478d715f38a8c6669b5c4b49d30a17385265909" "sleep" "infinity", kill_on_drop: false }`
[INFO] [stdout] 0ba2f71b0e8d13fad0abf4b105931e1dd48f454abd373709a140afe3d595889e
[INFO] running `Command { std: "docker" "start" "0ba2f71b0e8d13fad0abf4b105931e1dd48f454abd373709a140afe3d595889e", kill_on_drop: false }`
[INFO] running `Command { std: "docker" "inspect" "0ba2f71b0e8d13fad0abf4b105931e1dd48f454abd373709a140afe3d595889e", kill_on_drop: false }`
[INFO] running `Command { std: "docker" "exec" "-e" "SOURCE_DIR=/opt/rustwide/workdir" "-e" "CARGO_HOME=/opt/rustwide/cargo-home" "-e" "RUSTUP_HOME=/opt/rustwide/rustup-home" "-e" "CARGO_TARGET_DIR=/opt/rustwide/target" "-w" "/opt/rustwide/workdir" "--user" "0:0" "0ba2f71b0e8d13fad0abf4b105931e1dd48f454abd373709a140afe3d595889e" "/opt/rustwide/cargo-home/bin/cargo" "+1.100.0-beta.1" "metadata" "--no-deps" "--format-version=1", kill_on_drop: false }`
[INFO] running `Command { std: "docker" "inspect" "0ba2f71b0e8d13fad0abf4b105931e1dd48f454abd373709a140afe3d595889e", kill_on_drop: false }`
[INFO] running `Command { std: "docker" "exec" "-e" "SOURCE_DIR=/opt/rustwide/workdir" "-e" "CARGO_HOME=/opt/rustwide/cargo-home" "-e" "RUSTUP_HOME=/opt/rustwide/rustup-home" "-e" "CARGO_TARGET_DIR=/opt/rustwide/target" "-e" "CARGO_INCREMENTAL=0" "-e" "RUST_BACKTRACE=full" "-e" "RUSTFLAGS=--cap-lints=warn" "-e" "RUSTDOCFLAGS=--cap-lints=warn" "-w" "/opt/rustwide/workdir" "--user" "0:0" "0ba2f71b0e8d13fad0abf4b105931e1dd48f454abd373709a140afe3d595889e" "/opt/rustwide/cargo-home/bin/cargo" "+1.100.0-beta.1" "build" "--frozen" "--message-format=json", kill_on_drop: false }`
[INFO] [stderr]    Compiling syn v2.0.111
[INFO] [stderr]    Compiling serde_derive v1.0.228
[INFO] [stderr]    Compiling thiserror-impl v2.0.17
[INFO] [stderr]    Compiling thiserror v2.0.17
[INFO] [stderr]    Compiling serde v1.0.228
[INFO] [stderr]    Compiling ruvector-mincut-gated-transformer v0.1.0 (/opt/rustwide/workdir)
[INFO] [stdout] warning: use of deprecated constant `std::f32::MAX`: replaced by the `MAX` associated constant on `f32`
[INFO] [stdout]    --> src/kv_cache.rs:238:32
[INFO] [stdout]     |
[INFO] [stdout] 238 |         let mut min_val = f32::MAX;
[INFO] [stdout]     |                                ^^^
[INFO] [stdout]     |
[INFO] [stdout]     = note: `#[warn(deprecated)]` on by default
[INFO] [stdout] 
[INFO] [stdout] 
[INFO] [stdout] warning: use of deprecated constant `std::f32::MIN`: replaced by the `MIN` associated constant on `f32`
[INFO] [stdout]    --> src/kv_cache.rs:239:32
[INFO] [stdout]     |
[INFO] [stdout] 239 |         let mut max_val = f32::MIN;
[INFO] [stdout]     |                                ^^^
[INFO] [stdout] 
[INFO] [stdout] 
[INFO] [stderr]     Finished `dev` profile [unoptimized + debuginfo] target(s) in 9.75s
[INFO] running `Command { std: "docker" "inspect" "0ba2f71b0e8d13fad0abf4b105931e1dd48f454abd373709a140afe3d595889e", kill_on_drop: false }`
[INFO] running `Command { std: "docker" "exec" "-e" "SOURCE_DIR=/opt/rustwide/workdir" "-e" "CARGO_HOME=/opt/rustwide/cargo-home" "-e" "RUSTUP_HOME=/opt/rustwide/rustup-home" "-e" "CARGO_TARGET_DIR=/opt/rustwide/target" "-e" "CARGO_INCREMENTAL=0" "-e" "RUST_BACKTRACE=full" "-e" "RUSTFLAGS=--cap-lints=warn" "-e" "RUSTDOCFLAGS=--cap-lints=warn" "-w" "/opt/rustwide/workdir" "--user" "0:0" "0ba2f71b0e8d13fad0abf4b105931e1dd48f454abd373709a140afe3d595889e" "/opt/rustwide/cargo-home/bin/cargo" "+1.100.0-beta.1" "test" "--frozen" "--no-run" "--message-format=json", kill_on_drop: false }`
[INFO] [stderr]    Compiling zerocopy v0.8.31
[INFO] [stderr]    Compiling rustix v1.1.2
[INFO] [stderr]    Compiling syn v2.0.111
[INFO] [stderr]    Compiling getrandom v0.3.4
[INFO] [stderr]    Compiling linux-raw-sys v0.11.0
[INFO] [stderr]    Compiling getrandom v0.2.16
[INFO] [stderr]    Compiling clap_lex v0.7.6
[INFO] [stderr]    Compiling serde_json v1.0.145
[INFO] [stderr]    Compiling clap_builder v4.5.53
[INFO] [stderr]    Compiling rand_core v0.9.3
[INFO] [stderr]    Compiling rand_core v0.6.4
[INFO] [stderr]    Compiling itertools v0.10.5
[INFO] [stderr]    Compiling regex-automata v0.4.13
[INFO] [stderr]    Compiling wait-timeout v0.2.1
[INFO] [stderr]    Compiling quick-error v1.2.3
[INFO] [stderr]    Compiling rand_xorshift v0.4.0
[INFO] [stderr]    Compiling rand v0.9.2
[INFO] [stderr]    Compiling plotters v0.3.7
[INFO] [stderr]    Compiling is-terminal v0.4.17
[INFO] [stderr]    Compiling unarray v0.1.4
[INFO] [stderr]    Compiling criterion-plot v0.5.0
[INFO] [stderr]    Compiling regex v1.12.2
[INFO] [stderr]    Compiling tempfile v3.23.0
[INFO] [stderr]    Compiling clap v4.5.53
[INFO] [stderr]    Compiling rusty-fork v0.3.1
[INFO] [stderr]    Compiling zerocopy-derive v0.8.31
[INFO] [stderr]    Compiling serde_derive v1.0.228
[INFO] [stderr]    Compiling thiserror-impl v2.0.17
[INFO] [stderr]    Compiling thiserror v2.0.17
[INFO] [stderr]    Compiling serde v1.0.228
[INFO] [stderr]    Compiling ppv-lite86 v0.2.21
[INFO] [stderr]    Compiling half v2.7.1
[INFO] [stderr]    Compiling tinytemplate v1.2.1
[INFO] [stderr]    Compiling ruvector-mincut-gated-transformer v0.1.0 (/opt/rustwide/workdir)
[INFO] [stderr]    Compiling rand_chacha v0.3.1
[INFO] [stderr]    Compiling rand_chacha v0.9.0
[INFO] [stderr]    Compiling ciborium-ll v0.2.2
[INFO] [stderr]    Compiling proptest v1.9.0
[INFO] [stderr]    Compiling rand v0.8.5
[INFO] [stdout] warning: use of deprecated constant `std::f32::MAX`: replaced by the `MAX` associated constant on `f32`
[INFO] [stdout]    --> src/kv_cache.rs:238:32
[INFO] [stdout]     |
[INFO] [stdout] 238 |         let mut min_val = f32::MAX;
[INFO] [stdout]     |                                ^^^
[INFO] [stdout]     |
[INFO] [stdout]     = note: `#[warn(deprecated)]` on by default
[INFO] [stdout] 
[INFO] [stdout] 
[INFO] [stdout] warning: use of deprecated constant `std::f32::MIN`: replaced by the `MIN` associated constant on `f32`
[INFO] [stdout]    --> src/kv_cache.rs:239:32
[INFO] [stdout]     |
[INFO] [stdout] 239 |         let mut max_val = f32::MIN;
[INFO] [stdout]     |                                ^^^
[INFO] [stdout] 
[INFO] [stdout] 
[INFO] [stderr]    Compiling ciborium v0.2.2
[INFO] [stderr]    Compiling criterion v0.5.1
[INFO] [stdout] warning: use of deprecated constant `std::f32::MAX`: replaced by the `MAX` associated constant on `f32`
[INFO] [stdout]    --> src/kv_cache.rs:238:32
[INFO] [stdout]     |
[INFO] [stdout] 238 |         let mut min_val = f32::MAX;
[INFO] [stdout]     |                                ^^^
[INFO] [stdout]     |
[INFO] [stdout]     = note: `#[warn(deprecated)]` on by default
[INFO] [stdout] 
[INFO] [stdout] 
[INFO] [stdout] warning: use of deprecated constant `std::f32::MIN`: replaced by the `MIN` associated constant on `f32`
[INFO] [stdout]    --> src/kv_cache.rs:239:32
[INFO] [stdout]     |
[INFO] [stdout] 239 |         let mut max_val = f32::MIN;
[INFO] [stdout]     |                                ^^^
[INFO] [stdout] 
[INFO] [stdout] 
[INFO] [stdout] warning: variable does not need to be mutable
[INFO] [stdout]    --> src/arena.rs:350:13
[INFO] [stdout]     |
[INFO] [stdout] 350 |         let mut arena = WeightArena::new(1024);
[INFO] [stdout]     |             ----^^^^^
[INFO] [stdout]     |             |
[INFO] [stdout]     |             help: remove this `mut`
[INFO] [stdout]     |
[INFO] [stdout]     = note: `#[warn(unused_mut)]` (part of `#[warn(unused)]`) on by default
[INFO] [stdout] 
[INFO] [stdout] 
[INFO] [stderr]     Finished `test` profile [unoptimized + debuginfo] target(s) in 50.02s
[INFO] running `Command { std: "docker" "inspect" "0ba2f71b0e8d13fad0abf4b105931e1dd48f454abd373709a140afe3d595889e", kill_on_drop: false }`
[INFO] running `Command { std: "docker" "exec" "-e" "SOURCE_DIR=/opt/rustwide/workdir" "-e" "CARGO_HOME=/opt/rustwide/cargo-home" "-e" "RUSTUP_HOME=/opt/rustwide/rustup-home" "-e" "CARGO_TARGET_DIR=/opt/rustwide/target" "-e" "CARGO_INCREMENTAL=0" "-e" "RUST_BACKTRACE=full" "-e" "RUSTFLAGS=--cap-lints=warn" "-e" "RUSTDOCFLAGS=--cap-lints=warn" "-w" "/opt/rustwide/workdir" "--user" "0:0" "0ba2f71b0e8d13fad0abf4b105931e1dd48f454abd373709a140afe3d595889e" "/opt/rustwide/cargo-home/bin/cargo" "+1.100.0-beta.1" "test" "--frozen", kill_on_drop: false }`
[INFO] [stderr] warning: use of deprecated constant `std::f32::MAX`: replaced by the `MAX` associated constant on `f32`
[INFO] [stderr]    --> src/kv_cache.rs:238:32
[INFO] [stderr]     |
[INFO] [stderr] 238 |         let mut min_val = f32::MAX;
[INFO] [stderr]     |                                ^^^
[INFO] [stderr]     |
[INFO] [stderr]     = note: `#[warn(deprecated)]` on by default
[INFO] [stderr] 
[INFO] [stderr] warning: use of deprecated constant `std::f32::MIN`: replaced by the `MIN` associated constant on `f32`
[INFO] [stderr]    --> src/kv_cache.rs:239:32
[INFO] [stderr]     |
[INFO] [stderr] 239 |         let mut max_val = f32::MIN;
[INFO] [stderr]     |                                ^^^
[INFO] [stderr] 
[INFO] [stderr] warning: `ruvector-mincut-gated-transformer` (lib) generated 2 warnings
[INFO] [stderr] warning: variable does not need to be mutable
[INFO] [stderr]    --> src/arena.rs:350:13
[INFO] [stderr]     |
[INFO] [stderr] 350 |         let mut arena = WeightArena::new(1024);
[INFO] [stderr]     |             ----^^^^^
[INFO] [stderr]     |             |
[INFO] [stderr]     |             help: remove this `mut`
[INFO] [stderr]     |
[INFO] [stderr]     = note: `#[warn(unused_mut)]` (part of `#[warn(unused)]`) on by default
[INFO] [stderr] 
[INFO] [stderr] warning: `ruvector-mincut-gated-transformer` (lib test) generated 3 warnings (2 duplicates) (run `cargo fix --lib -p ruvector-mincut-gated-transformer --tests` to apply 1 suggestion)
[INFO] [stderr]     Finished `test` profile [unoptimized + debuginfo] target(s) in 0.20s
[INFO] [stderr]      Running unittests src/lib.rs (/opt/rustwide/target/debug/build/ruvector-mincut-gated-transformer/5d661e6f8bc442a2/out/ruvector_mincut_gated_transformer-5d661e6f8bc442a2)
[INFO] [stdout] 
[INFO] [stdout] running 164 tests
[INFO] [stdout] test arena::tests::test_arena_alignment ... ok
[INFO] [stdout] test arena::tests::test_calculate_arena_size ... ok
[INFO] [stdout] test arena::tests::test_arena_alloc_f32 ... ok
[INFO] [stdout] test arena::tests::test_arena_out_of_capacity ... ok
[INFO] [stdout] test arena::tests::test_arena_alloc_i32 ... ok
[INFO] [stdout] test arena::tests::test_arena_basic ... ok
[INFO] [stdout] test arena::tests::test_arena_reset ... ok
[INFO] [stdout] test arena::tests::test_layer_weights_empty ... ok
[INFO] [stdout] test arena::tests::test_arena_alloc_i8 ... ok
[INFO] [stdout] test arena::tests::test_weight_ref ... ok
[INFO] [stdout] test attention::window::tests::test_sparse_mask ... ok
[INFO] [stdout] test attention::window::tests::test_can_attend ... ok
[INFO] [stdout] test attention::window::tests::test_window_config ... ok
[INFO] [stdout] test attention::window::tests::test_attention_single_head ... ok
[INFO] [stdout] test attention::window::tests::test_window_mask ... ok
[INFO] [stdout] test config::tests::test_baseline_config ... ok
[INFO] [stdout] test config::tests::test_micro_config ... ok
[INFO] [stdout] test config::tests::test_invalid_config ... ok
[INFO] [stdout] test config::tests::test_policy_validation ... ok
[INFO] [stdout] test early_exit::tests::test_adaptive_exit_layer ... ok
[INFO] [stdout] test early_exit::tests::test_early_exit_config_aggressive ... ok
[INFO] [stdout] test early_exit::tests::test_early_exit_config_default ... ok
[INFO] [stdout] test early_exit::tests::test_early_exit_controller_creation ... ok
[INFO] [stdout] test early_exit::tests::test_should_exit_boundaries_concentrated ... ok
[INFO] [stdout] test early_exit::tests::test_should_exit_lambda_too_low ... ok
[INFO] [stdout] test early_exit::tests::test_should_exit_too_early ... ok
[INFO] [stdout] test early_exit::tests::test_should_exit_unstable ... ok
[INFO] [stdout] test early_exit::tests::test_verify_speculation_topk ... ok
[INFO] [stdout] test error::tests::test_error_config_classification ... ok
[INFO] [stdout] test early_exit::tests::test_should_exit_confident ... ok
[INFO] [stdout] test early_exit::tests::test_early_exit_config_conservative ... ok
[INFO] [stdout] test early_exit::tests::test_verify_speculation_exact ... ok
[INFO] [stdout] test error::tests::test_error_recovery_classification ... ok
[INFO] [stdout] test ffn::tests::test_ffn_config ... ok
[INFO] [stdout] test ffn::tests::test_quantize_f32_i8 ... ok
[INFO] [stdout] test flash_attention::tests::test_flash_attention_causal ... ok
[INFO] [stdout] test ffn::tests::test_relu ... ok
[INFO] [stdout] test flash_attention::tests::test_flash_attention_i8 ... ok
[INFO] [stdout] test flash_attention::tests::test_flash_attention_different_seq_lengths ... ok
[INFO] [stdout] test flash_attention::tests::test_online_softmax_state ... ok
[INFO] [stdout] test ffn::tests::test_apply_activation ... ok
[INFO] [stdout] test ffn::tests::test_gelu_approx ... ok
[INFO] [stdout] test flash_attention::tests::test_flash_attention_vs_naive_small ... ok
[INFO] [stdout] test gate::tests::test_gate_lambda_below_min ... ok
[INFO] [stdout] test gate::tests::test_gate_spike_inactive ... ok
[INFO] [stdout] test gate::tests::test_gate_spike_storm ... ok
[INFO] [stdout] test flash_attention::tests::test_flash_mha ... ok
[INFO] [stdout] test gate::tests::test_gate_allow ... ok
[INFO] [stdout] test gate::tests::test_gate_boundary_spike ... ok
[INFO] [stdout] test gate::tests::test_gate_skip ... ok
[INFO] [stdout] test gate::tests::test_gate_lambda_drop ... ok
[INFO] [stdout] test error::tests::test_error_display ... ok
[INFO] [stdout] test gate::tests::test_gate_force_safe ... ok
[INFO] [stdout] test kernel::bench_utils::tests::test_bench_stats ... ok
[INFO] [stdout] test kernel::norm::tests::test_layer_norm_inplace ... ok
[INFO] [stdout] test kernel::bench_utils::tests::test_compute_gflops ... ok
[INFO] [stdout] test kernel::norm::tests::test_layer_norm_with_params ... ok
[INFO] [stdout] test kernel::bench_utils::tests::test_gemm_ops ... ok
[INFO] [stdout] test kernel::norm::tests::test_layer_norm ... ok
[INFO] [stdout] test kernel::qgemm::tests::test_qgemm_with_bias ... ok
[INFO] [stdout] test kernel::qgemm::tests::test_qgemv ... ok
[INFO] [stdout] test kernel::norm::tests::test_rms_norm ... ok
[INFO] [stdout] test kernel::qgemm::tests::test_qgemm_basic ... ok
[INFO] [stdout] test kernel::quant4::tests::test_int4_gemv ... ok
[INFO] [stdout] test kernel::quant4::tests::test_int4_weights ... ok
[INFO] [stdout] test kernel::bench_utils::tests::test_run_benchmark ... ok
[INFO] [stdout] test kernel::bench_utils::tests::test_timer_basic ... ok
[INFO] [stdout] test kernel::norm::tests::test_i8_f32_conversion ... ok
[INFO] [stdout] test kernel::quant4::tests::test_int4_range ... ok
[INFO] [stdout] test kernel::bench_utils::tests::test_timer_reset ... ok
[INFO] [stdout] test kernel::qgemm::tests::test_quantize_dequantize ... ok
[INFO] [stdout] test kernel::quant4::tests::test_block_int4_weights ... ok
[INFO] [stdout] test kernel::quant4::tests::test_pack_clamp ... ok
[INFO] [stdout] test kernel::quant4::tests::test_quantize_odd_length ... ok
[INFO] [stdout] test kv_cache::tests::test_auto_increment_position ... ok
[INFO] [stdout] test kv_cache::tests::test_multi_layer_multi_head ... ok
[INFO] [stdout] test kernel::quant4::tests::test_quantize_dequantize ... ok
[INFO] [stdout] test kv_cache::tests::test_hadamard_transform_basic ... ok
[INFO] [stdout] test kv_cache::tests::test_outlier_handling ... ok
[INFO] [stdout] test kv_cache::tests::test_kv_cache_store_retrieve ... ok
[INFO] [stdout] test kv_cache::tests::test_quantize_dequantize_2bit ... ok
[INFO] [stdout] test kv_cache::tests::test_quantization_quality_uniform ... ok
[INFO] [stdout] test kv_cache::tests::test_quantize_dequantize_4bit ... ok
[INFO] [stdout] test kv_cache::tests::test_reset_layer ... ok
[INFO] [stdout] test mamba::tests::test_activation_functions ... ok
[INFO] [stdout] test kv_cache::tests::test_quant_bits ... ok
[INFO] [stdout] test mamba::tests::test_empty_weights ... ok
[INFO] [stdout] test mamba::tests::test_discretize ... ok
[INFO] [stdout] test kernel::quant4::tests::test_pack_unpack ... ok
[INFO] [stdout] test kv_cache::tests::test_hadamard_preserves_energy ... ok
[INFO] [stdout] test mamba::tests::test_linear_layer ... ok
[INFO] [stdout] test kv_cache::tests::test_config ... ok
[INFO] [stdout] test kv_cache::tests::test_memory_compression ... ok
[INFO] [stdout] test mamba::tests::test_mamba_state ... ok
[INFO] [stdout] test mamba::tests::test_forward_step_shape ... ok
[INFO] [stdout] test mod_routing::tests::test_minimum_tokens_enforced ... ok
[INFO] [stdout] test mod_routing::tests::test_mod_routing_config_default ... ok
[INFO] [stdout] test mod_routing::tests::test_mod_routing_config_flops_reduction ... ok
[INFO] [stdout] test mod_routing::tests::test_route_tokens_stable ... ok
[INFO] [stdout] test mod_routing::tests::test_route_tokens_unstable ... ok
[INFO] [stdout] test mod_routing::tests::test_router_creation ... ok
[INFO] [stdout] test mamba::tests::test_mamba_config ... ok
[INFO] [stdout] test mod_routing::tests::test_compute_layer_mask ... ok
[INFO] [stdout] test mod_routing::tests::test_routing_stats ... ok
[INFO] [stdout] test mod_routing::tests::test_token_route_methods ... ok
[INFO] [stdout] test model::tests::test_inference_basic ... ok
[INFO] [stdout] test model::tests::test_output_buffer_too_small ... ok
[INFO] [stdout] test model::tests::test_quantized_linear ... ok
[INFO] [stdout] test mamba::tests::test_forward_step_deterministic ... ok
[INFO] [stdout] test model::tests::test_weights_loader_magic ... ok
[INFO] [stdout] test packets::tests::test_gate_decision_permissions ... ok
[INFO] [stdout] test packets::tests::test_gate_packet_delta ... ok
[INFO] [stdout] test packets::tests::test_gate_packet_flags ... ok
[INFO] [stdout] test packets::tests::test_spike_packet ... ok
[INFO] [stdout] test packets::tests::test_witness_creation ... ok
[INFO] [stdout] test q15::tests::test_arithmetic ... ok
[INFO] [stdout] test q15::tests::test_clamp ... ok
[INFO] [stdout] test q15::tests::test_comparison ... ok
[INFO] [stdout] test q15::tests::test_display ... ok
[INFO] [stdout] test q15::tests::test_constants ... ok
[INFO] [stdout] test q15::tests::test_from_f32 ... ok
[INFO] [stdout] test q15::tests::test_lerp ... ok
[INFO] [stdout] test q15::tests::test_min_max ... ok
[INFO] [stdout] test q15::tests::test_precision ... ok
[INFO] [stdout] test q15::tests::test_saturating_add ... ok
[INFO] [stdout] test q15::tests::test_serde_raw ... ok
[INFO] [stdout] test q15::tests::test_saturating_sub ... ok
[INFO] [stdout] test rope::tests::test_frequency_decay ... ok
[INFO] [stdout] test rope::tests::test_multiple_tokens ... ok
[INFO] [stdout] test model::tests::test_quantized_weights ... ok
[INFO] [stdout] test model::tests::test_transformer_creation ... ok
[INFO] [stdout] test rope::tests::test_position_out_of_bounds ... ok
[INFO] [stdout] test rope::tests::test_position_zero_no_rotation ... ok
[INFO] [stdout] test rope::tests::test_rope_config_default ... ok
[INFO] [stdout] test rope::tests::test_rope_initialization ... ok
[INFO] [stdout] test rope::tests::test_rope_invalid_config ... ok
[INFO] [stdout] test rope::tests::test_rotation_reversibility ... ok
[INFO] [stdout] test rope::tests::test_q15_quantized_rope ... ok
[INFO] [stdout] test speculative::tests::test_adaptive_tree_width ... ok
[INFO] [stdout] test speculative::tests::test_draft_verification ... ok
[INFO] [stdout] test speculative::tests::test_empty_inputs ... ok
[INFO] [stdout] test speculative::tests::test_lambda_guided_confidence_scaling ... ok
[INFO] [stdout] test speculative::tests::test_rejection_sampling_correctness ... ok
[INFO] [stdout] test speculative::tests::test_single_path_speculation ... ok
[INFO] [stdout] test speculative::tests::test_tree_attention_mask ... ok
[INFO] [stdout] test speculative::tests::test_tree_speculation_with_branches ... ok
[INFO] [stdout] test spike::tests::test_input_signature ... ok
[INFO] [stdout] test spike::tests::test_scheduler_high_rate ... ok
[INFO] [stdout] test spike::tests::test_scheduler_low_novelty_penalty ... ok
[INFO] [stdout] test spike::tests::test_scheduler_medium_rate ... ok
[INFO] [stdout] test spike::tests::test_scheduler_skip_inactive ... ok
[INFO] [stdout] test spike::tests::test_sparse_mask ... ok
[INFO] [stdout] test spike::tests::test_weighted_positions ... ok
[INFO] [stdout] test state::tests::test_buffer_slices ... ok
[INFO] [stdout] test state::tests::test_cached_signature ... ok
[INFO] [stdout] test state::tests::test_kv_cache_state ... ok
[INFO] [stdout] test state::tests::test_runtime_state_creation ... ok
[INFO] [stdout] test rope::tests::test_linear_scaling ... ok
[INFO] [stdout] test mamba::tests::test_state_persistence ... ok
[INFO] [stdout] test rope::tests::test_yarn_scaling ... ok
[INFO] [stdout] test mamba::tests::test_forward_sequence_matches_steps ... ok
[INFO] [stdout] test mamba::tests::test_different_configs ... ok
[INFO] [stdout] test kv_cache::tests::test_non_power_of_2_fails - should panic ... ok
[INFO] [stderr]      Running tests/determinism.rs (/opt/rustwide/target/debug/build/ruvector-mincut-gated-transformer/70c489f4f63daeb5/out/determinism-70c489f4f63daeb5)
[INFO] [stdout] test rope::tests::test_ntk_aware_scaling ... ok
[INFO] [stdout] 
[INFO] [stdout] test result: ok. 164 passed; 0 failed; 0 ignored; 0 measured; 0 filtered out; finished in 0.16s
[INFO] [stdout] 
[INFO] [stdout] 
[INFO] [stdout] running 6 tests
[INFO] [stdout] test test_cached_signature_determinism ... ok
[INFO] [stdout] test test_deterministic_stats ... ok
[INFO] [stdout] test test_deterministic_witness_same_gate ... ok
[INFO] [stdout] test test_deterministic_output_same_inputs ... ok
[INFO] [stderr]      Running tests/determinism_extended.rs (/opt/rustwide/target/debug/build/ruvector-mincut-gated-transformer/b1241cd6721b9de0/out/determinism_extended-b1241cd6721b9de0)
[INFO] [stdout] test test_different_gate_different_output ... ok
[INFO] [stdout] test test_skip_deterministic ... ok
[INFO] [stdout] 
[INFO] [stdout] test result: ok. 6 passed; 0 failed; 0 ignored; 0 measured; 0 filtered out; finished in 0.00s
[INFO] [stdout] 
[INFO] [stdout] 
[INFO] [stdout] running 13 tests
[INFO] [stdout] test test_determinism_baseline_config ... ok
[INFO] [stdout] test test_determinism_inactive_spikes ... ok
[INFO] [stdout] test test_cache_hit_determinism ... ok
[INFO] [stdout] test test_determinism_conservative_policy ... ok
[INFO] [stdout] test test_determinism_max_values ... ok
[INFO] [stdout] test test_determinism_permissive_policy ... ok
[INFO] [stdout] test test_stats_reproducibility ... ok
[INFO] [stdout] test test_determinism_zero_lambda ... ok
[INFO] [stdout] test test_reset_clears_state_deterministically ... ok
[INFO] [stdout] test test_determinism_with_spikes ... ok
[INFO] [stdout] test test_determinism_across_all_tiers ... ok
[INFO] [stdout] test test_determinism_micro_config ... ok
[INFO] [stdout] test test_determinism_lambda_sequences ... ok
[INFO] [stdout] 
[INFO] [stdout] test result: ok. 13 passed; 0 failed; 0 ignored; 0 measured; 0 filtered out; finished in 0.06s
[INFO] [stdout] 
[INFO] [stderr]      Running tests/early_exit.rs (/opt/rustwide/target/debug/build/ruvector-mincut-gated-transformer/69f952f84773cb21/out/early_exit-69f952f84773cb21)
[INFO] [stdout] 
[INFO] [stdout] running 11 tests
[INFO] [stdout] test test_early_exit_operation_counts ... ok
[INFO] [stdout] test test_early_exit_on_lambda_drop ... ok
[INFO] [stdout] test test_early_exit_tier_selection ... ok
[INFO] [stdout] test test_early_exit_on_low_lambda ... ok
[INFO] [stdout] test test_force_safe_minimum_computation ... ok
[INFO] [stdout] test test_layer_execution_counts ... ok
[INFO] [stdout] test test_speculative_execution_with_stable_lambda ... ok
[INFO] [stdout] test test_progressive_degradation ... ok
[INFO] [stdout] test test_speculation_fallback_on_instability ... ok
[INFO] [stdout] test test_verification_prevents_invalid_cache ... ok
[INFO] [stdout] test test_fallback_after_failed_early_exit ... ok
[INFO] [stdout] 
[INFO] [stdout] test result: ok. 11 passed; 0 failed; 0 ignored; 0 measured; 0 filtered out; finished in 0.01s
[INFO] [stdout] 
[INFO] [stderr]      Running tests/energy_gate.rs (/opt/rustwide/target/debug/build/ruvector-mincut-gated-transformer/eda7567d0bb85b4c/out/energy_gate-eda7567d0bb85b4c)
[INFO] [stdout] 
[INFO] [stdout] running 0 tests
[INFO] [stdout] 
[INFO] [stdout] test result: ok. 0 passed; 0 failed; 0 ignored; 0 measured; 0 filtered out; finished in 0.00s
[INFO] [stdout] 
[INFO] [stderr]      Running tests/gate.rs (/opt/rustwide/target/debug/build/ruvector-mincut-gated-transformer/a65ca3b6ce366ebb/out/gate-a65ca3b6ce366ebb)
[INFO] [stdout] 
[INFO] [stdout] running 22 tests
[INFO] [stdout] test test_boundary_concentration_reduces_scope ... ok
[INFO] [stdout] test test_conservative_policy ... ok
[INFO] [stdout] test test_drop_ratio_calculation ... ok
[INFO] [stdout] test test_drop_ratio_no_drop ... ok
[INFO] [stdout] test test_external_writes_permission ... ok
[INFO] [stdout] test test_kv_writes_permission ... ok
[INFO] [stdout] test test_lambda_delta_positive ... ok
[INFO] [stdout] test test_lambda_gradual_drop_allows ... ok
[INFO] [stdout] test test_partition_drift_reduces_scope ... ok
[INFO] [stdout] test test_permissive_policy ... ok
[INFO] [stdout] test test_force_safe_flag ... ok
[INFO] [stdout] test test_lambda_above_min_allows ... ok
[INFO] [stdout] test test_lambda_below_min_quarantines ... ok
[INFO] [stdout] test test_lambda_delta_negative ... ok
[INFO] [stdout] test test_lambda_drop_flushes_kv ... ok
[INFO] [stdout] test test_boundary_spike_reduces_scope ... ok
[INFO] [stdout] test test_skip_flag ... ok
[INFO] [stdout] test test_spike_inactive_skips ... ok
[INFO] [stdout] test test_tier0_full_layers ... ok
[INFO] [stdout] test test_tier1_reduced_layers ... ok
[INFO] [stdout] test test_spike_active_allows ... ok
[INFO] [stdout] test test_spike_storm_freezes ... ok
[INFO] [stdout] 
[INFO] [stdout] test result: ok. 22 passed; 0 failed; 0 ignored; 0 measured; 0 filtered out; finished in 0.04s
[INFO] [stdout] 
[INFO] [stderr]      Running tests/integration.rs (/opt/rustwide/target/debug/build/ruvector-mincut-gated-transformer/67760d15904f1e41/out/integration-67760d15904f1e41)
[INFO] [stdout] 
[INFO] [stdout] running 12 tests
[INFO] [stdout] test test_micro_config_full_pipeline ... ok
[INFO] [stdout] test test_boundary_concentration_intervention ... ok
[INFO] [stdout] test test_full_pipeline_tier0_to_tier1 ... ok
[INFO] [stdout] test test_kv_cache_persistence_across_tiers ... ok
[INFO] [stdout] test test_sparse_context_reduces_compute ... ok
[INFO] [stdout] test test_early_exit_with_unstable_lambda ... ok
[INFO] [stdout] test test_gate_decision_consistency ... ok
[INFO] [stdout] test test_policy_variants_integration ... ok
[INFO] [stdout] test test_partition_drift_detection ... ok
[INFO] [stdout] test test_full_pipeline_with_stable_lambda ... ok
[INFO] [stderr]      Running tests/mod_routing.rs (/opt/rustwide/target/debug/build/ruvector-mincut-gated-transformer/44e8d33babd23637/out/mod_routing-44e8d33babd23637)
[INFO] [stdout] test test_tier_transitions_with_spikes ... ok
[INFO] [stdout] test test_spike_storm_protection ... ok
[INFO] [stdout] 
[INFO] [stdout] test result: ok. 12 passed; 0 failed; 0 ignored; 0 measured; 0 filtered out; finished in 0.01s
[INFO] [stdout] 
[INFO] [stdout] 
[INFO] [stdout] running 11 tests
[INFO] [stdout] test test_capacity_with_degraded_tier ... ok
[INFO] [stdout] test test_capacity_with_sequence_length ... ok
[INFO] [stdout] test test_lambda_drop_ratio_calculation ... ok
[INFO] [stdout] test test_boundary_edges_threshold ... ok
[INFO] [stdout] test test_boundary_edge_concentration ... ok
[INFO] [stdout] test test_routing_preserves_token_order ... ok
[INFO] [stdout] test test_routing_with_increasing_lambda ... ok
[INFO] [stdout] test test_skip_ratio_with_inactive_spikes ... ok
[INFO] [stdout] test test_routing_with_decreasing_lambda ... ok
[INFO] [stdout] test test_skip_ratio_with_mixed_activity ... ok
[INFO] [stdout] test test_routing_with_oscillating_lambda ... ok
[INFO] [stdout] 
[INFO] [stdout] test result: ok. 11 passed; 0 failed; 0 ignored; 0 measured; 0 filtered out; finished in 0.02s
[INFO] [stdout] 
[INFO] [stderr]      Running tests/sparse_attention.rs (/opt/rustwide/target/debug/build/ruvector-mincut-gated-transformer/4cc8e63ede44eb9c/out/sparse_attention-4cc8e63ede44eb9c)
[INFO] [stderr]      Running tests/spectral.rs (/opt/rustwide/target/debug/build/ruvector-mincut-gated-transformer/d2a407b11415f4ce/out/spectral-d2a407b11415f4ce)
[INFO] [stdout] 
[INFO] [stderr]      Running tests/spike_attention.rs (/opt/rustwide/target/debug/build/ruvector-mincut-gated-transformer/9f87bcbedb0177a4/out/spike_attention-9f87bcbedb0177a4)
[INFO] [stdout] running 0 tests
[INFO] [stderr]      Running tests/verification.rs (/opt/rustwide/target/debug/build/ruvector-mincut-gated-transformer/9c236ef40af8f0c7/out/verification-9c236ef40af8f0c7)
[INFO] [stdout] 
[INFO] [stdout] test result: ok. 0 passed; 0 failed; 0 ignored; 0 measured; 0 filtered out; finished in 0.00s
[INFO] [stdout] 
[INFO] [stdout] 
[INFO] [stdout] running 0 tests
[INFO] [stdout] 
[INFO] [stdout] test result: ok. 0 passed; 0 failed; 0 ignored; 0 measured; 0 filtered out; finished in 0.00s
[INFO] [stdout] 
[INFO] [stdout] 
[INFO] [stdout] running 0 tests
[INFO] [stdout] 
[INFO] [stdout] test result: ok. 0 passed; 0 failed; 0 ignored; 0 measured; 0 filtered out; finished in 0.00s
[INFO] [stdout] 
[INFO] [stdout] 
[INFO] [stdout] running 16 tests
[INFO] [stdout] test test_e2e_inference_baseline_config ... ok
[INFO] [stdout] test test_deterministic_inference ... ok
[INFO] [stdout] test test_hadamard_transform_preserves_energy ... ok
[INFO] [stdout] test test_arena_allocation_efficiency ... ok
[INFO] [stdout] test test_e2e_inference_micro_config ... ok
[INFO] [stdout] test test_kv_cache_memory_compression ... ok
[INFO] [stdout] test test_multiple_gate_decisions ... ok
[INFO] [stdout] test test_kv_cache_quantization_quality_2bit ... ok
[INFO] [stdout] test test_flash_attention_matches_naive ... ok
[INFO] [stdout] test test_rope_position_encoding_properties ... ok
[INFO] [stdout] test test_kv_cache_quantization_quality_4bit ... ok
[INFO] [stdout] test test_gemm_numerical_accuracy ... ok
[INFO] [stdout] test test_rope_ntk_scaling_extends_context ... ok
[INFO] [stdout] test test_flash_attention_memory_efficiency ... FAILED
[INFO] [stdout] test test_gemm_simd_speedup ... ok
[INFO] [stdout] test test_component_latencies has been running for over 60 seconds
[INFO] [stdout] test test_component_latencies ... ok
[INFO] [stdout] 
[INFO] [stdout] failures:
[INFO] [stdout] 
[INFO] [stdout] ---- test_flash_attention_memory_efficiency stdout ----
[INFO] [stdout] FlashAttention 1024 seq_len: 3.431721326s
[INFO] [stdout] 
[INFO] [stdout] thread 'test_flash_attention_memory_efficiency' (1268) panicked at tests/verification.rs:486:5:
[INFO] [stdout] FlashAttention too slow: 3.431721326s
[INFO] [stdout] stack backtrace:
[INFO] [stdout]    0:     0x631a962e07e1 - std[617be2ca0a6fd877]::backtrace_rs::backtrace::libunwind::trace
[INFO] [stdout]                                at /rustc/e3feeb59cd1bdd011a2bfcc0747b55125d9b8527/library/std/src/../../backtrace/src/backtrace/libunwind.rs:117:9
[INFO] [stdout]    1:     0x631a962e07e1 - std[617be2ca0a6fd877]::backtrace_rs::backtrace::trace_unsynchronized::<std[617be2ca0a6fd877]::sys::backtrace::_print_fmt::{closure#1}>
[INFO] [stdout]                                at /rustc/e3feeb59cd1bdd011a2bfcc0747b55125d9b8527/library/std/src/../../backtrace/src/backtrace/mod.rs:66:14
[INFO] [stdout]    2:     0x631a962e07e1 - std[617be2ca0a6fd877]::sys::backtrace::_print_fmt
[INFO] [stdout]                                at /rustc/e3feeb59cd1bdd011a2bfcc0747b55125d9b8527/library/std/src/sys/backtrace.rs:74:9
[INFO] [stdout]    3:     0x631a962e07e1 - <<std[617be2ca0a6fd877]::sys::backtrace::BacktraceLock>::print::DisplayBacktrace as core[a373ad73a504971]::fmt::Display>::fmt
[INFO] [stdout]                                at /rustc/e3feeb59cd1bdd011a2bfcc0747b55125d9b8527/library/std/src/sys/backtrace.rs:44:26
[INFO] [stdout]    4:     0x631a962f575a - <core[a373ad73a504971]::fmt::rt::Argument>::fmt
[INFO] [stdout]                                at /rustc/e3feeb59cd1bdd011a2bfcc0747b55125d9b8527/library/core/src/fmt/rt.rs:152:76
[INFO] [stdout]    5:     0x631a962f575a - core[a373ad73a504971]::fmt::write
[INFO] [stdout]    6:     0x631a962e49fc - core[a373ad73a504971]::io::write::default_write_fmt::<alloc[2e1b2a31b91974c5]::vec::Vec<u8>>
[INFO] [stdout]                                at /rustc/e3feeb59cd1bdd011a2bfcc0747b55125d9b8527/library/core/src/io/write.rs:402:11
[INFO] [stdout]    7:     0x631a962e49fc - <alloc[2e1b2a31b91974c5]::vec::Vec<u8> as core[a373ad73a504971]::io::write::Write>::write_fmt
[INFO] [stdout]                                at /rustc/e3feeb59cd1bdd011a2bfcc0747b55125d9b8527/library/core/src/io/write.rs:335:13
[INFO] [stdout]    8:     0x631a962bcc46 - <std[617be2ca0a6fd877]::sys::backtrace::BacktraceLock>::print
[INFO] [stdout]                                at /rustc/e3feeb59cd1bdd011a2bfcc0747b55125d9b8527/library/std/src/sys/backtrace.rs:47:9
[INFO] [stdout]    9:     0x631a962bcc46 - std[617be2ca0a6fd877]::panicking::default_hook::{closure#0}
[INFO] [stdout]                                at /rustc/e3feeb59cd1bdd011a2bfcc0747b55125d9b8527/library/std/src/panicking.rs:289:27
[INFO] [stdout]   10:     0x631a962d8e79 - std[617be2ca0a6fd877]::panicking::default_hook
[INFO] [stdout]                                at /rustc/e3feeb59cd1bdd011a2bfcc0747b55125d9b8527/library/std/src/panicking.rs:313:9
[INFO] [stdout]   11:     0x631a9625ed60 - <alloc[2e1b2a31b91974c5]::boxed::Box<dyn for<'a, 'b> core[a373ad73a504971]::ops::function::Fn<(&'a std[617be2ca0a6fd877]::panic::PanicHookInfo<'b>,), Output = ()> + core[a373ad73a504971]::marker::Sync + core[a373ad73a504971]::marker::Send> as core[a373ad73a504971]::ops::function::Fn<(&std[617be2ca0a6fd877]::panic::PanicHookInfo,)>>::call
[INFO] [stdout]                                at /rustc/e3feeb59cd1bdd011a2bfcc0747b55125d9b8527/library/alloc/src/boxed.rs:2328:9
[INFO] [stdout]   12:     0x631a9625ed60 - test[aada8e7e76ba119b]::test_main_inner::{closure#0}
[INFO] [stdout]                                at /rustc/e3feeb59cd1bdd011a2bfcc0747b55125d9b8527/library/test/src/lib.rs:137:21
[INFO] [stdout]   13:     0x631a962d9032 - <alloc[2e1b2a31b91974c5]::boxed::Box<dyn for<'a, 'b> core[a373ad73a504971]::ops::function::Fn<(&'a std[617be2ca0a6fd877]::panic::PanicHookInfo<'b>,), Output = ()> + core[a373ad73a504971]::marker::Sync + core[a373ad73a504971]::marker::Send> as core[a373ad73a504971]::ops::function::Fn<(&std[617be2ca0a6fd877]::panic::PanicHookInfo,)>>::call
[INFO] [stdout]                                at /rustc/e3feeb59cd1bdd011a2bfcc0747b55125d9b8527/library/alloc/src/boxed.rs:2328:9
[INFO] [stdout]   14:     0x631a962d9032 - std[617be2ca0a6fd877]::panicking::panic_with_hook
[INFO] [stdout]                                at /rustc/e3feeb59cd1bdd011a2bfcc0747b55125d9b8527/library/std/src/panicking.rs:819:13
[INFO] [stdout]   15:     0x631a962bccf2 - std[617be2ca0a6fd877]::panicking::panic_handler::{closure#0}
[INFO] [stdout]                                at /rustc/e3feeb59cd1bdd011a2bfcc0747b55125d9b8527/library/std/src/panicking.rs:685:13
[INFO] [stdout]   16:     0x631a962b5a09 - std[617be2ca0a6fd877]::sys::backtrace::__rust_end_short_backtrace::<std[617be2ca0a6fd877]::panicking::panic_handler::{closure#0}, !>
[INFO] [stdout]                                at /rustc/e3feeb59cd1bdd011a2bfcc0747b55125d9b8527/library/std/src/sys/backtrace.rs:182:18
[INFO] [stdout]   17:     0x631a962bd8fd - __rustc[ea4f61d10b84890b]::rust_begin_unwind
[INFO] [stdout]                                at /rustc/e3feeb59cd1bdd011a2bfcc0747b55125d9b8527/library/std/src/panicking.rs:676:5
[INFO] [stdout]   18:     0x631a962f5eec - core[a373ad73a504971]::panicking::panic_fmt
[INFO] [stdout]                                at /rustc/e3feeb59cd1bdd011a2bfcc0747b55125d9b8527/library/core/src/panicking.rs:80:14
[INFO] [stdout]   19:     0x631a96248e9b - verification[6ebe9b617d569fa0]::test_flash_attention_memory_efficiency
[INFO] [stdout]                                at /opt/rustwide/workdir/tests/verification.rs:486:5
[INFO] [stdout]   20:     0x631a96241ca7 - verification[6ebe9b617d569fa0]::test_flash_attention_memory_efficiency::{closure#0}
[INFO] [stdout]                                at /opt/rustwide/workdir/tests/verification.rs:460:44
[INFO] [stdout]   21:     0x631a96252096 - <verification[6ebe9b617d569fa0]::test_flash_attention_memory_efficiency::{closure#0} as core[a373ad73a504971]::ops::function::FnOnce<()>>::call_once
[INFO] [stdout]                                at /rustc/e3feeb59cd1bdd011a2bfcc0747b55125d9b8527/library/core/src/ops/function.rs:250:5
[INFO] [stdout]   22:     0x631a962521ab - <fn() -> core[a373ad73a504971]::result::Result<(), alloc[2e1b2a31b91974c5]::string::String> as core[a373ad73a504971]::ops::function::FnOnce<()>>::call_once
[INFO] [stdout]                                at /rustc/e3feeb59cd1bdd011a2bfcc0747b55125d9b8527/library/core/src/ops/function.rs:250:5
[INFO] [stdout]   23:     0x631a962521ab - test[aada8e7e76ba119b]::__rust_begin_short_backtrace::<core[a373ad73a504971]::result::Result<(), alloc[2e1b2a31b91974c5]::string::String>, fn() -> core[a373ad73a504971]::result::Result<(), alloc[2e1b2a31b91974c5]::string::String>>
[INFO] [stdout]                                at /rustc/e3feeb59cd1bdd011a2bfcc0747b55125d9b8527/library/test/src/lib.rs:701:18
[INFO] [stdout]   24:     0x631a9625f385 - test[aada8e7e76ba119b]::run_test_in_process::{closure#0}
[INFO] [stdout]                                at /rustc/e3feeb59cd1bdd011a2bfcc0747b55125d9b8527/library/test/src/lib.rs:724:74
[INFO] [stdout]   25:     0x631a9625f385 - <core[a373ad73a504971]::panic::unwind_safe::AssertUnwindSafe<test[aada8e7e76ba119b]::run_test_in_process::{closure#0}> as core[a373ad73a504971]::ops::function::FnOnce<()>>::call_once
[INFO] [stdout]                                at /rustc/e3feeb59cd1bdd011a2bfcc0747b55125d9b8527/library/core/src/panic/unwind_safe.rs:275:9
[INFO] [stdout]   26:     0x631a9625f385 - std[617be2ca0a6fd877]::panicking::catch_unwind::do_call::<core[a373ad73a504971]::panic::unwind_safe::AssertUnwindSafe<test[aada8e7e76ba119b]::run_test_in_process::{closure#0}>, core[a373ad73a504971]::result::Result<(), alloc[2e1b2a31b91974c5]::string::String>>
[INFO] [stdout]                                at /rustc/e3feeb59cd1bdd011a2bfcc0747b55125d9b8527/library/std/src/panicking.rs:573:43
[INFO] [stdout]   27:     0x631a9625f385 - std[617be2ca0a6fd877]::panicking::catch_unwind::<core[a373ad73a504971]::result::Result<(), alloc[2e1b2a31b91974c5]::string::String>, core[a373ad73a504971]::panic::unwind_safe::AssertUnwindSafe<test[aada8e7e76ba119b]::run_test_in_process::{closure#0}>>
[INFO] [stdout]                                at /rustc/e3feeb59cd1bdd011a2bfcc0747b55125d9b8527/library/std/src/panicking.rs:541:19
[INFO] [stdout]   28:     0x631a9625f385 - std[617be2ca0a6fd877]::panic::catch_unwind::<core[a373ad73a504971]::panic::unwind_safe::AssertUnwindSafe<test[aada8e7e76ba119b]::run_test_in_process::{closure#0}>, core[a373ad73a504971]::result::Result<(), alloc[2e1b2a31b91974c5]::string::String>>
[INFO] [stdout]                                at /rustc/e3feeb59cd1bdd011a2bfcc0747b55125d9b8527/library/std/src/panic.rs:359:14
[INFO] [stdout]   29:     0x631a9625f385 - test[aada8e7e76ba119b]::run_test_in_process
[INFO] [stdout]                                at /rustc/e3feeb59cd1bdd011a2bfcc0747b55125d9b8527/library/test/src/lib.rs:724:27
[INFO] [stdout]   30:     0x631a9625f385 - test[aada8e7e76ba119b]::run_test::{closure#0}
[INFO] [stdout]                                at /rustc/e3feeb59cd1bdd011a2bfcc0747b55125d9b8527/library/test/src/lib.rs:645:43
[INFO] [stdout]   31:     0x631a96258c74 - test[aada8e7e76ba119b]::run_test::{closure#1}
[INFO] [stdout]                                at /rustc/e3feeb59cd1bdd011a2bfcc0747b55125d9b8527/library/test/src/lib.rs:675:41
[INFO] [stdout]   32:     0x631a96258c74 - std[617be2ca0a6fd877]::sys::backtrace::__rust_begin_short_backtrace::<test[aada8e7e76ba119b]::run_test::{closure#1}, ()>
[INFO] [stdout]                                at /rustc/e3feeb59cd1bdd011a2bfcc0747b55125d9b8527/library/std/src/sys/backtrace.rs:166:18
[INFO] [stdout]   33:     0x631a96262412 - std[617be2ca0a6fd877]::thread::lifecycle::spawn_unchecked::<test[aada8e7e76ba119b]::run_test::{closure#1}, ()>::{closure#1}::{closure#0}
[INFO] [stdout]                                at /rustc/e3feeb59cd1bdd011a2bfcc0747b55125d9b8527/library/std/src/thread/lifecycle.rs:70:13
[INFO] [stdout]   34:     0x631a96262412 - <core[a373ad73a504971]::panic::unwind_safe::AssertUnwindSafe<std[617be2ca0a6fd877]::thread::lifecycle::spawn_unchecked<test[aada8e7e76ba119b]::run_test::{closure#1}, ()>::{closure#1}::{closure#0}> as core[a373ad73a504971]::ops::function::FnOnce<()>>::call_once
[INFO] [stdout]                                at /rustc/e3feeb59cd1bdd011a2bfcc0747b55125d9b8527/library/core/src/panic/unwind_safe.rs:275:9
[INFO] [stdout]   35:     0x631a96262412 - std[617be2ca0a6fd877]::panicking::catch_unwind::do_call::<core[a373ad73a504971]::panic::unwind_safe::AssertUnwindSafe<std[617be2ca0a6fd877]::thread::lifecycle::spawn_unchecked<test[aada8e7e76ba119b]::run_test::{closure#1}, ()>::{closure#1}::{closure#0}>, ()>
[INFO] [stdout]                                at /rustc/e3feeb59cd1bdd011a2bfcc0747b55125d9b8527/library/std/src/panicking.rs:573:43
[INFO] [stdout]   36:     0x631a96262412 - std[617be2ca0a6fd877]::panicking::catch_unwind::<(), core[a373ad73a504971]::panic::unwind_safe::AssertUnwindSafe<std[617be2ca0a6fd877]::thread::lifecycle::spawn_unchecked<test[aada8e7e76ba119b]::run_test::{closure#1}, ()>::{closure#1}::{closure#0}>>
[INFO] [stdout]                                at /rustc/e3feeb59cd1bdd011a2bfcc0747b55125d9b8527/library/std/src/panicking.rs:541:19
[INFO] [stdout]   37:     0x631a96262412 - std[617be2ca0a6fd877]::panic::catch_unwind::<core[a373ad73a504971]::panic::unwind_safe::AssertUnwindSafe<std[617be2ca0a6fd877]::thread::lifecycle::spawn_unchecked<test[aada8e7e76ba119b]::run_test::{closure#1}, ()>::{closure#1}::{closure#0}>, ()>
[INFO] [stdout]                                at /rustc/e3feeb59cd1bdd011a2bfcc0747b55125d9b8527/library/std/src/panic.rs:359:14
[INFO] [stdout]   38:     0x631a96262412 - std[617be2ca0a6fd877]::thread::lifecycle::spawn_unchecked::<test[aada8e7e76ba119b]::run_test::{closure#1}, ()>::{closure#1}
[INFO] [stdout]                                at /rustc/e3feeb59cd1bdd011a2bfcc0747b55125d9b8527/library/std/src/thread/lifecycle.rs:68:26
[INFO] [stdout]   39:     0x631a96262412 - <std[617be2ca0a6fd877]::thread::lifecycle::spawn_unchecked<test[aada8e7e76ba119b]::run_test::{closure#1}, ()>::{closure#1} as core[a373ad73a504971]::ops::function::FnOnce<()>>::call_once::{shim:vtable#0}
[INFO] [stdout]                                at /rustc/e3feeb59cd1bdd011a2bfcc0747b55125d9b8527/library/core/src/ops/function.rs:250:5
[INFO] [stdout]   40:     0x631a962e003f - <alloc[2e1b2a31b91974c5]::boxed::Box<dyn core[a373ad73a504971]::ops::function::FnOnce<(), Output = ()> + core[a373ad73a504971]::marker::Send> as core[a373ad73a504971]::ops::function::FnOnce<()>>::call_once
[INFO] [stdout]                                at /rustc/e3feeb59cd1bdd011a2bfcc0747b55125d9b8527/library/alloc/src/boxed.rs:2314:9
[INFO] [stdout]   41:     0x631a962e003f - <std[617be2ca0a6fd877]::sys::thread::unix::Thread>::new::thread_start
[INFO] [stdout]                                at /rustc/e3feeb59cd1bdd011a2bfcc0747b55125d9b8527/library/std/src/sys/thread/unix.rs:127:17
[INFO] [stdout]   42:     0x7341d3ae8dfa - <unknown>
[INFO] [stdout]   43:     0x7341d3b7c3d4 - clone
[INFO] [stdout]   44:                0x0 - <unknown>
[INFO] [stdout] 
[INFO] [stdout] 
[INFO] [stdout] failures:
[INFO] [stdout]     test_flash_attention_memory_efficiency
[INFO] [stdout] 
[INFO] [stdout] test result: FAILED. 15 passed; 1 failed; 0 ignored; 0 measured; 0 filtered out; finished in 125.30s
[INFO] [stdout] 
[INFO] [stderr] error: test failed, to rerun pass `--test verification`
[INFO] running `Command { std: "docker" "inspect" "0ba2f71b0e8d13fad0abf4b105931e1dd48f454abd373709a140afe3d595889e", kill_on_drop: false }`
[INFO] running `Command { std: "docker" "rm" "-f" "0ba2f71b0e8d13fad0abf4b105931e1dd48f454abd373709a140afe3d595889e", kill_on_drop: false }`
[INFO] [stdout] 0ba2f71b0e8d13fad0abf4b105931e1dd48f454abd373709a140afe3d595889e
