[INFO] fetching crate rutui-tty-utils 0.1.0...
[INFO] testing rutui-tty-utils-0.1.0 against 1.99.0-beta.8 for beta-1.100-2
[INFO] extracting crate rutui-tty-utils 0.1.0 into /workspace/builds/worker-1-tc1/source
[INFO] started tweaking crates.io crate rutui-tty-utils 0.1.0
[INFO] finished tweaking crates.io crate rutui-tty-utils 0.1.0
[INFO] tweaked toml for crates.io crate rutui-tty-utils 0.1.0 written to /workspace/builds/worker-1-tc1/source/Cargo.toml
[INFO] validating manifest of crates.io crate rutui-tty-utils 0.1.0 on toolchain 1.99.0-beta.8
[INFO] running `Command { std: CARGO_HOME="/workspace/cargo-home" RUSTUP_HOME="/workspace/rustup-home" "/workspace/cargo-home/bin/cargo" "+1.99.0-beta.8" "metadata" "--manifest-path" "Cargo.toml" "--no-deps", kill_on_drop: false }`
[INFO] crate crates.io crate rutui-tty-utils 0.1.0 already has a lockfile, it will not be regenerated
[INFO] running `Command { std: CARGO_HOME="/workspace/cargo-home" RUSTUP_HOME="/workspace/rustup-home" "/workspace/cargo-home/bin/cargo" "+1.99.0-beta.8" "fetch" "--manifest-path" "Cargo.toml", kill_on_drop: false }`
[INFO] running `Command { std: "docker" "create" "-v" "/var/lib/crater-agent-workspace/builds/worker-1-tc1/source:/opt/rustwide/workdir:ro,Z" "-v" "/var/lib/crater-agent-workspace/builds/worker-1-tc1/target:/opt/rustwide/target:rw,Z" "-v" "/var/lib/crater-agent-workspace/cargo-home:/opt/rustwide/cargo-home:ro,Z" "-v" "/var/lib/crater-agent-workspace/rustup-home:/opt/rustwide/rustup-home:ro,Z" "-m" "1610612736" "--network" "none" "ghcr.io/rust-lang/crates-build-env/linux@sha256:3111399a4047eeb3a02b7a90e478d715f38a8c6669b5c4b49d30a17385265909" "sleep" "infinity", kill_on_drop: false }`
[INFO] [stdout] f7122a865c897857baea938ef0b781b6267be5d3c88050d3ad8183504aee355e
[INFO] running `Command { std: "docker" "start" "f7122a865c897857baea938ef0b781b6267be5d3c88050d3ad8183504aee355e", kill_on_drop: false }`
[INFO] running `Command { std: "docker" "inspect" "f7122a865c897857baea938ef0b781b6267be5d3c88050d3ad8183504aee355e", kill_on_drop: false }`
[INFO] running `Command { std: "docker" "exec" "-e" "SOURCE_DIR=/opt/rustwide/workdir" "-e" "CARGO_HOME=/opt/rustwide/cargo-home" "-e" "RUSTUP_HOME=/opt/rustwide/rustup-home" "-e" "CARGO_TARGET_DIR=/opt/rustwide/target" "-w" "/opt/rustwide/workdir" "--user" "0:0" "f7122a865c897857baea938ef0b781b6267be5d3c88050d3ad8183504aee355e" "/opt/rustwide/cargo-home/bin/cargo" "+1.99.0-beta.8" "metadata" "--no-deps" "--format-version=1", kill_on_drop: false }`
[INFO] running `Command { std: "docker" "inspect" "f7122a865c897857baea938ef0b781b6267be5d3c88050d3ad8183504aee355e", kill_on_drop: false }`
[INFO] running `Command { std: "docker" "exec" "-e" "SOURCE_DIR=/opt/rustwide/workdir" "-e" "CARGO_HOME=/opt/rustwide/cargo-home" "-e" "RUSTUP_HOME=/opt/rustwide/rustup-home" "-e" "CARGO_TARGET_DIR=/opt/rustwide/target" "-e" "CARGO_INCREMENTAL=0" "-e" "RUST_BACKTRACE=full" "-e" "RUSTFLAGS=--cap-lints=warn" "-e" "RUSTDOCFLAGS=--cap-lints=warn" "-w" "/opt/rustwide/workdir" "--user" "0:0" "f7122a865c897857baea938ef0b781b6267be5d3c88050d3ad8183504aee355e" "/opt/rustwide/cargo-home/bin/cargo" "+1.99.0-beta.8" "build" "--frozen" "--message-format=json", kill_on_drop: false }`
[INFO] [stderr]    Compiling smallvec v1.15.2
[INFO] [stderr]    Compiling nix v0.30.1
[INFO] [stderr]    Compiling mio v1.2.2
[INFO] [stderr]    Compiling tokio-macros v2.7.2
[INFO] [stderr]    Compiling parking_lot_core v0.9.12
[INFO] [stderr]    Compiling parking_lot v0.12.5
[INFO] [stderr]    Compiling tokio v1.53.1
[INFO] [stderr]    Compiling rutui-tty-utils v0.1.0 (/opt/rustwide/workdir)
[INFO] [stderr]     Finished `dev` profile [unoptimized + debuginfo] target(s) in 12.99s
[INFO] running `Command { std: "docker" "inspect" "f7122a865c897857baea938ef0b781b6267be5d3c88050d3ad8183504aee355e", kill_on_drop: false }`
[INFO] running `Command { std: "docker" "exec" "-e" "SOURCE_DIR=/opt/rustwide/workdir" "-e" "CARGO_HOME=/opt/rustwide/cargo-home" "-e" "RUSTUP_HOME=/opt/rustwide/rustup-home" "-e" "CARGO_TARGET_DIR=/opt/rustwide/target" "-e" "CARGO_INCREMENTAL=0" "-e" "RUST_BACKTRACE=full" "-e" "RUSTFLAGS=--cap-lints=warn" "-e" "RUSTDOCFLAGS=--cap-lints=warn" "-w" "/opt/rustwide/workdir" "--user" "0:0" "f7122a865c897857baea938ef0b781b6267be5d3c88050d3ad8183504aee355e" "/opt/rustwide/cargo-home/bin/cargo" "+1.99.0-beta.8" "test" "--frozen" "--no-run" "--message-format=json", kill_on_drop: false }`
[INFO] [stderr]    Compiling rutui-tty-utils v0.1.0 (/opt/rustwide/workdir)
[INFO] [stderr]     Finished `test` profile [unoptimized + debuginfo] target(s) in 2.74s
[INFO] running `Command { std: "docker" "inspect" "f7122a865c897857baea938ef0b781b6267be5d3c88050d3ad8183504aee355e", kill_on_drop: false }`
[INFO] running `Command { std: "docker" "exec" "-e" "SOURCE_DIR=/opt/rustwide/workdir" "-e" "CARGO_HOME=/opt/rustwide/cargo-home" "-e" "RUSTUP_HOME=/opt/rustwide/rustup-home" "-e" "CARGO_TARGET_DIR=/opt/rustwide/target" "-e" "CARGO_INCREMENTAL=0" "-e" "RUST_BACKTRACE=full" "-e" "RUSTFLAGS=--cap-lints=warn" "-e" "RUSTDOCFLAGS=--cap-lints=warn" "-w" "/opt/rustwide/workdir" "--user" "0:0" "f7122a865c897857baea938ef0b781b6267be5d3c88050d3ad8183504aee355e" "/opt/rustwide/cargo-home/bin/cargo" "+1.99.0-beta.8" "test" "--frozen", kill_on_drop: false }`
[INFO] [stderr]     Finished `test` profile [unoptimized + debuginfo] target(s) in 0.04s
[INFO] [stderr]      Running unittests src/lib.rs (/opt/rustwide/target/debug/deps/rutui_tty_utils-5aada5388d345422)
[INFO] [stdout] 
[INFO] [stdout] running 64 tests
[INFO] [stdout] test child_wait::tests::huge_timeout_is_capped_to_the_poll_quantum ... ok
[INFO] [stdout] test child_wait::tests::timeout_performs_one_final_poll ... ok
[INFO] [stdout] test child_wait::tests::status_at_the_final_deadline_poll_wins ... ok
[INFO] [stdout] test child_wait::tests::zero_timeout_has_two_boundary_polls_and_no_wait ... ok
[INFO] [stdout] test child_wait::tests::status_after_waits_stops_all_further_work ... ok
[INFO] [stdout] test process_resources::tests::the_memory_only_sample_leaves_open_files_unset ... ok
[INFO] [stdout] test process_resources::tests::a_running_process_reports_its_own_gauges ... ok
[INFO] [stdout] test process_scope::tests::enroll_std_after_close_kills_and_leaves_reap_to_caller ... ok
[INFO] [stdout] test child_wait::tests::initial_and_later_poll_errors_return_without_cleanup_work ... ok
[INFO] [stdout] test process_scope::tests::drop_reaps_children_while_owner_alive ... ok
[INFO] [stdout] test runtime::eagain_tests::child_entry_eagain_under_thread_limit ... ok
[INFO] [stdout] test process_resources::tests::thread_gauge_tracks_spawned_threads ... ok
[INFO] [stdout] test process_scope::tests::kill_all_skips_group_whose_owner_dropped ... ok
[INFO] [stdout] test process_scope::tests::kill_all_reaps_every_enrolled_child ... ok
[INFO] [stdout] test runtime::tests::cap_clamps_many_core_hosts ... ok
[INFO] [stdout] test runtime::tests::cap_is_identity_at_or_below_max ... ok
[INFO] [stdout] test runtime::tests::capped_worker_threads_stays_in_bounds ... ok
[INFO] [stdout] test runtime::tests::child_entry_blocking_pool_behavior ... ok
[INFO] [stdout] test process_scope::tests::register_after_kill_all_reaps_immediately ... ok
[INFO] [stdout] test runtime::tests::keep_alive_overflows_instant_add ... ok
[INFO] [stdout] test process_scope::tests::kill_all_is_idempotent ... ok
[INFO] [stdout] test runtime::tests::apply_blocking_pool_builds_and_prewarms ... ok
[INFO] [stdout] test tests::cross_thread_arming_fails_spawn_in_debug_builds ... ok
[INFO] [stdout] test tests::detach_command_does_not_panic ... ok
[INFO] [stdout] test tests::detach_from_tty_reset_oom_resets_the_child ... ok
[INFO] [stdout] test tests::detach_pre_exec_hook_defaults_to_no_reset ... ok
[INFO] [stdout] test tests::detach_pre_exec_hook_selects_reset_when_env_armed ... ok
[INFO] [stdout] test process_scope::tests::enroll_std_owner_accepts_close_after_registration ... ok
[INFO] [stdout] test tests::detach_std_command_does_not_panic ... ok
[INFO] [stdout] test tests::dup_tui_stderr_accepts_multibyte_utf8 ... ok
[INFO] [stdout] test tests::dup_tui_stderr_without_redirect_returns_writable_file ... ok
[INFO] [stdout] test tests::eof_pipe_fd_is_cloexec_and_reads_eof ... ok
[INFO] [stdout] test tests::git_command_locking_matches_reader_except_optional_locks_flag ... ok
[INFO] [stdout] test tests::detach_search_command_kills_child_on_drop ... ok
[INFO] [stdout] test tests::is_wsl_detects_wsl1_osrelease ... ok
[INFO] [stdout] test tests::is_wsl_detects_wsl2_osrelease ... ok
[INFO] [stdout] test tests::is_wsl_detects_wsl_distro_name ... ok
[INFO] [stdout] test tests::is_wsl_detects_wsl_interop ... ok
[INFO] [stdout] test tests::is_wsl_env_var_match_is_exact_key_not_substring ... ok
[INFO] [stdout] test tests::is_wsl_osrelease_match_is_case_insensitive ... ok
[INFO] [stdout] test tests::is_wsl_rejects_native_linux ... ok
[INFO] [stdout] test runtime::tests::prewarm_times_out_and_releases_workers ... ok
[INFO] [stdout] test tests::kill_on_parent_death_std_does_not_panic ... ok
[INFO] [stdout] test tests::new_process_group_does_not_panic ... ok
[INFO] [stdout] test tests::is_wsl_rejects_when_osrelease_missing ... ok
[INFO] [stdout] test tests::has_live_members_tracks_the_group_emptying ... ok
[INFO] [stdout] test tests::null_stdio_accepts_child_writes ... ok
[INFO] [stdout] test tests::null_stdio_survives_a_deleted_dev_null ... ignored, needs Linux + unprivileged user namespaces (unshare -Urm)
[INFO] [stdout] test tests::null_fd_outlives_its_path ... ok
[INFO] [stdout] test tests::pdeathsig_intermediate_entry ... ok
[INFO] [stdout] test tests::plain_detach_from_tty_leaves_child_oom_score_inherited ... ok
[INFO] [stdout] test tests::pager_env_has_expected_keys ... ok
[INFO] [stdout] test tests::process_group_id_rejects_degenerate_and_own_group ... ok
[INFO] [stdout] test tests::null_stdio_reads_eof_every_time ... ok
[INFO] [stdout] test tests::protect_from_oom_kill_lowers_own_score_when_privileged ... ok
[INFO] [stdout] test tests::process_group_kill_terminates_attached_child ... ok
[INFO] [stdout] test tests::stderr_redirect_roundtrip_body ... ok
[INFO] [stdout] 
[INFO] [stdout] running 1 test
[INFO] [stdout] test tests::stderr_redirect_roundtrip_body ... ok
[INFO] [stdout] 
[INFO] [stdout] test result: ok. 1 passed; 0 failed; 0 ignored; 0 measured; 63 filtered out; finished in 0.01s
[INFO] [stdout] 
[INFO] [stdout] test runtime::eagain_tests::default_runtime_dies_and_prewarmed_runtime_survives ... ok
[INFO] [stdout] test tests::stderr_redirect_roundtrip_subprocess ... ok
[INFO] [stdout] test process_scope::tests::only_a_terminal_enrollment_asks_for_a_hangup ... ok
[INFO] [stdout] test tests::armed_child_survives_while_parent_lives ... ok
[INFO] [stdout] test runtime::tests::prewarm_creates_cap_and_extra_spawn_blocking_queues ... ok
[INFO] [stdout] test tests::armed_child_dies_when_parent_exits ... ok
[INFO] [stdout] test tests::process_group_kill_reaps_grandchild_tree ... FAILED
[INFO] [stdout] 
[INFO] [stdout] failures:
[INFO] [stdout] 
[INFO] [stdout] ---- tests::process_group_kill_reaps_grandchild_tree stdout ----
[INFO] [stdout] 
[INFO] [stdout] thread 'tests::process_group_kill_reaps_grandchild_tree' (393) panicked at src/lib.rs:1854:9:
[INFO] [stdout] killpg must reap the WHOLE group incl. the grandchild (tree-kill), not just the leader; grandchild pid 398 still alive after group kill
[INFO] [stdout] stack backtrace:
[INFO] [stdout]    0:     0x5b2d4a48fcf1 - std[70759c8f55707aa4]::backtrace_rs::backtrace::libunwind::trace
[INFO] [stdout]                                at /rustc/dfb0accb7f508ae8be965d8629557221c889dd98/library/std/src/../../backtrace/src/backtrace/libunwind.rs:117:9
[INFO] [stdout]    1:     0x5b2d4a48fcf1 - std[70759c8f55707aa4]::backtrace_rs::backtrace::trace_unsynchronized::<std[70759c8f55707aa4]::sys::backtrace::_print_fmt::{closure#1}>
[INFO] [stdout]                                at /rustc/dfb0accb7f508ae8be965d8629557221c889dd98/library/std/src/../../backtrace/src/backtrace/mod.rs:66:14
[INFO] [stdout]    2:     0x5b2d4a48fcf1 - std[70759c8f55707aa4]::sys::backtrace::_print_fmt
[INFO] [stdout]                                at /rustc/dfb0accb7f508ae8be965d8629557221c889dd98/library/std/src/sys/backtrace.rs:74:9
[INFO] [stdout]    3:     0x5b2d4a48fcf1 - <<std[70759c8f55707aa4]::sys::backtrace::BacktraceLock>::print::DisplayBacktrace as core[df12db4294e9bfd3]::fmt::Display>::fmt
[INFO] [stdout]                                at /rustc/dfb0accb7f508ae8be965d8629557221c889dd98/library/std/src/sys/backtrace.rs:44:26
[INFO] [stdout]    4:     0x5b2d4a4a51ca - <core[df12db4294e9bfd3]::fmt::rt::Argument>::fmt
[INFO] [stdout]                                at /rustc/dfb0accb7f508ae8be965d8629557221c889dd98/library/core/src/fmt/rt.rs:152:76
[INFO] [stdout]    5:     0x5b2d4a4a51ca - core[df12db4294e9bfd3]::fmt::write
[INFO] [stdout]    6:     0x5b2d4a494ccc - core[df12db4294e9bfd3]::io::write::default_write_fmt::<alloc[2182bb758b4b3781]::vec::Vec<u8>>
[INFO] [stdout]                                at /rustc/dfb0accb7f508ae8be965d8629557221c889dd98/library/core/src/io/write.rs:402:11
[INFO] [stdout]    7:     0x5b2d4a494ccc - <alloc[2182bb758b4b3781]::vec::Vec<u8> as core[df12db4294e9bfd3]::io::write::Write>::write_fmt
[INFO] [stdout]                                at /rustc/dfb0accb7f508ae8be965d8629557221c889dd98/library/core/src/io/write.rs:335:13
[INFO] [stdout]    8:     0x5b2d4a469dc6 - <std[70759c8f55707aa4]::sys::backtrace::BacktraceLock>::print
[INFO] [stdout]                                at /rustc/dfb0accb7f508ae8be965d8629557221c889dd98/library/std/src/sys/backtrace.rs:47:9
[INFO] [stdout]    9:     0x5b2d4a469dc6 - std[70759c8f55707aa4]::panicking::default_hook::{closure#0}
[INFO] [stdout]                                at /rustc/dfb0accb7f508ae8be965d8629557221c889dd98/library/std/src/panicking.rs:292:27
[INFO] [stdout]   10:     0x5b2d4a4875f9 - std[70759c8f55707aa4]::panicking::default_hook
[INFO] [stdout]                                at /rustc/dfb0accb7f508ae8be965d8629557221c889dd98/library/std/src/panicking.rs:316:9
[INFO] [stdout]   11:     0x5b2d4a41cb70 - <alloc[2182bb758b4b3781]::boxed::Box<dyn for<'a, 'b> core[df12db4294e9bfd3]::ops::function::Fn<(&'a std[70759c8f55707aa4]::panic::PanicHookInfo<'b>,), Output = ()> + core[df12db4294e9bfd3]::marker::Send + core[df12db4294e9bfd3]::marker::Sync> as core[df12db4294e9bfd3]::ops::function::Fn<(&std[70759c8f55707aa4]::panic::PanicHookInfo,)>>::call
[INFO] [stdout]                                at /rustc/dfb0accb7f508ae8be965d8629557221c889dd98/library/alloc/src/boxed.rs:2334:9
[INFO] [stdout]   12:     0x5b2d4a41cb70 - test[9d35eded1c95d3be]::test_main_inner::<test[9d35eded1c95d3be]::test_main_static::{closure#0}>::{closure#0}
[INFO] [stdout]                                at /rustc/dfb0accb7f508ae8be965d8629557221c889dd98/library/test/src/lib.rs:155:21
[INFO] [stdout]   13:     0x5b2d4a487922 - <alloc[2182bb758b4b3781]::boxed::Box<dyn for<'a, 'b> core[df12db4294e9bfd3]::ops::function::Fn<(&'a std[70759c8f55707aa4]::panic::PanicHookInfo<'b>,), Output = ()> + core[df12db4294e9bfd3]::marker::Send + core[df12db4294e9bfd3]::marker::Sync> as core[df12db4294e9bfd3]::ops::function::Fn<(&std[70759c8f55707aa4]::panic::PanicHookInfo,)>>::call
[INFO] [stdout]                                at /rustc/dfb0accb7f508ae8be965d8629557221c889dd98/library/alloc/src/boxed.rs:2334:9
[INFO] [stdout]   14:     0x5b2d4a487922 - std[70759c8f55707aa4]::panicking::panic_with_hook
[INFO] [stdout]                                at /rustc/dfb0accb7f508ae8be965d8629557221c889dd98/library/std/src/panicking.rs:823:13
[INFO] [stdout]   15:     0x5b2d4a469e72 - std[70759c8f55707aa4]::panicking::panic_handler::{closure#0}
[INFO] [stdout]                                at /rustc/dfb0accb7f508ae8be965d8629557221c889dd98/library/std/src/panicking.rs:688:13
[INFO] [stdout]   16:     0x5b2d4a462789 - std[70759c8f55707aa4]::sys::backtrace::__rust_end_short_backtrace::<std[70759c8f55707aa4]::panicking::panic_handler::{closure#0}, !>
[INFO] [stdout]                                at /rustc/dfb0accb7f508ae8be965d8629557221c889dd98/library/std/src/sys/backtrace.rs:182:18
[INFO] [stdout]   17:     0x5b2d4a46ac8d - __rustc[8fa7c3cbc660c2b3]::rust_begin_unwind
[INFO] [stdout]                                at /rustc/dfb0accb7f508ae8be965d8629557221c889dd98/library/std/src/panicking.rs:679:5
[INFO] [stdout]   18:     0x5b2d4a4a59ec - core[df12db4294e9bfd3]::panicking::panic_fmt
[INFO] [stdout]                                at /rustc/dfb0accb7f508ae8be965d8629557221c889dd98/library/core/src/panicking.rs:80:14
[INFO] [stdout]   19:     0x5b2d4a34b15b - rutui_tty_utils[54463b045bbc1aa]::tests::process_group_kill_reaps_grandchild_tree::{closure#0}
[INFO] [stdout]                                at /opt/rustwide/workdir/src/lib.rs:1854:9
[INFO] [stdout]   20:     0x5b2d4a326962 - <core[df12db4294e9bfd3]::pin::Pin<&mut dyn core[df12db4294e9bfd3]::future::future::Future<Output = ()>> as core[df12db4294e9bfd3]::future::future::Future>::poll
[INFO] [stdout]                                at /rustc/dfb0accb7f508ae8be965d8629557221c889dd98/library/core/src/future/future.rs:133:9
[INFO] [stdout]   21:     0x5b2d4a326abd - <core[df12db4294e9bfd3]::pin::Pin<&mut core[df12db4294e9bfd3]::pin::Pin<&mut dyn core[df12db4294e9bfd3]::future::future::Future<Output = ()>>> as core[df12db4294e9bfd3]::future::future::Future>::poll
[INFO] [stdout]                                at /rustc/dfb0accb7f508ae8be965d8629557221c889dd98/library/core/src/future/future.rs:133:9
[INFO] [stdout]   22:     0x5b2d4a2fc92d - <tokio[aa265d314a00c4e]::runtime::scheduler::current_thread::CoreGuard>::block_on::<core[df12db4294e9bfd3]::pin::Pin<&mut core[df12db4294e9bfd3]::pin::Pin<&mut dyn core[df12db4294e9bfd3]::future::future::Future<Output = ()>>>>::{closure#0}::{closure#0}::{closure#0}
[INFO] [stdout]                                at /opt/rustwide/cargo-home/registry/src/index.crates.io-1949cf8c6b5b557f/tokio-1.53.1/src/runtime/scheduler/current_thread/mod.rs:830:70
[INFO] [stdout]   23:     0x5b2d4a2fc4d5 - tokio[aa265d314a00c4e]::task::coop::with_budget::<core[df12db4294e9bfd3]::task::poll::Poll<()>, <tokio[aa265d314a00c4e]::runtime::scheduler::current_thread::CoreGuard>::block_on<core[df12db4294e9bfd3]::pin::Pin<&mut core[df12db4294e9bfd3]::pin::Pin<&mut dyn core[df12db4294e9bfd3]::future::future::Future<Output = ()>>>>::{closure#0}::{closure#0}::{closure#0}>
[INFO] [stdout]                                at /opt/rustwide/cargo-home/registry/src/index.crates.io-1949cf8c6b5b557f/tokio-1.53.1/src/task/coop/mod.rs:167:5
[INFO] [stdout]   24:     0x5b2d4a2fc4d5 - tokio[aa265d314a00c4e]::task::coop::budget::<core[df12db4294e9bfd3]::task::poll::Poll<()>, <tokio[aa265d314a00c4e]::runtime::scheduler::current_thread::CoreGuard>::block_on<core[df12db4294e9bfd3]::pin::Pin<&mut core[df12db4294e9bfd3]::pin::Pin<&mut dyn core[df12db4294e9bfd3]::future::future::Future<Output = ()>>>>::{closure#0}::{closure#0}::{closure#0}>
[INFO] [stdout]                                at /opt/rustwide/cargo-home/registry/src/index.crates.io-1949cf8c6b5b557f/tokio-1.53.1/src/task/coop/mod.rs:133:5
[INFO] [stdout]   25:     0x5b2d4a2fc4d5 - <tokio[aa265d314a00c4e]::runtime::scheduler::current_thread::CoreGuard>::block_on::<core[df12db4294e9bfd3]::pin::Pin<&mut core[df12db4294e9bfd3]::pin::Pin<&mut dyn core[df12db4294e9bfd3]::future::future::Future<Output = ()>>>>::{closure#0}::{closure#0}
[INFO] [stdout]                                at /opt/rustwide/cargo-home/registry/src/index.crates.io-1949cf8c6b5b557f/tokio-1.53.1/src/runtime/scheduler/current_thread/mod.rs:830:25
[INFO] [stdout]   26:     0x5b2d4a2f1712 - <tokio[aa265d314a00c4e]::runtime::scheduler::current_thread::Context>::enter::<core[df12db4294e9bfd3]::task::poll::Poll<()>, <tokio[aa265d314a00c4e]::runtime::scheduler::current_thread::CoreGuard>::block_on<core[df12db4294e9bfd3]::pin::Pin<&mut core[df12db4294e9bfd3]::pin::Pin<&mut dyn core[df12db4294e9bfd3]::future::future::Future<Output = ()>>>>::{closure#0}::{closure#0}>
[INFO] [stdout]                                at /opt/rustwide/cargo-home/registry/src/index.crates.io-1949cf8c6b5b557f/tokio-1.53.1/src/runtime/scheduler/current_thread/mod.rs:488:19
[INFO] [stdout]   27:     0x5b2d4a2f8f3d - <tokio[aa265d314a00c4e]::runtime::scheduler::current_thread::CoreGuard>::block_on::<core[df12db4294e9bfd3]::pin::Pin<&mut core[df12db4294e9bfd3]::pin::Pin<&mut dyn core[df12db4294e9bfd3]::future::future::Future<Output = ()>>>>::{closure#0}
[INFO] [stdout]                                at /opt/rustwide/cargo-home/registry/src/index.crates.io-1949cf8c6b5b557f/tokio-1.53.1/src/runtime/scheduler/current_thread/mod.rs:829:44
[INFO] [stdout]   28:     0x5b2d4a2f5fa4 - <tokio[aa265d314a00c4e]::runtime::scheduler::current_thread::CoreGuard>::enter::<<tokio[aa265d314a00c4e]::runtime::scheduler::current_thread::CoreGuard>::block_on<core[df12db4294e9bfd3]::pin::Pin<&mut core[df12db4294e9bfd3]::pin::Pin<&mut dyn core[df12db4294e9bfd3]::future::future::Future<Output = ()>>>>::{closure#0}, core[df12db4294e9bfd3]::option::Option<()>>::{closure#0}
[INFO] [stdout]                                at /opt/rustwide/cargo-home/registry/src/index.crates.io-1949cf8c6b5b557f/tokio-1.53.1/src/runtime/scheduler/current_thread/mod.rs:906:68
[INFO] [stdout]   29:     0x5b2d4a348b2b - <tokio[aa265d314a00c4e]::runtime::context::scoped::Scoped<tokio[aa265d314a00c4e]::runtime::scheduler::Context>>::set::<<tokio[aa265d314a00c4e]::runtime::scheduler::current_thread::CoreGuard>::enter<<tokio[aa265d314a00c4e]::runtime::scheduler::current_thread::CoreGuard>::block_on<core[df12db4294e9bfd3]::pin::Pin<&mut core[df12db4294e9bfd3]::pin::Pin<&mut dyn core[df12db4294e9bfd3]::future::future::Future<Output = ()>>>>::{closure#0}, core[df12db4294e9bfd3]::option::Option<()>>::{closure#0}, (alloc[2182bb758b4b3781]::boxed::Box<tokio[aa265d314a00c4e]::runtime::scheduler::current_thread::Core>, core[df12db4294e9bfd3]::option::Option<()>)>
[INFO] [stdout]                                at /opt/rustwide/cargo-home/registry/src/index.crates.io-1949cf8c6b5b557f/tokio-1.53.1/src/runtime/context/scoped.rs:40:9
[INFO] [stdout]   30:     0x5b2d4a356329 - tokio[aa265d314a00c4e]::runtime::context::set_scheduler::<(alloc[2182bb758b4b3781]::boxed::Box<tokio[aa265d314a00c4e]::runtime::scheduler::current_thread::Core>, core[df12db4294e9bfd3]::option::Option<()>), <tokio[aa265d314a00c4e]::runtime::scheduler::current_thread::CoreGuard>::enter<<tokio[aa265d314a00c4e]::runtime::scheduler::current_thread::CoreGuard>::block_on<core[df12db4294e9bfd3]::pin::Pin<&mut core[df12db4294e9bfd3]::pin::Pin<&mut dyn core[df12db4294e9bfd3]::future::future::Future<Output = ()>>>>::{closure#0}, core[df12db4294e9bfd3]::option::Option<()>>::{closure#0}>::{closure#0}
[INFO] [stdout]                                at /opt/rustwide/cargo-home/registry/src/index.crates.io-1949cf8c6b5b557f/tokio-1.53.1/src/runtime/context.rs:187:38
[INFO] [stdout]   31:     0x5b2d4a37a28f - <std[70759c8f55707aa4]::thread::local::LocalKey<tokio[aa265d314a00c4e]::runtime::context::Context>>::try_with::<tokio[aa265d314a00c4e]::runtime::context::set_scheduler<(alloc[2182bb758b4b3781]::boxed::Box<tokio[aa265d314a00c4e]::runtime::scheduler::current_thread::Core>, core[df12db4294e9bfd3]::option::Option<()>), <tokio[aa265d314a00c4e]::runtime::scheduler::current_thread::CoreGuard>::enter<<tokio[aa265d314a00c4e]::runtime::scheduler::current_thread::CoreGuard>::block_on<core[df12db4294e9bfd3]::pin::Pin<&mut core[df12db4294e9bfd3]::pin::Pin<&mut dyn core[df12db4294e9bfd3]::future::future::Future<Output = ()>>>>::{closure#0}, core[df12db4294e9bfd3]::option::Option<()>>::{closure#0}>::{closure#0}, (alloc[2182bb758b4b3781]::boxed::Box<tokio[aa265d314a00c4e]::runtime::scheduler::current_thread::Core>, core[df12db4294e9bfd3]::option::Option<()>)>
[INFO] [stdout]                                at /rustc/dfb0accb7f508ae8be965d8629557221c889dd98/library/std/src/thread/local.rs:463:12
[INFO] [stdout]   32:     0x5b2d4a37925e - <std[70759c8f55707aa4]::thread::local::LocalKey<tokio[aa265d314a00c4e]::runtime::context::Context>>::with::<tokio[aa265d314a00c4e]::runtime::context::set_scheduler<(alloc[2182bb758b4b3781]::boxed::Box<tokio[aa265d314a00c4e]::runtime::scheduler::current_thread::Core>, core[df12db4294e9bfd3]::option::Option<()>), <tokio[aa265d314a00c4e]::runtime::scheduler::current_thread::CoreGuard>::enter<<tokio[aa265d314a00c4e]::runtime::scheduler::current_thread::CoreGuard>::block_on<core[df12db4294e9bfd3]::pin::Pin<&mut core[df12db4294e9bfd3]::pin::Pin<&mut dyn core[df12db4294e9bfd3]::future::future::Future<Output = ()>>>>::{closure#0}, core[df12db4294e9bfd3]::option::Option<()>>::{closure#0}>::{closure#0}, (alloc[2182bb758b4b3781]::boxed::Box<tokio[aa265d314a00c4e]::runtime::scheduler::current_thread::Core>, core[df12db4294e9bfd3]::option::Option<()>)>
[INFO] [stdout]                                at /rustc/dfb0accb7f508ae8be965d8629557221c889dd98/library/std/src/thread/local.rs:427:20
[INFO] [stdout]   33:     0x5b2d4a35580d - tokio[aa265d314a00c4e]::runtime::context::set_scheduler::<(alloc[2182bb758b4b3781]::boxed::Box<tokio[aa265d314a00c4e]::runtime::scheduler::current_thread::Core>, core[df12db4294e9bfd3]::option::Option<()>), <tokio[aa265d314a00c4e]::runtime::scheduler::current_thread::CoreGuard>::enter<<tokio[aa265d314a00c4e]::runtime::scheduler::current_thread::CoreGuard>::block_on<core[df12db4294e9bfd3]::pin::Pin<&mut core[df12db4294e9bfd3]::pin::Pin<&mut dyn core[df12db4294e9bfd3]::future::future::Future<Output = ()>>>>::{closure#0}, core[df12db4294e9bfd3]::option::Option<()>>::{closure#0}>
[INFO] [stdout]                                at /opt/rustwide/cargo-home/registry/src/index.crates.io-1949cf8c6b5b557f/tokio-1.53.1/src/runtime/context.rs:187:17
[INFO] [stdout]   34:     0x5b2d4a2f3090 - <tokio[aa265d314a00c4e]::runtime::scheduler::current_thread::CoreGuard>::enter::<<tokio[aa265d314a00c4e]::runtime::scheduler::current_thread::CoreGuard>::block_on<core[df12db4294e9bfd3]::pin::Pin<&mut core[df12db4294e9bfd3]::pin::Pin<&mut dyn core[df12db4294e9bfd3]::future::future::Future<Output = ()>>>>::{closure#0}, core[df12db4294e9bfd3]::option::Option<()>>
[INFO] [stdout]                                at /opt/rustwide/cargo-home/registry/src/index.crates.io-1949cf8c6b5b557f/tokio-1.53.1/src/runtime/scheduler/current_thread/mod.rs:906:27
[INFO] [stdout]   35:     0x5b2d4a2f41d6 - <tokio[aa265d314a00c4e]::runtime::scheduler::current_thread::CoreGuard>::block_on::<core[df12db4294e9bfd3]::pin::Pin<&mut core[df12db4294e9bfd3]::pin::Pin<&mut dyn core[df12db4294e9bfd3]::future::future::Future<Output = ()>>>>
[INFO] [stdout]                                at /opt/rustwide/cargo-home/registry/src/index.crates.io-1949cf8c6b5b557f/tokio-1.53.1/src/runtime/scheduler/current_thread/mod.rs:817:24
[INFO] [stdout]   36:     0x5b2d4a2f5390 - <tokio[aa265d314a00c4e]::runtime::scheduler::current_thread::CurrentThread>::block_on::<core[df12db4294e9bfd3]::pin::Pin<&mut dyn core[df12db4294e9bfd3]::future::future::Future<Output = ()>>>::{closure#0}
[INFO] [stdout]                                at /opt/rustwide/cargo-home/registry/src/index.crates.io-1949cf8c6b5b557f/tokio-1.53.1/src/runtime/scheduler/current_thread/mod.rs:218:33
[INFO] [stdout]   37:     0x5b2d4a317228 - tokio[aa265d314a00c4e]::runtime::context::runtime::enter_runtime::<<tokio[aa265d314a00c4e]::runtime::scheduler::current_thread::CurrentThread>::block_on<core[df12db4294e9bfd3]::pin::Pin<&mut dyn core[df12db4294e9bfd3]::future::future::Future<Output = ()>>>::{closure#0}, ()>
[INFO] [stdout]                                at /opt/rustwide/cargo-home/registry/src/index.crates.io-1949cf8c6b5b557f/tokio-1.53.1/src/runtime/context/runtime.rs:65:16
[INFO] [stdout]   38:     0x5b2d4a2f03d4 - <tokio[aa265d314a00c4e]::runtime::scheduler::current_thread::CurrentThread>::block_on::<core[df12db4294e9bfd3]::pin::Pin<&mut dyn core[df12db4294e9bfd3]::future::future::Future<Output = ()>>>
[INFO] [stdout]                                at /opt/rustwide/cargo-home/registry/src/index.crates.io-1949cf8c6b5b557f/tokio-1.53.1/src/runtime/scheduler/current_thread/mod.rs:206:9
[INFO] [stdout]   39:     0x5b2d4a31e9df - <tokio[aa265d314a00c4e]::runtime::runtime::Runtime>::block_on_inner::<core[df12db4294e9bfd3]::pin::Pin<&mut dyn core[df12db4294e9bfd3]::future::future::Future<Output = ()>>>
[INFO] [stdout]                                at /opt/rustwide/cargo-home/registry/src/index.crates.io-1949cf8c6b5b557f/tokio-1.53.1/src/runtime/runtime.rs:374:52
[INFO] [stdout]   40:     0x5b2d4a31ef5b - <tokio[aa265d314a00c4e]::runtime::runtime::Runtime>::block_on::<core[df12db4294e9bfd3]::pin::Pin<&mut dyn core[df12db4294e9bfd3]::future::future::Future<Output = ()>>>
[INFO] [stdout]                                at /opt/rustwide/cargo-home/registry/src/index.crates.io-1949cf8c6b5b557f/tokio-1.53.1/src/runtime/runtime.rs:343:18
[INFO] [stdout]   41:     0x5b2d4a350ba1 - rutui_tty_utils[54463b045bbc1aa]::tests::process_group_kill_reaps_grandchild_tree
[INFO] [stdout]                                at /opt/rustwide/workdir/src/lib.rs:1858:10
[INFO] [stdout]   42:     0x5b2d4a349e77 - rutui_tty_utils[54463b045bbc1aa]::tests::process_group_kill_reaps_grandchild_tree::{closure#0}
[INFO] [stdout]                                at /opt/rustwide/workdir/src/lib.rs:1809:56
[INFO] [stdout]   43:     0x5b2d4a3398d6 - <rutui_tty_utils[54463b045bbc1aa]::tests::process_group_kill_reaps_grandchild_tree::{closure#0} as core[df12db4294e9bfd3]::ops::function::FnOnce<()>>::call_once
[INFO] [stdout]                                at /rustc/dfb0accb7f508ae8be965d8629557221c889dd98/library/core/src/ops/function.rs:250:5
[INFO] [stdout]   44:     0x5b2d4a40fe5b - <fn() -> core[df12db4294e9bfd3]::result::Result<(), alloc[2182bb758b4b3781]::string::String> as core[df12db4294e9bfd3]::ops::function::FnOnce<()>>::call_once
[INFO] [stdout]                                at /rustc/dfb0accb7f508ae8be965d8629557221c889dd98/library/core/src/ops/function.rs:250:5
[INFO] [stdout]   45:     0x5b2d4a40fe5b - test[9d35eded1c95d3be]::__rust_begin_short_backtrace::<core[df12db4294e9bfd3]::result::Result<(), alloc[2182bb758b4b3781]::string::String>, fn() -> core[df12db4294e9bfd3]::result::Result<(), alloc[2182bb758b4b3781]::string::String>>
[INFO] [stdout]                                at /rustc/dfb0accb7f508ae8be965d8629557221c889dd98/library/test/src/lib.rs:733:18
[INFO] [stdout]   46:     0x5b2d4a41d4c5 - test[9d35eded1c95d3be]::run_test_in_process::{closure#0}
[INFO] [stdout]                                at /rustc/dfb0accb7f508ae8be965d8629557221c889dd98/library/test/src/lib.rs:756:74
[INFO] [stdout]   47:     0x5b2d4a41d4c5 - <core[df12db4294e9bfd3]::panic::unwind_safe::AssertUnwindSafe<test[9d35eded1c95d3be]::run_test_in_process::{closure#0}> as core[df12db4294e9bfd3]::ops::function::FnOnce<()>>::call_once
[INFO] [stdout]                                at /rustc/dfb0accb7f508ae8be965d8629557221c889dd98/library/core/src/panic/unwind_safe.rs:275:9
[INFO] [stdout]   48:     0x5b2d4a41d4c5 - std[70759c8f55707aa4]::panicking::catch_unwind::do_call::<core[df12db4294e9bfd3]::panic::unwind_safe::AssertUnwindSafe<test[9d35eded1c95d3be]::run_test_in_process::{closure#0}>, core[df12db4294e9bfd3]::result::Result<(), alloc[2182bb758b4b3781]::string::String>>
[INFO] [stdout]                                at /rustc/dfb0accb7f508ae8be965d8629557221c889dd98/library/std/src/panicking.rs:576:43
[INFO] [stdout]   49:     0x5b2d4a41d4c5 - std[70759c8f55707aa4]::panicking::catch_unwind::<core[df12db4294e9bfd3]::result::Result<(), alloc[2182bb758b4b3781]::string::String>, core[df12db4294e9bfd3]::panic::unwind_safe::AssertUnwindSafe<test[9d35eded1c95d3be]::run_test_in_process::{closure#0}>>
[INFO] [stdout]                                at /rustc/dfb0accb7f508ae8be965d8629557221c889dd98/library/std/src/panicking.rs:544:19
[INFO] [stdout]   50:     0x5b2d4a41d4c5 - std[70759c8f55707aa4]::panic::catch_unwind::<core[df12db4294e9bfd3]::panic::unwind_safe::AssertUnwindSafe<test[9d35eded1c95d3be]::run_test_in_process::{closure#0}>, core[df12db4294e9bfd3]::result::Result<(), alloc[2182bb758b4b3781]::string::String>>
[INFO] [stdout]                                at /rustc/dfb0accb7f508ae8be965d8629557221c889dd98/library/std/src/panic.rs:359:14
[INFO] [stdout]   51:     0x5b2d4a41d4c5 - test[9d35eded1c95d3be]::run_test_in_process
[INFO] [stdout]                                at /rustc/dfb0accb7f508ae8be965d8629557221c889dd98/library/test/src/lib.rs:756:27
[INFO] [stdout]   52:     0x5b2d4a41d4c5 - test[9d35eded1c95d3be]::run_test::{closure#0}
[INFO] [stdout]                                at /rustc/dfb0accb7f508ae8be965d8629557221c889dd98/library/test/src/lib.rs:677:43
[INFO] [stdout]   53:     0x5b2d4a416d84 - test[9d35eded1c95d3be]::run_test::{closure#1}
[INFO] [stdout]                                at /rustc/dfb0accb7f508ae8be965d8629557221c889dd98/library/test/src/lib.rs:707:41
[INFO] [stdout]   54:     0x5b2d4a416d84 - std[70759c8f55707aa4]::sys::backtrace::__rust_begin_short_backtrace::<test[9d35eded1c95d3be]::run_test::{closure#1}, ()>
[INFO] [stdout]                                at /rustc/dfb0accb7f508ae8be965d8629557221c889dd98/library/std/src/sys/backtrace.rs:166:18
[INFO] [stdout]   55:     0x5b2d4a420622 - std[70759c8f55707aa4]::thread::lifecycle::spawn_unchecked::<test[9d35eded1c95d3be]::run_test::{closure#1}, ()>::{closure#1}::{closure#0}
[INFO] [stdout]                                at /rustc/dfb0accb7f508ae8be965d8629557221c889dd98/library/std/src/thread/lifecycle.rs:70:13
[INFO] [stdout]   56:     0x5b2d4a420622 - <core[df12db4294e9bfd3]::panic::unwind_safe::AssertUnwindSafe<std[70759c8f55707aa4]::thread::lifecycle::spawn_unchecked<test[9d35eded1c95d3be]::run_test::{closure#1}, ()>::{closure#1}::{closure#0}> as core[df12db4294e9bfd3]::ops::function::FnOnce<()>>::call_once
[INFO] [stdout]                                at /rustc/dfb0accb7f508ae8be965d8629557221c889dd98/library/core/src/panic/unwind_safe.rs:275:9
[INFO] [stdout]   57:     0x5b2d4a420622 - std[70759c8f55707aa4]::panicking::catch_unwind::do_call::<core[df12db4294e9bfd3]::panic::unwind_safe::AssertUnwindSafe<std[70759c8f55707aa4]::thread::lifecycle::spawn_unchecked<test[9d35eded1c95d3be]::run_test::{closure#1}, ()>::{closure#1}::{closure#0}>, ()>
[INFO] [stdout]                                at /rustc/dfb0accb7f508ae8be965d8629557221c889dd98/library/std/src/panicking.rs:576:43
[INFO] [stdout]   58:     0x5b2d4a420622 - std[70759c8f55707aa4]::panicking::catch_unwind::<(), core[df12db4294e9bfd3]::panic::unwind_safe::AssertUnwindSafe<std[70759c8f55707aa4]::thread::lifecycle::spawn_unchecked<test[9d35eded1c95d3be]::run_test::{closure#1}, ()>::{closure#1}::{closure#0}>>
[INFO] [stdout]                                at /rustc/dfb0accb7f508ae8be965d8629557221c889dd98/library/std/src/panicking.rs:544:19
[INFO] [stdout]   59:     0x5b2d4a420622 - std[70759c8f55707aa4]::panic::catch_unwind::<core[df12db4294e9bfd3]::panic::unwind_safe::AssertUnwindSafe<std[70759c8f55707aa4]::thread::lifecycle::spawn_unchecked<test[9d35eded1c95d3be]::run_test::{closure#1}, ()>::{closure#1}::{closure#0}>, ()>
[INFO] [stdout]                                at /rustc/dfb0accb7f508ae8be965d8629557221c889dd98/library/std/src/panic.rs:359:14
[INFO] [stdout]   60:     0x5b2d4a420622 - std[70759c8f55707aa4]::thread::lifecycle::spawn_unchecked::<test[9d35eded1c95d3be]::run_test::{closure#1}, ()>::{closure#1}
[INFO] [stdout]                                at /rustc/dfb0accb7f508ae8be965d8629557221c889dd98/library/std/src/thread/lifecycle.rs:68:26
[INFO] [stdout]   61:     0x5b2d4a420622 - <std[70759c8f55707aa4]::thread::lifecycle::spawn_unchecked<test[9d35eded1c95d3be]::run_test::{closure#1}, ()>::{closure#1} as core[df12db4294e9bfd3]::ops::function::FnOnce<()>>::call_once::{shim:vtable#0}
[INFO] [stdout]                                at /rustc/dfb0accb7f508ae8be965d8629557221c889dd98/library/core/src/ops/function.rs:250:5
[INFO] [stdout]   62:     0x5b2d4a48f029 - <alloc[2182bb758b4b3781]::boxed::Box<dyn core[df12db4294e9bfd3]::ops::function::FnOnce<(), Output = ()> + core[df12db4294e9bfd3]::marker::Send> as core[df12db4294e9bfd3]::ops::function::FnOnce<()>>::call_once
[INFO] [stdout]                                at /rustc/dfb0accb7f508ae8be965d8629557221c889dd98/library/alloc/src/boxed.rs:2320:9
[INFO] [stdout]   63:     0x5b2d4a48f029 - <std[70759c8f55707aa4]::sys::thread::unix::Thread>::new::thread_start
[INFO] [stdout]                                at /rustc/dfb0accb7f508ae8be965d8629557221c889dd98/library/std/src/sys/thread/unix.rs:123:17
[INFO] [stdout]   64:     0x7b432f5d3dfa - <unknown>
[INFO] [stdout]   65:     0x7b432f6673d4 - clone
[INFO] [stdout]   66:                0x0 - <unknown>
[INFO] [stdout] 
[INFO] [stdout] 
[INFO] [stdout] failures:
[INFO] [stdout]     tests::process_group_kill_reaps_grandchild_tree
[INFO] [stdout] 
[INFO] [stdout] test result: FAILED. 62 passed; 1 failed; 1 ignored; 0 measured; 0 filtered out; finished in 5.17s
[INFO] [stdout] 
[INFO] [stderr] ⣀⣾⠿⠛😀error: test failed, to rerun pass `--lib`
[INFO] running `Command { std: "docker" "inspect" "f7122a865c897857baea938ef0b781b6267be5d3c88050d3ad8183504aee355e", kill_on_drop: false }`
[INFO] running `Command { std: "docker" "rm" "-f" "f7122a865c897857baea938ef0b781b6267be5d3c88050d3ad8183504aee355e", kill_on_drop: false }`
[INFO] [stdout] f7122a865c897857baea938ef0b781b6267be5d3c88050d3ad8183504aee355e
