[INFO] fetching crate rustyfi-satyrographos 0.1.6...
[INFO] testing rustyfi-satyrographos-0.1.6 against 1.99.0-beta.8 for beta-1.100-2
[INFO] extracting crate rustyfi-satyrographos 0.1.6 into /workspace/builds/worker-0-tc1/source
[INFO] started tweaking crates.io crate rustyfi-satyrographos 0.1.6
[INFO] removed 0 missing tests
[INFO] finished tweaking crates.io crate rustyfi-satyrographos 0.1.6
[INFO] tweaked toml for crates.io crate rustyfi-satyrographos 0.1.6 written to /workspace/builds/worker-0-tc1/source/Cargo.toml
[INFO] validating manifest of crates.io crate rustyfi-satyrographos 0.1.6 on toolchain 1.99.0-beta.8
[INFO] running `Command { std: CARGO_HOME="/workspace/cargo-home" RUSTUP_HOME="/workspace/rustup-home" "/workspace/cargo-home/bin/cargo" "+1.99.0-beta.8" "metadata" "--manifest-path" "Cargo.toml" "--no-deps", kill_on_drop: false }`
[INFO] crate crates.io crate rustyfi-satyrographos 0.1.6 already has a lockfile, it will not be regenerated
[INFO] running `Command { std: CARGO_HOME="/workspace/cargo-home" RUSTUP_HOME="/workspace/rustup-home" "/workspace/cargo-home/bin/cargo" "+1.99.0-beta.8" "fetch" "--manifest-path" "Cargo.toml", kill_on_drop: false }`
[INFO] running `Command { std: "docker" "create" "-v" "/var/lib/crater-agent-workspace/builds/worker-0-tc1/source:/opt/rustwide/workdir:ro,Z" "-v" "/var/lib/crater-agent-workspace/builds/worker-0-tc1/target:/opt/rustwide/target:rw,Z" "-v" "/var/lib/crater-agent-workspace/cargo-home:/opt/rustwide/cargo-home:ro,Z" "-v" "/var/lib/crater-agent-workspace/rustup-home:/opt/rustwide/rustup-home:ro,Z" "-m" "1610612736" "--network" "none" "ghcr.io/rust-lang/crates-build-env/linux@sha256:3111399a4047eeb3a02b7a90e478d715f38a8c6669b5c4b49d30a17385265909" "sleep" "infinity", kill_on_drop: false }`
[INFO] [stdout] ca7a1d78285dde873514ea44038060f3670466dce7a7532740b9bd1ba1733954
[INFO] running `Command { std: "docker" "start" "ca7a1d78285dde873514ea44038060f3670466dce7a7532740b9bd1ba1733954", kill_on_drop: false }`
[INFO] running `Command { std: "docker" "inspect" "ca7a1d78285dde873514ea44038060f3670466dce7a7532740b9bd1ba1733954", kill_on_drop: false }`
[INFO] running `Command { std: "docker" "exec" "-e" "SOURCE_DIR=/opt/rustwide/workdir" "-e" "CARGO_HOME=/opt/rustwide/cargo-home" "-e" "RUSTUP_HOME=/opt/rustwide/rustup-home" "-e" "CARGO_TARGET_DIR=/opt/rustwide/target" "-w" "/opt/rustwide/workdir" "--user" "0:0" "ca7a1d78285dde873514ea44038060f3670466dce7a7532740b9bd1ba1733954" "/opt/rustwide/cargo-home/bin/cargo" "+1.99.0-beta.8" "metadata" "--no-deps" "--format-version=1", kill_on_drop: false }`
[INFO] running `Command { std: "docker" "inspect" "ca7a1d78285dde873514ea44038060f3670466dce7a7532740b9bd1ba1733954", kill_on_drop: false }`
[INFO] running `Command { std: "docker" "exec" "-e" "SOURCE_DIR=/opt/rustwide/workdir" "-e" "CARGO_HOME=/opt/rustwide/cargo-home" "-e" "RUSTUP_HOME=/opt/rustwide/rustup-home" "-e" "CARGO_TARGET_DIR=/opt/rustwide/target" "-e" "CARGO_INCREMENTAL=0" "-e" "RUST_BACKTRACE=full" "-e" "RUSTFLAGS=--cap-lints=warn" "-e" "RUSTDOCFLAGS=--cap-lints=warn" "-w" "/opt/rustwide/workdir" "--user" "0:0" "ca7a1d78285dde873514ea44038060f3670466dce7a7532740b9bd1ba1733954" "/opt/rustwide/cargo-home/bin/cargo" "+1.99.0-beta.8" "build" "--frozen" "--message-format=json", kill_on_drop: false }`
[INFO] [stderr]    Compiling quote v1.0.46
[INFO] [stderr]    Compiling smallvec v1.15.2
[INFO] [stderr]    Compiling cc v1.2.65
[INFO] [stderr]    Compiling serde_core v1.0.228
[INFO] [stderr]    Compiling rustls-pki-types v1.15.0
[INFO] [stderr]    Compiling rustix v1.1.4
[INFO] [stderr]    Compiling bitflags v2.13.0
[INFO] [stderr]    Compiling percent-encoding v2.3.2
[INFO] [stderr]    Compiling rustls v0.23.41
[INFO] [stderr]    Compiling log v0.4.33
[INFO] [stderr]    Compiling digest v0.10.7
[INFO] [stderr]    Compiling filetime v0.2.29
[INFO] [stderr]    Compiling form_urlencoded v1.2.2
[INFO] [stderr]    Compiling sha2 v0.10.9
[INFO] [stderr]    Compiling webpki-roots v1.0.8
[INFO] [stderr]    Compiling webpki-roots v0.26.11
[INFO] [stderr]    Compiling syn v2.0.118
[INFO] [stderr]    Compiling ring v0.17.14
[INFO] [stderr]    Compiling xattr v1.6.1
[INFO] [stderr]    Compiling tar v0.4.46
[INFO] [stderr]    Compiling synstructure v0.13.2
[INFO] [stderr]    Compiling zerovec-derive v0.11.3
[INFO] [stderr]    Compiling displaydoc v0.2.6
[INFO] [stderr]    Compiling serde_derive v1.0.228
[INFO] [stderr]    Compiling thiserror-impl v2.0.18
[INFO] [stderr]    Compiling zerofrom-derive v0.1.7
[INFO] [stderr]    Compiling yoke-derive v0.8.2
[INFO] [stderr]    Compiling zerofrom v0.1.8
[INFO] [stderr]    Compiling yoke v0.8.3
[INFO] [stderr]    Compiling zerovec v0.11.6
[INFO] [stderr]    Compiling zerotrie v0.2.4
[INFO] [stderr]    Compiling thiserror v2.0.18
[INFO] [stderr]    Compiling serde v1.0.228
[INFO] [stderr]    Compiling tinystr v0.8.3
[INFO] [stderr]    Compiling potential_utf v0.1.5
[INFO] [stderr]    Compiling icu_collections v2.2.0
[INFO] [stderr]    Compiling icu_locale_core v2.2.0
[INFO] [stderr]    Compiling toml_datetime v0.6.11
[INFO] [stderr]    Compiling serde_spanned v0.6.9
[INFO] [stderr]    Compiling toml_edit v0.22.27
[INFO] [stderr]    Compiling rustls-webpki v0.103.13
[INFO] [stderr]    Compiling icu_provider v2.2.0
[INFO] [stderr]    Compiling icu_properties v2.2.0
[INFO] [stderr]    Compiling icu_normalizer v2.2.0
[INFO] [stderr]    Compiling toml v0.8.23
[INFO] [stderr]    Compiling idna_adapter v1.2.2
[INFO] [stderr]    Compiling idna v1.1.0
[INFO] [stderr]    Compiling url v2.5.8
[INFO] [stderr]    Compiling ureq v2.12.1
[INFO] [stderr]    Compiling rustyfi-satyrographos v0.1.6 (/opt/rustwide/workdir)
[INFO] [stderr]     Finished `dev` profile [unoptimized + debuginfo] target(s) in 31.96s
[INFO] running `Command { std: "docker" "inspect" "ca7a1d78285dde873514ea44038060f3670466dce7a7532740b9bd1ba1733954", kill_on_drop: false }`
[INFO] running `Command { std: "docker" "exec" "-e" "SOURCE_DIR=/opt/rustwide/workdir" "-e" "CARGO_HOME=/opt/rustwide/cargo-home" "-e" "RUSTUP_HOME=/opt/rustwide/rustup-home" "-e" "CARGO_TARGET_DIR=/opt/rustwide/target" "-e" "CARGO_INCREMENTAL=0" "-e" "RUST_BACKTRACE=full" "-e" "RUSTFLAGS=--cap-lints=warn" "-e" "RUSTDOCFLAGS=--cap-lints=warn" "-w" "/opt/rustwide/workdir" "--user" "0:0" "ca7a1d78285dde873514ea44038060f3670466dce7a7532740b9bd1ba1733954" "/opt/rustwide/cargo-home/bin/cargo" "+1.99.0-beta.8" "test" "--frozen" "--no-run" "--message-format=json", kill_on_drop: false }`
[INFO] [stderr]    Compiling rustyfi-satyrographos v0.1.6 (/opt/rustwide/workdir)
[INFO] [stderr]     Finished `test` profile [unoptimized + debuginfo] target(s) in 6.66s
[INFO] running `Command { std: "docker" "inspect" "ca7a1d78285dde873514ea44038060f3670466dce7a7532740b9bd1ba1733954", kill_on_drop: false }`
[INFO] running `Command { std: "docker" "exec" "-e" "SOURCE_DIR=/opt/rustwide/workdir" "-e" "CARGO_HOME=/opt/rustwide/cargo-home" "-e" "RUSTUP_HOME=/opt/rustwide/rustup-home" "-e" "CARGO_TARGET_DIR=/opt/rustwide/target" "-e" "CARGO_INCREMENTAL=0" "-e" "RUST_BACKTRACE=full" "-e" "RUSTFLAGS=--cap-lints=warn" "-e" "RUSTDOCFLAGS=--cap-lints=warn" "-w" "/opt/rustwide/workdir" "--user" "0:0" "ca7a1d78285dde873514ea44038060f3670466dce7a7532740b9bd1ba1733954" "/opt/rustwide/cargo-home/bin/cargo" "+1.99.0-beta.8" "test" "--frozen", kill_on_drop: false }`
[INFO] [stderr]     Finished `test` profile [unoptimized + debuginfo] target(s) in 0.09s
[INFO] [stderr]      Running unittests src/lib.rs (/opt/rustwide/target/debug/deps/rustyfi_satyrographos-250e7fb58d6ab4f2)
[INFO] [stdout] 
[INFO] [stdout] running 67 tests
[INFO] [stdout] test hashfile::tests::a_key_two_packages_both_claim_is_a_conflict_not_a_silent_win ... ok
[INFO] [stdout] test hashfile::tests::a_brace_inside_a_string_does_not_end_the_value ... ok
[INFO] [stdout] test cache::tests::cache_root_prefers_explicit_dir_over_env ... ok
[INFO] [stdout] test hashfile::tests::a_non_object_is_refused_rather_than_read_as_empty ... ok
[INFO] [stdout] test hashfile::tests::reads_the_ports_own_plain_json_file ... ok
[INFO] [stdout] test cache::tests::cache_path_lowercases_and_keys_by_sha ... ok
[INFO] [stdout] test hashfile::tests::a_yojson_variant_value_survives_a_round_trip ... ok
[INFO] [stdout] test hashfile::tests::merging_unions_the_keys ... ok
[INFO] [stdout] test hashfile::tests::an_emptied_file_is_still_valid_json ... ok
[INFO] [stdout] test hashfile::tests::removing_a_packages_keys_leaves_the_others ... ok
[INFO] [stdout] test lockfile::tests::digest_changes_when_a_locked_version_changes ... ok
[INFO] [stdout] test lockfile::tests::empty_lockfile_has_a_digest_too ... ok
[INFO] [stdout] test opam::tests::a_depends_word_in_prose_is_not_a_field ... ok
[INFO] [stdout] test ops::install::url_tests::a_url_is_told_apart_from_a_path_and_a_registry_name ... ok
[INFO] [stdout] test opam::tests::depends_is_not_counted_by_is_empty ... ok
[INFO] [stdout] test lockfile::tests::digest_is_order_independent ... ok
[INFO] [stdout] test ops::install::url_tests::offline_refuses_before_reaching_the_network ... ok
[INFO] [stdout] test opam::tests::several_dependencies_read_in_order ... ok
[INFO] [stdout] test opam::tests::a_build_word_in_prose_is_not_a_field ... ok
[INFO] [stdout] test opam::tests::reads_the_depends_name_and_raw_constraint ... ok
[INFO] [stdout] test opam::tests::a_dependency_with_no_constraint_clause_is_recorded_with_none ... ok
[INFO] [stdout] test opam::tests::a_file_with_neither_field_is_empty ... ok
[INFO] [stdout] test opam::tests::reads_the_build_commands_only ... ok
[INFO] [stdout] test registry::tests::local_path_from_url_handles_file_and_plain ... ok
[INFO] [stdout] test ops::install::url_tests::the_download_keeps_a_tarball_name_and_invents_one_otherwise ... ok
[INFO] [stdout] test lockfile::tests::digest_is_stable_for_the_same_content ... ok
[INFO] [stdout] test registry::tests::version_cmp_is_dotted_numeric ... ok
[INFO] [stdout] test opam::tests::reads_the_extra_source_and_its_sha256 ... ok
[INFO] [stdout] test satyristes::tests::malformed_unterminated_string ... ok
[INFO] [stdout] test satyristes::tests::a_library_may_declare_a_doc_source_directly ... ok
[INFO] [stdout] test roots::tests::prefix_roots_are_ordered_user_then_system ... ok
[INFO] [stdout] test satyristes::tests::dotted_atoms_and_hyphens ... ok
[INFO] [stdout] test satyristes::tests::multiple_libraries_enumerated ... ok
[INFO] [stdout] test satyristes::tests::readme_great_package_libraries ... ok
[INFO] [stdout] test satyristes::tests::parses_atoms_strings_and_nesting ... ok
[INFO] [stdout] test satyristes::tests::stray_close_paren_errors ... ok
[INFO] [stdout] test satyristes::tests::malformed_unterminated_list_reports_position ... ok
[INFO] [stdout] test satyristes::tests::resolves_string_escapes ... ok
[INFO] [stdout] test satyristes::tests::skips_line_comments ... ok
[INFO] [stdout] test satyristes::tests::unknown_top_level_form_errors_naming_it ... ok
[INFO] [stdout] test satyristes::tests::doc_target_plan_installs_under_dist_doc ... ok
[INFO] [stdout] test util::tests::epoch_formats ... ok
[INFO] [stdout] test version::tests::bucket_zero_major_is_per_minor ... ok
[INFO] [stdout] test version::tests::caret_ge_one_major_is_major_locked ... ok
[INFO] [stdout] test version::tests::bucket_ge_one_major_is_per_major ... ok
[INFO] [stdout] test satyristes::tests::unknown_source_kind_errors_naming_it ... ok
[INFO] [stdout] test version::tests::caret_prerelease_only_matches_prerelease_requirement ... ok
[INFO] [stdout] test util::tests::known_date_formats ... ok
[INFO] [stdout] test version::tests::exact_and_any ... ok
[INFO] [stdout] test version::tests::ord_numeric_not_lexical ... ok
[INFO] [stdout] test version::tests::parse_rejects_bad_shapes ... ok
[INFO] [stdout] test version::tests::caret_zero_major_is_minor_locked ... ok
[INFO] [stdout] test version::tests::constraint_parse_forms ... ok
[INFO] [stdout] test satyristes::tests::library_doc_and_compatibility_ignored ... ok
[INFO] [stdout] test roots::tests::a_path_through_dotdot_does_not_re_enter_the_directory_it_left ... ok
[INFO] [stdout] test roots::tests::finds_a_project_local_root_beside_its_satyristes ... ok
[INFO] [stdout] test roots::tests::a_project_local_root_layers_over_the_wider_one ... ok
[INFO] [stdout] test roots::tests::the_nearest_directory_wins_over_a_higher_one ... ok
[INFO] [stdout] test roots::tests::a_development_tree_beats_a_local_root_in_the_same_directory ... ok
[INFO] [stdout] test roots::tests::a_relative_start_still_walks_upward ... ok
[INFO] [stdout] test roots::tests::finds_a_development_tree_from_a_nested_directory ... ok
[INFO] [stdout] test roots::tests::a_local_dir_without_a_satyristes_is_not_a_root ... ok
[INFO] [stdout] test version::tests::parse_plain_triple ... ok
[INFO] [stdout] test version::tests::prerelease_sorts_below_release ... ok
[INFO] [stdout] test version::tests::pinned_bucket ... ok
[INFO] [stdout] test version::tests::two_prereleases_compare_by_tag ... ok
[INFO] [stdout] test version::tests::parse_with_prerelease ... ok
[INFO] [stdout] 
[INFO] [stdout] test result: ok. 67 passed; 0 failed; 0 ignored; 0 measured; 0 filtered out; finished in 0.02s
[INFO] [stdout] 
[INFO] [stderr]      Running tests/build_doc.rs (/opt/rustwide/target/debug/deps/build_doc-77ac274e6761ec90)
[INFO] [stdout] 
[INFO] [stdout] running 12 tests
[INFO] [stdout] test a_manifest_with_no_doc_target_says_so ... ok
[INFO] [stderr] cp: cannot stat 'missing.txt': No such file or directory
[INFO] [stdout] test a_failing_command_stops_the_build_and_says_which ... ok
[INFO] [stdout] test runs_the_build_commands_and_reports_the_product ... ok
[INFO] [stdout] test several_targets_need_a_name ... ok
[INFO] [stdout] test install_true_materialises_the_product_under_dist_doc ... ok
[INFO] [stdout] test the_typesetter_option_replaces_the_named_program ... ok
[INFO] [stdout] test no_install_option_installs_nothing ... ok
[INFO] [stdout] test lib_root_reaches_the_build_commands_and_is_made_absolute ... ok
[INFO] [stdout] test same_named_blocks_coexist_when_their_lang_differs ... ok
[INFO] [stdout] test rebuilding_with_install_replaces_the_previous_output ... ok
[INFO] [stdout] test working_directory_is_where_the_commands_run ... ok
[INFO] [stdout] test a_doc_only_manifest_builds_but_installs_nothing ... FAILED
[INFO] [stdout] 
[INFO] [stdout] failures:
[INFO] [stdout] 
[INFO] [stdout] ---- a_doc_only_manifest_builds_but_installs_nothing stdout ----
[INFO] [stdout] 
[INFO] [stdout] thread 'a_doc_only_manifest_builds_but_installs_nothing' (1372) panicked at tests/build_doc.rs:207:5:
[INFO] [stdout] should name the doc target: could not resolve a library root: no lib-rustyfi/ or .rustyfi/ was found from here, and none is installed under ~/.local or /usr[/local]. Pass `--lib-root DIR` or `--dest DIR`, or set $RUSTYFI_LIB_ROOT
[INFO] [stdout] stack backtrace:
[INFO] [stdout]    0:     0x586eea232ce1 - std[70759c8f55707aa4]::backtrace_rs::backtrace::libunwind::trace
[INFO] [stdout]                                at /rustc/dfb0accb7f508ae8be965d8629557221c889dd98/library/std/src/../../backtrace/src/backtrace/libunwind.rs:117:9
[INFO] [stdout]    1:     0x586eea232ce1 - std[70759c8f55707aa4]::backtrace_rs::backtrace::trace_unsynchronized::<std[70759c8f55707aa4]::sys::backtrace::_print_fmt::{closure#1}>
[INFO] [stdout]                                at /rustc/dfb0accb7f508ae8be965d8629557221c889dd98/library/std/src/../../backtrace/src/backtrace/mod.rs:66:14
[INFO] [stdout]    2:     0x586eea232ce1 - std[70759c8f55707aa4]::sys::backtrace::_print_fmt
[INFO] [stdout]                                at /rustc/dfb0accb7f508ae8be965d8629557221c889dd98/library/std/src/sys/backtrace.rs:74:9
[INFO] [stdout]    3:     0x586eea232ce1 - <<std[70759c8f55707aa4]::sys::backtrace::BacktraceLock>::print::DisplayBacktrace as core[df12db4294e9bfd3]::fmt::Display>::fmt
[INFO] [stdout]                                at /rustc/dfb0accb7f508ae8be965d8629557221c889dd98/library/std/src/sys/backtrace.rs:44:26
[INFO] [stdout]    4:     0x586eea24a9ca - <core[df12db4294e9bfd3]::fmt::rt::Argument>::fmt
[INFO] [stdout]                                at /rustc/dfb0accb7f508ae8be965d8629557221c889dd98/library/core/src/fmt/rt.rs:152:76
[INFO] [stdout]    5:     0x586eea24a9ca - core[df12db4294e9bfd3]::fmt::write
[INFO] [stdout]    6:     0x586eea237cdc - core[df12db4294e9bfd3]::io::write::default_write_fmt::<alloc[2182bb758b4b3781]::vec::Vec<u8>>
[INFO] [stdout]                                at /rustc/dfb0accb7f508ae8be965d8629557221c889dd98/library/core/src/io/write.rs:402:11
[INFO] [stdout]    7:     0x586eea237cdc - <alloc[2182bb758b4b3781]::vec::Vec<u8> as core[df12db4294e9bfd3]::io::write::Write>::write_fmt
[INFO] [stdout]                                at /rustc/dfb0accb7f508ae8be965d8629557221c889dd98/library/core/src/io/write.rs:335:13
[INFO] [stdout]    8:     0x586eea2090d6 - <std[70759c8f55707aa4]::sys::backtrace::BacktraceLock>::print
[INFO] [stdout]                                at /rustc/dfb0accb7f508ae8be965d8629557221c889dd98/library/std/src/sys/backtrace.rs:47:9
[INFO] [stdout]    9:     0x586eea2090d6 - std[70759c8f55707aa4]::panicking::default_hook::{closure#0}
[INFO] [stdout]                                at /rustc/dfb0accb7f508ae8be965d8629557221c889dd98/library/std/src/panicking.rs:292:27
[INFO] [stdout]   10:     0x586eea228229 - std[70759c8f55707aa4]::panicking::default_hook
[INFO] [stdout]                                at /rustc/dfb0accb7f508ae8be965d8629557221c889dd98/library/std/src/panicking.rs:316:9
[INFO] [stdout]   11:     0x586ee9cdd680 - <alloc[2182bb758b4b3781]::boxed::Box<dyn for<'a, 'b> core[df12db4294e9bfd3]::ops::function::Fn<(&'a std[70759c8f55707aa4]::panic::PanicHookInfo<'b>,), Output = ()> + core[df12db4294e9bfd3]::marker::Send + core[df12db4294e9bfd3]::marker::Sync> as core[df12db4294e9bfd3]::ops::function::Fn<(&std[70759c8f55707aa4]::panic::PanicHookInfo,)>>::call
[INFO] [stdout]                                at /rustc/dfb0accb7f508ae8be965d8629557221c889dd98/library/alloc/src/boxed.rs:2334:9
[INFO] [stdout]   12:     0x586ee9cdd680 - test[9d35eded1c95d3be]::test_main_inner::<test[9d35eded1c95d3be]::test_main_static::{closure#0}>::{closure#0}
[INFO] [stdout]                                at /rustc/dfb0accb7f508ae8be965d8629557221c889dd98/library/test/src/lib.rs:155:21
[INFO] [stdout]   13:     0x586eea2283e2 - <alloc[2182bb758b4b3781]::boxed::Box<dyn for<'a, 'b> core[df12db4294e9bfd3]::ops::function::Fn<(&'a std[70759c8f55707aa4]::panic::PanicHookInfo<'b>,), Output = ()> + core[df12db4294e9bfd3]::marker::Send + core[df12db4294e9bfd3]::marker::Sync> as core[df12db4294e9bfd3]::ops::function::Fn<(&std[70759c8f55707aa4]::panic::PanicHookInfo,)>>::call
[INFO] [stdout]                                at /rustc/dfb0accb7f508ae8be965d8629557221c889dd98/library/alloc/src/boxed.rs:2334:9
[INFO] [stdout]   14:     0x586eea2283e2 - std[70759c8f55707aa4]::panicking::panic_with_hook
[INFO] [stdout]                                at /rustc/dfb0accb7f508ae8be965d8629557221c889dd98/library/std/src/panicking.rs:823:13
[INFO] [stdout]   15:     0x586eea209182 - std[70759c8f55707aa4]::panicking::panic_handler::{closure#0}
[INFO] [stdout]                                at /rustc/dfb0accb7f508ae8be965d8629557221c889dd98/library/std/src/panicking.rs:688:13
[INFO] [stdout]   16:     0x586eea2019a9 - std[70759c8f55707aa4]::sys::backtrace::__rust_end_short_backtrace::<std[70759c8f55707aa4]::panicking::panic_handler::{closure#0}, !>
[INFO] [stdout]                                at /rustc/dfb0accb7f508ae8be965d8629557221c889dd98/library/std/src/sys/backtrace.rs:182:18
[INFO] [stdout]   17:     0x586eea20a2fd - __rustc[8fa7c3cbc660c2b3]::rust_begin_unwind
[INFO] [stdout]                                at /rustc/dfb0accb7f508ae8be965d8629557221c889dd98/library/std/src/panicking.rs:679:5
[INFO] [stdout]   18:     0x586eea24b1bc - core[df12db4294e9bfd3]::panicking::panic_fmt
[INFO] [stdout]                                at /rustc/dfb0accb7f508ae8be965d8629557221c889dd98/library/core/src/panicking.rs:80:14
[INFO] [stdout]   19:     0x586ee9cc7e5e - build_doc[353db8350bcdbddc]::a_doc_only_manifest_builds_but_installs_nothing
[INFO] [stdout]                                at /opt/rustwide/workdir/tests/build_doc.rs:207:5
[INFO] [stdout]   20:     0x586ee9cc5777 - build_doc[353db8350bcdbddc]::a_doc_only_manifest_builds_but_installs_nothing::{closure#0}
[INFO] [stdout]                                at /opt/rustwide/workdir/tests/build_doc.rs:190:53
[INFO] [stdout]   21:     0x586ee9cd0816 - <build_doc[353db8350bcdbddc]::a_doc_only_manifest_builds_but_installs_nothing::{closure#0} as core[df12db4294e9bfd3]::ops::function::FnOnce<()>>::call_once
[INFO] [stdout]                                at /rustc/dfb0accb7f508ae8be965d8629557221c889dd98/library/core/src/ops/function.rs:250:5
[INFO] [stdout]   22:     0x586ee9cd096b - <fn() -> core[df12db4294e9bfd3]::result::Result<(), alloc[2182bb758b4b3781]::string::String> as core[df12db4294e9bfd3]::ops::function::FnOnce<()>>::call_once
[INFO] [stdout]                                at /rustc/dfb0accb7f508ae8be965d8629557221c889dd98/library/core/src/ops/function.rs:250:5
[INFO] [stdout]   23:     0x586ee9cd096b - test[9d35eded1c95d3be]::__rust_begin_short_backtrace::<core[df12db4294e9bfd3]::result::Result<(), alloc[2182bb758b4b3781]::string::String>, fn() -> core[df12db4294e9bfd3]::result::Result<(), alloc[2182bb758b4b3781]::string::String>>
[INFO] [stdout]                                at /rustc/dfb0accb7f508ae8be965d8629557221c889dd98/library/test/src/lib.rs:733:18
[INFO] [stdout]   24:     0x586ee9cddfd5 - test[9d35eded1c95d3be]::run_test_in_process::{closure#0}
[INFO] [stdout]                                at /rustc/dfb0accb7f508ae8be965d8629557221c889dd98/library/test/src/lib.rs:756:74
[INFO] [stdout]   25:     0x586ee9cddfd5 - <core[df12db4294e9bfd3]::panic::unwind_safe::AssertUnwindSafe<test[9d35eded1c95d3be]::run_test_in_process::{closure#0}> as core[df12db4294e9bfd3]::ops::function::FnOnce<()>>::call_once
[INFO] [stdout]                                at /rustc/dfb0accb7f508ae8be965d8629557221c889dd98/library/core/src/panic/unwind_safe.rs:275:9
[INFO] [stdout]   26:     0x586ee9cddfd5 - std[70759c8f55707aa4]::panicking::catch_unwind::do_call::<core[df12db4294e9bfd3]::panic::unwind_safe::AssertUnwindSafe<test[9d35eded1c95d3be]::run_test_in_process::{closure#0}>, core[df12db4294e9bfd3]::result::Result<(), alloc[2182bb758b4b3781]::string::String>>
[INFO] [stdout]                                at /rustc/dfb0accb7f508ae8be965d8629557221c889dd98/library/std/src/panicking.rs:576:43
[INFO] [stdout]   27:     0x586ee9cddfd5 - std[70759c8f55707aa4]::panicking::catch_unwind::<core[df12db4294e9bfd3]::result::Result<(), alloc[2182bb758b4b3781]::string::String>, core[df12db4294e9bfd3]::panic::unwind_safe::AssertUnwindSafe<test[9d35eded1c95d3be]::run_test_in_process::{closure#0}>>
[INFO] [stdout]                                at /rustc/dfb0accb7f508ae8be965d8629557221c889dd98/library/std/src/panicking.rs:544:19
[INFO] [stdout]   28:     0x586ee9cddfd5 - std[70759c8f55707aa4]::panic::catch_unwind::<core[df12db4294e9bfd3]::panic::unwind_safe::AssertUnwindSafe<test[9d35eded1c95d3be]::run_test_in_process::{closure#0}>, core[df12db4294e9bfd3]::result::Result<(), alloc[2182bb758b4b3781]::string::String>>
[INFO] [stdout]                                at /rustc/dfb0accb7f508ae8be965d8629557221c889dd98/library/std/src/panic.rs:359:14
[INFO] [stdout]   29:     0x586ee9cddfd5 - test[9d35eded1c95d3be]::run_test_in_process
[INFO] [stdout]                                at /rustc/dfb0accb7f508ae8be965d8629557221c889dd98/library/test/src/lib.rs:756:27
[INFO] [stdout]   30:     0x586ee9cddfd5 - test[9d35eded1c95d3be]::run_test::{closure#0}
[INFO] [stdout]                                at /rustc/dfb0accb7f508ae8be965d8629557221c889dd98/library/test/src/lib.rs:677:43
[INFO] [stdout]   31:     0x586ee9cd7894 - test[9d35eded1c95d3be]::run_test::{closure#1}
[INFO] [stdout]                                at /rustc/dfb0accb7f508ae8be965d8629557221c889dd98/library/test/src/lib.rs:707:41
[INFO] [stdout]   32:     0x586ee9cd7894 - std[70759c8f55707aa4]::sys::backtrace::__rust_begin_short_backtrace::<test[9d35eded1c95d3be]::run_test::{closure#1}, ()>
[INFO] [stdout]                                at /rustc/dfb0accb7f508ae8be965d8629557221c889dd98/library/std/src/sys/backtrace.rs:166:18
[INFO] [stdout]   33:     0x586ee9ce1132 - std[70759c8f55707aa4]::thread::lifecycle::spawn_unchecked::<test[9d35eded1c95d3be]::run_test::{closure#1}, ()>::{closure#1}::{closure#0}
[INFO] [stdout]                                at /rustc/dfb0accb7f508ae8be965d8629557221c889dd98/library/std/src/thread/lifecycle.rs:70:13
[INFO] [stdout]   34:     0x586ee9ce1132 - <core[df12db4294e9bfd3]::panic::unwind_safe::AssertUnwindSafe<std[70759c8f55707aa4]::thread::lifecycle::spawn_unchecked<test[9d35eded1c95d3be]::run_test::{closure#1}, ()>::{closure#1}::{closure#0}> as core[df12db4294e9bfd3]::ops::function::FnOnce<()>>::call_once
[INFO] [stdout]                                at /rustc/dfb0accb7f508ae8be965d8629557221c889dd98/library/core/src/panic/unwind_safe.rs:275:9
[INFO] [stdout]   35:     0x586ee9ce1132 - std[70759c8f55707aa4]::panicking::catch_unwind::do_call::<core[df12db4294e9bfd3]::panic::unwind_safe::AssertUnwindSafe<std[70759c8f55707aa4]::thread::lifecycle::spawn_unchecked<test[9d35eded1c95d3be]::run_test::{closure#1}, ()>::{closure#1}::{closure#0}>, ()>
[INFO] [stdout]                                at /rustc/dfb0accb7f508ae8be965d8629557221c889dd98/library/std/src/panicking.rs:576:43
[INFO] [stdout]   36:     0x586ee9ce1132 - std[70759c8f55707aa4]::panicking::catch_unwind::<(), core[df12db4294e9bfd3]::panic::unwind_safe::AssertUnwindSafe<std[70759c8f55707aa4]::thread::lifecycle::spawn_unchecked<test[9d35eded1c95d3be]::run_test::{closure#1}, ()>::{closure#1}::{closure#0}>>
[INFO] [stdout]                                at /rustc/dfb0accb7f508ae8be965d8629557221c889dd98/library/std/src/panicking.rs:544:19
[INFO] [stdout]   37:     0x586ee9ce1132 - std[70759c8f55707aa4]::panic::catch_unwind::<core[df12db4294e9bfd3]::panic::unwind_safe::AssertUnwindSafe<std[70759c8f55707aa4]::thread::lifecycle::spawn_unchecked<test[9d35eded1c95d3be]::run_test::{closure#1}, ()>::{closure#1}::{closure#0}>, ()>
[INFO] [stdout]                                at /rustc/dfb0accb7f508ae8be965d8629557221c889dd98/library/std/src/panic.rs:359:14
[INFO] [stdout]   38:     0x586ee9ce1132 - std[70759c8f55707aa4]::thread::lifecycle::spawn_unchecked::<test[9d35eded1c95d3be]::run_test::{closure#1}, ()>::{closure#1}
[INFO] [stdout]                                at /rustc/dfb0accb7f508ae8be965d8629557221c889dd98/library/std/src/thread/lifecycle.rs:68:26
[INFO] [stdout]   39:     0x586ee9ce1132 - <std[70759c8f55707aa4]::thread::lifecycle::spawn_unchecked<test[9d35eded1c95d3be]::run_test::{closure#1}, ()>::{closure#1} as core[df12db4294e9bfd3]::ops::function::FnOnce<()>>::call_once::{shim:vtable#0}
[INFO] [stdout]                                at /rustc/dfb0accb7f508ae8be965d8629557221c889dd98/library/core/src/ops/function.rs:250:5
[INFO] [stdout]   40:     0x586eea231729 - <alloc[2182bb758b4b3781]::boxed::Box<dyn core[df12db4294e9bfd3]::ops::function::FnOnce<(), Output = ()> + core[df12db4294e9bfd3]::marker::Send> as core[df12db4294e9bfd3]::ops::function::FnOnce<()>>::call_once
[INFO] [stdout]                                at /rustc/dfb0accb7f508ae8be965d8629557221c889dd98/library/alloc/src/boxed.rs:2320:9
[INFO] [stdout]   41:     0x586eea231729 - <std[70759c8f55707aa4]::sys::thread::unix::Thread>::new::thread_start
[INFO] [stdout]                                at /rustc/dfb0accb7f508ae8be965d8629557221c889dd98/library/std/src/sys/thread/unix.rs:123:17
[INFO] [stdout]   42:     0x7456cd5b7dfa - <unknown>
[INFO] [stdout]   43:     0x7456cd64b3d4 - clone
[INFO] [stdout]   44:                0x0 - <unknown>
[INFO] [stdout] 
[INFO] [stdout] 
[INFO] [stdout] failures:
[INFO] [stdout]     a_doc_only_manifest_builds_but_installs_nothing
[INFO] [stdout] 
[INFO] [stdout] test result: FAILED. 11 passed; 1 failed; 0 ignored; 0 measured; 0 filtered out; finished in 0.08s
[INFO] [stdout] 
[INFO] [stderr] error: test failed, to rerun pass `--test build_doc`
[INFO] running `Command { std: "docker" "inspect" "ca7a1d78285dde873514ea44038060f3670466dce7a7532740b9bd1ba1733954", kill_on_drop: false }`
[INFO] running `Command { std: "docker" "rm" "-f" "ca7a1d78285dde873514ea44038060f3670466dce7a7532740b9bd1ba1733954", kill_on_drop: false }`
[INFO] [stdout] ca7a1d78285dde873514ea44038060f3670466dce7a7532740b9bd1ba1733954
