[INFO] fetching crate rusty_skelform_macroquad 0.8.1...
[INFO] testing rusty_skelform_macroquad-0.8.1 against 1.100.0-beta.1 for beta-1.100-2
[INFO] extracting crate rusty_skelform_macroquad 0.8.1 into /workspace/builds/worker-6-tc2/source
[INFO] started tweaking crates.io crate rusty_skelform_macroquad 0.8.1
[INFO] removed 0 missing examples
[INFO] finished tweaking crates.io crate rusty_skelform_macroquad 0.8.1
[INFO] tweaked toml for crates.io crate rusty_skelform_macroquad 0.8.1 written to /workspace/builds/worker-6-tc2/source/Cargo.toml
[INFO] validating manifest of crates.io crate rusty_skelform_macroquad 0.8.1 on toolchain 1.100.0-beta.1
[INFO] running `Command { std: CARGO_HOME="/workspace/cargo-home" RUSTUP_HOME="/workspace/rustup-home" "/workspace/cargo-home/bin/cargo" "+1.100.0-beta.1" "metadata" "--manifest-path" "Cargo.toml" "--no-deps", kill_on_drop: false }`
[INFO] crate crates.io crate rusty_skelform_macroquad 0.8.1 already has a lockfile, it will not be regenerated
[INFO] running `Command { std: CARGO_HOME="/workspace/cargo-home" RUSTUP_HOME="/workspace/rustup-home" "/workspace/cargo-home/bin/cargo" "+1.100.0-beta.1" "fetch" "--manifest-path" "Cargo.toml", kill_on_drop: false }`
[INFO] running `Command { std: "docker" "create" "-v" "/var/lib/crater-agent-workspace/builds/worker-6-tc2/source:/opt/rustwide/workdir:ro,Z" "-v" "/var/lib/crater-agent-workspace/builds/worker-6-tc2/target:/opt/rustwide/target:rw,Z" "-v" "/var/lib/crater-agent-workspace/cargo-home:/opt/rustwide/cargo-home:ro,Z" "-v" "/var/lib/crater-agent-workspace/rustup-home:/opt/rustwide/rustup-home:ro,Z" "-m" "1610612736" "--network" "none" "ghcr.io/rust-lang/crates-build-env/linux@sha256:3111399a4047eeb3a02b7a90e478d715f38a8c6669b5c4b49d30a17385265909" "sleep" "infinity", kill_on_drop: false }`
[INFO] [stdout] 141a55da8f8a3012fe6e9dd5ef3afc01cc96a8464f53210a0b1d4da884c382aa
[INFO] running `Command { std: "docker" "start" "141a55da8f8a3012fe6e9dd5ef3afc01cc96a8464f53210a0b1d4da884c382aa", kill_on_drop: false }`
[INFO] running `Command { std: "docker" "inspect" "141a55da8f8a3012fe6e9dd5ef3afc01cc96a8464f53210a0b1d4da884c382aa", kill_on_drop: false }`
[INFO] running `Command { std: "docker" "exec" "-e" "SOURCE_DIR=/opt/rustwide/workdir" "-e" "CARGO_HOME=/opt/rustwide/cargo-home" "-e" "RUSTUP_HOME=/opt/rustwide/rustup-home" "-e" "CARGO_TARGET_DIR=/opt/rustwide/target" "-w" "/opt/rustwide/workdir" "--user" "0:0" "141a55da8f8a3012fe6e9dd5ef3afc01cc96a8464f53210a0b1d4da884c382aa" "/opt/rustwide/cargo-home/bin/cargo" "+1.100.0-beta.1" "metadata" "--no-deps" "--format-version=1", kill_on_drop: false }`
[INFO] running `Command { std: "docker" "inspect" "141a55da8f8a3012fe6e9dd5ef3afc01cc96a8464f53210a0b1d4da884c382aa", kill_on_drop: false }`
[INFO] running `Command { std: "docker" "exec" "-e" "SOURCE_DIR=/opt/rustwide/workdir" "-e" "CARGO_HOME=/opt/rustwide/cargo-home" "-e" "RUSTUP_HOME=/opt/rustwide/rustup-home" "-e" "CARGO_TARGET_DIR=/opt/rustwide/target" "-e" "CARGO_INCREMENTAL=0" "-e" "RUST_BACKTRACE=full" "-e" "RUSTFLAGS=--cap-lints=warn" "-e" "RUSTDOCFLAGS=--cap-lints=warn" "-w" "/opt/rustwide/workdir" "--user" "0:0" "141a55da8f8a3012fe6e9dd5ef3afc01cc96a8464f53210a0b1d4da884c382aa" "/opt/rustwide/cargo-home/bin/cargo" "+1.100.0-beta.1" "build" "--frozen" "--message-format=json", kill_on_drop: false }`
[INFO] [stderr]    Compiling simd-adler32 v0.3.9
[INFO] [stderr]    Compiling proc-macro2 v1.0.106
[INFO] [stderr]    Compiling zlib-rs v0.6.4
[INFO] [stderr]    Compiling quote v1.0.46
[INFO] [stderr]    Compiling adler32 v1.2.0
[INFO] [stderr]    Compiling num-rational v0.2.4
[INFO] [stderr]    Compiling log v0.4.33
[INFO] [stderr]    Compiling glam v0.10.2
[INFO] [stderr]    Compiling miniquad v0.3.16
[INFO] [stderr]    Compiling miniquad v0.4.10
[INFO] [stderr]    Compiling num-integer v0.1.46
[INFO] [stderr]    Compiling bytemuck v1.25.0
[INFO] [stderr]    Compiling ttf-parser v0.21.1
[INFO] [stderr]    Compiling glam v0.27.0
[INFO] [stderr]    Compiling macroquad_macro v0.1.8
[INFO] [stderr]    Compiling quad-rand v0.2.3
[INFO] [stderr]    Compiling deflate v0.7.20
[INFO] [stderr]    Compiling inflate v0.4.5
[INFO] [stderr]    Compiling serde_json v1.0.150
[INFO] [stderr]    Compiling miniz_oxide v0.8.9
[INFO] [stderr]    Compiling fdeflate v0.3.7
[INFO] [stderr]    Compiling zopfli v0.8.3
[INFO] [stderr]    Compiling num-iter v0.1.45
[INFO] [stderr]    Compiling png v0.15.3
[INFO] [stderr]    Compiling image v0.22.5
[INFO] [stderr]    Compiling syn v2.0.118
[INFO] [stderr]    Compiling fontdue v0.9.3
[INFO] [stderr]    Compiling quad-gl v0.2.13
[INFO] [stderr]    Compiling serde_derive v1.0.228
[INFO] [stderr]    Compiling flate2 v1.1.9
[INFO] [stderr]    Compiling png v0.17.16
[INFO] [stderr]    Compiling zip v8.6.0
[INFO] [stderr]    Compiling image v0.24.9
[INFO] [stderr]    Compiling serde v1.0.228
[INFO] [stderr]    Compiling macroquad v0.4.15
[INFO] [stderr]    Compiling rusty_skelform v0.8.0
[INFO] [stderr]    Compiling rusty_skelform_macroquad v0.8.1 (/opt/rustwide/workdir)
[INFO] [stderr] warning: unused dependency `quad-gl`
[INFO] [stderr]  --> Cargo.toml:4:15
[INFO] [stderr]   |
[INFO] [stderr] 4 | [dependencies.quad-gl]
[INFO] [stderr]   |               ^^^^^^^^
[INFO] [stderr]   |
[INFO] [stderr]   = note: `cargo::unused_dependencies` is set to `warn` by default
[INFO] [stderr] help: consider removing the dependency on `quad-gl`
[INFO] [stderr] warning: `rusty_skelform_macroquad` (manifest) generated 1 warning
[INFO] [stderr]     Finished `dev` profile [unoptimized + debuginfo] target(s) in 22.30s
[INFO] running `Command { std: "docker" "inspect" "141a55da8f8a3012fe6e9dd5ef3afc01cc96a8464f53210a0b1d4da884c382aa", kill_on_drop: false }`
[INFO] running `Command { std: "docker" "exec" "-e" "SOURCE_DIR=/opt/rustwide/workdir" "-e" "CARGO_HOME=/opt/rustwide/cargo-home" "-e" "RUSTUP_HOME=/opt/rustwide/rustup-home" "-e" "CARGO_TARGET_DIR=/opt/rustwide/target" "-e" "CARGO_INCREMENTAL=0" "-e" "RUST_BACKTRACE=full" "-e" "RUSTFLAGS=--cap-lints=warn" "-e" "RUSTDOCFLAGS=--cap-lints=warn" "-w" "/opt/rustwide/workdir" "--user" "0:0" "141a55da8f8a3012fe6e9dd5ef3afc01cc96a8464f53210a0b1d4da884c382aa" "/opt/rustwide/cargo-home/bin/cargo" "+1.100.0-beta.1" "test" "--frozen" "--no-run" "--message-format=json", kill_on_drop: false }`
[INFO] [stderr]    Compiling rusty_skelform_macroquad v0.8.1 (/opt/rustwide/workdir)
[INFO] [stdout] warning: unused import: `skf::time_frame`
[INFO] [stdout]  --> examples/basic.rs:7:5
[INFO] [stdout]   |
[INFO] [stdout] 7 | use skf::time_frame;
[INFO] [stdout]   |     ^^^^^^^^^^^^^^^
[INFO] [stdout]   |
[INFO] [stdout]   = note: `#[warn(unused_imports)]` (part of `#[warn(unused)]`) on by default
[INFO] [stdout] 
[INFO] [stdout] 
[INFO] [stdout] warning: value assigned to `anim_idx` is never read
[INFO] [stdout]   --> examples/basic.rs:36:31
[INFO] [stdout]    |
[INFO] [stdout] 36 |     let mut anim_idx: usize = 2;
[INFO] [stdout]    |                               ^ this value is reassigned later and never used
[INFO] [stdout] ...
[INFO] [stdout] 57 |             anim_idx = 0;
[INFO] [stdout]    |             ------------ `anim_idx` is overwritten here before the previous value is read
[INFO] [stdout]    |
[INFO] [stdout]    = note: `#[warn(unused_assignments)]` (part of `#[warn(unused)]`) on by default
[INFO] [stdout] 
[INFO] [stdout] 
[INFO] [stdout] warning: unused variable: `time`
[INFO] [stdout]    --> examples/basic.rs:122:5
[INFO] [stdout]     |
[INFO] [stdout] 122 |     time: std::time::Instant,
[INFO] [stdout]     |     ^^^^ help: if this is intentional, prefix it with an underscore: `_time`
[INFO] [stdout]     |
[INFO] [stdout]     = note: `#[warn(unused_variables)]` (part of `#[warn(unused)]`) on by default
[INFO] [stdout] 
[INFO] [stdout] 
[INFO] [stdout] warning: unused variable: `anim_idx`
[INFO] [stdout]    --> examples/basic.rs:124:5
[INFO] [stdout]     |
[INFO] [stdout] 124 |     anim_idx: usize,
[INFO] [stdout]     |     ^^^^^^^^ help: if this is intentional, prefix it with an underscore: `_anim_idx`
[INFO] [stdout] 
[INFO] [stdout] 
[INFO] [stdout] warning: unused variable: `coat`
[INFO] [stdout]    --> examples/basic.rs:130:5
[INFO] [stdout]     |
[INFO] [stdout] 130 |     coat: usize,
[INFO] [stdout]     |     ^^^^ help: if this is intentional, prefix it with an underscore: `_coat`
[INFO] [stdout] 
[INFO] [stdout] 
[INFO] [stdout] warning: unused variable: `bones`
[INFO] [stdout]    --> examples/basic.rs:145:9
[INFO] [stdout]     |
[INFO] [stdout] 145 |     let bones = &mut armature.bones;
[INFO] [stdout]     |         ^^^^^ help: if this is intentional, prefix it with an underscore: `_bones`
[INFO] [stdout] 
[INFO] [stdout] 
[INFO] [stdout] warning: unused variable: `constructed_bones`
[INFO] [stdout]    --> examples/basic.rs:146:9
[INFO] [stdout]     |
[INFO] [stdout] 146 |     let constructed_bones = &mut armature.constructed_bones;
[INFO] [stdout]     |         ^^^^^^^^^^^^^^^^^ help: if this is intentional, prefix it with an underscore: `_constructed_bones`
[INFO] [stdout] 
[INFO] [stdout] 
[INFO] [stdout] warning: unused variable: `mouse`
[INFO] [stdout]    --> examples/basic.rs:149:9
[INFO] [stdout]     |
[INFO] [stdout] 149 |     let mouse = skf::Vec2::new(
[INFO] [stdout]     |         ^^^^^ help: if this is intentional, prefix it with an underscore: `_mouse`
[INFO] [stdout] 
[INFO] [stdout] 
[INFO] [stderr] warning: unused dependency `quad-gl`
[INFO] [stderr]  --> Cargo.toml:4:15
[INFO] [stderr]   |
[INFO] [stderr] 4 | [dependencies.quad-gl]
[INFO] [stderr]   |               ^^^^^^^^
[INFO] [stderr]   |
[INFO] [stderr]   = note: `cargo::unused_dependencies` is set to `warn` by default
[INFO] [stderr] help: consider removing the dependency on `quad-gl`
[INFO] [stderr] warning: `rusty_skelform_macroquad` (manifest) generated 1 warning
[INFO] [stderr]     Finished `test` profile [unoptimized + debuginfo] target(s) in 1.09s
[INFO] running `Command { std: "docker" "inspect" "141a55da8f8a3012fe6e9dd5ef3afc01cc96a8464f53210a0b1d4da884c382aa", kill_on_drop: false }`
[INFO] running `Command { std: "docker" "exec" "-e" "SOURCE_DIR=/opt/rustwide/workdir" "-e" "CARGO_HOME=/opt/rustwide/cargo-home" "-e" "RUSTUP_HOME=/opt/rustwide/rustup-home" "-e" "CARGO_TARGET_DIR=/opt/rustwide/target" "-e" "CARGO_INCREMENTAL=0" "-e" "RUST_BACKTRACE=full" "-e" "RUSTFLAGS=--cap-lints=warn" "-e" "RUSTDOCFLAGS=--cap-lints=warn" "-w" "/opt/rustwide/workdir" "--user" "0:0" "141a55da8f8a3012fe6e9dd5ef3afc01cc96a8464f53210a0b1d4da884c382aa" "/opt/rustwide/cargo-home/bin/cargo" "+1.100.0-beta.1" "test" "--frozen", kill_on_drop: false }`
[INFO] [stderr] warning: unused import: `skf::time_frame`
[INFO] [stderr]  --> examples/basic.rs:7:5
[INFO] [stderr]   |
[INFO] [stderr] 7 | use skf::time_frame;
[INFO] [stderr]   |     ^^^^^^^^^^^^^^^
[INFO] [stderr]   |
[INFO] [stderr]   = note: `#[warn(unused_imports)]` (part of `#[warn(unused)]`) on by default
[INFO] [stderr] 
[INFO] [stderr] warning: value assigned to `anim_idx` is never read
[INFO] [stderr]   --> examples/basic.rs:36:31
[INFO] [stderr]    |
[INFO] [stderr] 36 |     let mut anim_idx: usize = 2;
[INFO] [stderr]    |                               ^ this value is reassigned later and never used
[INFO] [stderr] ...
[INFO] [stderr] 57 |             anim_idx = 0;
[INFO] [stderr]    |             ------------ `anim_idx` is overwritten here before the previous value is read
[INFO] [stderr]    |
[INFO] [stderr]    = note: `#[warn(unused_assignments)]` (part of `#[warn(unused)]`) on by default
[INFO] [stderr] 
[INFO] [stderr] warning: unused variable: `time`
[INFO] [stderr]    --> examples/basic.rs:122:5
[INFO] [stderr]     |
[INFO] [stderr] 122 |     time: std::time::Instant,
[INFO] [stderr]     |     ^^^^ help: if this is intentional, prefix it with an underscore: `_time`
[INFO] [stderr]     |
[INFO] [stderr]     = note: `#[warn(unused_variables)]` (part of `#[warn(unused)]`) on by default
[INFO] [stderr] 
[INFO] [stderr] warning: unused variable: `anim_idx`
[INFO] [stderr]    --> examples/basic.rs:124:5
[INFO] [stderr]     |
[INFO] [stderr] 124 |     anim_idx: usize,
[INFO] [stderr]     |     ^^^^^^^^ help: if this is intentional, prefix it with an underscore: `_anim_idx`
[INFO] [stderr] 
[INFO] [stderr] warning: unused variable: `coat`
[INFO] [stderr]    --> examples/basic.rs:130:5
[INFO] [stderr]     |
[INFO] [stderr] 130 |     coat: usize,
[INFO] [stderr]     |     ^^^^ help: if this is intentional, prefix it with an underscore: `_coat`
[INFO] [stderr] 
[INFO] [stderr] warning: unused variable: `bones`
[INFO] [stderr]    --> examples/basic.rs:145:9
[INFO] [stderr]     |
[INFO] [stderr] 145 |     let bones = &mut armature.bones;
[INFO] [stderr]     |         ^^^^^ help: if this is intentional, prefix it with an underscore: `_bones`
[INFO] [stderr] 
[INFO] [stderr] warning: unused variable: `constructed_bones`
[INFO] [stderr]    --> examples/basic.rs:146:9
[INFO] [stderr]     |
[INFO] [stderr] 146 |     let constructed_bones = &mut armature.constructed_bones;
[INFO] [stderr]     |         ^^^^^^^^^^^^^^^^^ help: if this is intentional, prefix it with an underscore: `_constructed_bones`
[INFO] [stderr] 
[INFO] [stderr] warning: unused variable: `mouse`
[INFO] [stderr]    --> examples/basic.rs:149:9
[INFO] [stderr]     |
[INFO] [stderr] 149 |     let mouse = skf::Vec2::new(
[INFO] [stderr]     |         ^^^^^ help: if this is intentional, prefix it with an underscore: `_mouse`
[INFO] [stderr] 
[INFO] [stderr] warning: `rusty_skelform_macroquad` (example "basic") generated 8 warnings (run `cargo fix --example "basic" -p rusty_skelform_macroquad` to apply 7 suggestions)
[INFO] [stderr] warning: unused dependency `quad-gl`
[INFO] [stderr]  --> Cargo.toml:4:15
[INFO] [stderr]   |
[INFO] [stderr] 4 | [dependencies.quad-gl]
[INFO] [stderr]   |               ^^^^^^^^
[INFO] [stderr]   |
[INFO] [stderr]   = note: `cargo::unused_dependencies` is set to `warn` by default
[INFO] [stderr] help: consider removing the dependency on `quad-gl`
[INFO] [stderr] warning: `rusty_skelform_macroquad` (manifest) generated 1 warning
[INFO] [stderr]     Finished `test` profile [unoptimized + debuginfo] target(s) in 0.09s
[INFO] [stderr]      Running unittests src/lib.rs (/opt/rustwide/target/debug/build/rusty_skelform_macroquad/2a3e7f471270340f/out/rusty_skelform_macroquad-2a3e7f471270340f)
[INFO] [stdout] 
[INFO] [stdout] running 0 tests
[INFO] [stdout] 
[INFO] [stdout] test result: ok. 0 passed; 0 failed; 0 ignored; 0 measured; 0 filtered out; finished in 0.00s
[INFO] [stdout] 
[INFO] [stderr]    Doc-tests rusty_skelform_macroquad
[INFO] [stdout] 
[INFO] [stdout] running 1 test
[INFO] [stdout] test src/lib.rs - (line 3) ... FAILED
[INFO] [stdout] 
[INFO] [stdout] failures:
[INFO] [stdout] 
[INFO] [stdout] ---- src/lib.rs - (line 3) stdout ----
[INFO] [stdout] error[E0432]: unresolved import `rusty_skelform_macroquad::load_skelform_armature`
[INFO] [stdout]  --> src/lib.rs:6:41
[INFO] [stdout]   |
[INFO] [stdout] 6 | use rusty_skelform_macroquad::{animate, load_skelform_armature};
[INFO] [stdout]   |                                         ^^^^^^^^^^^^^^^^^^^^^^ no `load_skelform_armature` in the root
[INFO] [stdout] 
[INFO] [stdout] error[E0061]: this function takes 6 arguments but 7 arguments were supplied
[INFO] [stdout]    --> src/lib.rs:18:9
[INFO] [stdout]     |
[INFO] [stdout]  18 |         animate(&armature, &tex, 0, Some(time), true, true, None);
[INFO] [stdout]     |         ^^^^^^^
[INFO] [stdout]     |
[INFO] [stdout] note: function defined here
[INFO] [stdout]    --> src/lib.rs:106:8
[INFO] [stdout]     |
[INFO] [stdout] 106 | pub fn animate(
[INFO] [stdout]     |        ^^^^^^^
[INFO] [stdout] help: did you mean
[INFO] [stdout]     |
[INFO] [stdout]  18 -         animate(&armature, &tex, 0, Some(time), true, true, None);
[INFO] [stdout]  18 +         animate(/* &mut Vec<Bone> */, /* &mut Vec<InverseKinematics> */, /* &mut Vec<Visuals> */, &armature, &tex, /* &Vec<u32> */);
[INFO] [stdout]     |
[INFO] [stdout] 
[INFO] [stdout] error: aborting due to 2 previous errors
[INFO] [stdout] 
[INFO] [stdout] Some errors have detailed explanations: E0061, E0432.
[INFO] [stdout] For more information about an error, try `rustc --explain E0061`.
[INFO] [stdout] Couldn't compile the test.
[INFO] [stdout] 
[INFO] [stdout] failures:
[INFO] [stdout]     src/lib.rs - (line 3)
[INFO] [stdout] 
[INFO] [stdout] test result: FAILED. 0 passed; 1 failed; 0 ignored; 0 measured; 0 filtered out; finished in 0.15s
[INFO] [stdout] 
[INFO] [stderr] error: doctest failed, to rerun pass `--doc`
[INFO] running `Command { std: "docker" "inspect" "141a55da8f8a3012fe6e9dd5ef3afc01cc96a8464f53210a0b1d4da884c382aa", kill_on_drop: false }`
[INFO] running `Command { std: "docker" "rm" "-f" "141a55da8f8a3012fe6e9dd5ef3afc01cc96a8464f53210a0b1d4da884c382aa", kill_on_drop: false }`
[INFO] [stdout] 141a55da8f8a3012fe6e9dd5ef3afc01cc96a8464f53210a0b1d4da884c382aa
