[INFO] fetching crate rusty-javac 0.2.3...
[INFO] testing rusty-javac-0.2.3 against 1.99.0-beta.8 for beta-1.100-2
[INFO] extracting crate rusty-javac 0.2.3 into /workspace/builds/worker-5-tc1/source
[INFO] started tweaking crates.io crate rusty-javac 0.2.3
[INFO] removed 0 missing examples
[INFO] removed 0 missing tests
[INFO] finished tweaking crates.io crate rusty-javac 0.2.3
[INFO] tweaked toml for crates.io crate rusty-javac 0.2.3 written to /workspace/builds/worker-5-tc1/source/Cargo.toml
[INFO] validating manifest of crates.io crate rusty-javac 0.2.3 on toolchain 1.99.0-beta.8
[INFO] running `Command { std: CARGO_HOME="/workspace/cargo-home" RUSTUP_HOME="/workspace/rustup-home" "/workspace/cargo-home/bin/cargo" "+1.99.0-beta.8" "metadata" "--manifest-path" "Cargo.toml" "--no-deps", kill_on_drop: false }`
[INFO] crate crates.io crate rusty-javac 0.2.3 already has a lockfile, it will not be regenerated
[INFO] running `Command { std: CARGO_HOME="/workspace/cargo-home" RUSTUP_HOME="/workspace/rustup-home" "/workspace/cargo-home/bin/cargo" "+1.99.0-beta.8" "fetch" "--manifest-path" "Cargo.toml", kill_on_drop: false }`
[INFO] [stderr]     Updating crates.io index
[INFO] [stderr]  Downloading crates ...
[INFO] [stderr]   Downloaded logos-derive v0.16.1
[INFO] [stderr]   Downloaded logos v0.16.1
[INFO] [stderr]   Downloaded la-arena v0.3.1
[INFO] [stderr]   Downloaded rust-asm v0.2.0
[INFO] [stderr]   Downloaded logos-codegen v0.16.1
[INFO] [stderr]   Downloaded ustr v1.1.0
[INFO] [stderr]   Downloaded zlib-rs v0.6.3
[INFO] running `Command { std: "docker" "create" "-v" "/var/lib/crater-agent-workspace/builds/worker-5-tc1/source:/opt/rustwide/workdir:ro,Z" "-v" "/var/lib/crater-agent-workspace/builds/worker-5-tc1/target:/opt/rustwide/target:rw,Z" "-v" "/var/lib/crater-agent-workspace/cargo-home:/opt/rustwide/cargo-home:ro,Z" "-v" "/var/lib/crater-agent-workspace/rustup-home:/opt/rustwide/rustup-home:ro,Z" "-m" "1610612736" "--network" "none" "ghcr.io/rust-lang/crates-build-env/linux@sha256:3111399a4047eeb3a02b7a90e478d715f38a8c6669b5c4b49d30a17385265909" "sleep" "infinity", kill_on_drop: false }`
[INFO] [stdout] 2b8febca2375acce056b4a63b1b4a0d88c85bbebdc5682f9aefbccfd55946afd
[INFO] running `Command { std: "docker" "start" "2b8febca2375acce056b4a63b1b4a0d88c85bbebdc5682f9aefbccfd55946afd", kill_on_drop: false }`
[INFO] running `Command { std: "docker" "inspect" "2b8febca2375acce056b4a63b1b4a0d88c85bbebdc5682f9aefbccfd55946afd", kill_on_drop: false }`
[INFO] running `Command { std: "docker" "exec" "-e" "SOURCE_DIR=/opt/rustwide/workdir" "-e" "CARGO_HOME=/opt/rustwide/cargo-home" "-e" "RUSTUP_HOME=/opt/rustwide/rustup-home" "-e" "CARGO_TARGET_DIR=/opt/rustwide/target" "-w" "/opt/rustwide/workdir" "--user" "0:0" "2b8febca2375acce056b4a63b1b4a0d88c85bbebdc5682f9aefbccfd55946afd" "/opt/rustwide/cargo-home/bin/cargo" "+1.99.0-beta.8" "metadata" "--no-deps" "--format-version=1", kill_on_drop: false }`
[INFO] running `Command { std: "docker" "inspect" "2b8febca2375acce056b4a63b1b4a0d88c85bbebdc5682f9aefbccfd55946afd", kill_on_drop: false }`
[INFO] running `Command { std: "docker" "exec" "-e" "SOURCE_DIR=/opt/rustwide/workdir" "-e" "CARGO_HOME=/opt/rustwide/cargo-home" "-e" "RUSTUP_HOME=/opt/rustwide/rustup-home" "-e" "CARGO_TARGET_DIR=/opt/rustwide/target" "-e" "CARGO_INCREMENTAL=0" "-e" "RUST_BACKTRACE=full" "-e" "RUSTFLAGS=--cap-lints=warn" "-e" "RUSTDOCFLAGS=--cap-lints=warn" "-w" "/opt/rustwide/workdir" "--user" "0:0" "2b8febca2375acce056b4a63b1b4a0d88c85bbebdc5682f9aefbccfd55946afd" "/opt/rustwide/cargo-home/bin/cargo" "+1.99.0-beta.8" "build" "--frozen" "--message-format=json", kill_on_drop: false }`
[INFO] [stderr]    Compiling memchr v2.8.0
[INFO] [stderr]    Compiling regex-syntax v0.8.10
[INFO] [stderr]    Compiling ahash v0.8.12
[INFO] [stderr]    Compiling simd-adler32 v0.3.9
[INFO] [stderr]    Compiling once_cell v1.21.4
[INFO] [stderr]    Compiling zlib-rs v0.6.3
[INFO] [stderr]    Compiling bumpalo v3.20.3
[INFO] [stderr]    Compiling text-size v1.1.1
[INFO] [stderr]    Compiling countme v3.0.1
[INFO] [stderr]    Compiling rustc-hash v1.1.0
[INFO] [stderr]    Compiling typed-path v0.12.3
[INFO] [stderr]    Compiling zopfli v0.8.3
[INFO] [stderr]    Compiling hashbrown v0.14.5
[INFO] [stderr]    Compiling ustr v1.1.0
[INFO] [stderr]    Compiling rust-asm v0.2.0
[INFO] [stderr]    Compiling aho-corasick v1.1.4
[INFO] [stderr]    Compiling la-arena v0.3.1
[INFO] [stderr]    Compiling rowan v0.16.1
[INFO] [stderr]    Compiling regex-automata v0.4.14
[INFO] [stderr]    Compiling logos-codegen v0.16.1
[INFO] [stderr]    Compiling flate2 v1.1.9
[INFO] [stderr]    Compiling zip v8.6.0
[INFO] [stderr]    Compiling logos-derive v0.16.1
[INFO] [stderr]    Compiling logos v0.16.1
[INFO] [stderr]    Compiling rusty-javac v0.2.3 (/opt/rustwide/workdir)
[INFO] [stderr]     Finished `dev` profile [unoptimized + debuginfo] target(s) in 26.23s
[INFO] running `Command { std: "docker" "inspect" "2b8febca2375acce056b4a63b1b4a0d88c85bbebdc5682f9aefbccfd55946afd", kill_on_drop: false }`
[INFO] running `Command { std: "docker" "exec" "-e" "SOURCE_DIR=/opt/rustwide/workdir" "-e" "CARGO_HOME=/opt/rustwide/cargo-home" "-e" "RUSTUP_HOME=/opt/rustwide/rustup-home" "-e" "CARGO_TARGET_DIR=/opt/rustwide/target" "-e" "CARGO_INCREMENTAL=0" "-e" "RUST_BACKTRACE=full" "-e" "RUSTFLAGS=--cap-lints=warn" "-e" "RUSTDOCFLAGS=--cap-lints=warn" "-w" "/opt/rustwide/workdir" "--user" "0:0" "2b8febca2375acce056b4a63b1b4a0d88c85bbebdc5682f9aefbccfd55946afd" "/opt/rustwide/cargo-home/bin/cargo" "+1.99.0-beta.8" "test" "--frozen" "--no-run" "--message-format=json", kill_on_drop: false }`
[INFO] [stderr]    Compiling rusty-javac v0.2.3 (/opt/rustwide/workdir)
[INFO] [stderr]     Finished `test` profile [unoptimized + debuginfo] target(s) in 3.77s
[INFO] running `Command { std: "docker" "inspect" "2b8febca2375acce056b4a63b1b4a0d88c85bbebdc5682f9aefbccfd55946afd", kill_on_drop: false }`
[INFO] running `Command { std: "docker" "exec" "-e" "SOURCE_DIR=/opt/rustwide/workdir" "-e" "CARGO_HOME=/opt/rustwide/cargo-home" "-e" "RUSTUP_HOME=/opt/rustwide/rustup-home" "-e" "CARGO_TARGET_DIR=/opt/rustwide/target" "-e" "CARGO_INCREMENTAL=0" "-e" "RUST_BACKTRACE=full" "-e" "RUSTFLAGS=--cap-lints=warn" "-e" "RUSTDOCFLAGS=--cap-lints=warn" "-w" "/opt/rustwide/workdir" "--user" "0:0" "2b8febca2375acce056b4a63b1b4a0d88c85bbebdc5682f9aefbccfd55946afd" "/opt/rustwide/cargo-home/bin/cargo" "+1.99.0-beta.8" "test" "--frozen", kill_on_drop: false }`
[INFO] [stderr]     Finished `test` profile [unoptimized + debuginfo] target(s) in 0.07s
[INFO] [stderr]      Running unittests src/lib.rs (/opt/rustwide/target/debug/deps/rusty_javac-e07a702fe1a7422a)
[INFO] [stdout] 
[INFO] [stdout] running 2 tests
[INFO] [stdout] test ast::nodes::tests::test_ast_node_child_access ... ok
[INFO] [stdout] test ast::nodes::tests::test_ast_node_cast_and_token ... ok
[INFO] [stdout] 
[INFO] [stdout] test result: ok. 2 passed; 0 failed; 0 ignored; 0 measured; 0 filtered out; finished in 0.00s
[INFO] [stdout] 
[INFO] [stderr]      Running tests/parse_tests.rs (/opt/rustwide/target/debug/deps/parse_tests-44803960fe8fbfa9)
[INFO] [stdout] 
[INFO] [stdout] running 3 tests
[INFO] [stdout] test parse_all_java_fixtures ... ok
[INFO] [stdout] test parser_builds_green_tree_for_all_java_fixtures ... ok
[INFO] [stdout] test javac_accepts_all_java_fixtures ... FAILED
[INFO] [stdout] 
[INFO] [stdout] failures:
[INFO] [stdout] 
[INFO] [stdout] ---- javac_accepts_all_java_fixtures stdout ----
[INFO] [stdout] 
[INFO] [stdout] thread 'javac_accepts_all_java_fixtures' (498) panicked at tests/parse_tests.rs:68:29:
[INFO] [stdout] failed to create /opt/rustwide/workdir/target/java-fixture-classes: Read-only file system (os error 30)
[INFO] [stdout] stack backtrace:
[INFO] [stdout]    0:     0x5abac84bfb51 - std[70759c8f55707aa4]::backtrace_rs::backtrace::libunwind::trace
[INFO] [stdout]                                at /rustc/dfb0accb7f508ae8be965d8629557221c889dd98/library/std/src/../../backtrace/src/backtrace/libunwind.rs:117:9
[INFO] [stdout]    1:     0x5abac84bfb51 - std[70759c8f55707aa4]::backtrace_rs::backtrace::trace_unsynchronized::<std[70759c8f55707aa4]::sys::backtrace::_print_fmt::{closure#1}>
[INFO] [stdout]                                at /rustc/dfb0accb7f508ae8be965d8629557221c889dd98/library/std/src/../../backtrace/src/backtrace/mod.rs:66:14
[INFO] [stdout]    2:     0x5abac84bfb51 - std[70759c8f55707aa4]::sys::backtrace::_print_fmt
[INFO] [stdout]                                at /rustc/dfb0accb7f508ae8be965d8629557221c889dd98/library/std/src/sys/backtrace.rs:74:9
[INFO] [stdout]    3:     0x5abac84bfb51 - <<std[70759c8f55707aa4]::sys::backtrace::BacktraceLock>::print::DisplayBacktrace as core[df12db4294e9bfd3]::fmt::Display>::fmt
[INFO] [stdout]                                at /rustc/dfb0accb7f508ae8be965d8629557221c889dd98/library/std/src/sys/backtrace.rs:44:26
[INFO] [stdout]    4:     0x5abac84d436a - <core[df12db4294e9bfd3]::fmt::rt::Argument>::fmt
[INFO] [stdout]                                at /rustc/dfb0accb7f508ae8be965d8629557221c889dd98/library/core/src/fmt/rt.rs:152:76
[INFO] [stdout]    5:     0x5abac84d436a - core[df12db4294e9bfd3]::fmt::write
[INFO] [stdout]    6:     0x5abac84c42dc - core[df12db4294e9bfd3]::io::write::default_write_fmt::<alloc[2182bb758b4b3781]::vec::Vec<u8>>
[INFO] [stdout]                                at /rustc/dfb0accb7f508ae8be965d8629557221c889dd98/library/core/src/io/write.rs:402:11
[INFO] [stdout]    7:     0x5abac84c42dc - <alloc[2182bb758b4b3781]::vec::Vec<u8> as core[df12db4294e9bfd3]::io::write::Write>::write_fmt
[INFO] [stdout]                                at /rustc/dfb0accb7f508ae8be965d8629557221c889dd98/library/core/src/io/write.rs:335:13
[INFO] [stdout]    8:     0x5abac849a316 - <std[70759c8f55707aa4]::sys::backtrace::BacktraceLock>::print
[INFO] [stdout]                                at /rustc/dfb0accb7f508ae8be965d8629557221c889dd98/library/std/src/sys/backtrace.rs:47:9
[INFO] [stdout]    9:     0x5abac849a316 - std[70759c8f55707aa4]::panicking::default_hook::{closure#0}
[INFO] [stdout]                                at /rustc/dfb0accb7f508ae8be965d8629557221c889dd98/library/std/src/panicking.rs:292:27
[INFO] [stdout]   10:     0x5abac84b7669 - std[70759c8f55707aa4]::panicking::default_hook
[INFO] [stdout]                                at /rustc/dfb0accb7f508ae8be965d8629557221c889dd98/library/std/src/panicking.rs:316:9
[INFO] [stdout]   11:     0x5abac83f1810 - <alloc[2182bb758b4b3781]::boxed::Box<dyn for<'a, 'b> core[df12db4294e9bfd3]::ops::function::Fn<(&'a std[70759c8f55707aa4]::panic::PanicHookInfo<'b>,), Output = ()> + core[df12db4294e9bfd3]::marker::Send + core[df12db4294e9bfd3]::marker::Sync> as core[df12db4294e9bfd3]::ops::function::Fn<(&std[70759c8f55707aa4]::panic::PanicHookInfo,)>>::call
[INFO] [stdout]                                at /rustc/dfb0accb7f508ae8be965d8629557221c889dd98/library/alloc/src/boxed.rs:2334:9
[INFO] [stdout]   12:     0x5abac83f1810 - test[9d35eded1c95d3be]::test_main_inner::<test[9d35eded1c95d3be]::test_main_static::{closure#0}>::{closure#0}
[INFO] [stdout]                                at /rustc/dfb0accb7f508ae8be965d8629557221c889dd98/library/test/src/lib.rs:155:21
[INFO] [stdout]   13:     0x5abac84b7822 - <alloc[2182bb758b4b3781]::boxed::Box<dyn for<'a, 'b> core[df12db4294e9bfd3]::ops::function::Fn<(&'a std[70759c8f55707aa4]::panic::PanicHookInfo<'b>,), Output = ()> + core[df12db4294e9bfd3]::marker::Send + core[df12db4294e9bfd3]::marker::Sync> as core[df12db4294e9bfd3]::ops::function::Fn<(&std[70759c8f55707aa4]::panic::PanicHookInfo,)>>::call
[INFO] [stdout]                                at /rustc/dfb0accb7f508ae8be965d8629557221c889dd98/library/alloc/src/boxed.rs:2334:9
[INFO] [stdout]   14:     0x5abac84b7822 - std[70759c8f55707aa4]::panicking::panic_with_hook
[INFO] [stdout]                                at /rustc/dfb0accb7f508ae8be965d8629557221c889dd98/library/std/src/panicking.rs:823:13
[INFO] [stdout]   15:     0x5abac849a3c2 - std[70759c8f55707aa4]::panicking::panic_handler::{closure#0}
[INFO] [stdout]                                at /rustc/dfb0accb7f508ae8be965d8629557221c889dd98/library/std/src/panicking.rs:688:13
[INFO] [stdout]   16:     0x5abac8492df9 - std[70759c8f55707aa4]::sys::backtrace::__rust_end_short_backtrace::<std[70759c8f55707aa4]::panicking::panic_handler::{closure#0}, !>
[INFO] [stdout]                                at /rustc/dfb0accb7f508ae8be965d8629557221c889dd98/library/std/src/sys/backtrace.rs:182:18
[INFO] [stdout]   17:     0x5abac849afbd - __rustc[8fa7c3cbc660c2b3]::rust_begin_unwind
[INFO] [stdout]                                at /rustc/dfb0accb7f508ae8be965d8629557221c889dd98/library/std/src/panicking.rs:679:5
[INFO] [stdout]   18:     0x5abac84d4b4c - core[df12db4294e9bfd3]::panicking::panic_fmt
[INFO] [stdout]                                at /rustc/dfb0accb7f508ae8be965d8629557221c889dd98/library/core/src/panicking.rs:80:14
[INFO] [stdout]   19:     0x5abac83de9d1 - parse_tests[b5b92f47fbdeb679]::javac_accepts_all_java_fixtures::{closure#0}
[INFO] [stdout]                                at /opt/rustwide/workdir/tests/parse_tests.rs:68:29
[INFO] [stdout]   20:     0x5abac83d82c1 - <core[df12db4294e9bfd3]::result::Result<(), core[df12db4294e9bfd3]::io::error::Error>>::unwrap_or_else::<parse_tests[b5b92f47fbdeb679]::javac_accepts_all_java_fixtures::{closure#0}>
[INFO] [stdout]                                at /rustc/dfb0accb7f508ae8be965d8629557221c889dd98/library/core/src/result.rs:1621:23
[INFO] [stdout]   21:     0x5abac83df698 - parse_tests[b5b92f47fbdeb679]::javac_accepts_all_java_fixtures
[INFO] [stdout]                                at /opt/rustwide/workdir/tests/parse_tests.rs:68:10
[INFO] [stdout]   22:     0x5abac83de737 - parse_tests[b5b92f47fbdeb679]::javac_accepts_all_java_fixtures::{closure#0}
[INFO] [stdout]                                at /opt/rustwide/workdir/tests/parse_tests.rs:65:37
[INFO] [stdout]   23:     0x5abac83e49c6 - <parse_tests[b5b92f47fbdeb679]::javac_accepts_all_java_fixtures::{closure#0} as core[df12db4294e9bfd3]::ops::function::FnOnce<()>>::call_once
[INFO] [stdout]                                at /rustc/dfb0accb7f508ae8be965d8629557221c889dd98/library/core/src/ops/function.rs:250:5
[INFO] [stdout]   24:     0x5abac83e4afb - <fn() -> core[df12db4294e9bfd3]::result::Result<(), alloc[2182bb758b4b3781]::string::String> as core[df12db4294e9bfd3]::ops::function::FnOnce<()>>::call_once
[INFO] [stdout]                                at /rustc/dfb0accb7f508ae8be965d8629557221c889dd98/library/core/src/ops/function.rs:250:5
[INFO] [stdout]   25:     0x5abac83e4afb - test[9d35eded1c95d3be]::__rust_begin_short_backtrace::<core[df12db4294e9bfd3]::result::Result<(), alloc[2182bb758b4b3781]::string::String>, fn() -> core[df12db4294e9bfd3]::result::Result<(), alloc[2182bb758b4b3781]::string::String>>
[INFO] [stdout]                                at /rustc/dfb0accb7f508ae8be965d8629557221c889dd98/library/test/src/lib.rs:733:18
[INFO] [stdout]   26:     0x5abac83f2165 - test[9d35eded1c95d3be]::run_test_in_process::{closure#0}
[INFO] [stdout]                                at /rustc/dfb0accb7f508ae8be965d8629557221c889dd98/library/test/src/lib.rs:756:74
[INFO] [stdout]   27:     0x5abac83f2165 - <core[df12db4294e9bfd3]::panic::unwind_safe::AssertUnwindSafe<test[9d35eded1c95d3be]::run_test_in_process::{closure#0}> as core[df12db4294e9bfd3]::ops::function::FnOnce<()>>::call_once
[INFO] [stdout]                                at /rustc/dfb0accb7f508ae8be965d8629557221c889dd98/library/core/src/panic/unwind_safe.rs:275:9
[INFO] [stdout]   28:     0x5abac83f2165 - std[70759c8f55707aa4]::panicking::catch_unwind::do_call::<core[df12db4294e9bfd3]::panic::unwind_safe::AssertUnwindSafe<test[9d35eded1c95d3be]::run_test_in_process::{closure#0}>, core[df12db4294e9bfd3]::result::Result<(), alloc[2182bb758b4b3781]::string::String>>
[INFO] [stdout]                                at /rustc/dfb0accb7f508ae8be965d8629557221c889dd98/library/std/src/panicking.rs:576:43
[INFO] [stdout]   29:     0x5abac83f2165 - std[70759c8f55707aa4]::panicking::catch_unwind::<core[df12db4294e9bfd3]::result::Result<(), alloc[2182bb758b4b3781]::string::String>, core[df12db4294e9bfd3]::panic::unwind_safe::AssertUnwindSafe<test[9d35eded1c95d3be]::run_test_in_process::{closure#0}>>
[INFO] [stdout]                                at /rustc/dfb0accb7f508ae8be965d8629557221c889dd98/library/std/src/panicking.rs:544:19
[INFO] [stdout]   30:     0x5abac83f2165 - std[70759c8f55707aa4]::panic::catch_unwind::<core[df12db4294e9bfd3]::panic::unwind_safe::AssertUnwindSafe<test[9d35eded1c95d3be]::run_test_in_process::{closure#0}>, core[df12db4294e9bfd3]::result::Result<(), alloc[2182bb758b4b3781]::string::String>>
[INFO] [stdout]                                at /rustc/dfb0accb7f508ae8be965d8629557221c889dd98/library/std/src/panic.rs:359:14
[INFO] [stdout]   31:     0x5abac83f2165 - test[9d35eded1c95d3be]::run_test_in_process
[INFO] [stdout]                                at /rustc/dfb0accb7f508ae8be965d8629557221c889dd98/library/test/src/lib.rs:756:27
[INFO] [stdout]   32:     0x5abac83f2165 - test[9d35eded1c95d3be]::run_test::{closure#0}
[INFO] [stdout]                                at /rustc/dfb0accb7f508ae8be965d8629557221c889dd98/library/test/src/lib.rs:677:43
[INFO] [stdout]   33:     0x5abac83eba24 - test[9d35eded1c95d3be]::run_test::{closure#1}
[INFO] [stdout]                                at /rustc/dfb0accb7f508ae8be965d8629557221c889dd98/library/test/src/lib.rs:707:41
[INFO] [stdout]   34:     0x5abac83eba24 - std[70759c8f55707aa4]::sys::backtrace::__rust_begin_short_backtrace::<test[9d35eded1c95d3be]::run_test::{closure#1}, ()>
[INFO] [stdout]                                at /rustc/dfb0accb7f508ae8be965d8629557221c889dd98/library/std/src/sys/backtrace.rs:166:18
[INFO] [stdout]   35:     0x5abac83f52c2 - std[70759c8f55707aa4]::thread::lifecycle::spawn_unchecked::<test[9d35eded1c95d3be]::run_test::{closure#1}, ()>::{closure#1}::{closure#0}
[INFO] [stdout]                                at /rustc/dfb0accb7f508ae8be965d8629557221c889dd98/library/std/src/thread/lifecycle.rs:70:13
[INFO] [stdout]   36:     0x5abac83f52c2 - <core[df12db4294e9bfd3]::panic::unwind_safe::AssertUnwindSafe<std[70759c8f55707aa4]::thread::lifecycle::spawn_unchecked<test[9d35eded1c95d3be]::run_test::{closure#1}, ()>::{closure#1}::{closure#0}> as core[df12db4294e9bfd3]::ops::function::FnOnce<()>>::call_once
[INFO] [stdout]                                at /rustc/dfb0accb7f508ae8be965d8629557221c889dd98/library/core/src/panic/unwind_safe.rs:275:9
[INFO] [stdout]   37:     0x5abac83f52c2 - std[70759c8f55707aa4]::panicking::catch_unwind::do_call::<core[df12db4294e9bfd3]::panic::unwind_safe::AssertUnwindSafe<std[70759c8f55707aa4]::thread::lifecycle::spawn_unchecked<test[9d35eded1c95d3be]::run_test::{closure#1}, ()>::{closure#1}::{closure#0}>, ()>
[INFO] [stdout]                                at /rustc/dfb0accb7f508ae8be965d8629557221c889dd98/library/std/src/panicking.rs:576:43
[INFO] [stdout]   38:     0x5abac83f52c2 - std[70759c8f55707aa4]::panicking::catch_unwind::<(), core[df12db4294e9bfd3]::panic::unwind_safe::AssertUnwindSafe<std[70759c8f55707aa4]::thread::lifecycle::spawn_unchecked<test[9d35eded1c95d3be]::run_test::{closure#1}, ()>::{closure#1}::{closure#0}>>
[INFO] [stdout]                                at /rustc/dfb0accb7f508ae8be965d8629557221c889dd98/library/std/src/panicking.rs:544:19
[INFO] [stdout]   39:     0x5abac83f52c2 - std[70759c8f55707aa4]::panic::catch_unwind::<core[df12db4294e9bfd3]::panic::unwind_safe::AssertUnwindSafe<std[70759c8f55707aa4]::thread::lifecycle::spawn_unchecked<test[9d35eded1c95d3be]::run_test::{closure#1}, ()>::{closure#1}::{closure#0}>, ()>
[INFO] [stdout]                                at /rustc/dfb0accb7f508ae8be965d8629557221c889dd98/library/std/src/panic.rs:359:14
[INFO] [stdout]   40:     0x5abac83f52c2 - std[70759c8f55707aa4]::thread::lifecycle::spawn_unchecked::<test[9d35eded1c95d3be]::run_test::{closure#1}, ()>::{closure#1}
[INFO] [stdout]                                at /rustc/dfb0accb7f508ae8be965d8629557221c889dd98/library/std/src/thread/lifecycle.rs:68:26
[INFO] [stdout]   41:     0x5abac83f52c2 - <std[70759c8f55707aa4]::thread::lifecycle::spawn_unchecked<test[9d35eded1c95d3be]::run_test::{closure#1}, ()>::{closure#1} as core[df12db4294e9bfd3]::ops::function::FnOnce<()>>::call_once::{shim:vtable#0}
[INFO] [stdout]                                at /rustc/dfb0accb7f508ae8be965d8629557221c889dd98/library/core/src/ops/function.rs:250:5
[INFO] [stdout]   42:     0x5abac84bf0b9 - <alloc[2182bb758b4b3781]::boxed::Box<dyn core[df12db4294e9bfd3]::ops::function::FnOnce<(), Output = ()> + core[df12db4294e9bfd3]::marker::Send> as core[df12db4294e9bfd3]::ops::function::FnOnce<()>>::call_once
[INFO] [stdout]                                at /rustc/dfb0accb7f508ae8be965d8629557221c889dd98/library/alloc/src/boxed.rs:2320:9
[INFO] [stdout]   43:     0x5abac84bf0b9 - <std[70759c8f55707aa4]::sys::thread::unix::Thread>::new::thread_start
[INFO] [stdout]                                at /rustc/dfb0accb7f508ae8be965d8629557221c889dd98/library/std/src/sys/thread/unix.rs:123:17
[INFO] [stdout]   44:     0x76c1e100fdfa - <unknown>
[INFO] [stdout]   45:     0x76c1e10a33d4 - clone
[INFO] [stdout]   46:                0x0 - <unknown>
[INFO] [stdout] 
[INFO] [stdout] 
[INFO] [stdout] failures:
[INFO] [stdout]     javac_accepts_all_java_fixtures
[INFO] [stdout] 
[INFO] [stdout] test result: FAILED. 2 passed; 1 failed; 0 ignored; 0 measured; 0 filtered out; finished in 0.09s
[INFO] [stdout] 
[INFO] [stderr] error: test failed, to rerun pass `--test parse_tests`
[INFO] running `Command { std: "docker" "inspect" "2b8febca2375acce056b4a63b1b4a0d88c85bbebdc5682f9aefbccfd55946afd", kill_on_drop: false }`
[INFO] running `Command { std: "docker" "rm" "-f" "2b8febca2375acce056b4a63b1b4a0d88c85bbebdc5682f9aefbccfd55946afd", kill_on_drop: false }`
[INFO] [stdout] 2b8febca2375acce056b4a63b1b4a0d88c85bbebdc5682f9aefbccfd55946afd
