[INFO] fetching crate rustpak 0.1.3...
[INFO] testing rustpak-0.1.3 against 1.100.0-beta.1 for beta-1.100-2
[INFO] extracting crate rustpak 0.1.3 into /workspace/builds/worker-4-tc2/source
[INFO] started tweaking crates.io crate rustpak 0.1.3
[INFO] removed 0 missing tests
[INFO] finished tweaking crates.io crate rustpak 0.1.3
[INFO] tweaked toml for crates.io crate rustpak 0.1.3 written to /workspace/builds/worker-4-tc2/source/Cargo.toml
[INFO] validating manifest of crates.io crate rustpak 0.1.3 on toolchain 1.100.0-beta.1
[INFO] running `Command { std: CARGO_HOME="/workspace/cargo-home" RUSTUP_HOME="/workspace/rustup-home" "/workspace/cargo-home/bin/cargo" "+1.100.0-beta.1" "metadata" "--manifest-path" "Cargo.toml" "--no-deps", kill_on_drop: false }`
[INFO] crate crates.io crate rustpak 0.1.3 already has a lockfile, it will not be regenerated
[INFO] running `Command { std: CARGO_HOME="/workspace/cargo-home" RUSTUP_HOME="/workspace/rustup-home" "/workspace/cargo-home/bin/cargo" "+1.100.0-beta.1" "fetch" "--manifest-path" "Cargo.toml", kill_on_drop: false }`
[INFO] running `Command { std: "docker" "create" "-v" "/var/lib/crater-agent-workspace/builds/worker-4-tc2/source:/opt/rustwide/workdir:ro,Z" "-v" "/var/lib/crater-agent-workspace/builds/worker-4-tc2/target:/opt/rustwide/target:rw,Z" "-v" "/var/lib/crater-agent-workspace/cargo-home:/opt/rustwide/cargo-home:ro,Z" "-v" "/var/lib/crater-agent-workspace/rustup-home:/opt/rustwide/rustup-home:ro,Z" "-m" "1610612736" "--network" "none" "ghcr.io/rust-lang/crates-build-env/linux@sha256:3111399a4047eeb3a02b7a90e478d715f38a8c6669b5c4b49d30a17385265909" "sleep" "infinity", kill_on_drop: false }`
[INFO] [stdout] e586d1dcb6075c1b3387bbd8bf0b857a8cf62e4a18a6e8b42ad3e73d4c3fd452
[INFO] running `Command { std: "docker" "start" "e586d1dcb6075c1b3387bbd8bf0b857a8cf62e4a18a6e8b42ad3e73d4c3fd452", kill_on_drop: false }`
[INFO] running `Command { std: "docker" "inspect" "e586d1dcb6075c1b3387bbd8bf0b857a8cf62e4a18a6e8b42ad3e73d4c3fd452", kill_on_drop: false }`
[INFO] running `Command { std: "docker" "exec" "-e" "SOURCE_DIR=/opt/rustwide/workdir" "-e" "CARGO_HOME=/opt/rustwide/cargo-home" "-e" "RUSTUP_HOME=/opt/rustwide/rustup-home" "-e" "CARGO_TARGET_DIR=/opt/rustwide/target" "-w" "/opt/rustwide/workdir" "--user" "0:0" "e586d1dcb6075c1b3387bbd8bf0b857a8cf62e4a18a6e8b42ad3e73d4c3fd452" "/opt/rustwide/cargo-home/bin/cargo" "+1.100.0-beta.1" "metadata" "--no-deps" "--format-version=1", kill_on_drop: false }`
[INFO] running `Command { std: "docker" "inspect" "e586d1dcb6075c1b3387bbd8bf0b857a8cf62e4a18a6e8b42ad3e73d4c3fd452", kill_on_drop: false }`
[INFO] running `Command { std: "docker" "exec" "-e" "SOURCE_DIR=/opt/rustwide/workdir" "-e" "CARGO_HOME=/opt/rustwide/cargo-home" "-e" "RUSTUP_HOME=/opt/rustwide/rustup-home" "-e" "CARGO_TARGET_DIR=/opt/rustwide/target" "-e" "CARGO_INCREMENTAL=0" "-e" "RUST_BACKTRACE=full" "-e" "RUSTFLAGS=--cap-lints=warn" "-e" "RUSTDOCFLAGS=--cap-lints=warn" "-w" "/opt/rustwide/workdir" "--user" "0:0" "e586d1dcb6075c1b3387bbd8bf0b857a8cf62e4a18a6e8b42ad3e73d4c3fd452" "/opt/rustwide/cargo-home/bin/cargo" "+1.100.0-beta.1" "build" "--frozen" "--message-format=json", kill_on_drop: false }`
[INFO] [stderr]    Compiling unicode-ident v1.0.22
[INFO] [stderr]    Compiling quote v1.0.44
[INFO] [stderr]    Compiling utf8parse v0.2.2
[INFO] [stderr]    Compiling anstyle v1.0.13
[INFO] [stderr]    Compiling anstyle-query v1.1.5
[INFO] [stderr]    Compiling colorchoice v1.0.4
[INFO] [stderr]    Compiling is_terminal_polyfill v1.70.2
[INFO] [stderr]    Compiling clap_lex v0.7.7
[INFO] [stderr]    Compiling anstyle-parse v0.2.7
[INFO] [stderr]    Compiling proc-macro2 v1.0.106
[INFO] [stderr]    Compiling anstream v0.6.21
[INFO] [stderr]    Compiling clap_builder v4.5.55
[INFO] [stderr]    Compiling syn v2.0.114
[INFO] [stderr]    Compiling clap_derive v4.5.55
[INFO] [stderr]    Compiling clap v4.5.55
[INFO] [stderr]    Compiling rustpak v0.1.3 (/opt/rustwide/workdir)
[INFO] [stderr]     Finished `dev` profile [unoptimized + debuginfo] target(s) in 7.70s
[INFO] running `Command { std: "docker" "inspect" "e586d1dcb6075c1b3387bbd8bf0b857a8cf62e4a18a6e8b42ad3e73d4c3fd452", kill_on_drop: false }`
[INFO] running `Command { std: "docker" "exec" "-e" "SOURCE_DIR=/opt/rustwide/workdir" "-e" "CARGO_HOME=/opt/rustwide/cargo-home" "-e" "RUSTUP_HOME=/opt/rustwide/rustup-home" "-e" "CARGO_TARGET_DIR=/opt/rustwide/target" "-e" "CARGO_INCREMENTAL=0" "-e" "RUST_BACKTRACE=full" "-e" "RUSTFLAGS=--cap-lints=warn" "-e" "RUSTDOCFLAGS=--cap-lints=warn" "-w" "/opt/rustwide/workdir" "--user" "0:0" "e586d1dcb6075c1b3387bbd8bf0b857a8cf62e4a18a6e8b42ad3e73d4c3fd452" "/opt/rustwide/cargo-home/bin/cargo" "+1.100.0-beta.1" "test" "--frozen" "--no-run" "--message-format=json", kill_on_drop: false }`
[INFO] [stderr]    Compiling rustpak v0.1.3 (/opt/rustwide/workdir)
[INFO] [stderr]     Finished `test` profile [unoptimized + debuginfo] target(s) in 0.73s
[INFO] running `Command { std: "docker" "inspect" "e586d1dcb6075c1b3387bbd8bf0b857a8cf62e4a18a6e8b42ad3e73d4c3fd452", kill_on_drop: false }`
[INFO] running `Command { std: "docker" "exec" "-e" "SOURCE_DIR=/opt/rustwide/workdir" "-e" "CARGO_HOME=/opt/rustwide/cargo-home" "-e" "RUSTUP_HOME=/opt/rustwide/rustup-home" "-e" "CARGO_TARGET_DIR=/opt/rustwide/target" "-e" "CARGO_INCREMENTAL=0" "-e" "RUST_BACKTRACE=full" "-e" "RUSTFLAGS=--cap-lints=warn" "-e" "RUSTDOCFLAGS=--cap-lints=warn" "-w" "/opt/rustwide/workdir" "--user" "0:0" "e586d1dcb6075c1b3387bbd8bf0b857a8cf62e4a18a6e8b42ad3e73d4c3fd452" "/opt/rustwide/cargo-home/bin/cargo" "+1.100.0-beta.1" "test" "--frozen", kill_on_drop: false }`
[INFO] [stderr]     Finished `test` profile [unoptimized + debuginfo] target(s) in 0.03s
[INFO] [stderr]      Running unittests src/lib.rs (/opt/rustwide/target/debug/build/rustpak/8e4966ff075a3099/out/rustpak-8e4966ff075a3099)
[INFO] [stdout] 
[INFO] [stdout] running 0 tests
[INFO] [stderr]      Running unittests src/main.rs (/opt/rustwide/target/debug/build/rustpak/99461abc059ea27b/out/rustpak-99461abc059ea27b)
[INFO] [stdout] 
[INFO] [stdout] test result: ok. 0 passed; 0 failed; 0 ignored; 0 measured; 0 filtered out; finished in 0.00s
[INFO] [stdout] 
[INFO] [stdout] 
[INFO] [stdout] running 0 tests
[INFO] [stdout] 
[INFO] [stdout] test result: ok. 0 passed; 0 failed; 0 ignored; 0 measured; 0 filtered out; finished in 0.00s
[INFO] [stdout] 
[INFO] [stderr]      Running tests/pak_test.rs (/opt/rustwide/target/debug/build/rustpak/91886c92a7525fdf/out/pak_test-91886c92a7525fdf)
[INFO] [stdout] 
[INFO] [stdout] running 10 tests
[INFO] [stdout] test tests::pak_multiple_files_save_and_verify ... FAILED
[INFO] [stdout] test tests::pak_save_and_load ... FAILED
[INFO] [stdout] test tests::pak_add_file_and_verify_structure ... ok
[INFO] [stdout] test tests::pak_save_and_verify_binary_format ... FAILED
[INFO] [stdout] test tests::pak_add_duplicate_file ... ok
[INFO] [stdout] test tests::pak_roundtrip_preserves_integrity ... FAILED
[INFO] [stdout] test tests::pak_delete_file_and_verify_structure ... ok
[INFO] [stdout] test tests::pak_header_structure ... FAILED
[INFO] [stdout] test tests::pak_from_file ... ok
[INFO] [stdout] test tests::pak_delete_file_nonexisting - should panic ... ok
[INFO] [stdout] 
[INFO] [stdout] failures:
[INFO] [stdout] 
[INFO] [stdout] ---- tests::pak_multiple_files_save_and_verify stdout ----
[INFO] [stdout] Error: Os { code: 30, kind: ReadOnlyFilesystem, message: "Read-only file system" }
[INFO] [stdout] 
[INFO] [stdout] ---- tests::pak_save_and_load stdout ----
[INFO] [stdout] Error: Os { code: 30, kind: ReadOnlyFilesystem, message: "Read-only file system" }
[INFO] [stdout] 
[INFO] [stdout] ---- tests::pak_save_and_verify_binary_format stdout ----
[INFO] [stdout] Error: Os { code: 30, kind: ReadOnlyFilesystem, message: "Read-only file system" }
[INFO] [stdout] 
[INFO] [stdout] ---- tests::pak_roundtrip_preserves_integrity stdout ----
[INFO] [stdout] Error: Os { code: 30, kind: ReadOnlyFilesystem, message: "Read-only file system" }
[INFO] [stdout] 
[INFO] [stdout] ---- tests::pak_header_structure stdout ----
[INFO] [stdout] Error: Os { code: 30, kind: ReadOnlyFilesystem, message: "Read-only file system" }
[INFO] [stdout] 
[INFO] [stdout] 
[INFO] [stdout] failures:
[INFO] [stdout]     tests::pak_header_structure
[INFO] [stdout]     tests::pak_multiple_files_save_and_verify
[INFO] [stdout]     tests::pak_roundtrip_preserves_integrity
[INFO] [stdout]     tests::pak_save_and_load
[INFO] [stdout]     tests::pak_save_and_verify_binary_format
[INFO] [stdout] 
[INFO] [stdout] test result: FAILED. 5 passed; 5 failed; 0 ignored; 0 measured; 0 filtered out; finished in 0.03s
[INFO] [stdout] 
[INFO] [stderr] error: test failed, to rerun pass `--test pak_test`
[INFO] running `Command { std: "docker" "inspect" "e586d1dcb6075c1b3387bbd8bf0b857a8cf62e4a18a6e8b42ad3e73d4c3fd452", kill_on_drop: false }`
[INFO] running `Command { std: "docker" "rm" "-f" "e586d1dcb6075c1b3387bbd8bf0b857a8cf62e4a18a6e8b42ad3e73d4c3fd452", kill_on_drop: false }`
[INFO] [stdout] e586d1dcb6075c1b3387bbd8bf0b857a8cf62e4a18a6e8b42ad3e73d4c3fd452
