[INFO] fetching crate rustmcp 0.1.0...
[INFO] testing rustmcp-0.1.0 against 1.99.0-beta.8 for beta-1.100-2
[INFO] extracting crate rustmcp 0.1.0 into /workspace/builds/worker-3-tc1/source
[INFO] started tweaking crates.io crate rustmcp 0.1.0
[INFO] removed 0 missing examples
[INFO] finished tweaking crates.io crate rustmcp 0.1.0
[INFO] tweaked toml for crates.io crate rustmcp 0.1.0 written to /workspace/builds/worker-3-tc1/source/Cargo.toml
[INFO] validating manifest of crates.io crate rustmcp 0.1.0 on toolchain 1.99.0-beta.8
[INFO] running `Command { std: CARGO_HOME="/workspace/cargo-home" RUSTUP_HOME="/workspace/rustup-home" "/workspace/cargo-home/bin/cargo" "+1.99.0-beta.8" "metadata" "--manifest-path" "Cargo.toml" "--no-deps", kill_on_drop: false }`
[INFO] crate crates.io crate rustmcp 0.1.0 already has a lockfile, it will not be regenerated
[INFO] running `Command { std: CARGO_HOME="/workspace/cargo-home" RUSTUP_HOME="/workspace/rustup-home" "/workspace/cargo-home/bin/cargo" "+1.99.0-beta.8" "fetch" "--manifest-path" "Cargo.toml", kill_on_drop: false }`
[INFO] [stderr]     Blocking waiting for file lock on package cache
[INFO] [stderr]     Blocking waiting for file lock on package cache
[INFO] [stderr]  Downloading crates ...
[INFO] [stderr]   Downloaded wit-bindgen v0.45.0
[INFO] [stderr]   Downloaded wasi v0.14.3+wasi-0.2.4
[INFO] [stderr]   Downloaded jiff-static v0.2.15
[INFO] [stderr]   Downloaded serde_path_to_error v0.1.17
[INFO] [stderr]   Downloaded hyper-util v0.1.16
[INFO] [stderr]   Downloaded hyper v1.7.0
[INFO] [stderr]   Downloaded jiff v0.2.15
[INFO] running `Command { std: "docker" "create" "-v" "/var/lib/crater-agent-workspace/builds/worker-3-tc1/source:/opt/rustwide/workdir:ro,Z" "-v" "/var/lib/crater-agent-workspace/builds/worker-3-tc1/target:/opt/rustwide/target:rw,Z" "-v" "/var/lib/crater-agent-workspace/cargo-home:/opt/rustwide/cargo-home:ro,Z" "-v" "/var/lib/crater-agent-workspace/rustup-home:/opt/rustwide/rustup-home:ro,Z" "-m" "1610612736" "--network" "none" "ghcr.io/rust-lang/crates-build-env/linux@sha256:3111399a4047eeb3a02b7a90e478d715f38a8c6669b5c4b49d30a17385265909" "sleep" "infinity", kill_on_drop: false }`
[INFO] [stdout] fc4823a35e1c450c125b9c8a101a9d06b256d76996852c37e65d9d5206bf601f
[INFO] running `Command { std: "docker" "start" "fc4823a35e1c450c125b9c8a101a9d06b256d76996852c37e65d9d5206bf601f", kill_on_drop: false }`
[INFO] running `Command { std: "docker" "inspect" "fc4823a35e1c450c125b9c8a101a9d06b256d76996852c37e65d9d5206bf601f", kill_on_drop: false }`
[INFO] running `Command { std: "docker" "exec" "-e" "SOURCE_DIR=/opt/rustwide/workdir" "-e" "CARGO_HOME=/opt/rustwide/cargo-home" "-e" "RUSTUP_HOME=/opt/rustwide/rustup-home" "-e" "CARGO_TARGET_DIR=/opt/rustwide/target" "-w" "/opt/rustwide/workdir" "--user" "0:0" "fc4823a35e1c450c125b9c8a101a9d06b256d76996852c37e65d9d5206bf601f" "/opt/rustwide/cargo-home/bin/cargo" "+1.99.0-beta.8" "metadata" "--no-deps" "--format-version=1", kill_on_drop: false }`
[INFO] running `Command { std: "docker" "inspect" "fc4823a35e1c450c125b9c8a101a9d06b256d76996852c37e65d9d5206bf601f", kill_on_drop: false }`
[INFO] running `Command { std: "docker" "exec" "-e" "SOURCE_DIR=/opt/rustwide/workdir" "-e" "CARGO_HOME=/opt/rustwide/cargo-home" "-e" "RUSTUP_HOME=/opt/rustwide/rustup-home" "-e" "CARGO_TARGET_DIR=/opt/rustwide/target" "-e" "CARGO_INCREMENTAL=0" "-e" "RUST_BACKTRACE=full" "-e" "RUSTFLAGS=--cap-lints=warn" "-e" "RUSTDOCFLAGS=--cap-lints=warn" "-w" "/opt/rustwide/workdir" "--user" "0:0" "fc4823a35e1c450c125b9c8a101a9d06b256d76996852c37e65d9d5206bf601f" "/opt/rustwide/cargo-home/bin/cargo" "+1.99.0-beta.8" "build" "--frozen" "--message-format=json", kill_on_drop: false }`
[INFO] [stderr]    Compiling proc-macro2 v1.0.101
[INFO] [stderr]    Compiling cfg-if v1.0.3
[INFO] [stderr]    Compiling log v0.4.28
[INFO] [stderr]    Compiling futures-sink v0.3.31
[INFO] [stderr]    Compiling http v1.3.1
[INFO] [stderr]    Compiling tracing-core v0.1.34
[INFO] [stderr]    Compiling serde v1.0.219
[INFO] [stderr]    Compiling generic-array v0.14.7
[INFO] [stderr]    Compiling regex-syntax v0.8.6
[INFO] [stderr]    Compiling serde_json v1.0.143
[INFO] [stderr]    Compiling data-encoding v2.9.0
[INFO] [stderr]    Compiling anstyle-parse v0.2.7
[INFO] [stderr]    Compiling colorchoice v1.0.4
[INFO] [stderr]    Compiling anstyle-query v1.1.4
[INFO] [stderr]    Compiling anstyle v1.0.11
[INFO] [stderr]    Compiling is_terminal_polyfill v1.70.1
[INFO] [stderr]    Compiling futures-channel v0.3.31
[INFO] [stderr]    Compiling parking_lot_core v0.9.11
[INFO] [stderr]    Compiling getrandom v0.2.16
[INFO] [stderr]    Compiling getrandom v0.3.3
[INFO] [stderr]    Compiling thread_local v1.1.9
[INFO] [stderr]    Compiling sharded-slab v0.1.7
[INFO] [stderr]    Compiling parking_lot v0.12.4
[INFO] [stderr]    Compiling jiff v0.2.15
[INFO] [stderr]    Compiling nu-ansi-term v0.50.1
[INFO] [stderr]    Compiling uuid v1.18.1
[INFO] [stderr]    Compiling rand_core v0.6.4
[INFO] [stderr]    Compiling tracing-log v0.2.0
[INFO] [stderr]    Compiling anstream v0.6.20
[INFO] [stderr]    Compiling rand_chacha v0.3.1
[INFO] [stderr]    Compiling block-buffer v0.10.4
[INFO] [stderr]    Compiling crypto-common v0.1.6
[INFO] [stderr]    Compiling http-body v1.0.1
[INFO] [stderr]    Compiling quote v1.0.40
[INFO] [stderr]    Compiling digest v0.10.7
[INFO] [stderr]    Compiling rand v0.8.5
[INFO] [stderr]    Compiling http-body-util v0.1.3
[INFO] [stderr]    Compiling syn v2.0.106
[INFO] [stderr]    Compiling sha1 v0.10.6
[INFO] [stderr]    Compiling tracing-subscriber v0.3.20
[INFO] [stderr]    Compiling regex-automata v0.4.10
[INFO] [stderr]    Compiling regex v1.11.2
[INFO] [stderr]    Compiling env_filter v0.1.3
[INFO] [stderr]    Compiling env_logger v0.11.8
[INFO] [stderr]    Compiling futures-macro v0.3.31
[INFO] [stderr]    Compiling tokio-macros v2.5.0
[INFO] [stderr]    Compiling tracing-attributes v0.1.30
[INFO] [stderr]    Compiling serde_derive v1.0.219
[INFO] [stderr]    Compiling thiserror-impl v1.0.69
[INFO] [stderr]    Compiling async-trait v0.1.89
[INFO] [stderr]    Compiling tokio v1.47.1
[INFO] [stderr]    Compiling futures-util v0.3.31
[INFO] [stderr]    Compiling tracing v0.1.41
[INFO] [stderr]    Compiling thiserror v1.0.69
[INFO] [stderr]    Compiling tungstenite v0.24.0
[INFO] [stderr]    Compiling tower v0.4.13
[INFO] [stderr]    Compiling axum-core v0.4.5
[INFO] [stderr]    Compiling futures-executor v0.3.31
[INFO] [stderr]    Compiling futures v0.3.31
[INFO] [stderr]    Compiling hyper v1.7.0
[INFO] [stderr]    Compiling tokio-tungstenite v0.24.0
[INFO] [stderr]    Compiling tower v0.5.2
[INFO] [stderr]    Compiling serde_urlencoded v0.7.1
[INFO] [stderr]    Compiling serde_path_to_error v0.1.17
[INFO] [stderr]    Compiling hyper-util v0.1.16
[INFO] [stderr]    Compiling axum v0.7.9
[INFO] [stderr]    Compiling rustmcp v0.1.0 (/opt/rustwide/workdir)
[INFO] [stderr]     Finished `dev` profile [unoptimized + debuginfo] target(s) in 26.64s
[INFO] running `Command { std: "docker" "inspect" "fc4823a35e1c450c125b9c8a101a9d06b256d76996852c37e65d9d5206bf601f", kill_on_drop: false }`
[INFO] running `Command { std: "docker" "exec" "-e" "SOURCE_DIR=/opt/rustwide/workdir" "-e" "CARGO_HOME=/opt/rustwide/cargo-home" "-e" "RUSTUP_HOME=/opt/rustwide/rustup-home" "-e" "CARGO_TARGET_DIR=/opt/rustwide/target" "-e" "CARGO_INCREMENTAL=0" "-e" "RUST_BACKTRACE=full" "-e" "RUSTFLAGS=--cap-lints=warn" "-e" "RUSTDOCFLAGS=--cap-lints=warn" "-w" "/opt/rustwide/workdir" "--user" "0:0" "fc4823a35e1c450c125b9c8a101a9d06b256d76996852c37e65d9d5206bf601f" "/opt/rustwide/cargo-home/bin/cargo" "+1.99.0-beta.8" "test" "--frozen" "--no-run" "--message-format=json", kill_on_drop: false }`
[INFO] [stderr]    Compiling rustmcp v0.1.0 (/opt/rustwide/workdir)
[INFO] [stderr]     Finished `test` profile [unoptimized + debuginfo] target(s) in 2.05s
[INFO] running `Command { std: "docker" "inspect" "fc4823a35e1c450c125b9c8a101a9d06b256d76996852c37e65d9d5206bf601f", kill_on_drop: false }`
[INFO] running `Command { std: "docker" "exec" "-e" "SOURCE_DIR=/opt/rustwide/workdir" "-e" "CARGO_HOME=/opt/rustwide/cargo-home" "-e" "RUSTUP_HOME=/opt/rustwide/rustup-home" "-e" "CARGO_TARGET_DIR=/opt/rustwide/target" "-e" "CARGO_INCREMENTAL=0" "-e" "RUST_BACKTRACE=full" "-e" "RUSTFLAGS=--cap-lints=warn" "-e" "RUSTDOCFLAGS=--cap-lints=warn" "-w" "/opt/rustwide/workdir" "--user" "0:0" "fc4823a35e1c450c125b9c8a101a9d06b256d76996852c37e65d9d5206bf601f" "/opt/rustwide/cargo-home/bin/cargo" "+1.99.0-beta.8" "test" "--frozen", kill_on_drop: false }`
[INFO] [stderr]     Finished `test` profile [unoptimized + debuginfo] target(s) in 0.07s
[INFO] [stderr]      Running unittests src/lib.rs (/opt/rustwide/target/debug/deps/rustmcp-26d81fbc0e3b9ce0)
[INFO] [stdout] 
[INFO] [stdout] running 0 tests
[INFO] [stdout] 
[INFO] [stdout] test result: ok. 0 passed; 0 failed; 0 ignored; 0 measured; 0 filtered out; finished in 0.00s
[INFO] [stdout] 
[INFO] [stderr]    Doc-tests rustmcp
[INFO] [stdout] 
[INFO] [stdout] running 3 tests
[INFO] [stdout] test src/server/mod.rs - server (line 12) ... FAILED
[INFO] [stdout] test src/lib.rs - (line 16) ... FAILED
[INFO] [stdout] test src/lib.rs - (line 59) ... FAILED
[INFO] [stdout] 
[INFO] [stdout] failures:
[INFO] [stdout] 
[INFO] [stdout] ---- src/server/mod.rs - server (line 12) stdout ----
[INFO] [stdout] error[E0308]: mismatched types
[INFO] [stdout]   --> src/server/mod.rs:31:10
[INFO] [stdout]    |
[INFO] [stdout] 31 |     Some(vec!["utility".to_string()]),
[INFO] [stdout]    |     ---- ^^^^^^^^^^^^^^^^^^^^^^^^^^^ expected `String`, found `Vec<String>`
[INFO] [stdout]    |     |
[INFO] [stdout]    |     arguments to this enum variant are incorrect
[INFO] [stdout]    |
[INFO] [stdout]    = note: expected struct `String`
[INFO] [stdout]               found struct `Vec<String>`
[INFO] [stdout] help: the type constructed contains `Vec<std::string::String>` due to the type of the argument passed
[INFO] [stdout]   --> src/server/mod.rs:31:5
[INFO] [stdout]    |
[INFO] [stdout] 31 |     Some(vec!["utility".to_string()]),
[INFO] [stdout]    |     ^^^^^---------------------------^
[INFO] [stdout]    |          |
[INFO] [stdout]    |          this argument influences the type of `Some`
[INFO] [stdout] note: tuple variant defined here
[INFO] [stdout]   --> /rustc/dfb0accb7f508ae8be965d8629557221c889dd98/library/core/src/option.rs:606:4
[INFO] [stdout] 
[INFO] [stdout] error[E0061]: this function takes 9 arguments but 7 arguments were supplied
[INFO] [stdout]    --> src/server/mod.rs:20:17
[INFO] [stdout]     |
[INFO] [stdout]  20 |   let echo_tool = FunctionTool::from_function(
[INFO] [stdout]     |  _________________^^^^^^^^^^^^^^^^^^^^^^^^^^^-
[INFO] [stdout]  21 | |     |_args: Option<std::collections::HashMap<String, serde_json::Value>>| -> Result<serde_json::Value, String> {
[INFO] [stdout]  22 | |         let message = _args
[INFO] [stdout]  23 | |             .as_ref()
[INFO] [stdout] ...   |
[INFO] [stdout]  43 | |     None,
[INFO] [stdout]  44 | | );
[INFO] [stdout]     | |_- two arguments of type `Option<Vec<std::string::String>>` and `Option<Value>` are missing
[INFO] [stdout]     |
[INFO] [stdout] note: associated function defined here
[INFO] [stdout]    --> src/server/tools.rs:118:12
[INFO] [stdout]     |
[INFO] [stdout] 118 |     pub fn from_function<F>(
[INFO] [stdout]     |            ^^^^^^^^^^^^^
[INFO] [stdout] help: provide the arguments
[INFO] [stdout]     |
[INFO] [stdout]  20 | let echo_tool = FunctionTool::from_function(
[INFO] [stdout] ...
[INFO] [stdout]  43 |     None,
[INFO] [stdout]  44 +     /* Option<Vec<String>> */,
[INFO] [stdout]  45 +     /* Option<Value> */,
[INFO] [stdout]     |
[INFO] [stdout] 
[INFO] [stdout] error: aborting due to 2 previous errors
[INFO] [stdout] 
[INFO] [stdout] Some errors have detailed explanations: E0061, E0308.
[INFO] [stdout] For more information about an error, try `rustc --explain E0061`.
[INFO] [stdout] Couldn't compile the test.
[INFO] [stdout] ---- src/lib.rs - (line 16) stdout ----
[INFO] [stdout] error[E0308]: mismatched types
[INFO] [stdout]   --> src/lib.rs:41:14
[INFO] [stdout]    |
[INFO] [stdout] 41 |         Some(vec!["greeting".to_string()]),
[INFO] [stdout]    |         ---- ^^^^^^^^^^^^^^^^^^^^^^^^^^^^ expected `String`, found `Vec<String>`
[INFO] [stdout]    |         |
[INFO] [stdout]    |         arguments to this enum variant are incorrect
[INFO] [stdout]    |
[INFO] [stdout]    = note: expected struct `String`
[INFO] [stdout]               found struct `Vec<String>`
[INFO] [stdout] help: the type constructed contains `Vec<std::string::String>` due to the type of the argument passed
[INFO] [stdout]   --> src/lib.rs:41:9
[INFO] [stdout]    |
[INFO] [stdout] 41 |         Some(vec!["greeting".to_string()]),
[INFO] [stdout]    |         ^^^^^----------------------------^
[INFO] [stdout]    |              |
[INFO] [stdout]    |              this argument influences the type of `Some`
[INFO] [stdout] note: tuple variant defined here
[INFO] [stdout]   --> /rustc/dfb0accb7f508ae8be965d8629557221c889dd98/library/core/src/option.rs:606:4
[INFO] [stdout] 
[INFO] [stdout] error[E0061]: this function takes 9 arguments but 6 arguments were supplied
[INFO] [stdout]    --> src/lib.rs:37:31
[INFO] [stdout]     |
[INFO] [stdout]  37 |       let greet_function_tool = FunctionTool::from_function(
[INFO] [stdout]     |  _______________________________^^^^^^^^^^^^^^^^^^^^^^^^^^^-
[INFO] [stdout]  38 | |         greet_tool,
[INFO] [stdout]  39 | |         Some("greet".to_string()),
[INFO] [stdout]  40 | |         Some("Greets a person by name".to_string()),
[INFO] [stdout] ...   |
[INFO] [stdout]  43 | |         None,
[INFO] [stdout]  44 | |     );
[INFO] [stdout]     | |_____- three arguments of type `Option<ToolAnnotations>`, `Option<Vec<std::string::String>>`, and `Option<Value>` are missing
[INFO] [stdout]     |
[INFO] [stdout] note: associated function defined here
[INFO] [stdout]    --> src/server/tools.rs:118:12
[INFO] [stdout]     |
[INFO] [stdout] 118 |     pub fn from_function<F>(
[INFO] [stdout]     |            ^^^^^^^^^^^^^
[INFO] [stdout] help: provide the arguments
[INFO] [stdout]     |
[INFO] [stdout]  37 |     let greet_function_tool = FunctionTool::from_function(
[INFO] [stdout] ...
[INFO] [stdout]  43 |         None,
[INFO] [stdout]  44 ~         /* Option<ToolAnnotations> */,
[INFO] [stdout]  45 +         /* Option<Vec<String>> */,
[INFO] [stdout]  46 +         /* Option<Value> */,
[INFO] [stdout]  47 ~     );
[INFO] [stdout]     |
[INFO] [stdout] 
[INFO] [stdout] error[E0308]: mismatched types
[INFO] [stdout]    --> src/lib.rs:52:33
[INFO] [stdout]     |
[INFO] [stdout]  52 |     match rustmcp.mcp_call_tool("greet".to_string(), Some(args)).await {
[INFO] [stdout]     |                   ------------- ^^^^^^^^^^^^^^^^^^^ expected `&str`, found `String`
[INFO] [stdout]     |                   |
[INFO] [stdout]     |                   arguments to this method are incorrect
[INFO] [stdout]     |
[INFO] [stdout] note: method defined here
[INFO] [stdout]    --> src/server/mod.rs:149:18
[INFO] [stdout]     |
[INFO] [stdout] 149 |     pub async fn mcp_call_tool(&self, name: &str, arguments: Option<HashMap<String, Value>>) -> Result<Value, String> {
[INFO] [stdout]     |                  ^^^^^^^^^^^^^
[INFO] [stdout] help: try removing the method call
[INFO] [stdout]     |
[INFO] [stdout]  52 -     match rustmcp.mcp_call_tool("greet".to_string(), Some(args)).await {
[INFO] [stdout]  52 +     match rustmcp.mcp_call_tool("greet", Some(args)).await {
[INFO] [stdout]     |
[INFO] [stdout] 
[INFO] [stdout] error: aborting due to 3 previous errors
[INFO] [stdout] 
[INFO] [stdout] Some errors have detailed explanations: E0061, E0308.
[INFO] [stdout] For more information about an error, try `rustc --explain E0061`.
[INFO] [stdout] Couldn't compile the test.
[INFO] [stdout] ---- src/lib.rs - (line 59) stdout ----
[INFO] [stdout] error[E0308]: mismatched types
[INFO] [stdout]   --> src/lib.rs:81:14
[INFO] [stdout]    |
[INFO] [stdout] 81 |         Some(vec!["utility".to_string()]),
[INFO] [stdout]    |         ---- ^^^^^^^^^^^^^^^^^^^^^^^^^^^ expected `String`, found `Vec<String>`
[INFO] [stdout]    |         |
[INFO] [stdout]    |         arguments to this enum variant are incorrect
[INFO] [stdout]    |
[INFO] [stdout]    = note: expected struct `String`
[INFO] [stdout]               found struct `Vec<String>`
[INFO] [stdout] help: the type constructed contains `Vec<std::string::String>` due to the type of the argument passed
[INFO] [stdout]   --> src/lib.rs:81:9
[INFO] [stdout]    |
[INFO] [stdout] 81 |         Some(vec!["utility".to_string()]),
[INFO] [stdout]    |         ^^^^^---------------------------^
[INFO] [stdout]    |              |
[INFO] [stdout]    |              this argument influences the type of `Some`
[INFO] [stdout] note: tuple variant defined here
[INFO] [stdout]   --> /rustc/dfb0accb7f508ae8be965d8629557221c889dd98/library/core/src/option.rs:606:4
[INFO] [stdout] 
[INFO] [stdout] error[E0061]: this function takes 9 arguments but 7 arguments were supplied
[INFO] [stdout]    --> src/lib.rs:70:21
[INFO] [stdout]     |
[INFO] [stdout]  70 |       let echo_tool = FunctionTool::from_function(
[INFO] [stdout]     |  _____________________^^^^^^^^^^^^^^^^^^^^^^^^^^^-
[INFO] [stdout]  71 | |         |_args: Option<HashMap<String, Value>>| -> Result<Value, String> {
[INFO] [stdout]  72 | |             let message = _args
[INFO] [stdout]  73 | |                 .as_ref()
[INFO] [stdout] ...   |
[INFO] [stdout]  93 | |         None,
[INFO] [stdout]  94 | |     );
[INFO] [stdout]     | |_____- two arguments of type `Option<Vec<std::string::String>>` and `Option<Value>` are missing
[INFO] [stdout]     |
[INFO] [stdout] note: associated function defined here
[INFO] [stdout]    --> src/server/tools.rs:118:12
[INFO] [stdout]     |
[INFO] [stdout] 118 |     pub fn from_function<F>(
[INFO] [stdout]     |            ^^^^^^^^^^^^^
[INFO] [stdout] help: provide the arguments
[INFO] [stdout]     |
[INFO] [stdout]  70 |     let echo_tool = FunctionTool::from_function(
[INFO] [stdout] ...
[INFO] [stdout]  93 |         None,
[INFO] [stdout]  94 ~         /* Option<Vec<String>> */,
[INFO] [stdout]  95 +         /* Option<Value> */,
[INFO] [stdout]  96 ~     );
[INFO] [stdout]     |
[INFO] [stdout] 
[INFO] [stdout] error: aborting due to 2 previous errors
[INFO] [stdout] 
[INFO] [stdout] Some errors have detailed explanations: E0061, E0308.
[INFO] [stdout] For more information about an error, try `rustc --explain E0061`.
[INFO] [stdout] Couldn't compile the test.
[INFO] [stdout] 
[INFO] [stdout] failures:
[INFO] [stdout]     src/lib.rs - (line 16)
[INFO] [stdout]     src/lib.rs - (line 59)
[INFO] [stdout]     src/server/mod.rs - server (line 12)
[INFO] [stdout] 
[INFO] [stdout] test result: FAILED. 0 passed; 3 failed; 0 ignored; 0 measured; 0 filtered out; finished in 0.10s
[INFO] [stdout] 
[INFO] [stderr] error: doctest failed, to rerun pass `--doc`
[INFO] running `Command { std: "docker" "inspect" "fc4823a35e1c450c125b9c8a101a9d06b256d76996852c37e65d9d5206bf601f", kill_on_drop: false }`
[INFO] running `Command { std: "docker" "rm" "-f" "fc4823a35e1c450c125b9c8a101a9d06b256d76996852c37e65d9d5206bf601f", kill_on_drop: false }`
[INFO] [stdout] fc4823a35e1c450c125b9c8a101a9d06b256d76996852c37e65d9d5206bf601f
