[INFO] fetching crate rustible-cli 0.5.0...
[INFO] testing rustible-cli-0.5.0 against 1.99.0-beta.8 for beta-1.100-2
[INFO] extracting crate rustible-cli 0.5.0 into /workspace/builds/worker-3-tc1/source
[INFO] started tweaking crates.io crate rustible-cli 0.5.0
[INFO] removed 0 missing tests
[INFO] finished tweaking crates.io crate rustible-cli 0.5.0
[INFO] tweaked toml for crates.io crate rustible-cli 0.5.0 written to /workspace/builds/worker-3-tc1/source/Cargo.toml
[INFO] validating manifest of crates.io crate rustible-cli 0.5.0 on toolchain 1.99.0-beta.8
[INFO] running `Command { std: CARGO_HOME="/workspace/cargo-home" RUSTUP_HOME="/workspace/rustup-home" "/workspace/cargo-home/bin/cargo" "+1.99.0-beta.8" "metadata" "--manifest-path" "Cargo.toml" "--no-deps", kill_on_drop: false }`
[INFO] crate crates.io crate rustible-cli 0.5.0 already has a lockfile, it will not be regenerated
[INFO] running `Command { std: CARGO_HOME="/workspace/cargo-home" RUSTUP_HOME="/workspace/rustup-home" "/workspace/cargo-home/bin/cargo" "+1.99.0-beta.8" "fetch" "--manifest-path" "Cargo.toml", kill_on_drop: false }`
[INFO] [stderr]     Updating crates.io index
[INFO] [stderr]  Downloading crates ...
[INFO] [stderr]   Downloaded shell-escape v0.1.5
[INFO] [stderr]   Downloaded rustible-build v0.5.0
[INFO] [stderr]   Downloaded openssh v0.11.6
[INFO] [stderr]   Downloaded libredox v0.1.24
[INFO] [stderr]   Downloaded rustible-sdk v0.5.0
[INFO] [stderr]   Downloaded toml v1.1.5+spec-1.1.0
[INFO] [stderr]   Downloaded scroll_derive v0.13.2
[INFO] [stderr]   Downloaded terminal_size v0.4.4
[INFO] [stderr]   Downloaded path-slash v0.2.1
[INFO] [stderr]   Downloaded ssh_format_error v0.1.0
[INFO] [stderr]   Downloaded openssh-mux-client-error v0.1.1
[INFO] [stderr]   Downloaded non-zero-byte-slice v0.1.0
[INFO] [stderr]   Downloaded tokio-io-utility v0.7.6
[INFO] [stderr]   Downloaded sendfd v0.4.4
[INFO] [stderr]   Downloaded rustflags v0.1.7
[INFO] [stderr]   Downloaded openssh-mux-client v0.17.9
[INFO] [stderr]   Downloaded typed-builder v0.23.2
[INFO] [stderr]   Downloaded scroll v0.13.0
[INFO] [stderr]   Downloaded fs-err v3.3.1
[INFO] [stderr]   Downloaded cargo-options v0.8.1
[INFO] [stderr]   Downloaded typed-builder-macro v0.23.2
[INFO] [stderr]   Downloaded which v8.0.6
[INFO] [stderr]   Downloaded camino v1.2.5
[INFO] [stderr]   Downloaded ssh_format v0.14.1
[INFO] [stderr]   Downloaded cargo-zigbuild v0.23.4
[INFO] [stderr]   Downloaded cargo-config2 v0.1.45
[INFO] [stderr]   Downloaded kdl v6.7.1
[INFO] [stderr]   Downloaded goblin v0.10.7
[INFO] [stderr]   Downloaded lzma-rust2 v0.20.1
[INFO] running `Command { std: "docker" "create" "-v" "/var/lib/crater-agent-workspace/builds/worker-3-tc1/source:/opt/rustwide/workdir:ro,Z" "-v" "/var/lib/crater-agent-workspace/builds/worker-3-tc1/target:/opt/rustwide/target:rw,Z" "-v" "/var/lib/crater-agent-workspace/cargo-home:/opt/rustwide/cargo-home:ro,Z" "-v" "/var/lib/crater-agent-workspace/rustup-home:/opt/rustwide/rustup-home:ro,Z" "-m" "1610612736" "--network" "none" "ghcr.io/rust-lang/crates-build-env/linux@sha256:3111399a4047eeb3a02b7a90e478d715f38a8c6669b5c4b49d30a17385265909" "sleep" "infinity", kill_on_drop: false }`
[INFO] [stdout] 2ddf3bda2b1a7dd2ac9da8fd953fb3d44726741e37dea20d6e45ecc47b1afe46
[INFO] running `Command { std: "docker" "start" "2ddf3bda2b1a7dd2ac9da8fd953fb3d44726741e37dea20d6e45ecc47b1afe46", kill_on_drop: false }`
[INFO] running `Command { std: "docker" "inspect" "2ddf3bda2b1a7dd2ac9da8fd953fb3d44726741e37dea20d6e45ecc47b1afe46", kill_on_drop: false }`
[INFO] running `Command { std: "docker" "exec" "-e" "SOURCE_DIR=/opt/rustwide/workdir" "-e" "CARGO_HOME=/opt/rustwide/cargo-home" "-e" "RUSTUP_HOME=/opt/rustwide/rustup-home" "-e" "CARGO_TARGET_DIR=/opt/rustwide/target" "-w" "/opt/rustwide/workdir" "--user" "0:0" "2ddf3bda2b1a7dd2ac9da8fd953fb3d44726741e37dea20d6e45ecc47b1afe46" "/opt/rustwide/cargo-home/bin/cargo" "+1.99.0-beta.8" "metadata" "--no-deps" "--format-version=1", kill_on_drop: false }`
[INFO] running `Command { std: "docker" "inspect" "2ddf3bda2b1a7dd2ac9da8fd953fb3d44726741e37dea20d6e45ecc47b1afe46", kill_on_drop: false }`
[INFO] running `Command { std: "docker" "exec" "-e" "SOURCE_DIR=/opt/rustwide/workdir" "-e" "CARGO_HOME=/opt/rustwide/cargo-home" "-e" "RUSTUP_HOME=/opt/rustwide/rustup-home" "-e" "CARGO_TARGET_DIR=/opt/rustwide/target" "-e" "CARGO_INCREMENTAL=0" "-e" "RUST_BACKTRACE=full" "-e" "RUSTFLAGS=--cap-lints=warn" "-e" "RUSTDOCFLAGS=--cap-lints=warn" "-w" "/opt/rustwide/workdir" "--user" "0:0" "2ddf3bda2b1a7dd2ac9da8fd953fb3d44726741e37dea20d6e45ecc47b1afe46" "/opt/rustwide/cargo-home/bin/cargo" "+1.99.0-beta.8" "build" "--frozen" "--message-format=json", kill_on_drop: false }`
[INFO] [stderr]    Compiling unicode-ident v1.0.24
[INFO] [stderr]    Compiling rustix v1.1.4
[INFO] [stderr]    Compiling linux-raw-sys v0.12.1
[INFO] [stderr]    Compiling smallvec v1.16.0
[INFO] [stderr]    Compiling errno v0.3.14
[INFO] [stderr]    Compiling utf8parse v0.2.2
[INFO] [stderr]    Compiling serde_json v1.0.151
[INFO] [stderr]    Compiling mio v1.2.3
[INFO] [stderr]    Compiling anstyle-parse v1.0.0
[INFO] [stderr]    Compiling proc-macro2 v1.0.107
[INFO] [stderr]    Compiling signal-hook-registry v1.4.8
[INFO] [stderr]    Compiling hybrid-array v0.4.14
[INFO] [stderr]    Compiling getrandom v0.4.3
[INFO] [stderr]    Compiling parking_lot_core v0.9.12
[INFO] [stderr]    Compiling anstyle-query v1.1.5
[INFO] [stderr]    Compiling is_terminal_polyfill v1.70.2
[INFO] [stderr]    Compiling colorchoice v1.0.5
[INFO] [stderr]    Compiling anstyle v1.0.14
[INFO] [stderr]    Compiling quote v1.0.47
[INFO] [stderr]    Compiling parking_lot v0.12.5
[INFO] [stderr]    Compiling anstream v1.0.0
[INFO] [stderr]    Compiling syn v3.0.5
[INFO] [stderr]    Compiling syn v2.0.119
[INFO] [stderr]    Compiling ref-cast v1.0.27
[INFO] [stderr]    Compiling camino v1.2.5
[INFO] [stderr]    Compiling strsim v0.11.1
[INFO] [stderr]    Compiling winnow v1.0.4
[INFO] [stderr]    Compiling clap_lex v1.1.0
[INFO] [stderr]    Compiling block-buffer v0.12.1
[INFO] [stderr]    Compiling crypto-common v0.2.2
[INFO] [stderr]    Compiling toml_parser v1.1.3+spec-1.1.0
[INFO] [stderr]    Compiling toml_datetime v1.1.1+spec-1.1.0
[INFO] [stderr]    Compiling serde_spanned v1.1.1
[INFO] [stderr]    Compiling fs-err v3.3.1
[INFO] [stderr]    Compiling semver v1.0.28
[INFO] [stderr]    Compiling fastrand v2.5.0
[INFO] [stderr]    Compiling toml_writer v1.1.2+spec-1.1.0
[INFO] [stderr]    Compiling target-lexicon v0.13.5
[INFO] [stderr]    Compiling digest v0.11.3
[INFO] [stderr]    Compiling toml v1.1.5+spec-1.1.0
[INFO] [stderr]    Compiling dirs-sys v0.5.0
[INFO] [stderr]    Compiling crypto-common v0.1.7
[INFO] [stderr]    Compiling cargo-platform v0.3.3
[INFO] [stderr]    Compiling plain v0.2.3
[INFO] [stderr]    Compiling crc-catalog v2.5.0
[INFO] [stderr]    Compiling miette v7.6.0
[INFO] [stderr]    Compiling crc v3.4.0
[INFO] [stderr]    Compiling sha2 v0.11.0
[INFO] [stderr]    Compiling digest v0.10.7
[INFO] [stderr]    Compiling serde_derive_internals v0.30.0
[INFO] [stderr]    Compiling dirs v6.0.0
[INFO] [stderr]    Compiling rustc_version v0.4.1
[INFO] [stderr]    Compiling terminal_size v0.4.4
[INFO] [stderr]    Compiling clap_builder v4.6.6
[INFO] [stderr]    Compiling tempfile v3.27.0
[INFO] [stderr]    Compiling which v8.0.6
[INFO] [stderr]    Compiling filetime v0.2.29
[INFO] [stderr]    Compiling similar v2.7.0
[INFO] [stderr]    Compiling path-slash v0.2.1
[INFO] [stderr]    Compiling winnow v0.7.15
[INFO] [stderr]    Compiling shell-escape v0.1.5
[INFO] [stderr]    Compiling shell-words v1.1.1
[INFO] [stderr]    Compiling rustflags v0.1.7
[INFO] [stderr]    Compiling sha2 v0.10.9
[INFO] [stderr]    Compiling serde_derive v1.0.229
[INFO] [stderr]    Compiling thiserror-impl v2.0.20
[INFO] [stderr]    Compiling tokio-macros v2.7.2
[INFO] [stderr]    Compiling clap_derive v4.6.4
[INFO] [stderr]    Compiling tokio v1.53.1
[INFO] [stderr]    Compiling typed-builder-macro v0.23.2
[INFO] [stderr]    Compiling thiserror v2.0.20
[INFO] [stderr]    Compiling ref-cast-impl v1.0.27
[INFO] [stderr]    Compiling scroll_derive v0.13.2
[INFO] [stderr]    Compiling schemars_derive v1.2.2
[INFO] [stderr]    Compiling scroll v0.13.0
[INFO] [stderr]    Compiling clap v4.6.6
[INFO] [stderr]    Compiling cargo-options v0.8.1
[INFO] [stderr]    Compiling goblin v0.10.7
[INFO] [stderr]    Compiling typed-builder v0.23.2
[INFO] [stderr]    Compiling rustible-build v0.5.0
[INFO] [stderr]    Compiling serde v1.0.229
[INFO] [stderr]    Compiling tar v0.4.46
[INFO] [stderr]    Compiling lzma-rust2 v0.20.1
[INFO] [stderr]    Compiling ssh_format_error v0.1.0
[INFO] [stderr]    Compiling ssh_format v0.14.1
[INFO] [stderr]    Compiling openssh-mux-client-error v0.1.1
[INFO] [stderr]    Compiling non-zero-byte-slice v0.1.0
[INFO] [stderr]    Compiling schemars v1.2.2
[INFO] [stderr]    Compiling cargo_metadata v0.23.1
[INFO] [stderr]    Compiling cargo-config2 v0.1.45
[INFO] [stderr]    Compiling kdl v6.7.1
[INFO] [stderr]    Compiling rustible-sdk v0.5.0
[INFO] [stderr]    Compiling cargo-zigbuild v0.23.4
[INFO] [stderr]    Compiling sendfd v0.4.4
[INFO] [stderr]    Compiling tokio-io-utility v0.7.6
[INFO] [stderr]    Compiling openssh-mux-client v0.17.9
[INFO] [stderr]    Compiling openssh v0.11.6
[INFO] [stderr]    Compiling rustible-cli v0.5.0 (/opt/rustwide/workdir)
[INFO] [stderr]     Finished `dev` profile [unoptimized + debuginfo] target(s) in 1m 22s
[INFO] running `Command { std: "docker" "inspect" "2ddf3bda2b1a7dd2ac9da8fd953fb3d44726741e37dea20d6e45ecc47b1afe46", kill_on_drop: false }`
[INFO] running `Command { std: "docker" "exec" "-e" "SOURCE_DIR=/opt/rustwide/workdir" "-e" "CARGO_HOME=/opt/rustwide/cargo-home" "-e" "RUSTUP_HOME=/opt/rustwide/rustup-home" "-e" "CARGO_TARGET_DIR=/opt/rustwide/target" "-e" "CARGO_INCREMENTAL=0" "-e" "RUST_BACKTRACE=full" "-e" "RUSTFLAGS=--cap-lints=warn" "-e" "RUSTDOCFLAGS=--cap-lints=warn" "-w" "/opt/rustwide/workdir" "--user" "0:0" "2ddf3bda2b1a7dd2ac9da8fd953fb3d44726741e37dea20d6e45ecc47b1afe46" "/opt/rustwide/cargo-home/bin/cargo" "+1.99.0-beta.8" "test" "--frozen" "--no-run" "--message-format=json", kill_on_drop: false }`
[INFO] [stderr]    Compiling lzma-rust2 v0.20.1
[INFO] [stderr]    Compiling rustible-cli v0.5.0 (/opt/rustwide/workdir)
[INFO] [stderr]     Finished `test` profile [unoptimized + debuginfo] target(s) in 15.99s
[INFO] running `Command { std: "docker" "inspect" "2ddf3bda2b1a7dd2ac9da8fd953fb3d44726741e37dea20d6e45ecc47b1afe46", kill_on_drop: false }`
[INFO] running `Command { std: "docker" "exec" "-e" "SOURCE_DIR=/opt/rustwide/workdir" "-e" "CARGO_HOME=/opt/rustwide/cargo-home" "-e" "RUSTUP_HOME=/opt/rustwide/rustup-home" "-e" "CARGO_TARGET_DIR=/opt/rustwide/target" "-e" "CARGO_INCREMENTAL=0" "-e" "RUST_BACKTRACE=full" "-e" "RUSTFLAGS=--cap-lints=warn" "-e" "RUSTDOCFLAGS=--cap-lints=warn" "-w" "/opt/rustwide/workdir" "--user" "0:0" "2ddf3bda2b1a7dd2ac9da8fd953fb3d44726741e37dea20d6e45ecc47b1afe46" "/opt/rustwide/cargo-home/bin/cargo" "+1.99.0-beta.8" "test" "--frozen", kill_on_drop: false }`
[INFO] [stderr]     Finished `test` profile [unoptimized + debuginfo] target(s) in 0.20s
[INFO] [stderr]      Running unittests src/lib.rs (/opt/rustwide/target/debug/deps/rustible_cli-115b8641937b59a3)
[INFO] [stdout] 
[INFO] [stdout] running 32 tests
[INFO] [stdout] test inventory::tests::an_unusable_escalate_user_is_a_load_error ... ok
[INFO] [stdout] test inventory::tests::an_account_name_that_is_only_a_flag_is_refused ... ok
[INFO] [stdout] test inventory::tests::both_vars_forms_and_scalars ... ok
[INFO] [stdout] test inventory::tests::load_reports_unreadable_file ... ok
[INFO] [stdout] test inventory::tests::error_unknown_parameter_with_did_you_mean ... ok
[INFO] [stdout] test inventory::tests::errors_are_collected_not_first_only ... ok
[INFO] [stdout] test inventory::tests::no_conflict_when_only_one_sibling_sets_the_key ... ok
[INFO] [stdout] test inventory::tests::positions_count_characters_not_bytes ... ok
[INFO] [stdout] test inventory::tests::an_unusable_ssh_user_is_a_load_error ... ok
[INFO] [stdout] test inventory::tests::a_comment_after_a_child_block_does_not_eat_the_next_node ... ok
[INFO] [stdout] test inventory::tests::parameter_precedence_host_group_defaults_builtin ... ok
[INFO] [stdout] test inventory::tests::group_distance_is_shortest_path ... ok
[INFO] [stdout] test inventory::tests::error_structure ... ok
[INFO] [stdout] test inventory::tests::sibling_conflict_on_a_parameter ... ok
[INFO] [stdout] test inventory::tests::sibling_conflict_is_a_load_error_naming_both_groups_and_host ... ok
[INFO] [stdout] test inventory::tests::sibling_conflict_resolved_by_host_override ... ok
[INFO] [stdout] test inventory::tests::ssh_args_child_node_and_property ... ok
[INFO] [stdout] test inventory::tests::sibling_conflict_resolved_by_nearer_group ... ok
[INFO] [stdout] test inventory::tests::vars_validation_kinds ... ok
[INFO] [stdout] test inventory::tests::names_that_user_present_can_create_are_all_accepted ... ok
[INFO] [stdout] test inventory::tests::var_precedence_all_outer_inner_host ... ok
[INFO] [stdout] test inventory::tests::vars_report_single_host_and_multiple_errors ... ok
[INFO] [stdout] test inventory::tests::vars_validation_lists_and_enums ... ok
[INFO] [stdout] test inventory::tests::vars_validation_report_matches_vision ... ok
[INFO] [stdout] test inventory::tests::review_fixes_lists_floats_bigints_groups_and_conflicts ... ok
[INFO] [stdout] test inventory::tests::select_group_host_or_error ... ok
[INFO] [stdout] test inventory::tests::vision_other_hosts ... ok
[INFO] [stdout] test inventory::tests::vision_web2_resolves_with_sources ... ok
[INFO] [stdout] test inventory::tests::vision_example_loads ... ok
[INFO] [stdout] test inventory::tests::vision_show_layout ... ok
[INFO] [stdout] test inventory::tests::slash_dash_disables_a_host_with_its_children ... ok
[INFO] [stderr] error: test failed, to rerun pass `--lib`
[INFO] [stdout] test inventory::tests::example_workspace_inventory_loads ... FAILED
[INFO] [stdout] 
[INFO] [stdout] failures:
[INFO] [stdout] 
[INFO] [stdout] ---- inventory::tests::example_workspace_inventory_loads stdout ----
[INFO] [stdout] 
[INFO] [stdout] thread 'inventory::tests::example_workspace_inventory_loads' (1645) panicked at src/inventory/tests.rs:815:6:
[INFO] [stdout] called `Result::unwrap()` on an `Err` value: LoadErrors([LoadError { file: "/opt/rustwide/workdir/../../examples/workspace/hosts.kdl", line: 1, column: 1, message: "cannot read: No such file or directory (os error 2)" }])
[INFO] [stdout] stack backtrace:
[INFO] [stdout]    0:     0x55f13b05d081 - std[70759c8f55707aa4]::backtrace_rs::backtrace::libunwind::trace
[INFO] [stdout]                                at /rustc/dfb0accb7f508ae8be965d8629557221c889dd98/library/std/src/../../backtrace/src/backtrace/libunwind.rs:117:9
[INFO] [stdout]    1:     0x55f13b05d081 - std[70759c8f55707aa4]::backtrace_rs::backtrace::trace_unsynchronized::<std[70759c8f55707aa4]::sys::backtrace::_print_fmt::{closure#1}>
[INFO] [stdout]                                at /rustc/dfb0accb7f508ae8be965d8629557221c889dd98/library/std/src/../../backtrace/src/backtrace/mod.rs:66:14
[INFO] [stdout]    2:     0x55f13b05d081 - std[70759c8f55707aa4]::sys::backtrace::_print_fmt
[INFO] [stdout]                                at /rustc/dfb0accb7f508ae8be965d8629557221c889dd98/library/std/src/sys/backtrace.rs:74:9
[INFO] [stdout]    3:     0x55f13b05d081 - <<std[70759c8f55707aa4]::sys::backtrace::BacktraceLock>::print::DisplayBacktrace as core[df12db4294e9bfd3]::fmt::Display>::fmt
[INFO] [stdout]                                at /rustc/dfb0accb7f508ae8be965d8629557221c889dd98/library/std/src/sys/backtrace.rs:44:26
[INFO] [stdout]    4:     0x55f13b072daa - <core[df12db4294e9bfd3]::fmt::rt::Argument>::fmt
[INFO] [stdout]                                at /rustc/dfb0accb7f508ae8be965d8629557221c889dd98/library/core/src/fmt/rt.rs:152:76
[INFO] [stdout]    5:     0x55f13b072daa - core[df12db4294e9bfd3]::fmt::write
[INFO] [stdout]    6:     0x55f13b06153c - core[df12db4294e9bfd3]::io::write::default_write_fmt::<alloc[2182bb758b4b3781]::vec::Vec<u8>>
[INFO] [stdout]                                at /rustc/dfb0accb7f508ae8be965d8629557221c889dd98/library/core/src/io/write.rs:402:11
[INFO] [stdout]    7:     0x55f13b06153c - <alloc[2182bb758b4b3781]::vec::Vec<u8> as core[df12db4294e9bfd3]::io::write::Write>::write_fmt
[INFO] [stdout]                                at /rustc/dfb0accb7f508ae8be965d8629557221c889dd98/library/core/src/io/write.rs:335:13
[INFO] [stdout]    8:     0x55f13b039256 - <std[70759c8f55707aa4]::sys::backtrace::BacktraceLock>::print
[INFO] [stdout]                                at /rustc/dfb0accb7f508ae8be965d8629557221c889dd98/library/std/src/sys/backtrace.rs:47:9
[INFO] [stdout]    9:     0x55f13b039256 - std[70759c8f55707aa4]::panicking::default_hook::{closure#0}
[INFO] [stdout]                                at /rustc/dfb0accb7f508ae8be965d8629557221c889dd98/library/std/src/panicking.rs:292:27
[INFO] [stdout]   10:     0x55f13b0553c9 - std[70759c8f55707aa4]::panicking::default_hook
[INFO] [stdout]                                at /rustc/dfb0accb7f508ae8be965d8629557221c889dd98/library/std/src/panicking.rs:316:9
[INFO] [stdout]   11:     0x55f13aebc0e0 - <alloc[2182bb758b4b3781]::boxed::Box<dyn for<'a, 'b> core[df12db4294e9bfd3]::ops::function::Fn<(&'a std[70759c8f55707aa4]::panic::PanicHookInfo<'b>,), Output = ()> + core[df12db4294e9bfd3]::marker::Send + core[df12db4294e9bfd3]::marker::Sync> as core[df12db4294e9bfd3]::ops::function::Fn<(&std[70759c8f55707aa4]::panic::PanicHookInfo,)>>::call
[INFO] [stdout]                                at /rustc/dfb0accb7f508ae8be965d8629557221c889dd98/library/alloc/src/boxed.rs:2334:9
[INFO] [stdout]   12:     0x55f13aebc0e0 - test[9d35eded1c95d3be]::test_main_inner::<test[9d35eded1c95d3be]::test_main_static::{closure#0}>::{closure#0}
[INFO] [stdout]                                at /rustc/dfb0accb7f508ae8be965d8629557221c889dd98/library/test/src/lib.rs:155:21
[INFO] [stdout]   13:     0x55f13b055582 - <alloc[2182bb758b4b3781]::boxed::Box<dyn for<'a, 'b> core[df12db4294e9bfd3]::ops::function::Fn<(&'a std[70759c8f55707aa4]::panic::PanicHookInfo<'b>,), Output = ()> + core[df12db4294e9bfd3]::marker::Send + core[df12db4294e9bfd3]::marker::Sync> as core[df12db4294e9bfd3]::ops::function::Fn<(&std[70759c8f55707aa4]::panic::PanicHookInfo,)>>::call
[INFO] [stdout]                                at /rustc/dfb0accb7f508ae8be965d8629557221c889dd98/library/alloc/src/boxed.rs:2334:9
[INFO] [stdout]   14:     0x55f13b055582 - std[70759c8f55707aa4]::panicking::panic_with_hook
[INFO] [stdout]                                at /rustc/dfb0accb7f508ae8be965d8629557221c889dd98/library/std/src/panicking.rs:823:13
[INFO] [stdout]   15:     0x55f13b039302 - std[70759c8f55707aa4]::panicking::panic_handler::{closure#0}
[INFO] [stdout]                                at /rustc/dfb0accb7f508ae8be965d8629557221c889dd98/library/std/src/panicking.rs:688:13
[INFO] [stdout]   16:     0x55f13b031ef9 - std[70759c8f55707aa4]::sys::backtrace::__rust_end_short_backtrace::<std[70759c8f55707aa4]::panicking::panic_handler::{closure#0}, !>
[INFO] [stdout]                                at /rustc/dfb0accb7f508ae8be965d8629557221c889dd98/library/std/src/sys/backtrace.rs:182:18
[INFO] [stdout]   17:     0x55f13b039efd - __rustc[8fa7c3cbc660c2b3]::rust_begin_unwind
[INFO] [stdout]                                at /rustc/dfb0accb7f508ae8be965d8629557221c889dd98/library/std/src/panicking.rs:679:5
[INFO] [stdout]   18:     0x55f13b07359c - core[df12db4294e9bfd3]::panicking::panic_fmt
[INFO] [stdout]                                at /rustc/dfb0accb7f508ae8be965d8629557221c889dd98/library/core/src/panicking.rs:80:14
[INFO] [stdout]   19:     0x55f13b0732f2 - core[df12db4294e9bfd3]::result::unwrap_failed
[INFO] [stdout]                                at /rustc/dfb0accb7f508ae8be965d8629557221c889dd98/library/core/src/result.rs:1871:5
[INFO] [stdout]   20:     0x55f13ae47d4b - <core[df12db4294e9bfd3]::result::Result<rustible_cli[8cba40fc650a8393]::inventory::model::Inventory, rustible_cli[8cba40fc650a8393]::inventory::error::LoadErrors>>::unwrap
[INFO] [stdout]                                at /rustc/dfb0accb7f508ae8be965d8629557221c889dd98/library/core/src/result.rs:1232:23
[INFO] [stdout]   21:     0x55f13ae47d4b - rustible_cli[8cba40fc650a8393]::inventory::tests::example_workspace_inventory_loads
[INFO] [stdout]                                at /opt/rustwide/workdir/src/inventory/tests.rs:815:6
[INFO] [stdout]   22:     0x55f13ae3ce97 - rustible_cli[8cba40fc650a8393]::inventory::tests::example_workspace_inventory_loads::{closure#0}
[INFO] [stdout]                                at /opt/rustwide/workdir/src/inventory/tests.rs:810:39
[INFO] [stdout]   23:     0x55f13ae922c6 - <rustible_cli[8cba40fc650a8393]::inventory::tests::example_workspace_inventory_loads::{closure#0} as core[df12db4294e9bfd3]::ops::function::FnOnce<()>>::call_once
[INFO] [stdout]                                at /rustc/dfb0accb7f508ae8be965d8629557221c889dd98/library/core/src/ops/function.rs:250:5
[INFO] [stdout]   24:     0x55f13aeaf3cb - <fn() -> core[df12db4294e9bfd3]::result::Result<(), alloc[2182bb758b4b3781]::string::String> as core[df12db4294e9bfd3]::ops::function::FnOnce<()>>::call_once
[INFO] [stdout]                                at /rustc/dfb0accb7f508ae8be965d8629557221c889dd98/library/core/src/ops/function.rs:250:5
[INFO] [stdout]   25:     0x55f13aeaf3cb - test[9d35eded1c95d3be]::__rust_begin_short_backtrace::<core[df12db4294e9bfd3]::result::Result<(), alloc[2182bb758b4b3781]::string::String>, fn() -> core[df12db4294e9bfd3]::result::Result<(), alloc[2182bb758b4b3781]::string::String>>
[INFO] [stdout]                                at /rustc/dfb0accb7f508ae8be965d8629557221c889dd98/library/test/src/lib.rs:733:18
[INFO] [stdout]   26:     0x55f13aebca35 - test[9d35eded1c95d3be]::run_test_in_process::{closure#0}
[INFO] [stdout]                                at /rustc/dfb0accb7f508ae8be965d8629557221c889dd98/library/test/src/lib.rs:756:74
[INFO] [stdout]   27:     0x55f13aebca35 - <core[df12db4294e9bfd3]::panic::unwind_safe::AssertUnwindSafe<test[9d35eded1c95d3be]::run_test_in_process::{closure#0}> as core[df12db4294e9bfd3]::ops::function::FnOnce<()>>::call_once
[INFO] [stdout]                                at /rustc/dfb0accb7f508ae8be965d8629557221c889dd98/library/core/src/panic/unwind_safe.rs:275:9
[INFO] [stdout]   28:     0x55f13aebca35 - std[70759c8f55707aa4]::panicking::catch_unwind::do_call::<core[df12db4294e9bfd3]::panic::unwind_safe::AssertUnwindSafe<test[9d35eded1c95d3be]::run_test_in_process::{closure#0}>, core[df12db4294e9bfd3]::result::Result<(), alloc[2182bb758b4b3781]::string::String>>
[INFO] [stdout]                                at /rustc/dfb0accb7f508ae8be965d8629557221c889dd98/library/std/src/panicking.rs:576:43
[INFO] [stdout]   29:     0x55f13aebca35 - std[70759c8f55707aa4]::panicking::catch_unwind::<core[df12db4294e9bfd3]::result::Result<(), alloc[2182bb758b4b3781]::string::String>, core[df12db4294e9bfd3]::panic::unwind_safe::AssertUnwindSafe<test[9d35eded1c95d3be]::run_test_in_process::{closure#0}>>
[INFO] [stdout]                                at /rustc/dfb0accb7f508ae8be965d8629557221c889dd98/library/std/src/panicking.rs:544:19
[INFO] [stdout]   30:     0x55f13aebca35 - std[70759c8f55707aa4]::panic::catch_unwind::<core[df12db4294e9bfd3]::panic::unwind_safe::AssertUnwindSafe<test[9d35eded1c95d3be]::run_test_in_process::{closure#0}>, core[df12db4294e9bfd3]::result::Result<(), alloc[2182bb758b4b3781]::string::String>>
[INFO] [stdout]                                at /rustc/dfb0accb7f508ae8be965d8629557221c889dd98/library/std/src/panic.rs:359:14
[INFO] [stdout]   31:     0x55f13aebca35 - test[9d35eded1c95d3be]::run_test_in_process
[INFO] [stdout]                                at /rustc/dfb0accb7f508ae8be965d8629557221c889dd98/library/test/src/lib.rs:756:27
[INFO] [stdout]   32:     0x55f13aebca35 - test[9d35eded1c95d3be]::run_test::{closure#0}
[INFO] [stdout]                                at /rustc/dfb0accb7f508ae8be965d8629557221c889dd98/library/test/src/lib.rs:677:43
[INFO] [stdout]   33:     0x55f13aeb62f4 - test[9d35eded1c95d3be]::run_test::{closure#1}
[INFO] [stdout]                                at /rustc/dfb0accb7f508ae8be965d8629557221c889dd98/library/test/src/lib.rs:707:41
[INFO] [stdout]   34:     0x55f13aeb62f4 - std[70759c8f55707aa4]::sys::backtrace::__rust_begin_short_backtrace::<test[9d35eded1c95d3be]::run_test::{closure#1}, ()>
[INFO] [stdout]                                at /rustc/dfb0accb7f508ae8be965d8629557221c889dd98/library/std/src/sys/backtrace.rs:166:18
[INFO] [stdout]   35:     0x55f13aebfb92 - std[70759c8f55707aa4]::thread::lifecycle::spawn_unchecked::<test[9d35eded1c95d3be]::run_test::{closure#1}, ()>::{closure#1}::{closure#0}
[INFO] [stdout]                                at /rustc/dfb0accb7f508ae8be965d8629557221c889dd98/library/std/src/thread/lifecycle.rs:70:13
[INFO] [stdout]   36:     0x55f13aebfb92 - <core[df12db4294e9bfd3]::panic::unwind_safe::AssertUnwindSafe<std[70759c8f55707aa4]::thread::lifecycle::spawn_unchecked<test[9d35eded1c95d3be]::run_test::{closure#1}, ()>::{closure#1}::{closure#0}> as core[df12db4294e9bfd3]::ops::function::FnOnce<()>>::call_once
[INFO] [stdout]                                at /rustc/dfb0accb7f508ae8be965d8629557221c889dd98/library/core/src/panic/unwind_safe.rs:275:9
[INFO] [stdout]   37:     0x55f13aebfb92 - std[70759c8f55707aa4]::panicking::catch_unwind::do_call::<core[df12db4294e9bfd3]::panic::unwind_safe::AssertUnwindSafe<std[70759c8f55707aa4]::thread::lifecycle::spawn_unchecked<test[9d35eded1c95d3be]::run_test::{closure#1}, ()>::{closure#1}::{closure#0}>, ()>
[INFO] [stdout]                                at /rustc/dfb0accb7f508ae8be965d8629557221c889dd98/library/std/src/panicking.rs:576:43
[INFO] [stdout]   38:     0x55f13aebfb92 - std[70759c8f55707aa4]::panicking::catch_unwind::<(), core[df12db4294e9bfd3]::panic::unwind_safe::AssertUnwindSafe<std[70759c8f55707aa4]::thread::lifecycle::spawn_unchecked<test[9d35eded1c95d3be]::run_test::{closure#1}, ()>::{closure#1}::{closure#0}>>
[INFO] [stdout]                                at /rustc/dfb0accb7f508ae8be965d8629557221c889dd98/library/std/src/panicking.rs:544:19
[INFO] [stdout]   39:     0x55f13aebfb92 - std[70759c8f55707aa4]::panic::catch_unwind::<core[df12db4294e9bfd3]::panic::unwind_safe::AssertUnwindSafe<std[70759c8f55707aa4]::thread::lifecycle::spawn_unchecked<test[9d35eded1c95d3be]::run_test::{closure#1}, ()>::{closure#1}::{closure#0}>, ()>
[INFO] [stdout]                                at /rustc/dfb0accb7f508ae8be965d8629557221c889dd98/library/std/src/panic.rs:359:14
[INFO] [stdout]   40:     0x55f13aebfb92 - std[70759c8f55707aa4]::thread::lifecycle::spawn_unchecked::<test[9d35eded1c95d3be]::run_test::{closure#1}, ()>::{closure#1}
[INFO] [stdout]                                at /rustc/dfb0accb7f508ae8be965d8629557221c889dd98/library/std/src/thread/lifecycle.rs:68:26
[INFO] [stdout]   41:     0x55f13aebfb92 - <std[70759c8f55707aa4]::thread::lifecycle::spawn_unchecked<test[9d35eded1c95d3be]::run_test::{closure#1}, ()>::{closure#1} as core[df12db4294e9bfd3]::ops::function::FnOnce<()>>::call_once::{shim:vtable#0}
[INFO] [stdout]                                at /rustc/dfb0accb7f508ae8be965d8629557221c889dd98/library/core/src/ops/function.rs:250:5
[INFO] [stdout]   42:     0x55f13b05c5e9 - <alloc[2182bb758b4b3781]::boxed::Box<dyn core[df12db4294e9bfd3]::ops::function::FnOnce<(), Output = ()> + core[df12db4294e9bfd3]::marker::Send> as core[df12db4294e9bfd3]::ops::function::FnOnce<()>>::call_once
[INFO] [stdout]                                at /rustc/dfb0accb7f508ae8be965d8629557221c889dd98/library/alloc/src/boxed.rs:2320:9
[INFO] [stdout]   43:     0x55f13b05c5e9 - <std[70759c8f55707aa4]::sys::thread::unix::Thread>::new::thread_start
[INFO] [stdout]                                at /rustc/dfb0accb7f508ae8be965d8629557221c889dd98/library/std/src/sys/thread/unix.rs:123:17
[INFO] [stdout]   44:     0x7d000e07fdfa - <unknown>
[INFO] [stdout]   45:     0x7d000e1133d4 - clone
[INFO] [stdout]   46:                0x0 - <unknown>
[INFO] [stdout] 
[INFO] [stdout] 
[INFO] [stdout] failures:
[INFO] [stdout]     inventory::tests::example_workspace_inventory_loads
[INFO] [stdout] 
[INFO] [stdout] test result: FAILED. 31 passed; 1 failed; 0 ignored; 0 measured; 0 filtered out; finished in 0.18s
[INFO] [stdout] 
[INFO] running `Command { std: "docker" "inspect" "2ddf3bda2b1a7dd2ac9da8fd953fb3d44726741e37dea20d6e45ecc47b1afe46", kill_on_drop: false }`
[INFO] running `Command { std: "docker" "rm" "-f" "2ddf3bda2b1a7dd2ac9da8fd953fb3d44726741e37dea20d6e45ecc47b1afe46", kill_on_drop: false }`
[INFO] [stdout] 2ddf3bda2b1a7dd2ac9da8fd953fb3d44726741e37dea20d6e45ecc47b1afe46
