[INFO] fetching crate rustfs-log-analyzer 1.0.0...
[INFO] testing rustfs-log-analyzer-1.0.0 against 1.100.0-beta.1 for beta-1.100-2
[INFO] extracting crate rustfs-log-analyzer 1.0.0 into /workspace/builds/worker-5-tc2/source
[INFO] started tweaking crates.io crate rustfs-log-analyzer 1.0.0
[INFO] finished tweaking crates.io crate rustfs-log-analyzer 1.0.0
[INFO] tweaked toml for crates.io crate rustfs-log-analyzer 1.0.0 written to /workspace/builds/worker-5-tc2/source/Cargo.toml
[INFO] validating manifest of crates.io crate rustfs-log-analyzer 1.0.0 on toolchain 1.100.0-beta.1
[INFO] running `Command { std: CARGO_HOME="/workspace/cargo-home" RUSTUP_HOME="/workspace/rustup-home" "/workspace/cargo-home/bin/cargo" "+1.100.0-beta.1" "metadata" "--manifest-path" "Cargo.toml" "--no-deps", kill_on_drop: false }`
[INFO] crate crates.io crate rustfs-log-analyzer 1.0.0 already has a lockfile, it will not be regenerated
[INFO] running `Command { std: CARGO_HOME="/workspace/cargo-home" RUSTUP_HOME="/workspace/rustup-home" "/workspace/cargo-home/bin/cargo" "+1.100.0-beta.1" "fetch" "--manifest-path" "Cargo.toml", kill_on_drop: false }`
[INFO] running `Command { std: "docker" "create" "-v" "/var/lib/crater-agent-workspace/builds/worker-5-tc2/source:/opt/rustwide/workdir:ro,Z" "-v" "/var/lib/crater-agent-workspace/builds/worker-5-tc2/target:/opt/rustwide/target:rw,Z" "-v" "/var/lib/crater-agent-workspace/cargo-home:/opt/rustwide/cargo-home:ro,Z" "-v" "/var/lib/crater-agent-workspace/rustup-home:/opt/rustwide/rustup-home:ro,Z" "-m" "1610612736" "--network" "none" "ghcr.io/rust-lang/crates-build-env/linux@sha256:3111399a4047eeb3a02b7a90e478d715f38a8c6669b5c4b49d30a17385265909" "sleep" "infinity", kill_on_drop: false }`
[INFO] [stdout] 73603911beee2b0039f891e4b1bb0ea73d6a45ae8fd6d85e3a8156b6f5668abb
[INFO] running `Command { std: "docker" "start" "73603911beee2b0039f891e4b1bb0ea73d6a45ae8fd6d85e3a8156b6f5668abb", kill_on_drop: false }`
[INFO] running `Command { std: "docker" "inspect" "73603911beee2b0039f891e4b1bb0ea73d6a45ae8fd6d85e3a8156b6f5668abb", kill_on_drop: false }`
[INFO] running `Command { std: "docker" "exec" "-e" "SOURCE_DIR=/opt/rustwide/workdir" "-e" "CARGO_HOME=/opt/rustwide/cargo-home" "-e" "RUSTUP_HOME=/opt/rustwide/rustup-home" "-e" "CARGO_TARGET_DIR=/opt/rustwide/target" "-w" "/opt/rustwide/workdir" "--user" "0:0" "73603911beee2b0039f891e4b1bb0ea73d6a45ae8fd6d85e3a8156b6f5668abb" "/opt/rustwide/cargo-home/bin/cargo" "+1.100.0-beta.1" "metadata" "--no-deps" "--format-version=1", kill_on_drop: false }`
[INFO] running `Command { std: "docker" "inspect" "73603911beee2b0039f891e4b1bb0ea73d6a45ae8fd6d85e3a8156b6f5668abb", kill_on_drop: false }`
[INFO] running `Command { std: "docker" "exec" "-e" "SOURCE_DIR=/opt/rustwide/workdir" "-e" "CARGO_HOME=/opt/rustwide/cargo-home" "-e" "RUSTUP_HOME=/opt/rustwide/rustup-home" "-e" "CARGO_TARGET_DIR=/opt/rustwide/target" "-e" "CARGO_INCREMENTAL=0" "-e" "RUST_BACKTRACE=full" "-e" "RUSTFLAGS=--cap-lints=warn" "-e" "RUSTDOCFLAGS=--cap-lints=warn" "-w" "/opt/rustwide/workdir" "--user" "0:0" "73603911beee2b0039f891e4b1bb0ea73d6a45ae8fd6d85e3a8156b6f5668abb" "/opt/rustwide/cargo-home/bin/cargo" "+1.100.0-beta.1" "build" "--frozen" "--message-format=json", kill_on_drop: false }`
[INFO] [stderr]    Compiling jobserver v0.1.35
[INFO] [stderr]    Compiling find-msvc-tools v0.1.12
[INFO] [stderr]    Compiling hybrid-array v0.4.15
[INFO] [stderr]    Compiling crc32fast v1.5.2
[INFO] [stderr]    Compiling cpufeatures v0.3.1
[INFO] [stderr]    Compiling syn v3.0.5
[INFO] [stderr]    Compiling simd-adler32 v0.3.10
[INFO] [stderr]    Compiling zstd-safe v7.3.0
[INFO] [stderr]    Compiling rustix v1.1.4
[INFO] [stderr]    Compiling getrandom v0.4.3
[INFO] [stderr]    Compiling cc v1.4.6
[INFO] [stderr]    Compiling adler2 v2.0.1
[INFO] [stderr]    Compiling linux-raw-sys v0.12.1
[INFO] [stderr]    Compiling bitflags v2.13.2
[INFO] [stderr]    Compiling miniz_oxide v0.9.1
[INFO] [stderr]    Compiling bumpalo v3.20.3
[INFO] [stderr]    Compiling num-conv v0.2.2
[INFO] [stderr]    Compiling hashbrown v0.17.1
[INFO] [stderr]    Compiling libbz2-rs-sys v0.2.5
[INFO] [stderr]    Compiling powerfmt v0.2.0
[INFO] [stderr]    Compiling deranged v0.5.8
[INFO] [stderr]    Compiling crypto-common v0.2.2
[INFO] [stderr]    Compiling block-buffer v0.12.1
[INFO] [stderr]    Compiling inout v0.2.2
[INFO] [stderr]    Compiling digest v0.11.3
[INFO] [stderr]    Compiling cipher v0.5.2
[INFO] [stderr]    Compiling sha2 v0.11.0
[INFO] [stderr]    Compiling hmac v0.13.0
[INFO] [stderr]    Compiling zlib-rs v0.6.7
[INFO] [stderr]    Compiling hotpath v0.25.1
[INFO] [stderr]    Compiling time-core v0.1.9
[INFO] [stderr]    Compiling aes v0.9.3
[INFO] [stderr]    Compiling indexmap v2.14.2
[INFO] [stderr]    Compiling time v0.3.55
[INFO] [stderr]    Compiling zstd-sys v2.1.0+zstd.1.5.7
[INFO] [stderr]    Compiling pbkdf2 v0.13.0
[INFO] [stderr]    Compiling sha1 v0.11.0
[INFO] [stderr]    Compiling lzma-rust2 v0.16.5
[INFO] [stderr]    Compiling bzip2 v0.6.1
[INFO] [stderr]    Compiling zopfli v0.8.3
[INFO] [stderr]    Compiling regex-automata v0.4.18
[INFO] [stderr]    Compiling serde_derive v1.0.229
[INFO] [stderr]    Compiling thiserror-impl v2.0.20
[INFO] [stderr]    Compiling xattr v1.6.1
[INFO] [stderr]    Compiling filetime v0.2.29
[INFO] [stderr]    Compiling constant_time_eq v0.4.2
[INFO] [stderr]    Compiling hotpath-macros v0.25.1
[INFO] [stderr]    Compiling typed-path v0.12.3
[INFO] [stderr]    Compiling deflate64 v0.1.12
[INFO] [stderr]    Compiling iana-time-zone v0.1.65
[INFO] [stderr]    Compiling ppmd-rust v1.5.0
[INFO] [stderr]    Compiling serde_json v1.0.151
[INFO] [stderr]    Compiling thiserror v2.0.20
[INFO] [stderr]    Compiling tar v0.4.46
[INFO] [stderr]    Compiling flate2 v1.1.10
[INFO] [stderr]    Compiling regex v1.13.1
[INFO] [stderr]    Compiling serde v1.0.229
[INFO] [stderr]    Compiling chrono v0.4.45
[INFO] [stderr]    Compiling zstd-safe v8.0.0
[INFO] [stderr]    Compiling zstd v0.14.0
[INFO] [stderr]    Compiling zstd v0.13.3
[INFO] [stderr]    Compiling zip v8.6.0
[INFO] [stderr]    Compiling rustfs-log-analyzer v1.0.0 (/opt/rustwide/workdir)
[INFO] [stderr] warning: unused dependency `hotpath`
[INFO] [stderr]   --> Cargo.toml:12:15
[INFO] [stderr]    |
[INFO] [stderr] 12 | [dependencies.hotpath]
[INFO] [stderr]    |               ^^^^^^^^
[INFO] [stderr]    |
[INFO] [stderr]    = note: `cargo::unused_dependencies` is set to `warn` by default
[INFO] [stderr] help: consider removing the dependency on `hotpath`
[INFO] [stderr] warning: `rustfs-log-analyzer` (manifest) generated 1 warning
[INFO] [stderr]     Finished `dev` profile [unoptimized + debuginfo] target(s) in 1m 04s
[INFO] running `Command { std: "docker" "inspect" "73603911beee2b0039f891e4b1bb0ea73d6a45ae8fd6d85e3a8156b6f5668abb", kill_on_drop: false }`
[INFO] running `Command { std: "docker" "exec" "-e" "SOURCE_DIR=/opt/rustwide/workdir" "-e" "CARGO_HOME=/opt/rustwide/cargo-home" "-e" "RUSTUP_HOME=/opt/rustwide/rustup-home" "-e" "CARGO_TARGET_DIR=/opt/rustwide/target" "-e" "CARGO_INCREMENTAL=0" "-e" "RUST_BACKTRACE=full" "-e" "RUSTFLAGS=--cap-lints=warn" "-e" "RUSTDOCFLAGS=--cap-lints=warn" "-w" "/opt/rustwide/workdir" "--user" "0:0" "73603911beee2b0039f891e4b1bb0ea73d6a45ae8fd6d85e3a8156b6f5668abb" "/opt/rustwide/cargo-home/bin/cargo" "+1.100.0-beta.1" "test" "--frozen" "--no-run" "--message-format=json", kill_on_drop: false }`
[INFO] [stderr]    Compiling rustix v1.1.4
[INFO] [stderr]    Compiling getrandom v0.3.4
[INFO] [stderr]    Compiling fastrand v2.5.0
[INFO] [stderr]    Compiling once_cell v1.21.4
[INFO] [stderr]    Compiling xattr v1.6.1
[INFO] [stderr]    Compiling tempfile v3.27.0
[INFO] [stderr]    Compiling tar v0.4.46
[INFO] [stderr]    Compiling rustfs-log-analyzer v1.0.0 (/opt/rustwide/workdir)
[INFO] [stderr]     Finished `test` profile [unoptimized + debuginfo] target(s) in 15.93s
[INFO] running `Command { std: "docker" "inspect" "73603911beee2b0039f891e4b1bb0ea73d6a45ae8fd6d85e3a8156b6f5668abb", kill_on_drop: false }`
[INFO] running `Command { std: "docker" "exec" "-e" "SOURCE_DIR=/opt/rustwide/workdir" "-e" "CARGO_HOME=/opt/rustwide/cargo-home" "-e" "RUSTUP_HOME=/opt/rustwide/rustup-home" "-e" "CARGO_TARGET_DIR=/opt/rustwide/target" "-e" "CARGO_INCREMENTAL=0" "-e" "RUST_BACKTRACE=full" "-e" "RUSTFLAGS=--cap-lints=warn" "-e" "RUSTDOCFLAGS=--cap-lints=warn" "-w" "/opt/rustwide/workdir" "--user" "0:0" "73603911beee2b0039f891e4b1bb0ea73d6a45ae8fd6d85e3a8156b6f5668abb" "/opt/rustwide/cargo-home/bin/cargo" "+1.100.0-beta.1" "test" "--frozen", kill_on_drop: false }`
[INFO] [stderr]     Finished `test` profile [unoptimized + debuginfo] target(s) in 0.21s
[INFO] [stderr]      Running unittests src/lib.rs (/opt/rustwide/target/debug/build/rustfs-log-analyzer/ab911a14994acd13/out/rustfs_log_analyzer-ab911a14994acd13)
[INFO] [stdout] 
[INFO] [stdout] running 87 tests
[INFO] [stdout] test analyze::tests::causal_collapse_uses_existence_for_timestamp_less_roots ... ok
[INFO] [stdout] test analyze::tests::causal_collapse_respects_the_time_window ... ok
[INFO] [stdout] test analyze::tests::disjoint_node_ranges_are_flagged ... ok
[INFO] [stdout] test analyze::tests::causal_collapse_folds_quorum_under_disk_faulty ... ok
[INFO] [stdout] test analyze::tests::empty_input_produces_a_renderable_report ... ok
[INFO] [stdout] test analyze::tests::json_keeps_collapsed_findings_with_relation_fields ... ok
[INFO] [stdout] test analyze::tests::low_confidence_findings_are_split_out ... ok
[INFO] [stdout] test analyze::tests::since_until_filters_timestamped_events_only ... ok
[INFO] [stdout] test analyze::tests::redaction_hashes_identifiers_consistently ... ok
[INFO] [stdout] test analyze::tests::mixed_offsets_are_reported ... ok
[INFO] [stdout] test analyze::tests::timeline_buckets_are_gap_filled_and_merged ... ok
[INFO] [stdout] test ingest::detect::tests::binary_sniff ... ok
[INFO] [stdout] test analyze::tests::unmatched_cluster_representative_is_order_independent ... ok
[INFO] [stdout] test analyze::tests::log_gap_is_flagged_and_upgrades_on_startup_finding ... ok
[INFO] [stdout] test analyze::tests::mixed_offsets_anomaly_requires_multiple_offsets ... ok
[INFO] [stdout] test ingest::detect::tests::magic_bytes_win_over_names ... ok
[INFO] [stdout] test ingest::detect::tests::extension_fallback ... ok
[INFO] [stdout] test analyze::tests::end_to_end_pipeline_produces_findings_and_clusters ... ok
[INFO] [stdout] test ingest::tests::binary_files_are_skipped ... ok
[INFO] [stdout] test analyze::tests::normalize_template_collapses_variable_parts ... ok
[INFO] [stdout] test analyze::tests::redaction_covers_evidence_provenance_node_and_template ... ok
[INFO] [stdout] test ingest::tests::single_line_larger_than_byte_budget_stops_without_buffering_it ... ok
[INFO] [stdout] test ingest::tests::byte_cap_stops_ingest_but_keeps_prior_events ... ok
[INFO] [stdout] test ingest::tests::tar_gz_containing_zst_is_three_layers ... ok
[INFO] [stdout] test ingest::tests::nested_zip_respects_memory_cap ... ok
[INFO] [stdout] test ingest::tests::directory_with_subdir_assigns_node_labels ... ok
[INFO] [stdout] test model::tests::field_str_returns_only_json_strings ... ok
[INFO] [stdout] test model::tests::json_ratio_ignores_empty_lines_and_never_divides_by_zero ... ok
[INFO] [stdout] test ingest::tests::zip_with_per_node_directories ... ok
[INFO] [stdout] test model::tests::log_level_display_is_uppercase ... ok
[INFO] [stdout] test model::tests::log_level_ordering_matches_severity ... ok
[INFO] [stdout] test model::tests::log_level_parse_accepts_any_ascii_case ... ok
[INFO] [stdout] test ingest::tests::overlong_line_is_truncated_disclosed_and_fully_charged ... ok
[INFO] [stdout] test model::tests::parse_stats_merge_adds_every_counter ... ok
[INFO] [stdout] test model::tests::serde_representation_is_stable ... ok
[INFO] [stdout] test ingest::tests::zstd_and_multi_member_gzip_files ... ok
[INFO] [stdout] test parse::tests::bad_timestamp_is_preserved_raw ... ok
[INFO] [stdout] test parse::tests::business_json_without_log_keys_is_text ... ok
[INFO] [stdout] test ingest::tests::ingest_reader_handles_stdin_like_streams ... ok
[INFO] [stdout] test parse::tests::consecutive_panic_headers_are_not_merged ... ok
[INFO] [stdout] test ingest::tests::hostile_entry_paths_never_touch_the_filesystem ... ok
[INFO] [stdout] test parse::tests::blank_line_terminates_panic_block ... ok
[INFO] [stdout] test parse::tests::fatal_stderr_line_is_text_with_verbatim_message ... ok
[INFO] [stdout] test parse::tests::cri_prefixed_panic_block_folds_completely ... ok
[INFO] [stdout] test parse::tests::empty_and_whitespace_lines_produce_no_events ... ok
[INFO] [stdout] test parse::tests::native_json_line ... ok
[INFO] [stdout] test parse::tests::mixed_input_stats_are_consistent ... ok
[INFO] [stdout] test parse::tests::new_format_panic_then_json_flushes_two_events ... ok
[INFO] [stdout] test parse::tests::cri_prefixed_json_line ... ok
[INFO] [stdout] test parse::tests::old_format_panic_normalizes_to_same_message_shape ... ok
[INFO] [stdout] test parse::tests::panic_full_is_capped ... ok
[INFO] [stdout] test model::tests::field_display_renders_scalars_and_compact_json ... ok
[INFO] [stdout] test parse::tests::compose_prefixed_json_line ... ok
[INFO] [stdout] test parse::tests::panic_absorbs_backtrace_lines ... ok
[INFO] [stdout] test parse::tests::unknown_level_is_preserved_raw ... ok
[INFO] [stdout] test redact::tests::hashing_is_stable_and_prefixed ... ok
[INFO] [stdout] test redact::tests::ipv6_addresses_are_hashed_but_paths_and_clocks_are_not ... ok
[INFO] [stdout] test parse::tests::immediate_json_after_new_format_header_is_not_swallowed ... ok
[INFO] [stdout] test parse::tests::journald_prefixed_json_line ... ok
[INFO] [stdout] test redact::tests::ipv4_addresses_are_hashed_in_text ... ok
[INFO] [stdout] test redact::tests::redact_event_hashes_sensitive_fields_and_scrubs_the_rest ... ok
[INFO] [stdout] test report::tests::empty_report_renders_the_no_findings_notice ... ok
[INFO] [stdout] test report::tests::helpers_format_reasonably ... ok
[INFO] [stdout] test redact::tests::provenance_keeps_the_leaf_and_hashes_the_prefix ... ok
[INFO] [stdout] test report::tests::json_report_is_stable_and_parseable ... ok
[INFO] [stdout] test report::tests::markdown_report_is_ticket_pasteable ... ok
[INFO] [stdout] test report::tests::text_report_contains_every_section ... ok
[INFO] [stdout] test rules::external::tests::external_rule_is_added_and_matches ... ok
[INFO] [stdout] test rules::external::tests::same_id_overrides_the_builtin_rule ... ok
[INFO] [stdout] test rules::external::tests::bad_files_fail_fast_with_actionable_errors ... ok
[INFO] [stdout] test rules::seed::tests::smoke_samples_hit_exact_rule_sets ... ok
[INFO] [stdout] test rules::seed::tests::seed_rule_set_is_valid_and_complete ... ok
[INFO] [stdout] test rules::tests::collector_is_order_independent ... ok
[INFO] [stdout] test rules::tests::below_min_count_is_flagged ... ok
[INFO] [stdout] test redact::tests::field_shaped_identifiers_in_message_text_are_hashed ... ok
[INFO] [stdout] test rules::seed::tests::every_rule_has_a_positive_sample ... ok
[INFO] [stdout] test rules::tests::every_matcher_kind_has_positive_and_negative_cases ... ok
[INFO] [stdout] test rules::tests::field_equals_coerces_numbers_via_display ... ok
[INFO] [stdout] test rules::tests::min_level_requires_a_level ... ok
[INFO] [stdout] test rules::tests::one_event_can_hit_several_rules ... ok
[INFO] [stdout] test rules::tests::sample_ties_across_files_are_order_independent ... ok
[INFO] [stdout] test rules::tests::rule_json_round_trip_and_schema_shape ... ok
[INFO] [stdout] test rules::tests::findings_sort_by_severity_then_count ... ok
[INFO] [stdout] test rules::tests::rule_set_reports_all_problems_at_once ... ok
[INFO] [stdout] test rules::tests::evidence_values_are_capped_with_overflow ... ok
[INFO] [stdout] test rules::tests::evidence_cap_keeps_smallest_subset_regardless_of_order ... ok
[INFO] [stdout] test ingest::tests::missing_path_errors_unreadable_file_skips ... FAILED
[INFO] [stdout] 
[INFO] [stdout] failures:
[INFO] [stdout] 
[INFO] [stdout] ---- ingest::tests::missing_path_errors_unreadable_file_skips stdout ----
[INFO] [stdout] 
[INFO] [stdout] thread 'ingest::tests::missing_path_errors_unreadable_file_skips' (1216) panicked at src/ingest/mod.rs:714:13:
[INFO] [stdout] assertion `left == right` failed
[INFO] [stdout]   left: 2
[INFO] [stdout]  right: 1
[INFO] [stdout] stack backtrace:
[INFO] [stdout]    0:     0x5587515288e1 - std[617be2ca0a6fd877]::backtrace_rs::backtrace::libunwind::trace
[INFO] [stdout]                                at /rustc/e3feeb59cd1bdd011a2bfcc0747b55125d9b8527/library/std/src/../../backtrace/src/backtrace/libunwind.rs:117:9
[INFO] [stdout]    1:     0x5587515288e1 - std[617be2ca0a6fd877]::backtrace_rs::backtrace::trace_unsynchronized::<std[617be2ca0a6fd877]::sys::backtrace::_print_fmt::{closure#1}>
[INFO] [stdout]                                at /rustc/e3feeb59cd1bdd011a2bfcc0747b55125d9b8527/library/std/src/../../backtrace/src/backtrace/mod.rs:66:14
[INFO] [stdout]    2:     0x5587515288e1 - std[617be2ca0a6fd877]::sys::backtrace::_print_fmt
[INFO] [stdout]                                at /rustc/e3feeb59cd1bdd011a2bfcc0747b55125d9b8527/library/std/src/sys/backtrace.rs:74:9
[INFO] [stdout]    3:     0x5587515288e1 - <<std[617be2ca0a6fd877]::sys::backtrace::BacktraceLock>::print::DisplayBacktrace as core[a373ad73a504971]::fmt::Display>::fmt
[INFO] [stdout]                                at /rustc/e3feeb59cd1bdd011a2bfcc0747b55125d9b8527/library/std/src/sys/backtrace.rs:44:26
[INFO] [stdout]    4:     0x55875153eaca - <core[a373ad73a504971]::fmt::rt::Argument>::fmt
[INFO] [stdout]                                at /rustc/e3feeb59cd1bdd011a2bfcc0747b55125d9b8527/library/core/src/fmt/rt.rs:152:76
[INFO] [stdout]    5:     0x55875153eaca - core[a373ad73a504971]::fmt::write
[INFO] [stdout]    6:     0x55875152cf6c - core[a373ad73a504971]::io::write::default_write_fmt::<alloc[2e1b2a31b91974c5]::vec::Vec<u8>>
[INFO] [stdout]                                at /rustc/e3feeb59cd1bdd011a2bfcc0747b55125d9b8527/library/core/src/io/write.rs:402:11
[INFO] [stdout]    7:     0x55875152cf6c - <alloc[2e1b2a31b91974c5]::vec::Vec<u8> as core[a373ad73a504971]::io::write::Write>::write_fmt
[INFO] [stdout]                                at /rustc/e3feeb59cd1bdd011a2bfcc0747b55125d9b8527/library/core/src/io/write.rs:335:13
[INFO] [stdout]    8:     0x558751502e36 - <std[617be2ca0a6fd877]::sys::backtrace::BacktraceLock>::print
[INFO] [stdout]                                at /rustc/e3feeb59cd1bdd011a2bfcc0747b55125d9b8527/library/std/src/sys/backtrace.rs:47:9
[INFO] [stdout]    9:     0x558751502e36 - std[617be2ca0a6fd877]::panicking::default_hook::{closure#0}
[INFO] [stdout]                                at /rustc/e3feeb59cd1bdd011a2bfcc0747b55125d9b8527/library/std/src/panicking.rs:289:27
[INFO] [stdout]   10:     0x558751520189 - std[617be2ca0a6fd877]::panicking::default_hook
[INFO] [stdout]                                at /rustc/e3feeb59cd1bdd011a2bfcc0747b55125d9b8527/library/std/src/panicking.rs:313:9
[INFO] [stdout]   11:     0x5587512003c0 - <alloc[2e1b2a31b91974c5]::boxed::Box<dyn for<'a, 'b> core[a373ad73a504971]::ops::function::Fn<(&'a std[617be2ca0a6fd877]::panic::PanicHookInfo<'b>,), Output = ()> + core[a373ad73a504971]::marker::Sync + core[a373ad73a504971]::marker::Send> as core[a373ad73a504971]::ops::function::Fn<(&std[617be2ca0a6fd877]::panic::PanicHookInfo,)>>::call
[INFO] [stdout]                                at /rustc/e3feeb59cd1bdd011a2bfcc0747b55125d9b8527/library/alloc/src/boxed.rs:2328:9
[INFO] [stdout]   12:     0x5587512003c0 - test[aada8e7e76ba119b]::test_main_inner::{closure#0}
[INFO] [stdout]                                at /rustc/e3feeb59cd1bdd011a2bfcc0747b55125d9b8527/library/test/src/lib.rs:137:21
[INFO] [stdout]   13:     0x558751520342 - <alloc[2e1b2a31b91974c5]::boxed::Box<dyn for<'a, 'b> core[a373ad73a504971]::ops::function::Fn<(&'a std[617be2ca0a6fd877]::panic::PanicHookInfo<'b>,), Output = ()> + core[a373ad73a504971]::marker::Sync + core[a373ad73a504971]::marker::Send> as core[a373ad73a504971]::ops::function::Fn<(&std[617be2ca0a6fd877]::panic::PanicHookInfo,)>>::call
[INFO] [stdout]                                at /rustc/e3feeb59cd1bdd011a2bfcc0747b55125d9b8527/library/alloc/src/boxed.rs:2328:9
[INFO] [stdout]   14:     0x558751520342 - std[617be2ca0a6fd877]::panicking::panic_with_hook
[INFO] [stdout]                                at /rustc/e3feeb59cd1bdd011a2bfcc0747b55125d9b8527/library/std/src/panicking.rs:819:13
[INFO] [stdout]   15:     0x558751502ee2 - std[617be2ca0a6fd877]::panicking::panic_handler::{closure#0}
[INFO] [stdout]                                at /rustc/e3feeb59cd1bdd011a2bfcc0747b55125d9b8527/library/std/src/panicking.rs:685:13
[INFO] [stdout]   16:     0x5587514fba39 - std[617be2ca0a6fd877]::sys::backtrace::__rust_end_short_backtrace::<std[617be2ca0a6fd877]::panicking::panic_handler::{closure#0}, !>
[INFO] [stdout]                                at /rustc/e3feeb59cd1bdd011a2bfcc0747b55125d9b8527/library/std/src/sys/backtrace.rs:182:18
[INFO] [stdout]   17:     0x558751503bad - __rustc[ea4f61d10b84890b]::rust_begin_unwind
[INFO] [stdout]                                at /rustc/e3feeb59cd1bdd011a2bfcc0747b55125d9b8527/library/std/src/panicking.rs:676:5
[INFO] [stdout]   18:     0x55875153f36c - core[a373ad73a504971]::panicking::panic_fmt
[INFO] [stdout]                                at /rustc/e3feeb59cd1bdd011a2bfcc0747b55125d9b8527/library/core/src/panicking.rs:80:14
[INFO] [stdout]   19:     0x55875153f203 - core[a373ad73a504971]::panicking::assert_failed_inner
[INFO] [stdout]                                at /rustc/e3feeb59cd1bdd011a2bfcc0747b55125d9b8527/library/core/src/panicking.rs:452:17
[INFO] [stdout]   20:     0x55875153a63d - core[a373ad73a504971]::panicking::assert_failed::<usize, usize>
[INFO] [stdout]                                at /rustc/e3feeb59cd1bdd011a2bfcc0747b55125d9b8527/library/core/src/panicking.rs:407:5
[INFO] [stdout]   21:     0x558750d79725 - rustfs_log_analyzer[2b729fc7c05c101]::ingest::tests::missing_path_errors_unreadable_file_skips
[INFO] [stdout]                                at /opt/rustwide/workdir/src/ingest/mod.rs:714:13
[INFO] [stdout]   22:     0x558750d6a587 - rustfs_log_analyzer[2b729fc7c05c101]::ingest::tests::missing_path_errors_unreadable_file_skips::{closure#0}
[INFO] [stdout]                                at /opt/rustwide/workdir/src/ingest/mod.rs:701:51
[INFO] [stdout]   23:     0x558750e991b6 - <rustfs_log_analyzer[2b729fc7c05c101]::ingest::tests::missing_path_errors_unreadable_file_skips::{closure#0} as core[a373ad73a504971]::ops::function::FnOnce<()>>::call_once
[INFO] [stdout]                                at /rustc/e3feeb59cd1bdd011a2bfcc0747b55125d9b8527/library/core/src/ops/function.rs:250:5
[INFO] [stdout]   24:     0x5587511f380b - <fn() -> core[a373ad73a504971]::result::Result<(), alloc[2e1b2a31b91974c5]::string::String> as core[a373ad73a504971]::ops::function::FnOnce<()>>::call_once
[INFO] [stdout]                                at /rustc/e3feeb59cd1bdd011a2bfcc0747b55125d9b8527/library/core/src/ops/function.rs:250:5
[INFO] [stdout]   25:     0x5587511f380b - test[aada8e7e76ba119b]::__rust_begin_short_backtrace::<core[a373ad73a504971]::result::Result<(), alloc[2e1b2a31b91974c5]::string::String>, fn() -> core[a373ad73a504971]::result::Result<(), alloc[2e1b2a31b91974c5]::string::String>>
[INFO] [stdout]                                at /rustc/e3feeb59cd1bdd011a2bfcc0747b55125d9b8527/library/test/src/lib.rs:701:18
[INFO] [stdout]   26:     0x5587512009e5 - test[aada8e7e76ba119b]::run_test_in_process::{closure#0}
[INFO] [stdout]                                at /rustc/e3feeb59cd1bdd011a2bfcc0747b55125d9b8527/library/test/src/lib.rs:724:74
[INFO] [stdout]   27:     0x5587512009e5 - <core[a373ad73a504971]::panic::unwind_safe::AssertUnwindSafe<test[aada8e7e76ba119b]::run_test_in_process::{closure#0}> as core[a373ad73a504971]::ops::function::FnOnce<()>>::call_once
[INFO] [stdout]                                at /rustc/e3feeb59cd1bdd011a2bfcc0747b55125d9b8527/library/core/src/panic/unwind_safe.rs:275:9
[INFO] [stdout]   28:     0x5587512009e5 - std[617be2ca0a6fd877]::panicking::catch_unwind::do_call::<core[a373ad73a504971]::panic::unwind_safe::AssertUnwindSafe<test[aada8e7e76ba119b]::run_test_in_process::{closure#0}>, core[a373ad73a504971]::result::Result<(), alloc[2e1b2a31b91974c5]::string::String>>
[INFO] [stdout]                                at /rustc/e3feeb59cd1bdd011a2bfcc0747b55125d9b8527/library/std/src/panicking.rs:573:43
[INFO] [stdout]   29:     0x5587512009e5 - std[617be2ca0a6fd877]::panicking::catch_unwind::<core[a373ad73a504971]::result::Result<(), alloc[2e1b2a31b91974c5]::string::String>, core[a373ad73a504971]::panic::unwind_safe::AssertUnwindSafe<test[aada8e7e76ba119b]::run_test_in_process::{closure#0}>>
[INFO] [stdout]                                at /rustc/e3feeb59cd1bdd011a2bfcc0747b55125d9b8527/library/std/src/panicking.rs:541:19
[INFO] [stdout]   30:     0x5587512009e5 - std[617be2ca0a6fd877]::panic::catch_unwind::<core[a373ad73a504971]::panic::unwind_safe::AssertUnwindSafe<test[aada8e7e76ba119b]::run_test_in_process::{closure#0}>, core[a373ad73a504971]::result::Result<(), alloc[2e1b2a31b91974c5]::string::String>>
[INFO] [stdout]                                at /rustc/e3feeb59cd1bdd011a2bfcc0747b55125d9b8527/library/std/src/panic.rs:359:14
[INFO] [stdout]   31:     0x5587512009e5 - test[aada8e7e76ba119b]::run_test_in_process
[INFO] [stdout]                                at /rustc/e3feeb59cd1bdd011a2bfcc0747b55125d9b8527/library/test/src/lib.rs:724:27
[INFO] [stdout]   32:     0x5587512009e5 - test[aada8e7e76ba119b]::run_test::{closure#0}
[INFO] [stdout]                                at /rustc/e3feeb59cd1bdd011a2bfcc0747b55125d9b8527/library/test/src/lib.rs:645:43
[INFO] [stdout]   33:     0x5587511fa2d4 - test[aada8e7e76ba119b]::run_test::{closure#1}
[INFO] [stdout]                                at /rustc/e3feeb59cd1bdd011a2bfcc0747b55125d9b8527/library/test/src/lib.rs:675:41
[INFO] [stdout]   34:     0x5587511fa2d4 - std[617be2ca0a6fd877]::sys::backtrace::__rust_begin_short_backtrace::<test[aada8e7e76ba119b]::run_test::{closure#1}, ()>
[INFO] [stdout]                                at /rustc/e3feeb59cd1bdd011a2bfcc0747b55125d9b8527/library/std/src/sys/backtrace.rs:166:18
[INFO] [stdout]   35:     0x558751203a72 - std[617be2ca0a6fd877]::thread::lifecycle::spawn_unchecked::<test[aada8e7e76ba119b]::run_test::{closure#1}, ()>::{closure#1}::{closure#0}
[INFO] [stdout]                                at /rustc/e3feeb59cd1bdd011a2bfcc0747b55125d9b8527/library/std/src/thread/lifecycle.rs:70:13
[INFO] [stdout]   36:     0x558751203a72 - <core[a373ad73a504971]::panic::unwind_safe::AssertUnwindSafe<std[617be2ca0a6fd877]::thread::lifecycle::spawn_unchecked<test[aada8e7e76ba119b]::run_test::{closure#1}, ()>::{closure#1}::{closure#0}> as core[a373ad73a504971]::ops::function::FnOnce<()>>::call_once
[INFO] [stdout]                                at /rustc/e3feeb59cd1bdd011a2bfcc0747b55125d9b8527/library/core/src/panic/unwind_safe.rs:275:9
[INFO] [stdout]   37:     0x558751203a72 - std[617be2ca0a6fd877]::panicking::catch_unwind::do_call::<core[a373ad73a504971]::panic::unwind_safe::AssertUnwindSafe<std[617be2ca0a6fd877]::thread::lifecycle::spawn_unchecked<test[aada8e7e76ba119b]::run_test::{closure#1}, ()>::{closure#1}::{closure#0}>, ()>
[INFO] [stdout]                                at /rustc/e3feeb59cd1bdd011a2bfcc0747b55125d9b8527/library/std/src/panicking.rs:573:43
[INFO] [stdout]   38:     0x558751203a72 - std[617be2ca0a6fd877]::panicking::catch_unwind::<(), core[a373ad73a504971]::panic::unwind_safe::AssertUnwindSafe<std[617be2ca0a6fd877]::thread::lifecycle::spawn_unchecked<test[aada8e7e76ba119b]::run_test::{closure#1}, ()>::{closure#1}::{closure#0}>>
[INFO] [stdout]                                at /rustc/e3feeb59cd1bdd011a2bfcc0747b55125d9b8527/library/std/src/panicking.rs:541:19
[INFO] [stdout]   39:     0x558751203a72 - std[617be2ca0a6fd877]::panic::catch_unwind::<core[a373ad73a504971]::panic::unwind_safe::AssertUnwindSafe<std[617be2ca0a6fd877]::thread::lifecycle::spawn_unchecked<test[aada8e7e76ba119b]::run_test::{closure#1}, ()>::{closure#1}::{closure#0}>, ()>
[INFO] [stdout]                                at /rustc/e3feeb59cd1bdd011a2bfcc0747b55125d9b8527/library/std/src/panic.rs:359:14
[INFO] [stdout]   40:     0x558751203a72 - std[617be2ca0a6fd877]::thread::lifecycle::spawn_unchecked::<test[aada8e7e76ba119b]::run_test::{closure#1}, ()>::{closure#1}
[INFO] [stdout]                                at /rustc/e3feeb59cd1bdd011a2bfcc0747b55125d9b8527/library/std/src/thread/lifecycle.rs:68:26
[INFO] [stdout]   41:     0x558751203a72 - <std[617be2ca0a6fd877]::thread::lifecycle::spawn_unchecked<test[aada8e7e76ba119b]::run_test::{closure#1}, ()>::{closure#1} as core[a373ad73a504971]::ops::function::FnOnce<()>>::call_once::{shim:vtable#0}
[INFO] [stdout]                                at /rustc/e3feeb59cd1bdd011a2bfcc0747b55125d9b8527/library/core/src/ops/function.rs:250:5
[INFO] [stdout]   42:     0x558751527f5f - <alloc[2e1b2a31b91974c5]::boxed::Box<dyn core[a373ad73a504971]::ops::function::FnOnce<(), Output = ()> + core[a373ad73a504971]::marker::Send> as core[a373ad73a504971]::ops::function::FnOnce<()>>::call_once
[INFO] [stdout]                                at /rustc/e3feeb59cd1bdd011a2bfcc0747b55125d9b8527/library/alloc/src/boxed.rs:2314:9
[INFO] [stdout]   43:     0x558751527f5f - <std[617be2ca0a6fd877]::sys::thread::unix::Thread>::new::thread_start
[INFO] [stdout]                                at /rustc/e3feeb59cd1bdd011a2bfcc0747b55125d9b8527/library/std/src/sys/thread/unix.rs:127:17
[INFO] [stdout]   44:     0x73713b56ddfa - <unknown>
[INFO] [stdout]   45:     0x73713b6013d4 - clone
[INFO] [stdout]   46:                0x0 - <unknown>
[INFO] [stdout] 
[INFO] [stdout] 
[INFO] [stdout] failures:
[INFO] [stdout]     ingest::tests::missing_path_errors_unreadable_file_skips
[INFO] [stdout] 
[INFO] [stdout] test result: FAILED. 86 passed; 1 failed; 0 ignored; 0 measured; 0 filtered out; finished in 0.30s
[INFO] [stdout] 
[INFO] [stderr] error: test failed, to rerun pass `--lib`
[INFO] running `Command { std: "docker" "inspect" "73603911beee2b0039f891e4b1bb0ea73d6a45ae8fd6d85e3a8156b6f5668abb", kill_on_drop: false }`
[INFO] running `Command { std: "docker" "rm" "-f" "73603911beee2b0039f891e4b1bb0ea73d6a45ae8fd6d85e3a8156b6f5668abb", kill_on_drop: false }`
[INFO] [stdout] 73603911beee2b0039f891e4b1bb0ea73d6a45ae8fd6d85e3a8156b6f5668abb
