[INFO] fetching crate rust-j2k 0.3.0...
[INFO] testing rust-j2k-0.3.0 against 1.99.0-beta.8 for beta-1.100-2
[INFO] extracting crate rust-j2k 0.3.0 into /workspace/builds/worker-2-tc1/source
[INFO] started tweaking crates.io crate rust-j2k 0.3.0
[INFO] removed 0 missing tests
[INFO] finished tweaking crates.io crate rust-j2k 0.3.0
[INFO] tweaked toml for crates.io crate rust-j2k 0.3.0 written to /workspace/builds/worker-2-tc1/source/Cargo.toml
[INFO] validating manifest of crates.io crate rust-j2k 0.3.0 on toolchain 1.99.0-beta.8
[INFO] running `Command { std: CARGO_HOME="/workspace/cargo-home" RUSTUP_HOME="/workspace/rustup-home" "/workspace/cargo-home/bin/cargo" "+1.99.0-beta.8" "metadata" "--manifest-path" "Cargo.toml" "--no-deps", kill_on_drop: false }`
[INFO] crate crates.io crate rust-j2k 0.3.0 already has a lockfile, it will not be regenerated
[INFO] running `Command { std: CARGO_HOME="/workspace/cargo-home" RUSTUP_HOME="/workspace/rustup-home" "/workspace/cargo-home/bin/cargo" "+1.99.0-beta.8" "fetch" "--manifest-path" "Cargo.toml", kill_on_drop: false }`
[INFO] running `Command { std: "docker" "create" "-v" "/var/lib/crater-agent-workspace/builds/worker-2-tc1/source:/opt/rustwide/workdir:ro,Z" "-v" "/var/lib/crater-agent-workspace/builds/worker-2-tc1/target:/opt/rustwide/target:rw,Z" "-v" "/var/lib/crater-agent-workspace/cargo-home:/opt/rustwide/cargo-home:ro,Z" "-v" "/var/lib/crater-agent-workspace/rustup-home:/opt/rustwide/rustup-home:ro,Z" "-m" "1610612736" "--network" "none" "ghcr.io/rust-lang/crates-build-env/linux@sha256:3111399a4047eeb3a02b7a90e478d715f38a8c6669b5c4b49d30a17385265909" "sleep" "infinity", kill_on_drop: false }`
[INFO] [stdout] ab1638d196ebe7a7a22fc6a7b6d436f9efdb61bbeb7684c7127778d67eee6698
[INFO] running `Command { std: "docker" "start" "ab1638d196ebe7a7a22fc6a7b6d436f9efdb61bbeb7684c7127778d67eee6698", kill_on_drop: false }`
[INFO] running `Command { std: "docker" "inspect" "ab1638d196ebe7a7a22fc6a7b6d436f9efdb61bbeb7684c7127778d67eee6698", kill_on_drop: false }`
[INFO] running `Command { std: "docker" "exec" "-e" "SOURCE_DIR=/opt/rustwide/workdir" "-e" "CARGO_HOME=/opt/rustwide/cargo-home" "-e" "RUSTUP_HOME=/opt/rustwide/rustup-home" "-e" "CARGO_TARGET_DIR=/opt/rustwide/target" "-w" "/opt/rustwide/workdir" "--user" "0:0" "ab1638d196ebe7a7a22fc6a7b6d436f9efdb61bbeb7684c7127778d67eee6698" "/opt/rustwide/cargo-home/bin/cargo" "+1.99.0-beta.8" "metadata" "--no-deps" "--format-version=1", kill_on_drop: false }`
[INFO] running `Command { std: "docker" "inspect" "ab1638d196ebe7a7a22fc6a7b6d436f9efdb61bbeb7684c7127778d67eee6698", kill_on_drop: false }`
[INFO] running `Command { std: "docker" "exec" "-e" "SOURCE_DIR=/opt/rustwide/workdir" "-e" "CARGO_HOME=/opt/rustwide/cargo-home" "-e" "RUSTUP_HOME=/opt/rustwide/rustup-home" "-e" "CARGO_TARGET_DIR=/opt/rustwide/target" "-e" "CARGO_INCREMENTAL=0" "-e" "RUST_BACKTRACE=full" "-e" "RUSTFLAGS=--cap-lints=warn" "-e" "RUSTDOCFLAGS=--cap-lints=warn" "-w" "/opt/rustwide/workdir" "--user" "0:0" "ab1638d196ebe7a7a22fc6a7b6d436f9efdb61bbeb7684c7127778d67eee6698" "/opt/rustwide/cargo-home/bin/cargo" "+1.99.0-beta.8" "build" "--frozen" "--message-format=json", kill_on_drop: false }`
[INFO] [stderr]    Compiling rust-j2k v0.3.0 (/opt/rustwide/workdir)
[INFO] [stderr]     Finished `dev` profile [unoptimized + debuginfo] target(s) in 2.17s
[INFO] running `Command { std: "docker" "inspect" "ab1638d196ebe7a7a22fc6a7b6d436f9efdb61bbeb7684c7127778d67eee6698", kill_on_drop: false }`
[INFO] running `Command { std: "docker" "exec" "-e" "SOURCE_DIR=/opt/rustwide/workdir" "-e" "CARGO_HOME=/opt/rustwide/cargo-home" "-e" "RUSTUP_HOME=/opt/rustwide/rustup-home" "-e" "CARGO_TARGET_DIR=/opt/rustwide/target" "-e" "CARGO_INCREMENTAL=0" "-e" "RUST_BACKTRACE=full" "-e" "RUSTFLAGS=--cap-lints=warn" "-e" "RUSTDOCFLAGS=--cap-lints=warn" "-w" "/opt/rustwide/workdir" "--user" "0:0" "ab1638d196ebe7a7a22fc6a7b6d436f9efdb61bbeb7684c7127778d67eee6698" "/opt/rustwide/cargo-home/bin/cargo" "+1.99.0-beta.8" "test" "--frozen" "--no-run" "--message-format=json", kill_on_drop: false }`
[INFO] [stderr]    Compiling proc-macro2 v1.0.106
[INFO] [stderr]    Compiling quote v1.0.45
[INFO] [stderr]    Compiling memchr v2.8.2
[INFO] [stderr]    Compiling serde_json v1.0.150
[INFO] [stderr]    Compiling syn v2.0.118
[INFO] [stderr]    Compiling serde_derive v1.0.228
[INFO] [stderr]    Compiling serde v1.0.228
[INFO] [stderr]    Compiling rust-j2k v0.3.0 (/opt/rustwide/workdir)
[INFO] [stderr]     Finished `test` profile [unoptimized + debuginfo] target(s) in 18.54s
[INFO] running `Command { std: "docker" "inspect" "ab1638d196ebe7a7a22fc6a7b6d436f9efdb61bbeb7684c7127778d67eee6698", kill_on_drop: false }`
[INFO] running `Command { std: "docker" "exec" "-e" "SOURCE_DIR=/opt/rustwide/workdir" "-e" "CARGO_HOME=/opt/rustwide/cargo-home" "-e" "RUSTUP_HOME=/opt/rustwide/rustup-home" "-e" "CARGO_TARGET_DIR=/opt/rustwide/target" "-e" "CARGO_INCREMENTAL=0" "-e" "RUST_BACKTRACE=full" "-e" "RUSTFLAGS=--cap-lints=warn" "-e" "RUSTDOCFLAGS=--cap-lints=warn" "-w" "/opt/rustwide/workdir" "--user" "0:0" "ab1638d196ebe7a7a22fc6a7b6d436f9efdb61bbeb7684c7127778d67eee6698" "/opt/rustwide/cargo-home/bin/cargo" "+1.99.0-beta.8" "test" "--frozen", kill_on_drop: false }`
[INFO] [stderr]     Finished `test` profile [unoptimized + debuginfo] target(s) in 0.03s
[INFO] [stderr]      Running unittests src/lib.rs (/opt/rustwide/target/debug/deps/rust_j2k-60eddfa4dfec6503)
[INFO] [stdout] 
[INFO] [stdout] running 292 tests
[INFO] [stdout] test codestream::tests::a_coc_cannot_smuggle_in_an_undecoded_code_block_style ... ok
[INFO] [stdout] test codestream::tests::a_colour_transform_over_mixed_wavelets_is_unsupported ... ok
[INFO] [stdout] test codestream::tests::a_crg_marker_records_the_registration_offsets ... ok
[INFO] [stdout] test codestream::tests::a_coding_override_in_a_later_tile_part_is_codestream ... ok
[INFO] [stdout] test codestream::tests::a_first_tile_that_never_reaches_the_image_is_marker ... ok
[INFO] [stdout] test codestream::tests::a_coc_carries_its_own_precinct_partition ... ok
[INFO] [stdout] test codestream::tests::a_nonzero_image_and_tile_offset_is_accepted ... ok
[INFO] [stdout] test codestream::tests::a_duplicate_crg_is_a_codestream_error ... ok
[INFO] [stdout] test codestream::tests::a_non_maxshift_roi_style_is_unsupported ... ok
[INFO] [stdout] test codestream::tests::a_crg_of_the_wrong_length_is_a_marker_error ... ok
[INFO] [stdout] test codestream::tests::a_poc_past_the_volume_guard_is_unsupported ... ok
[INFO] [stdout] test codestream::tests::a_poc_volume_with_zero_layers_is_a_marker_error ... ok
[INFO] [stdout] test codestream::tests::a_second_override_for_one_component_is_a_codestream_error ... ok
[INFO] [stdout] test codestream::tests::a_coc_moving_a_colour_component_to_the_97_wavelet_is_unsupported ... ok
[INFO] [stdout] test codestream::tests::a_second_rgn_for_one_component_is_a_codestream_error ... ok
[INFO] [stdout] test codestream::tests::a_non_marker_where_a_marker_belongs_is_codestream ... ok
[INFO] [stdout] test codestream::tests::a_malformed_qcc_names_qcc_and_not_qcd ... ok
[INFO] [stdout] test codestream::tests::a_poc_marker_parses_into_volumes ... ok
[INFO] [stdout] test codestream::tests::a_second_soc_in_the_main_header_is_codestream ... ok
[INFO] [stdout] test codestream::tests::a_tile_cod_outranks_a_main_header_coc ... ok
[INFO] [stdout] test codestream::tests::a_tile_cod_outrunning_the_quantization_table_is_marker ... ok
[INFO] [stdout] test codestream::tests::a_tile_grid_past_the_isot_range_is_marker ... ok
[INFO] [stdout] test codestream::tests::a_tile_index_past_the_grid_is_codestream ... ok
[INFO] [stdout] test codestream::tests::a_tile_offset_past_the_image_offset_is_marker ... ok
[INFO] [stdout] test codestream::tests::a_tile_part_rgn_overrides_the_main_header_shift ... ok
[INFO] [stdout] test codestream::tests::a_tile_part_index_out_of_order_is_codestream ... ok
[INFO] [stdout] test codestream::tests::a_tile_part_rgn_with_a_part_2_style_is_unsupported ... ok
[INFO] [stdout] test codestream::tests::a_tile_with_no_tile_part_is_codestream ... ok
[INFO] [stdout] test codestream::tests::a_zero_precinct_exponent_above_resolution_zero_is_a_marker_error ... ok
[INFO] [stdout] test codestream::tests::a_tnsot_the_tile_parts_do_not_add_up_to_is_codestream ... ok
[INFO] [stdout] test codestream::tests::a_wrong_length_rgn_is_rejected ... ok
[INFO] [stdout] test codestream::tests::a_tile_with_no_overrides_takes_the_main_header_s_resolution ... ok
[INFO] [stdout] test codestream::tests::an_image_offset_at_or_past_the_far_edge_is_marker ... ok
[INFO] [stdout] test codestream::tests::an_implicit_precinct_partition_is_maximal ... ok
[INFO] [stdout] test codestream::tests::an_override_past_the_component_count_is_a_marker_error ... ok
[INFO] [stdout] test codestream::tests::a_second_tile_part_rgn_for_one_component_is_a_codestream_error ... ok
[INFO] [stdout] test codestream::tests::colour_transform_needs_matching_components ... ok
[INFO] [stdout] test codestream::tests::an_rgn_past_the_component_count_is_a_marker_error ... ok
[INFO] [stdout] test codestream::tests::bit_depth_above_38_is_marker ... ok
[INFO] [stdout] test codestream::tests::a_tile_part_poc_appends_to_the_main_header_poc ... ok
[INFO] [stdout] test codestream::tests::array_multiple_component_transform_is_unsupported ... ok
[INFO] [stdout] test codestream::tests::code_block_style_rejection_names_the_flags ... ok
[INFO] [stdout] test codestream::tests::a_tile_part_rgn_names_one_component ... ok
[INFO] [stdout] test codestream::tests::comment_segment_is_skipped ... ok
[INFO] [stdout] test codestream::tests::colour_transform_needs_three_components ... ok
[INFO] [stdout] test codestream::tests::component_index_is_two_bytes_from_257_components ... ok
[INFO] [stdout] test codestream::tests::component_extent_ceils_each_edge_separately ... ok
[INFO] [stdout] test codestream::tests::empty_tile_part_data_parses ... ok
[INFO] [stdout] test codestream::tests::full_depth_qcd_step_table_parses ... ok
[INFO] [stdout] test codestream::tests::header_altering_markers_are_rejected_not_skipped ... ok
[INFO] [stdout] test codestream::tests::duplicate_cod_is_codestream ... ok
[INFO] [stdout] test codestream::tests::duplicate_siz_is_codestream ... ok
[INFO] [stdout] test codestream::tests::irreversible_colour_transform_parses ... ok
[INFO] [stdout] test codestream::tests::every_progression_order_parses ... ok
[INFO] [stdout] test codestream::tests::missing_cod_is_codestream ... ok
[INFO] [stdout] test codestream::tests::missing_eoc_is_codestream ... ok
[INFO] [stdout] test codestream::tests::component_record_count_must_match_csiz ... ok
[INFO] [stdout] test codestream::tests::eoc_before_tile_part_is_codestream ... ok
[INFO] [stdout] test codestream::tests::missing_qcd_is_codestream ... ok
[INFO] [stdout] test codestream::tests::derived_quant_keeps_single_step ... ok
[INFO] [stdout] test codestream::tests::many_components_exceed_the_sample_budget ... ok
[INFO] [stdout] test codestream::tests::irreversible_wavelet_with_no_quantization_is_marker ... ok
[INFO] [stdout] test codestream::tests::main_and_tile_poc_volumes_share_the_guard ... ok
[INFO] [stdout] test codestream::tests::explicit_precinct_sizes_parse_from_spcod ... ok
[INFO] [stdout] test codestream::tests::missing_soc_is_codestream ... ok
[INFO] [stdout] test codestream::tests::multi_component_siz_parses_every_component ... ok
[INFO] [stdout] test codestream::tests::multiple_layers_parse ... ok
[INFO] [stdout] test codestream::tests::overrides_resolve_else_default_per_component ... ok
[INFO] [stdout] test codestream::tests::multiple_components_parse ... ok
[INFO] [stdout] test codestream::tests::oversize_image_area_is_unsupported ... ok
[INFO] [stdout] test codestream::tests::oversized_expounded_qcd_step_table_is_capped ... ok
[INFO] [stdout] test codestream::tests::non_marker_ff00_and_ffff_are_lost_sync ... ok
[INFO] [stdout] test codestream::tests::plm_in_the_tile_part_header_is_a_codestream_error ... ok
[INFO] [stdout] test codestream::tests::p0_02_reserved_marker_walks_cleanly ... ok
[INFO] [stdout] test codestream::tests::plm_parses_and_is_skipped ... ok
[INFO] [stdout] test codestream::tests::oversized_qcd_step_table_is_capped ... ok
[INFO] [stdout] test codestream::tests::out_of_subset_marker_is_unsupported ... ok
[INFO] [stdout] test codestream::tests::plm_without_zplm_is_a_codestream_error ... ok
[INFO] [stdout] test codestream::tests::ppm_chunks_split_by_nppm_across_markers ... ok
[INFO] [stdout] test codestream::tests::plt_ending_mid_entry_is_a_codestream_error ... ok
[INFO] [stdout] test codestream::tests::ppm_chunks_reject_malformed_framing ... ok
[INFO] [stdout] test codestream::tests::plt_in_the_main_header_is_a_codestream_error ... ok
[INFO] [stdout] test codestream::tests::plt_parses_in_the_tile_part_header ... ok
[INFO] [stdout] test codestream::tests::reserved_decomposition_levels_is_marker ... ok
[INFO] [stdout] test codestream::tests::reserved_markers_carry_no_segment ... ok
[INFO] [stdout] test codestream::tests::psot_zero_without_eoc_is_codestream ... ok
[INFO] [stdout] test codestream::tests::reserved_progression_is_marker ... ok
[INFO] [stdout] test codestream::tests::reject_matrix_maps_every_out_of_subset_input_to_its_typed_error ... ok
[INFO] [stdout] test codestream::tests::reserved_quant_style_is_marker ... ok
[INFO] [stdout] test codestream::tests::reserved_transform_is_marker ... ok
[INFO] [stdout] test codestream::tests::rgn_sets_the_maxshift_of_one_component ... ok
[INFO] [stdout] test codestream::tests::several_tile_parts_of_one_tile_are_joined_in_order ... ok
[INFO] [stdout] test codestream::tests::psot_overrun_is_codestream ... ok
[INFO] [stdout] test codestream::tests::psot_zero_runs_to_eoc ... ok
[INFO] [stdout] test codestream::tests::siz_matches_opj_dump_across_the_conformance_corpus ... ok
[INFO] [stdout] test codestream::tests::siz_not_first_is_codestream ... ok
[INFO] [stdout] test codestream::tests::structurally_illegal_tile_header_marker_is_codestream ... ok
[INFO] [stdout] test codestream::tests::subsampled_siz_derives_each_component_extent ... ok
[INFO] [stdout] test codestream::tests::the_tile_grid_covers_the_image_with_clipped_edge_tiles ... ok
[INFO] [stdout] test codestream::tests::tile_larger_than_image_is_accepted ... ok
[INFO] [stdout] test codestream::tests::tile_overrides_resolve_in_the_standard_s_precedence_order ... ok
[INFO] [stdout] test codestream::tests::reserved_progression_order_is_marker ... ok
[INFO] [stdout] test codestream::tests::tile_part_duplicate_zppt_is_a_codestream_error ... ok
[INFO] [stdout] test codestream::tests::reserved_scod_bits_are_marker ... ok
[INFO] [stdout] test codestream::tests::the_decoded_styles_parse_and_the_rest_still_reject ... ok
[INFO] [stdout] test codestream::tests::tile_part_ppt_collects_the_packed_headers ... ok
[INFO] [stdout] test codestream::tests::tlm_misaligned_body_is_a_codestream_error ... ok
[INFO] [stdout] test codestream::tests::tile_part_header_comment_is_skipped ... ok
[INFO] [stdout] test codestream::tests::tlm_naming_a_missing_tile_is_a_marker_error ... ok
[INFO] [stdout] test codestream::tests::tlm_of_p0_05_matches_its_tile_part_length ... ok
[INFO] [stdout] test codestream::tests::tlm_records_the_tile_part_lengths ... ok
[INFO] [stdout] test codestream::tests::tlm_reserved_stlm_bits_are_a_marker_error ... ok
[INFO] [stdout] test codestream::tests::tlm_st_3_is_a_marker_error ... ok
[INFO] [stdout] test codestream::tests::sop_and_eph_flags_parse_independently ... ok
[INFO] [stdout] test codestream::tests::too_many_components_is_marker ... ok
[INFO] [stdout] test codestream::tests::reversible_colour_transform_parses ... ok
[INFO] [stdout] test codestream::tests::too_few_expounded_qcd_steps_is_marker ... ok
[INFO] [stdout] test codestream::tests::rgn_component_index_is_two_bytes_from_257_components ... ok
[INFO] [stdout] test codestream::tests::truncated_segment_is_codestream ... ok
[INFO] [stdout] test codestream::tests::tlm_entries_accumulate_across_markers ... ok
[INFO] [stdout] test codestream::tests::tlm_indices_can_be_implied_and_lengths_two_bytes ... ok
[INFO] [stdout] test codestream::tests::unexpected_tile_header_marker_is_codestream ... ok
[INFO] [stdout] test codestream::tests::truncated_sot_is_codestream ... ok
[INFO] [stdout] test codestream::tests::valid_reversible_header_parses ... ok
[INFO] [stdout] test codestream::tests::valid_irreversible_header_parses ... ok
[INFO] [stdout] test codestream::tests::zero_components_is_marker ... ok
[INFO] [stdout] test codestream::tests::trailing_bytes_after_eoc_are_ignored_when_psot_declares_the_length ... ok
[INFO] [stdout] test codestream::tests::trailing_bytes_in_siz_is_codestream ... ok
[INFO] [stdout] test codestream::tests::zero_size_tile_is_marker ... ok
[INFO] [stdout] test codestream::tests::unknown_marker_segments_are_walked_then_reported_unsupported ... ok
[INFO] [stdout] test codestream::tests::unknown_marker_without_a_length_is_codestream ... ok
[INFO] [stdout] test codestream::tests::zero_sub_sampling_factor_is_marker ... ok
[INFO] [stdout] test dwt::tests::degenerate_lengths_are_identity ... ok
[INFO] [stdout] test dwt::tests::empty_coarse_resolution_carries_the_subband_gain_per_filter ... ok
[INFO] [stdout] test codestream::tests::zero_layers_is_marker ... ok
[INFO] [stdout] test codestream::tests::zero_size_image_is_marker ... ok
[INFO] [stdout] test dwt::tests::inverse_5_3_saturates_on_extreme_coefficients ... ok
[INFO] [stdout] test dwt::tests::band_origins_sum_back_to_the_resolution_origin ... ok
[INFO] [stdout] test dwt::tests::inverse_9_7_preserves_dc ... ok
[INFO] [stdout] test dwt::tests::inverse_9_7_round_trips_within_tolerance ... ok
[INFO] [stdout] test dwt::tests::inverse_5_3_round_trips_bit_exact ... ok
[INFO] [stdout] test codestream::tests::valid_single_tile_part_parses ... ok
[INFO] [stdout] test dwt::tests::reconstruct_5_3_bit_exact ... ok
[INFO] [stdout] test dwt::tests::inverse_5_3_known_vector ... ok
[INFO] [stdout] test dwt::tests::reconstruct_9_7_within_tolerance ... ok
[INFO] [stdout] test dwt::tests::the_irreversible_path_is_not_rounded_by_the_dwt ... ok
[INFO] [stdout] test fuzz::tests::fuzz_hooks_run_on_sample_inputs ... ok
[INFO] [stdout] test image::tests::depth_beyond_i32_container_is_unsupported ... ok
[INFO] [stdout] test image::tests::geometry_honours_sub_sampling ... ok
[INFO] [stdout] test codestream::tests::too_few_qcd_steps_for_the_decomposition_is_marker ... ok
[INFO] [stdout] test image::tests::geometry_uses_siz_image_area ... ok
[INFO] [stdout] test dwt::tests::reconstruct_9_7_within_tolerance_at_odd_origins ... ok
[INFO] [stdout] test dwt::tests::reflect_mirrors_about_edges ... ok
[INFO] [stdout] test dwt::tests::reconstruct_5_3_bit_exact_at_odd_origins ... ok
[INFO] [stdout] test image::tests::bad_depth_is_rejected ... ok
[INFO] [stdout] test image::tests::irreversible_samples_round_ties_to_even ... ok
[INFO] [stdout] test image::tests::irreversible_samples_saturate_into_the_container ... ok
[INFO] [stdout] test image::tests::sample_count_mismatch_is_inconsistent ... ok
[INFO] [stdout] test mct::tests::extreme_samples_saturate_rather_than_overflow ... ok
[INFO] [stdout] test image::tests::signed_is_unshifted_and_clamps ... ok
[INFO] [stdout] test mct::tests::fewer_than_three_components_is_a_marker_error ... ok
[INFO] [stdout] test image::tests::unsigned_adds_level_shift_and_clamps ... ok
[INFO] [stdout] test image::tests::wider_depths_round_trip_edges ... ok
[INFO] [stdout] test mct::tests::ict_applies_only_to_the_first_three_components ... ok
[INFO] [stdout] test mct::tests::fewer_than_three_components_is_inconsistent ... ok
[INFO] [stdout] test mct::tests::the_divide_by_four_floors_rather_than_truncates ... ok
[INFO] [stdout] test mct::tests::inverse_ict_undoes_the_forward_transform_within_tolerance ... ok
[INFO] [stdout] test mct::tests::three_matching_components_pass ... ok
[INFO] [stdout] test mct::tests::inverse_round_trips_negative_samples ... ok
[INFO] [stdout] test mct::tests::mismatched_depth_sign_or_sub_sampling_is_a_marker_error ... ok
[INFO] [stdout] test mct::tests::unequal_component_sizes_are_inconsistent ... ok
[INFO] [stdout] test mct::tests::inverse_undoes_the_forward_transform_exactly ... ok
[INFO] [stdout] test quant::tests::derived_drops_exponent_one_per_level ... ok
[INFO] [stdout] test quant::tests::derived_exponent_saturates_at_zero ... ok
[INFO] [stdout] test quant::tests::expounded_matches_hand_computed ... ok
[INFO] [stdout] test quant::tests::expounded_walks_two_levels_in_order ... ok
[INFO] [stdout] test quant::tests::irreversible_without_scalar_quant_is_inconsistent ... ok
[INFO] [stdout] test quant::tests::opposite_signs_reconstruct_to_negatives ... ok
[INFO] [stdout] test tier1::mq::tests::anchor_state_zero ... ok
[INFO] [stdout] test tier1::mq::tests::bytein_wraps_at_the_register_ceiling ... ok
[INFO] [stdout] test quant::tests::expounded_with_excess_steps_ignores_the_tail ... ok
[INFO] [stdout] test mct::tests::inverse_ict_matches_the_reference_formula ... ok
[INFO] [stdout] test mct::tests::transform_applies_only_to_the_first_three_components ... ok
[INFO] [stdout] test mct::tests::inverse_ict_rejects_the_integer_arm ... ok
[INFO] [stdout] test tier1::mq::tests::h2_test_sequence_decodes_exactly ... ok
[INFO] [stdout] test tier1::mq::tests::known_structural_invariants ... ok
[INFO] [stdout] test quant::tests::reversible_is_identity ... ok
[INFO] [stdout] test tier1::mq::tests::decode_past_end_is_bounded ... ok
[INFO] [stdout] test tier1::mq::tests::raw_past_the_marker_is_all_ones_and_bounded ... ok
[INFO] [stdout] test quant::tests::expounded_with_too_few_steps_is_inconsistent ... ok
[INFO] [stdout] test tier1::mq::tests::table_has_47_states ... ok
[INFO] [stdout] test tier1::mq::tests::table_matches_iso ... ok
[INFO] [stdout] test tier1::mq::tests::transitions_stay_in_bounds ... ok
[INFO] [stdout] test tier1::mq::tests::tiny_and_empty_segments_do_not_panic ... ok
[INFO] [stdout] test tier1::passes::tests::a_corrupt_segmentation_symbol_is_a_codestream_error ... ok
[INFO] [stdout] test tier1::mq::tests::raw_reads_bits_msb_first ... ok
[INFO] [stdout] test tier1::mq::tests::raw_unstuffs_the_bit_after_0xff ... ok
[INFO] [stdout] test tier1::passes::tests::an_empty_codeword_segment_does_not_panic ... ok
[INFO] [stdout] test tier1::passes::tests::golden_block_recovers_signs ... ok
[INFO] [stdout] test tier1::passes::tests::mr_first_refinement_with_a_significant_neighbour ... ok
[INFO] [stdout] test tier1::passes::tests::mr_after_first_refinement_ignores_neighbours ... ok
[INFO] [stdout] test tier1::passes::tests::predictable_termination_ignores_a_segment_stopped_by_the_bit_plane_floor ... ok
[INFO] [stdout] test tier1::passes::tests::mr_first_refinement_with_no_significant_neighbours ... ok
[INFO] [stdout] test tier1::passes::tests::sc_all_nine_contexts_and_xorbit ... ok
[INFO] [stdout] test tier1::passes::tests::neighbours_clamp_at_corners ... ok
[INFO] [stdout] test tier1::passes::tests::an_inexpressible_maxshift_on_a_decodable_block_zeroes_it ... ok
[INFO] [stdout] test tier1::passes::tests::predictable_termination_catches_a_segment_the_codeword_does_not_consume ... ok
[INFO] [stdout] test tier1::passes::tests::an_out_of_range_maxshift_is_rejected_rather_than_overflowing ... ok
[INFO] [stdout] test tier1::passes::tests::sc_contributions_clamp ... ok
[INFO] [stdout] test tier1::passes::tests::the_maxshift_threshold_separates_background_from_region ... ok
[INFO] [stdout] test tier1::passes::tests::zc_hh_all_labels ... ok
[INFO] [stdout] test tier1::passes::tests::undo_maxshift_matches_the_reference_formula_across_the_boundary ... ok
[INFO] [stdout] test tier1::passes::tests::zc_hl_swaps_h_and_v ... ok
[INFO] [stdout] test tier1::passes::tests::zc_ll_lh_all_labels ... ok
[INFO] [stdout] test tier1::tests::a_maxshift_that_overflows_the_bit_planes_is_rejected ... ok
[INFO] [stdout] test tier1::tests::excess_zero_bit_planes_decodes_to_zeros ... ok
[INFO] [stdout] test tier1::passes::tests::golden_blocks_decode_to_expected_coefficients ... ok
[INFO] [stdout] test tier1::tests::excessive_bit_planes_rejected ... ok
[INFO] [stdout] test tier1::tests::max_bit_planes_accepted ... ok
[INFO] [stdout] test tier2::bio::tests::align_on_boundary_is_noop ... ok
[INFO] [stdout] test tier1::passes::tests::state_round_trips ... ok
[INFO] [stdout] test tier1::passes::tests::zero_passes_yields_all_zero_coefficients ... ok
[INFO] [stdout] test tier1::passes::tests::vertically_causal_context_excludes_the_next_stripe ... ok
[INFO] [stdout] test tier2::bio::tests::align_rounds_up_partial_byte ... ok
[INFO] [stdout] test tier2::bio::tests::ff_byte_stuffs_following_msb ... ok
[INFO] [stdout] test tier2::bio::tests::align_skips_stuffed_byte_when_ending_mid_ff ... ok
[INFO] [stdout] test tier2::bio::tests::align_skips_stuffed_byte_after_ff ... ok
[INFO] [stdout] test tier1::passes::tests::zero_bit_planes_count_against_the_maxshift_raised_planes ... ok
[INFO] [stdout] test tier2::bio::tests::past_end_is_bounded ... ok
[INFO] [stdout] test tier2::bio::tests::read_multiple_bits ... ok
[INFO] [stdout] test tier2::tagtree::tests::odd_dimensions_build_and_read ... ok
[INFO] [stdout] test tier2::bio::tests::reads_msb_first ... ok
[INFO] [stdout] test tier2::tagtree::tests::inclusion_across_layers ... ok
[INFO] [stdout] test tier2::tagtree::tests::single_leaf_value_zero ... ok
[INFO] [stdout] test tier2::tagtree::tests::rising_threshold_resolves_incrementally ... ok
[INFO] [stdout] test tier2::tagtree::tests::state_retained_across_separate_readers ... ok
[INFO] [stdout] test tier2::tagtree::tests::single_leaf_value_three ... ok
[INFO] [stdout] test tier2::tests::a_block_first_included_in_a_later_layer ... ok
[INFO] [stdout] test tier2::tests::a_block_with_passes_and_no_bytes_at_all_is_codestream ... ok
[INFO] [stdout] test tier2::tests::a_layer_may_contribute_passes_without_bytes ... ok
[INFO] [stdout] test tier2::bio::tests::bytes_consumed_on_empty_input_is_zero ... ok
[INFO] [stdout] test tier2::tests::a_missing_eph_is_codestream ... ok
[INFO] [stdout] test tier2::tests::a_tile_part_shorter_than_its_layers_is_codestream ... ok
[INFO] [stdout] test tier2::bio::tests::empty_input_is_bounded ... ok
[INFO] [stdout] test tier2::tests::a_missing_sop_is_tolerated ... ok
[INFO] [stdout] test tier2::tests::an_empty_packet_leaves_the_tag_trees_alone ... ok
[INFO] [stdout] test tier2::tests::a_malformed_sop_segment_is_codestream ... ok
[INFO] [stdout] test tier2::tests::a_wrong_sop_sequence_number_is_codestream ... ok
[INFO] [stdout] test tier2::tests::eph_is_consumed_after_the_packet_header ... ok
[INFO] [stdout] test tier2::tests::geometry_accepts_full_precinct_extent ... ok
[INFO] [stdout] test tier2::tests::geometry_max_decomposition_levels ... ok
[INFO] [stdout] test tier2::tests::geometry_multi_block_grid ... ok
[INFO] [stdout] test tier2::tests::geometry_rejects_a_precinct_bomb_before_allocating ... ok
[INFO] [stdout] test tier2::tests::an_empty_packet_still_carries_its_eph ... ok
[INFO] [stdout] test tier2::tests::each_progression_nests_its_axes_in_the_right_order ... ok
[INFO] [stdout] test tier2::tests::an_included_block_may_skip_a_layer ... ok
[INFO] [stdout] test tier2::tests::geometry_single_block_per_subband ... ok
[INFO] [stdout] test tier2::tests::lazy_segment_max_passes_follows_the_10_2_1_pattern ... ok
[INFO] [stdout] test tier2::tests::geometry_splits_past_the_maximal_precinct_extent ... ok
[INFO] [stdout] test tier2::tests::lblock_persists_across_layers ... ok
[INFO] [stdout] test tier2::tests::length_field_width_uses_this_layers_passes_not_the_total ... ok
[INFO] [stdout] test tier2::tests::every_order_visits_the_same_packets ... ok
[INFO] [stdout] test tier2::tests::geometry_rejects_oversized_code_block ... ok
[INFO] [stdout] test tier2::tests::malformed_tile_data_never_panics ... ok
[INFO] [stdout] test tier2::tests::non_lazy_segment_max_passes_is_unchanged ... ok
[INFO] [stdout] test tier2::tests::packet_empty ... ok
[INFO] [stdout] test tier2::tests::num_passes_table ... ok
[INFO] [stdout] test tier2::tests::packet_block_not_included ... ok
[INFO] [stdout] test tier2::tests::packet_one_included_block ... ok
[INFO] [stdout] test tier2::tests::packet_two_blocks_partial_inclusion ... ok
[INFO] [stdout] test tier2::tests::packet_zero_bitplane_run_past_the_limit_is_rejected ... ok
[INFO] [stdout] test tier2::tests::pcrl_and_cprl_coincide_with_one_precinct ... ok
[INFO] [stdout] test tier2::tests::layers_accumulate_passes_and_segments ... ok
[INFO] [stdout] test tier2::tests::pcrl_and_cprl_diverge_once_precincts_exist ... ok
[INFO] [stdout] test tier2::tests::poc_emits_each_packet_once_across_overlapping_volumes ... ok
[INFO] [stdout] test tier2::tests::packet_lblock_increment ... ok
[INFO] [stdout] test tier2::tests::packet_length_field_width_tracks_passes ... ok
[INFO] [stdout] test tier2::tests::packet_zero_bitplane_count_can_exceed_the_magnitude_planes ... ok
[INFO] [stdout] test tier2::tests::positional_orders_do_not_drop_deep_resolutions ... ok
[INFO] [stdout] test tier2::tests::poc_switches_order_at_the_volume_boundary ... ok
[INFO] [stdout] test tier2::tests::resolution_geoms_honour_each_components_sub_sampling ... ok
[INFO] [stdout] test tier2::tests::restart_segments_fill_one_pass_at_a_time_across_layers ... ok
[INFO] [stdout] test tier2::tests::restart_splits_a_contribution_into_one_segment_per_pass ... ok
[INFO] [stdout] test tier2::tests::seed_codestream_parses ... ok
[INFO] [stdout] test tier2::tests::sop_is_consumed_and_its_sequence_number_checked ... ok
[INFO] [stdout] test tier2::tests::the_default_style_keeps_one_segment_for_every_pass ... ok
[INFO] [stdout] test tier2::tests::the_orders_coincide_when_only_resolution_varies ... ok
[INFO] [stdout] test tier2::tests::the_sop_sequence_number_wraps_at_65536 ... ok
[INFO] [stdout] test tier2::tagtree::tests::two_leaves_share_a_root ... ok
[INFO] [stdout] test tier2::tests::block_count_guard_rejects_metadata_bomb ... ok
[INFO] [stdout] test codestream::tests::too_many_marker_segments_is_codestream ... ok
[INFO] [stdout] test tier2::tests::the_precinct_budget_is_shared_across_components ... ok
[INFO] [stdout] 
[INFO] [stderr]      Running tests/conformance.rs (/opt/rustwide/target/debug/deps/conformance-4641403550cf53d5)
[INFO] [stdout] test result: ok. 292 passed; 0 failed; 0 ignored; 0 measured; 0 filtered out; finished in 0.30s
[INFO] [stdout] 
[INFO] [stdout] 
[INFO] [stdout] running 26 tests
[INFO] [stdout] test expected_schema::rejects_unknown_field ... ok
[INFO] [stdout] test expected_schema::parses_subsampled_multi_component_snapshot ... ok
[INFO] [stdout] test expected_schema::parses_absolute_irreversible_snapshot ... ok
[INFO] [stdout] test expected_schema::parses_exact_reversible_snapshot ... ok
[INFO] [stdout] test harness::absolute_within_bound_passes ... ok
[INFO] [stdout] test harness::component_count_mismatch_is_reported ... ok
[INFO] [stdout] test harness::component_geometry_mismatch_fails_before_samples ... ok
[INFO] [stdout] test harness::decode_error_classifies_as_failed ... ok
[INFO] [stdout] test expected_schema::omitted_optional_note_defaults_to_none ... ok
[INFO] [stdout] test expected_schema::rejects_unknown_tolerance_mode ... ok
[INFO] [stdout] test expected_schema::round_trips_through_serde ... ok
[INFO] [stdout] test harness::absolute_outside_bound_fails ... ok
[INFO] [stdout] test harness::exact_match_passes ... ok
[INFO] [stdout] test harness::fixture_load_error_short_circuits_run ... ok
[INFO] [stdout] test harness::image_area_mismatch_is_reported_before_any_component ... ok
[INFO] [stdout] test harness::ok_matching_classifies_as_passed ... ok
[INFO] [stdout] test harness::malformed_snapshot_is_a_load_error ... ok
[INFO] [stdout] test harness::exact_reports_first_divergent_sample ... ok
[INFO] [stdout] test harness::missing_directory_yields_empty_corpus ... ok
[INFO] [stdout] test harness::missing_snapshot_is_a_load_error ... ok
[INFO] [stdout] test harness::ok_mismatch_classifies_as_failed ... ok
[INFO] [stdout] test harness::snapshot_with_wrong_sample_count_is_a_load_error ... ok
[INFO] [stdout] test harness::discovers_paired_fixture ... ok
[INFO] [stdout] test harness::discovery_is_sorted_and_ignores_other_files ... ok
[INFO] [stdout] test harness::panic_classifies_as_failed ... ok
[INFO] [stderr]      Running tests/conformance_corpus.rs (/opt/rustwide/target/debug/deps/conformance_corpus-681f599262ef6a3d)
[INFO] [stdout] test decodes_corpus_against_oracle ... ok
[INFO] [stdout] 
[INFO] [stdout] test result: ok. 26 passed; 0 failed; 0 ignored; 0 measured; 0 filtered out; finished in 1.54s
[INFO] [stdout] 
[INFO] [stdout] 
[INFO] [stdout] running 3 tests
[INFO] [stdout] test corpus_covers_the_phase2_feature_matrix ... FAILED
[INFO] [stdout] test manifest_and_corpus_are_consistent ... FAILED
[INFO] [stdout] test decoding_p0_05_ignores_its_tlm_hint ... FAILED
[INFO] [stdout] 
[INFO] [stdout] failures:
[INFO] [stdout] 
[INFO] [stdout] ---- corpus_covers_the_phase2_feature_matrix stdout ----
[INFO] [stdout] 
[INFO] [stdout] thread 'corpus_covers_the_phase2_feature_matrix' (697) panicked at tests/conformance_corpus.rs:171:67:
[INFO] [stdout] read manifest.json: Os { code: 2, kind: NotFound, message: "No such file or directory" }
[INFO] [stdout] stack backtrace:
[INFO] [stdout]    0:     0x641874f746a1 - std[70759c8f55707aa4]::backtrace_rs::backtrace::libunwind::trace
[INFO] [stdout]                                at /rustc/dfb0accb7f508ae8be965d8629557221c889dd98/library/std/src/../../backtrace/src/backtrace/libunwind.rs:117:9
[INFO] [stdout]    1:     0x641874f746a1 - std[70759c8f55707aa4]::backtrace_rs::backtrace::trace_unsynchronized::<std[70759c8f55707aa4]::sys::backtrace::_print_fmt::{closure#1}>
[INFO] [stdout]                                at /rustc/dfb0accb7f508ae8be965d8629557221c889dd98/library/std/src/../../backtrace/src/backtrace/mod.rs:66:14
[INFO] [stdout]    2:     0x641874f746a1 - std[70759c8f55707aa4]::sys::backtrace::_print_fmt
[INFO] [stdout]                                at /rustc/dfb0accb7f508ae8be965d8629557221c889dd98/library/std/src/sys/backtrace.rs:74:9
[INFO] [stdout]    3:     0x641874f746a1 - <<std[70759c8f55707aa4]::sys::backtrace::BacktraceLock>::print::DisplayBacktrace as core[df12db4294e9bfd3]::fmt::Display>::fmt
[INFO] [stdout]                                at /rustc/dfb0accb7f508ae8be965d8629557221c889dd98/library/std/src/sys/backtrace.rs:44:26
[INFO] [stdout]    4:     0x641874f893aa - <core[df12db4294e9bfd3]::fmt::rt::Argument>::fmt
[INFO] [stdout]                                at /rustc/dfb0accb7f508ae8be965d8629557221c889dd98/library/core/src/fmt/rt.rs:152:76
[INFO] [stdout]    5:     0x641874f893aa - core[df12db4294e9bfd3]::fmt::write
[INFO] [stdout]    6:     0x641874f78b5c - core[df12db4294e9bfd3]::io::write::default_write_fmt::<alloc[2182bb758b4b3781]::vec::Vec<u8>>
[INFO] [stdout]                                at /rustc/dfb0accb7f508ae8be965d8629557221c889dd98/library/core/src/io/write.rs:402:11
[INFO] [stdout]    7:     0x641874f78b5c - <alloc[2182bb758b4b3781]::vec::Vec<u8> as core[df12db4294e9bfd3]::io::write::Write>::write_fmt
[INFO] [stdout]                                at /rustc/dfb0accb7f508ae8be965d8629557221c889dd98/library/core/src/io/write.rs:335:13
[INFO] [stdout]    8:     0x641874f50476 - <std[70759c8f55707aa4]::sys::backtrace::BacktraceLock>::print
[INFO] [stdout]                                at /rustc/dfb0accb7f508ae8be965d8629557221c889dd98/library/std/src/sys/backtrace.rs:47:9
[INFO] [stdout]    9:     0x641874f50476 - std[70759c8f55707aa4]::panicking::default_hook::{closure#0}
[INFO] [stdout]                                at /rustc/dfb0accb7f508ae8be965d8629557221c889dd98/library/std/src/panicking.rs:292:27
[INFO] [stdout]   10:     0x641874f6c779 - std[70759c8f55707aa4]::panicking::default_hook
[INFO] [stdout]                                at /rustc/dfb0accb7f508ae8be965d8629557221c889dd98/library/std/src/panicking.rs:316:9
[INFO] [stdout]   11:     0x641874ee5ef0 - <alloc[2182bb758b4b3781]::boxed::Box<dyn for<'a, 'b> core[df12db4294e9bfd3]::ops::function::Fn<(&'a std[70759c8f55707aa4]::panic::PanicHookInfo<'b>,), Output = ()> + core[df12db4294e9bfd3]::marker::Send + core[df12db4294e9bfd3]::marker::Sync> as core[df12db4294e9bfd3]::ops::function::Fn<(&std[70759c8f55707aa4]::panic::PanicHookInfo,)>>::call
[INFO] [stdout]                                at /rustc/dfb0accb7f508ae8be965d8629557221c889dd98/library/alloc/src/boxed.rs:2334:9
[INFO] [stdout]   12:     0x641874ee5ef0 - test[9d35eded1c95d3be]::test_main_inner::<test[9d35eded1c95d3be]::test_main_static::{closure#0}>::{closure#0}
[INFO] [stdout]                                at /rustc/dfb0accb7f508ae8be965d8629557221c889dd98/library/test/src/lib.rs:155:21
[INFO] [stdout]   13:     0x641874f6c932 - <alloc[2182bb758b4b3781]::boxed::Box<dyn for<'a, 'b> core[df12db4294e9bfd3]::ops::function::Fn<(&'a std[70759c8f55707aa4]::panic::PanicHookInfo<'b>,), Output = ()> + core[df12db4294e9bfd3]::marker::Send + core[df12db4294e9bfd3]::marker::Sync> as core[df12db4294e9bfd3]::ops::function::Fn<(&std[70759c8f55707aa4]::panic::PanicHookInfo,)>>::call
[INFO] [stdout]                                at /rustc/dfb0accb7f508ae8be965d8629557221c889dd98/library/alloc/src/boxed.rs:2334:9
[INFO] [stdout]   14:     0x641874f6c932 - std[70759c8f55707aa4]::panicking::panic_with_hook
[INFO] [stdout]                                at /rustc/dfb0accb7f508ae8be965d8629557221c889dd98/library/std/src/panicking.rs:823:13
[INFO] [stdout]   15:     0x641874f50522 - std[70759c8f55707aa4]::panicking::panic_handler::{closure#0}
[INFO] [stdout]                                at /rustc/dfb0accb7f508ae8be965d8629557221c889dd98/library/std/src/panicking.rs:688:13
[INFO] [stdout]   16:     0x641874f49119 - std[70759c8f55707aa4]::sys::backtrace::__rust_end_short_backtrace::<std[70759c8f55707aa4]::panicking::panic_handler::{closure#0}, !>
[INFO] [stdout]                                at /rustc/dfb0accb7f508ae8be965d8629557221c889dd98/library/std/src/sys/backtrace.rs:182:18
[INFO] [stdout]   17:     0x641874f5111d - __rustc[8fa7c3cbc660c2b3]::rust_begin_unwind
[INFO] [stdout]                                at /rustc/dfb0accb7f508ae8be965d8629557221c889dd98/library/std/src/panicking.rs:679:5
[INFO] [stdout]   18:     0x641874f89b5c - core[df12db4294e9bfd3]::panicking::panic_fmt
[INFO] [stdout]                                at /rustc/dfb0accb7f508ae8be965d8629557221c889dd98/library/core/src/panicking.rs:80:14
[INFO] [stdout]   19:     0x641874f898b2 - core[df12db4294e9bfd3]::result::unwrap_failed
[INFO] [stdout]                                at /rustc/dfb0accb7f508ae8be965d8629557221c889dd98/library/core/src/result.rs:1871:5
[INFO] [stdout]   20:     0x641874e4f3c3 - <core[df12db4294e9bfd3]::result::Result<alloc[2182bb758b4b3781]::string::String, core[df12db4294e9bfd3]::io::error::Error>>::expect
[INFO] [stdout]                                at /rustc/dfb0accb7f508ae8be965d8629557221c889dd98/library/core/src/result.rs:1184:23
[INFO] [stdout]   21:     0x641874e4e04e - conformance_corpus[e1d72db135f763e6]::corpus_covers_the_phase2_feature_matrix
[INFO] [stdout]                                at /opt/rustwide/workdir/tests/conformance_corpus.rs:171:67
[INFO] [stdout]   22:     0x641874e4aa97 - conformance_corpus[e1d72db135f763e6]::corpus_covers_the_phase2_feature_matrix::{closure#0}
[INFO] [stdout]                                at /opt/rustwide/workdir/tests/conformance_corpus.rs:169:45
[INFO] [stdout]   23:     0x641874e52506 - <conformance_corpus[e1d72db135f763e6]::corpus_covers_the_phase2_feature_matrix::{closure#0} as core[df12db4294e9bfd3]::ops::function::FnOnce<()>>::call_once
[INFO] [stdout]                                at /rustc/dfb0accb7f508ae8be965d8629557221c889dd98/library/core/src/ops/function.rs:250:5
[INFO] [stdout]   24:     0x641874ed91db - <fn() -> core[df12db4294e9bfd3]::result::Result<(), alloc[2182bb758b4b3781]::string::String> as core[df12db4294e9bfd3]::ops::function::FnOnce<()>>::call_once
[INFO] [stdout]                                at /rustc/dfb0accb7f508ae8be965d8629557221c889dd98/library/core/src/ops/function.rs:250:5
[INFO] [stdout]   25:     0x641874ed91db - test[9d35eded1c95d3be]::__rust_begin_short_backtrace::<core[df12db4294e9bfd3]::result::Result<(), alloc[2182bb758b4b3781]::string::String>, fn() -> core[df12db4294e9bfd3]::result::Result<(), alloc[2182bb758b4b3781]::string::String>>
[INFO] [stdout]                                at /rustc/dfb0accb7f508ae8be965d8629557221c889dd98/library/test/src/lib.rs:733:18
[INFO] [stdout]   26:     0x641874ee6845 - test[9d35eded1c95d3be]::run_test_in_process::{closure#0}
[INFO] [stdout]                                at /rustc/dfb0accb7f508ae8be965d8629557221c889dd98/library/test/src/lib.rs:756:74
[INFO] [stdout]   27:     0x641874ee6845 - <core[df12db4294e9bfd3]::panic::unwind_safe::AssertUnwindSafe<test[9d35eded1c95d3be]::run_test_in_process::{closure#0}> as core[df12db4294e9bfd3]::ops::function::FnOnce<()>>::call_once
[INFO] [stdout]                                at /rustc/dfb0accb7f508ae8be965d8629557221c889dd98/library/core/src/panic/unwind_safe.rs:275:9
[INFO] [stdout]   28:     0x641874ee6845 - std[70759c8f55707aa4]::panicking::catch_unwind::do_call::<core[df12db4294e9bfd3]::panic::unwind_safe::AssertUnwindSafe<test[9d35eded1c95d3be]::run_test_in_process::{closure#0}>, core[df12db4294e9bfd3]::result::Result<(), alloc[2182bb758b4b3781]::string::String>>
[INFO] [stdout]                                at /rustc/dfb0accb7f508ae8be965d8629557221c889dd98/library/std/src/panicking.rs:576:43
[INFO] [stdout]   29:     0x641874ee6845 - std[70759c8f55707aa4]::panicking::catch_unwind::<core[df12db4294e9bfd3]::result::Result<(), alloc[2182bb758b4b3781]::string::String>, core[df12db4294e9bfd3]::panic::unwind_safe::AssertUnwindSafe<test[9d35eded1c95d3be]::run_test_in_process::{closure#0}>>
[INFO] [stdout]                                at /rustc/dfb0accb7f508ae8be965d8629557221c889dd98/library/std/src/panicking.rs:544:19
[INFO] [stdout]   30:     0x641874ee6845 - std[70759c8f55707aa4]::panic::catch_unwind::<core[df12db4294e9bfd3]::panic::unwind_safe::AssertUnwindSafe<test[9d35eded1c95d3be]::run_test_in_process::{closure#0}>, core[df12db4294e9bfd3]::result::Result<(), alloc[2182bb758b4b3781]::string::String>>
[INFO] [stdout]                                at /rustc/dfb0accb7f508ae8be965d8629557221c889dd98/library/std/src/panic.rs:359:14
[INFO] [stdout]   31:     0x641874ee6845 - test[9d35eded1c95d3be]::run_test_in_process
[INFO] [stdout]                                at /rustc/dfb0accb7f508ae8be965d8629557221c889dd98/library/test/src/lib.rs:756:27
[INFO] [stdout]   32:     0x641874ee6845 - test[9d35eded1c95d3be]::run_test::{closure#0}
[INFO] [stdout]                                at /rustc/dfb0accb7f508ae8be965d8629557221c889dd98/library/test/src/lib.rs:677:43
[INFO] [stdout]   33:     0x641874ee0104 - test[9d35eded1c95d3be]::run_test::{closure#1}
[INFO] [stdout]                                at /rustc/dfb0accb7f508ae8be965d8629557221c889dd98/library/test/src/lib.rs:707:41
[INFO] [stdout]   34:     0x641874ee0104 - std[70759c8f55707aa4]::sys::backtrace::__rust_begin_short_backtrace::<test[9d35eded1c95d3be]::run_test::{closure#1}, ()>
[INFO] [stdout]                                at /rustc/dfb0accb7f508ae8be965d8629557221c889dd98/library/std/src/sys/backtrace.rs:166:18
[INFO] [stdout]   35:     0x641874ee99a2 - std[70759c8f55707aa4]::thread::lifecycle::spawn_unchecked::<test[9d35eded1c95d3be]::run_test::{closure#1}, ()>::{closure#1}::{closure#0}
[INFO] [stdout]                                at /rustc/dfb0accb7f508ae8be965d8629557221c889dd98/library/std/src/thread/lifecycle.rs:70:13
[INFO] [stdout]   36:     0x641874ee99a2 - <core[df12db4294e9bfd3]::panic::unwind_safe::AssertUnwindSafe<std[70759c8f55707aa4]::thread::lifecycle::spawn_unchecked<test[9d35eded1c95d3be]::run_test::{closure#1}, ()>::{closure#1}::{closure#0}> as core[df12db4294e9bfd3]::ops::function::FnOnce<()>>::call_once
[INFO] [stdout]                                at /rustc/dfb0accb7f508ae8be965d8629557221c889dd98/library/core/src/panic/unwind_safe.rs:275:9
[INFO] [stdout]   37:     0x641874ee99a2 - std[70759c8f55707aa4]::panicking::catch_unwind::do_call::<core[df12db4294e9bfd3]::panic::unwind_safe::AssertUnwindSafe<std[70759c8f55707aa4]::thread::lifecycle::spawn_unchecked<test[9d35eded1c95d3be]::run_test::{closure#1}, ()>::{closure#1}::{closure#0}>, ()>
[INFO] [stdout]                                at /rustc/dfb0accb7f508ae8be965d8629557221c889dd98/library/std/src/panicking.rs:576:43
[INFO] [stdout]   38:     0x641874ee99a2 - std[70759c8f55707aa4]::panicking::catch_unwind::<(), core[df12db4294e9bfd3]::panic::unwind_safe::AssertUnwindSafe<std[70759c8f55707aa4]::thread::lifecycle::spawn_unchecked<test[9d35eded1c95d3be]::run_test::{closure#1}, ()>::{closure#1}::{closure#0}>>
[INFO] [stdout]                                at /rustc/dfb0accb7f508ae8be965d8629557221c889dd98/library/std/src/panicking.rs:544:19
[INFO] [stdout]   39:     0x641874ee99a2 - std[70759c8f55707aa4]::panic::catch_unwind::<core[df12db4294e9bfd3]::panic::unwind_safe::AssertUnwindSafe<std[70759c8f55707aa4]::thread::lifecycle::spawn_unchecked<test[9d35eded1c95d3be]::run_test::{closure#1}, ()>::{closure#1}::{closure#0}>, ()>
[INFO] [stdout]                                at /rustc/dfb0accb7f508ae8be965d8629557221c889dd98/library/std/src/panic.rs:359:14
[INFO] [stdout]   40:     0x641874ee99a2 - std[70759c8f55707aa4]::thread::lifecycle::spawn_unchecked::<test[9d35eded1c95d3be]::run_test::{closure#1}, ()>::{closure#1}
[INFO] [stdout]                                at /rustc/dfb0accb7f508ae8be965d8629557221c889dd98/library/std/src/thread/lifecycle.rs:68:26
[INFO] [stdout]   41:     0x641874ee99a2 - <std[70759c8f55707aa4]::thread::lifecycle::spawn_unchecked<test[9d35eded1c95d3be]::run_test::{closure#1}, ()>::{closure#1} as core[df12db4294e9bfd3]::ops::function::FnOnce<()>>::call_once::{shim:vtable#0}
[INFO] [stdout]                                at /rustc/dfb0accb7f508ae8be965d8629557221c889dd98/library/core/src/ops/function.rs:250:5
[INFO] [stdout]   42:     0x641874f738e9 - <alloc[2182bb758b4b3781]::boxed::Box<dyn core[df12db4294e9bfd3]::ops::function::FnOnce<(), Output = ()> + core[df12db4294e9bfd3]::marker::Send> as core[df12db4294e9bfd3]::ops::function::FnOnce<()>>::call_once
[INFO] [stdout]                                at /rustc/dfb0accb7f508ae8be965d8629557221c889dd98/library/alloc/src/boxed.rs:2320:9
[INFO] [stdout]   43:     0x641874f738e9 - <std[70759c8f55707aa4]::sys::thread::unix::Thread>::new::thread_start
[INFO] [stdout]                                at /rustc/dfb0accb7f508ae8be965d8629557221c889dd98/library/std/src/sys/thread/unix.rs:123:17
[INFO] [stdout]   44:     0x77f2a0b5adfa - <unknown>
[INFO] [stdout]   45:     0x77f2a0bee3d4 - clone
[INFO] [stdout]   46:                0x0 - <unknown>
[INFO] [stdout] 
[INFO] [stdout] ---- manifest_and_corpus_are_consistent stdout ----
[INFO] [stdout] 
[INFO] [stdout] thread 'manifest_and_corpus_are_consistent' (699) panicked at tests/conformance_corpus.rs:26:29:
[INFO] [stdout] read /opt/rustwide/workdir/tests/fixtures/conformance/manifest.json: No such file or directory (os error 2)
[INFO] [stdout] stack backtrace:
[INFO] [stdout]    0:     0x641874f746a1 - std[70759c8f55707aa4]::backtrace_rs::backtrace::libunwind::trace
[INFO] [stdout]                                at /rustc/dfb0accb7f508ae8be965d8629557221c889dd98/library/std/src/../../backtrace/src/backtrace/libunwind.rs:117:9
[INFO] [stdout]    1:     0x641874f746a1 - std[70759c8f55707aa4]::backtrace_rs::backtrace::trace_unsynchronized::<std[70759c8f55707aa4]::sys::backtrace::_print_fmt::{closure#1}>
[INFO] [stdout]                                at /rustc/dfb0accb7f508ae8be965d8629557221c889dd98/library/std/src/../../backtrace/src/backtrace/mod.rs:66:14
[INFO] [stdout]    2:     0x641874f746a1 - std[70759c8f55707aa4]::sys::backtrace::_print_fmt
[INFO] [stdout]                                at /rustc/dfb0accb7f508ae8be965d8629557221c889dd98/library/std/src/sys/backtrace.rs:74:9
[INFO] [stdout]    3:     0x641874f746a1 - <<std[70759c8f55707aa4]::sys::backtrace::BacktraceLock>::print::DisplayBacktrace as core[df12db4294e9bfd3]::fmt::Display>::fmt
[INFO] [stdout]                                at /rustc/dfb0accb7f508ae8be965d8629557221c889dd98/library/std/src/sys/backtrace.rs:44:26
[INFO] [stdout]    4:     0x641874f893aa - <core[df12db4294e9bfd3]::fmt::rt::Argument>::fmt
[INFO] [stdout]                                at /rustc/dfb0accb7f508ae8be965d8629557221c889dd98/library/core/src/fmt/rt.rs:152:76
[INFO] [stdout]    5:     0x641874f893aa - core[df12db4294e9bfd3]::fmt::write
[INFO] [stdout]    6:     0x641874f78b5c - core[df12db4294e9bfd3]::io::write::default_write_fmt::<alloc[2182bb758b4b3781]::vec::Vec<u8>>
[INFO] [stdout]                                at /rustc/dfb0accb7f508ae8be965d8629557221c889dd98/library/core/src/io/write.rs:402:11
[INFO] [stdout]    7:     0x641874f78b5c - <alloc[2182bb758b4b3781]::vec::Vec<u8> as core[df12db4294e9bfd3]::io::write::Write>::write_fmt
[INFO] [stdout]                                at /rustc/dfb0accb7f508ae8be965d8629557221c889dd98/library/core/src/io/write.rs:335:13
[INFO] [stdout]    8:     0x641874f50476 - <std[70759c8f55707aa4]::sys::backtrace::BacktraceLock>::print
[INFO] [stdout]                                at /rustc/dfb0accb7f508ae8be965d8629557221c889dd98/library/std/src/sys/backtrace.rs:47:9
[INFO] [stdout]    9:     0x641874f50476 - std[70759c8f55707aa4]::panicking::default_hook::{closure#0}
[INFO] [stdout]                                at /rustc/dfb0accb7f508ae8be965d8629557221c889dd98/library/std/src/panicking.rs:292:27
[INFO] [stdout]   10:     0x641874f6c779 - std[70759c8f55707aa4]::panicking::default_hook
[INFO] [stdout]                                at /rustc/dfb0accb7f508ae8be965d8629557221c889dd98/library/std/src/panicking.rs:316:9
[INFO] [stdout]   11:     0x641874ee5ef0 - <alloc[2182bb758b4b3781]::boxed::Box<dyn for<'a, 'b> core[df12db4294e9bfd3]::ops::function::Fn<(&'a std[70759c8f55707aa4]::panic::PanicHookInfo<'b>,), Output = ()> + core[df12db4294e9bfd3]::marker::Send + core[df12db4294e9bfd3]::marker::Sync> as core[df12db4294e9bfd3]::ops::function::Fn<(&std[70759c8f55707aa4]::panic::PanicHookInfo,)>>::call
[INFO] [stdout]                                at /rustc/dfb0accb7f508ae8be965d8629557221c889dd98/library/alloc/src/boxed.rs:2334:9
[INFO] [stdout]   12:     0x641874ee5ef0 - test[9d35eded1c95d3be]::test_main_inner::<test[9d35eded1c95d3be]::test_main_static::{closure#0}>::{closure#0}
[INFO] [stdout]                                at /rustc/dfb0accb7f508ae8be965d8629557221c889dd98/library/test/src/lib.rs:155:21
[INFO] [stdout]   13:     0x641874f6c932 - <alloc[2182bb758b4b3781]::boxed::Box<dyn for<'a, 'b> core[df12db4294e9bfd3]::ops::function::Fn<(&'a std[70759c8f55707aa4]::panic::PanicHookInfo<'b>,), Output = ()> + core[df12db4294e9bfd3]::marker::Send + core[df12db4294e9bfd3]::marker::Sync> as core[df12db4294e9bfd3]::ops::function::Fn<(&std[70759c8f55707aa4]::panic::PanicHookInfo,)>>::call
[INFO] [stdout]                                at /rustc/dfb0accb7f508ae8be965d8629557221c889dd98/library/alloc/src/boxed.rs:2334:9
[INFO] [stdout]   14:     0x641874f6c932 - std[70759c8f55707aa4]::panicking::panic_with_hook
[INFO] [stdout]                                at /rustc/dfb0accb7f508ae8be965d8629557221c889dd98/library/std/src/panicking.rs:823:13
[INFO] [stdout]   15:     0x641874f50522 - std[70759c8f55707aa4]::panicking::panic_handler::{closure#0}
[INFO] [stdout]                                at /rustc/dfb0accb7f508ae8be965d8629557221c889dd98/library/std/src/panicking.rs:688:13
[INFO] [stdout]   16:     0x641874f49119 - std[70759c8f55707aa4]::sys::backtrace::__rust_end_short_backtrace::<std[70759c8f55707aa4]::panicking::panic_handler::{closure#0}, !>
[INFO] [stdout]                                at /rustc/dfb0accb7f508ae8be965d8629557221c889dd98/library/std/src/sys/backtrace.rs:182:18
[INFO] [stdout]   17:     0x641874f5111d - __rustc[8fa7c3cbc660c2b3]::rust_begin_unwind
[INFO] [stdout]                                at /rustc/dfb0accb7f508ae8be965d8629557221c889dd98/library/std/src/panicking.rs:679:5
[INFO] [stdout]   18:     0x641874f89b5c - core[df12db4294e9bfd3]::panicking::panic_fmt
[INFO] [stdout]                                at /rustc/dfb0accb7f508ae8be965d8629557221c889dd98/library/core/src/panicking.rs:80:14
[INFO] [stdout]   19:     0x641874e4abc0 - conformance_corpus[e1d72db135f763e6]::manifest_and_corpus_are_consistent::{closure#0}
[INFO] [stdout]                                at /opt/rustwide/workdir/tests/conformance_corpus.rs:26:29
[INFO] [stdout]   20:     0x641874e48e51 - <core[df12db4294e9bfd3]::result::Result<alloc[2182bb758b4b3781]::string::String, core[df12db4294e9bfd3]::io::error::Error>>::unwrap_or_else::<conformance_corpus[e1d72db135f763e6]::manifest_and_corpus_are_consistent::{closure#0}>
[INFO] [stdout]                                at /rustc/dfb0accb7f508ae8be965d8629557221c889dd98/library/core/src/result.rs:1621:23
[INFO] [stdout]   21:     0x641874e4bbaf - conformance_corpus[e1d72db135f763e6]::manifest_and_corpus_are_consistent
[INFO] [stdout]                                at /opt/rustwide/workdir/tests/conformance_corpus.rs:26:10
[INFO] [stdout]   22:     0x641874e4aa37 - conformance_corpus[e1d72db135f763e6]::manifest_and_corpus_are_consistent::{closure#0}
[INFO] [stdout]                                at /opt/rustwide/workdir/tests/conformance_corpus.rs:22:40
[INFO] [stdout]   23:     0x641874e524c6 - <conformance_corpus[e1d72db135f763e6]::manifest_and_corpus_are_consistent::{closure#0} as core[df12db4294e9bfd3]::ops::function::FnOnce<()>>::call_once
[INFO] [stdout]                                at /rustc/dfb0accb7f508ae8be965d8629557221c889dd98/library/core/src/ops/function.rs:250:5
[INFO] [stdout]   24:     0x641874ed91db - <fn() -> core[df12db4294e9bfd3]::result::Result<(), alloc[2182bb758b4b3781]::string::String> as core[df12db4294e9bfd3]::ops::function::FnOnce<()>>::call_once
[INFO] [stdout]                                at /rustc/dfb0accb7f508ae8be965d8629557221c889dd98/library/core/src/ops/function.rs:250:5
[INFO] [stdout]   25:     0x641874ed91db - test[9d35eded1c95d3be]::__rust_begin_short_backtrace::<core[df12db4294e9bfd3]::result::Result<(), alloc[2182bb758b4b3781]::string::String>, fn() -> core[df12db4294e9bfd3]::result::Result<(), alloc[2182bb758b4b3781]::string::String>>
[INFO] [stdout]                                at /rustc/dfb0accb7f508ae8be965d8629557221c889dd98/library/test/src/lib.rs:733:18
[INFO] [stdout]   26:     0x641874ee6845 - test[9d35eded1c95d3be]::run_test_in_process::{closure#0}
[INFO] [stdout]                                at /rustc/dfb0accb7f508ae8be965d8629557221c889dd98/library/test/src/lib.rs:756:74
[INFO] [stdout]   27:     0x641874ee6845 - <core[df12db4294e9bfd3]::panic::unwind_safe::AssertUnwindSafe<test[9d35eded1c95d3be]::run_test_in_process::{closure#0}> as core[df12db4294e9bfd3]::ops::function::FnOnce<()>>::call_once
[INFO] [stdout]                                at /rustc/dfb0accb7f508ae8be965d8629557221c889dd98/library/core/src/panic/unwind_safe.rs:275:9
[INFO] [stdout]   28:     0x641874ee6845 - std[70759c8f55707aa4]::panicking::catch_unwind::do_call::<core[df12db4294e9bfd3]::panic::unwind_safe::AssertUnwindSafe<test[9d35eded1c95d3be]::run_test_in_process::{closure#0}>, core[df12db4294e9bfd3]::result::Result<(), alloc[2182bb758b4b3781]::string::String>>
[INFO] [stdout]                                at /rustc/dfb0accb7f508ae8be965d8629557221c889dd98/library/std/src/panicking.rs:576:43
[INFO] [stdout]   29:     0x641874ee6845 - std[70759c8f55707aa4]::panicking::catch_unwind::<core[df12db4294e9bfd3]::result::Result<(), alloc[2182bb758b4b3781]::string::String>, core[df12db4294e9bfd3]::panic::unwind_safe::AssertUnwindSafe<test[9d35eded1c95d3be]::run_test_in_process::{closure#0}>>
[INFO] [stdout]                                at /rustc/dfb0accb7f508ae8be965d8629557221c889dd98/library/std/src/panicking.rs:544:19
[INFO] [stdout]   30:     0x641874ee6845 - std[70759c8f55707aa4]::panic::catch_unwind::<core[df12db4294e9bfd3]::panic::unwind_safe::AssertUnwindSafe<test[9d35eded1c95d3be]::run_test_in_process::{closure#0}>, core[df12db4294e9bfd3]::result::Result<(), alloc[2182bb758b4b3781]::string::String>>
[INFO] [stdout]                                at /rustc/dfb0accb7f508ae8be965d8629557221c889dd98/library/std/src/panic.rs:359:14
[INFO] [stdout]   31:     0x641874ee6845 - test[9d35eded1c95d3be]::run_test_in_process
[INFO] [stdout]                                at /rustc/dfb0accb7f508ae8be965d8629557221c889dd98/library/test/src/lib.rs:756:27
[INFO] [stdout]   32:     0x641874ee6845 - test[9d35eded1c95d3be]::run_test::{closure#0}
[INFO] [stdout]                                at /rustc/dfb0accb7f508ae8be965d8629557221c889dd98/library/test/src/lib.rs:677:43
[INFO] [stdout]   33:     0x641874ee0104 - test[9d35eded1c95d3be]::run_test::{closure#1}
[INFO] [stdout]                                at /rustc/dfb0accb7f508ae8be965d8629557221c889dd98/library/test/src/lib.rs:707:41
[INFO] [stdout]   34:     0x641874ee0104 - std[70759c8f55707aa4]::sys::backtrace::__rust_begin_short_backtrace::<test[9d35eded1c95d3be]::run_test::{closure#1}, ()>
[INFO] [stdout]                                at /rustc/dfb0accb7f508ae8be965d8629557221c889dd98/library/std/src/sys/backtrace.rs:166:18
[INFO] [stdout]   35:     0x641874ee99a2 - std[70759c8f55707aa4]::thread::lifecycle::spawn_unchecked::<test[9d35eded1c95d3be]::run_test::{closure#1}, ()>::{closure#1}::{closure#0}
[INFO] [stdout]                                at /rustc/dfb0accb7f508ae8be965d8629557221c889dd98/library/std/src/thread/lifecycle.rs:70:13
[INFO] [stdout]   36:     0x641874ee99a2 - <core[df12db4294e9bfd3]::panic::unwind_safe::AssertUnwindSafe<std[70759c8f55707aa4]::thread::lifecycle::spawn_unchecked<test[9d35eded1c95d3be]::run_test::{closure#1}, ()>::{closure#1}::{closure#0}> as core[df12db4294e9bfd3]::ops::function::FnOnce<()>>::call_once
[INFO] [stdout]                                at /rustc/dfb0accb7f508ae8be965d8629557221c889dd98/library/core/src/panic/unwind_safe.rs:275:9
[INFO] [stdout]   37:     0x641874ee99a2 - std[70759c8f55707aa4]::panicking::catch_unwind::do_call::<core[df12db4294e9bfd3]::panic::unwind_safe::AssertUnwindSafe<std[70759c8f55707aa4]::thread::lifecycle::spawn_unchecked<test[9d35eded1c95d3be]::run_test::{closure#1}, ()>::{closure#1}::{closure#0}>, ()>
[INFO] [stdout]                                at /rustc/dfb0accb7f508ae8be965d8629557221c889dd98/library/std/src/panicking.rs:576:43
[INFO] [stdout]   38:     0x641874ee99a2 - std[70759c8f55707aa4]::panicking::catch_unwind::<(), core[df12db4294e9bfd3]::panic::unwind_safe::AssertUnwindSafe<std[70759c8f55707aa4]::thread::lifecycle::spawn_unchecked<test[9d35eded1c95d3be]::run_test::{closure#1}, ()>::{closure#1}::{closure#0}>>
[INFO] [stdout]                                at /rustc/dfb0accb7f508ae8be965d8629557221c889dd98/library/std/src/panicking.rs:544:19
[INFO] [stdout]   39:     0x641874ee99a2 - std[70759c8f55707aa4]::panic::catch_unwind::<core[df12db4294e9bfd3]::panic::unwind_safe::AssertUnwindSafe<std[70759c8f55707aa4]::thread::lifecycle::spawn_unchecked<test[9d35eded1c95d3be]::run_test::{closure#1}, ()>::{closure#1}::{closure#0}>, ()>
[INFO] [stdout]                                at /rustc/dfb0accb7f508ae8be965d8629557221c889dd98/library/std/src/panic.rs:359:14
[INFO] [stdout]   40:     0x641874ee99a2 - std[70759c8f55707aa4]::thread::lifecycle::spawn_unchecked::<test[9d35eded1c95d3be]::run_test::{closure#1}, ()>::{closure#1}
[INFO] [stdout]                                at /rustc/dfb0accb7f508ae8be965d8629557221c889dd98/library/std/src/thread/lifecycle.rs:68:26
[INFO] [stdout]   41:     0x641874ee99a2 - <std[70759c8f55707aa4]::thread::lifecycle::spawn_unchecked<test[9d35eded1c95d3be]::run_test::{closure#1}, ()>::{closure#1} as core[df12db4294e9bfd3]::ops::function::FnOnce<()>>::call_once::{shim:vtable#0}
[INFO] [stdout]                                at /rustc/dfb0accb7f508ae8be965d8629557221c889dd98/library/core/src/ops/function.rs:250:5
[INFO] [stdout]   42:     0x641874f738e9 - <alloc[2182bb758b4b3781]::boxed::Box<dyn core[df12db4294e9bfd3]::ops::function::FnOnce<(), Output = ()> + core[df12db4294e9bfd3]::marker::Send> as core[df12db4294e9bfd3]::ops::function::FnOnce<()>>::call_once
[INFO] [stdout]                                at /rustc/dfb0accb7f508ae8be965d8629557221c889dd98/library/alloc/src/boxed.rs:2320:9
[INFO] [stdout]   43:     0x641874f738e9 - <std[70759c8f55707aa4]::sys::thread::unix::Thread>::new::thread_start
[INFO] [stdout]                                at /rustc/dfb0accb7f508ae8be965d8629557221c889dd98/library/std/src/sys/thread/unix.rs:123:17
[INFO] [stdout]   44:     0x77f2a0b5adfa - <unknown>
[INFO] [stdout]   45:     0x77f2a0bee3d4 - clone
[INFO] [stdout]   46:                0x0 - <unknown>
[INFO] [stdout] 
[INFO] [stdout] ---- decoding_p0_05_ignores_its_tlm_hint stdout ----
[INFO] [stdout] 
[INFO] [stdout] thread 'decoding_p0_05_ignores_its_tlm_hint' (698) panicked at tests/conformance_corpus.rs:254:75:
[INFO] [stdout] read p0_05: Os { code: 2, kind: NotFound, message: "No such file or directory" }
[INFO] [stdout] stack backtrace:
[INFO] [stdout]    0:     0x641874f746a1 - std[70759c8f55707aa4]::backtrace_rs::backtrace::libunwind::trace
[INFO] [stdout]                                at /rustc/dfb0accb7f508ae8be965d8629557221c889dd98/library/std/src/../../backtrace/src/backtrace/libunwind.rs:117:9
[INFO] [stdout]    1:     0x641874f746a1 - std[70759c8f55707aa4]::backtrace_rs::backtrace::trace_unsynchronized::<std[70759c8f55707aa4]::sys::backtrace::_print_fmt::{closure#1}>
[INFO] [stdout]                                at /rustc/dfb0accb7f508ae8be965d8629557221c889dd98/library/std/src/../../backtrace/src/backtrace/mod.rs:66:14
[INFO] [stdout]    2:     0x641874f746a1 - std[70759c8f55707aa4]::sys::backtrace::_print_fmt
[INFO] [stdout]                                at /rustc/dfb0accb7f508ae8be965d8629557221c889dd98/library/std/src/sys/backtrace.rs:74:9
[INFO] [stdout]    3:     0x641874f746a1 - <<std[70759c8f55707aa4]::sys::backtrace::BacktraceLock>::print::DisplayBacktrace as core[df12db4294e9bfd3]::fmt::Display>::fmt
[INFO] [stdout]                                at /rustc/dfb0accb7f508ae8be965d8629557221c889dd98/library/std/src/sys/backtrace.rs:44:26
[INFO] [stdout]    4:     0x641874f893aa - <core[df12db4294e9bfd3]::fmt::rt::Argument>::fmt
[INFO] [stdout]                                at /rustc/dfb0accb7f508ae8be965d8629557221c889dd98/library/core/src/fmt/rt.rs:152:76
[INFO] [stdout]    5:     0x641874f893aa - core[df12db4294e9bfd3]::fmt::write
[INFO] [stdout]    6:     0x641874f78b5c - core[df12db4294e9bfd3]::io::write::default_write_fmt::<alloc[2182bb758b4b3781]::vec::Vec<u8>>
[INFO] [stdout]                                at /rustc/dfb0accb7f508ae8be965d8629557221c889dd98/library/core/src/io/write.rs:402:11
[INFO] [stdout]    7:     0x641874f78b5c - <alloc[2182bb758b4b3781]::vec::Vec<u8> as core[df12db4294e9bfd3]::io::write::Write>::write_fmt
[INFO] [stdout]                                at /rustc/dfb0accb7f508ae8be965d8629557221c889dd98/library/core/src/io/write.rs:335:13
[INFO] [stdout]    8:     0x641874f50476 - <std[70759c8f55707aa4]::sys::backtrace::BacktraceLock>::print
[INFO] [stdout]                                at /rustc/dfb0accb7f508ae8be965d8629557221c889dd98/library/std/src/sys/backtrace.rs:47:9
[INFO] [stdout]    9:     0x641874f50476 - std[70759c8f55707aa4]::panicking::default_hook::{closure#0}
[INFO] [stdout]                                at /rustc/dfb0accb7f508ae8be965d8629557221c889dd98/library/std/src/panicking.rs:292:27
[INFO] [stdout]   10:     0x641874f6c779 - std[70759c8f55707aa4]::panicking::default_hook
[INFO] [stdout]                                at /rustc/dfb0accb7f508ae8be965d8629557221c889dd98/library/std/src/panicking.rs:316:9
[INFO] [stdout]   11:     0x641874ee5ef0 - <alloc[2182bb758b4b3781]::boxed::Box<dyn for<'a, 'b> core[df12db4294e9bfd3]::ops::function::Fn<(&'a std[70759c8f55707aa4]::panic::PanicHookInfo<'b>,), Output = ()> + core[df12db4294e9bfd3]::marker::Send + core[df12db4294e9bfd3]::marker::Sync> as core[df12db4294e9bfd3]::ops::function::Fn<(&std[70759c8f55707aa4]::panic::PanicHookInfo,)>>::call
[INFO] [stdout]                                at /rustc/dfb0accb7f508ae8be965d8629557221c889dd98/library/alloc/src/boxed.rs:2334:9
[INFO] [stdout]   12:     0x641874ee5ef0 - test[9d35eded1c95d3be]::test_main_inner::<test[9d35eded1c95d3be]::test_main_static::{closure#0}>::{closure#0}
[INFO] [stdout]                                at /rustc/dfb0accb7f508ae8be965d8629557221c889dd98/library/test/src/lib.rs:155:21
[INFO] [stdout]   13:     0x641874f6c932 - <alloc[2182bb758b4b3781]::boxed::Box<dyn for<'a, 'b> core[df12db4294e9bfd3]::ops::function::Fn<(&'a std[70759c8f55707aa4]::panic::PanicHookInfo<'b>,), Output = ()> + core[df12db4294e9bfd3]::marker::Send + core[df12db4294e9bfd3]::marker::Sync> as core[df12db4294e9bfd3]::ops::function::Fn<(&std[70759c8f55707aa4]::panic::PanicHookInfo,)>>::call
[INFO] [stdout]                                at /rustc/dfb0accb7f508ae8be965d8629557221c889dd98/library/alloc/src/boxed.rs:2334:9
[INFO] [stdout]   14:     0x641874f6c932 - std[70759c8f55707aa4]::panicking::panic_with_hook
[INFO] [stdout]                                at /rustc/dfb0accb7f508ae8be965d8629557221c889dd98/library/std/src/panicking.rs:823:13
[INFO] [stdout]   15:     0x641874f50522 - std[70759c8f55707aa4]::panicking::panic_handler::{closure#0}
[INFO] [stdout]                                at /rustc/dfb0accb7f508ae8be965d8629557221c889dd98/library/std/src/panicking.rs:688:13
[INFO] [stdout]   16:     0x641874f49119 - std[70759c8f55707aa4]::sys::backtrace::__rust_end_short_backtrace::<std[70759c8f55707aa4]::panicking::panic_handler::{closure#0}, !>
[INFO] [stdout]                                at /rustc/dfb0accb7f508ae8be965d8629557221c889dd98/library/std/src/sys/backtrace.rs:182:18
[INFO] [stdout]   17:     0x641874f5111d - __rustc[8fa7c3cbc660c2b3]::rust_begin_unwind
[INFO] [stdout]                                at /rustc/dfb0accb7f508ae8be965d8629557221c889dd98/library/std/src/panicking.rs:679:5
[INFO] [stdout]   18:     0x641874f89b5c - core[df12db4294e9bfd3]::panicking::panic_fmt
[INFO] [stdout]                                at /rustc/dfb0accb7f508ae8be965d8629557221c889dd98/library/core/src/panicking.rs:80:14
[INFO] [stdout]   19:     0x641874f898b2 - core[df12db4294e9bfd3]::result::unwrap_failed
[INFO] [stdout]                                at /rustc/dfb0accb7f508ae8be965d8629557221c889dd98/library/core/src/result.rs:1871:5
[INFO] [stdout]   20:     0x641874e4f2e3 - <core[df12db4294e9bfd3]::result::Result<alloc[2182bb758b4b3781]::vec::Vec<u8>, core[df12db4294e9bfd3]::io::error::Error>>::expect
[INFO] [stdout]                                at /rustc/dfb0accb7f508ae8be965d8629557221c889dd98/library/core/src/result.rs:1184:23
[INFO] [stdout]   21:     0x641874e4dafe - conformance_corpus[e1d72db135f763e6]::decoding_p0_05_ignores_its_tlm_hint
[INFO] [stdout]                                at /opt/rustwide/workdir/tests/conformance_corpus.rs:254:75
[INFO] [stdout]   22:     0x641874e4aa67 - conformance_corpus[e1d72db135f763e6]::decoding_p0_05_ignores_its_tlm_hint::{closure#0}
[INFO] [stdout]                                at /opt/rustwide/workdir/tests/conformance_corpus.rs:253:41
[INFO] [stdout]   23:     0x641874e524e6 - <conformance_corpus[e1d72db135f763e6]::decoding_p0_05_ignores_its_tlm_hint::{closure#0} as core[df12db4294e9bfd3]::ops::function::FnOnce<()>>::call_once
[INFO] [stdout]                                at /rustc/dfb0accb7f508ae8be965d8629557221c889dd98/library/core/src/ops/function.rs:250:5
[INFO] [stdout]   24:     0x641874ed91db - <fn() -> core[df12db4294e9bfd3]::result::Result<(), alloc[2182bb758b4b3781]::string::String> as core[df12db4294e9bfd3]::ops::function::FnOnce<()>>::call_once
[INFO] [stdout]                                at /rustc/dfb0accb7f508ae8be965d8629557221c889dd98/library/core/src/ops/function.rs:250:5
[INFO] [stdout]   25:     0x641874ed91db - test[9d35eded1c95d3be]::__rust_begin_short_backtrace::<core[df12db4294e9bfd3]::result::Result<(), alloc[2182bb758b4b3781]::string::String>, fn() -> core[df12db4294e9bfd3]::result::Result<(), alloc[2182bb758b4b3781]::string::String>>
[INFO] [stdout]                                at /rustc/dfb0accb7f508ae8be965d8629557221c889dd98/library/test/src/lib.rs:733:18
[INFO] [stdout]   26:     0x641874ee6845 - test[9d35eded1c95d3be]::run_test_in_process::{closure#0}
[INFO] [stdout]                                at /rustc/dfb0accb7f508ae8be965d8629557221c889dd98/library/test/src/lib.rs:756:74
[INFO] [stdout]   27:     0x641874ee6845 - <core[df12db4294e9bfd3]::panic::unwind_safe::AssertUnwindSafe<test[9d35eded1c95d3be]::run_test_in_process::{closure#0}> as core[df12db4294e9bfd3]::ops::function::FnOnce<()>>::call_once
[INFO] [stdout]                                at /rustc/dfb0accb7f508ae8be965d8629557221c889dd98/library/core/src/panic/unwind_safe.rs:275:9
[INFO] [stdout]   28:     0x641874ee6845 - std[70759c8f55707aa4]::panicking::catch_unwind::do_call::<core[df12db4294e9bfd3]::panic::unwind_safe::AssertUnwindSafe<test[9d35eded1c95d3be]::run_test_in_process::{closure#0}>, core[df12db4294e9bfd3]::result::Result<(), alloc[2182bb758b4b3781]::string::String>>
[INFO] [stdout]                                at /rustc/dfb0accb7f508ae8be965d8629557221c889dd98/library/std/src/panicking.rs:576:43
[INFO] [stdout]   29:     0x641874ee6845 - std[70759c8f55707aa4]::panicking::catch_unwind::<core[df12db4294e9bfd3]::result::Result<(), alloc[2182bb758b4b3781]::string::String>, core[df12db4294e9bfd3]::panic::unwind_safe::AssertUnwindSafe<test[9d35eded1c95d3be]::run_test_in_process::{closure#0}>>
[INFO] [stdout]                                at /rustc/dfb0accb7f508ae8be965d8629557221c889dd98/library/std/src/panicking.rs:544:19
[INFO] [stdout]   30:     0x641874ee6845 - std[70759c8f55707aa4]::panic::catch_unwind::<core[df12db4294e9bfd3]::panic::unwind_safe::AssertUnwindSafe<test[9d35eded1c95d3be]::run_test_in_process::{closure#0}>, core[df12db4294e9bfd3]::result::Result<(), alloc[2182bb758b4b3781]::string::String>>
[INFO] [stdout]                                at /rustc/dfb0accb7f508ae8be965d8629557221c889dd98/library/std/src/panic.rs:359:14
[INFO] [stdout]   31:     0x641874ee6845 - test[9d35eded1c95d3be]::run_test_in_process
[INFO] [stdout]                                at /rustc/dfb0accb7f508ae8be965d8629557221c889dd98/library/test/src/lib.rs:756:27
[INFO] [stdout]   32:     0x641874ee6845 - test[9d35eded1c95d3be]::run_test::{closure#0}
[INFO] [stdout]                                at /rustc/dfb0accb7f508ae8be965d8629557221c889dd98/library/test/src/lib.rs:677:43
[INFO] [stdout]   33:     0x641874ee0104 - test[9d35eded1c95d3be]::run_test::{closure#1}
[INFO] [stdout]                                at /rustc/dfb0accb7f508ae8be965d8629557221c889dd98/library/test/src/lib.rs:707:41
[INFO] [stdout]   34:     0x641874ee0104 - std[70759c8f55707aa4]::sys::backtrace::__rust_begin_short_backtrace::<test[9d35eded1c95d3be]::run_test::{closure#1}, ()>
[INFO] [stdout]                                at /rustc/dfb0accb7f508ae8be965d8629557221c889dd98/library/std/src/sys/backtrace.rs:166:18
[INFO] [stdout]   35:     0x641874ee99a2 - std[70759c8f55707aa4]::thread::lifecycle::spawn_unchecked::<test[9d35eded1c95d3be]::run_test::{closure#1}, ()>::{closure#1}::{closure#0}
[INFO] [stdout]                                at /rustc/dfb0accb7f508ae8be965d8629557221c889dd98/library/std/src/thread/lifecycle.rs:70:13
[INFO] [stdout]   36:     0x641874ee99a2 - <core[df12db4294e9bfd3]::panic::unwind_safe::AssertUnwindSafe<std[70759c8f55707aa4]::thread::lifecycle::spawn_unchecked<test[9d35eded1c95d3be]::run_test::{closure#1}, ()>::{closure#1}::{closure#0}> as core[df12db4294e9bfd3]::ops::function::FnOnce<()>>::call_once
[INFO] [stdout]                                at /rustc/dfb0accb7f508ae8be965d8629557221c889dd98/library/core/src/panic/unwind_safe.rs:275:9
[INFO] [stdout]   37:     0x641874ee99a2 - std[70759c8f55707aa4]::panicking::catch_unwind::do_call::<core[df12db4294e9bfd3]::panic::unwind_safe::AssertUnwindSafe<std[70759c8f55707aa4]::thread::lifecycle::spawn_unchecked<test[9d35eded1c95d3be]::run_test::{closure#1}, ()>::{closure#1}::{closure#0}>, ()>
[INFO] [stdout]                                at /rustc/dfb0accb7f508ae8be965d8629557221c889dd98/library/std/src/panicking.rs:576:43
[INFO] [stdout]   38:     0x641874ee99a2 - std[70759c8f55707aa4]::panicking::catch_unwind::<(), core[df12db4294e9bfd3]::panic::unwind_safe::AssertUnwindSafe<std[70759c8f55707aa4]::thread::lifecycle::spawn_unchecked<test[9d35eded1c95d3be]::run_test::{closure#1}, ()>::{closure#1}::{closure#0}>>
[INFO] [stdout]                                at /rustc/dfb0accb7f508ae8be965d8629557221c889dd98/library/std/src/panicking.rs:544:19
[INFO] [stdout]   39:     0x641874ee99a2 - std[70759c8f55707aa4]::panic::catch_unwind::<core[df12db4294e9bfd3]::panic::unwind_safe::AssertUnwindSafe<std[70759c8f55707aa4]::thread::lifecycle::spawn_unchecked<test[9d35eded1c95d3be]::run_test::{closure#1}, ()>::{closure#1}::{closure#0}>, ()>
[INFO] [stdout]                                at /rustc/dfb0accb7f508ae8be965d8629557221c889dd98/library/std/src/panic.rs:359:14
[INFO] [stdout]   40:     0x641874ee99a2 - std[70759c8f55707aa4]::thread::lifecycle::spawn_unchecked::<test[9d35eded1c95d3be]::run_test::{closure#1}, ()>::{closure#1}
[INFO] [stdout]                                at /rustc/dfb0accb7f508ae8be965d8629557221c889dd98/library/std/src/thread/lifecycle.rs:68:26
[INFO] [stdout]   41:     0x641874ee99a2 - <std[70759c8f55707aa4]::thread::lifecycle::spawn_unchecked<test[9d35eded1c95d3be]::run_test::{closure#1}, ()>::{closure#1} as core[df12db4294e9bfd3]::ops::function::FnOnce<()>>::call_once::{shim:vtable#0}
[INFO] [stdout]                                at /rustc/dfb0accb7f508ae8be965d8629557221c889dd98/library/core/src/ops/function.rs:250:5
[INFO] [stdout]   42:     0x641874f738e9 - <alloc[2182bb758b4b3781]::boxed::Box<dyn core[df12db4294e9bfd3]::ops::function::FnOnce<(), Output = ()> + core[df12db4294e9bfd3]::marker::Send> as core[df12db4294e9bfd3]::ops::function::FnOnce<()>>::call_once
[INFO] [stdout]                                at /rustc/dfb0accb7f508ae8be965d8629557221c889dd98/library/alloc/src/boxed.rs:2320:9
[INFO] [stdout]   43:     0x641874f738e9 - <std[70759c8f55707aa4]::sys::thread::unix::Thread>::new::thread_start
[INFO] [stdout]                                at /rustc/dfb0accb7f508ae8be965d8629557221c889dd98/library/std/src/sys/thread/unix.rs:123:17
[INFO] [stdout]   44:     0x77f2a0b5adfa - <unknown>
[INFO] [stdout]   45:     0x77f2a0bee3d4 - clone
[INFO] [stdout]   46:                0x0 - <unknown>
[INFO] [stdout] 
[INFO] [stdout] 
[INFO] [stdout] failures:
[INFO] [stdout]     corpus_covers_the_phase2_feature_matrix
[INFO] [stdout]     decoding_p0_05_ignores_its_tlm_hint
[INFO] [stdout]     manifest_and_corpus_are_consistent
[INFO] [stdout] 
[INFO] [stdout] test result: FAILED. 0 passed; 3 failed; 0 ignored; 0 measured; 0 filtered out; finished in 0.02s
[INFO] [stdout] 
[INFO] [stderr] error: test failed, to rerun pass `--test conformance_corpus`
[INFO] running `Command { std: "docker" "inspect" "ab1638d196ebe7a7a22fc6a7b6d436f9efdb61bbeb7684c7127778d67eee6698", kill_on_drop: false }`
[INFO] running `Command { std: "docker" "rm" "-f" "ab1638d196ebe7a7a22fc6a7b6d436f9efdb61bbeb7684c7127778d67eee6698", kill_on_drop: false }`
[INFO] [stdout] ab1638d196ebe7a7a22fc6a7b6d436f9efdb61bbeb7684c7127778d67eee6698
