[INFO] fetching crate rust-ai-core 0.3.4...
[INFO] testing rust-ai-core-0.3.4 against 1.99.0-beta.8 for beta-1.100-2
[INFO] extracting crate rust-ai-core 0.3.4 into /workspace/builds/worker-3-tc1/source
[INFO] started tweaking crates.io crate rust-ai-core 0.3.4
[INFO] removed 0 missing examples
[INFO] removed 0 missing tests
[INFO] finished tweaking crates.io crate rust-ai-core 0.3.4
[INFO] tweaked toml for crates.io crate rust-ai-core 0.3.4 written to /workspace/builds/worker-3-tc1/source/Cargo.toml
[INFO] validating manifest of crates.io crate rust-ai-core 0.3.4 on toolchain 1.99.0-beta.8
[INFO] running `Command { std: CARGO_HOME="/workspace/cargo-home" RUSTUP_HOME="/workspace/rustup-home" "/workspace/cargo-home/bin/cargo" "+1.99.0-beta.8" "metadata" "--manifest-path" "Cargo.toml" "--no-deps", kill_on_drop: false }`
[INFO] crate crates.io crate rust-ai-core 0.3.4 already has a lockfile, it will not be regenerated
[INFO] running `Command { std: CARGO_HOME="/workspace/cargo-home" RUSTUP_HOME="/workspace/rustup-home" "/workspace/cargo-home/bin/cargo" "+1.99.0-beta.8" "fetch" "--manifest-path" "Cargo.toml", kill_on_drop: false }`
[INFO] [stderr]     Updating crates.io index
[INFO] [stderr]  Downloading crates ...
[INFO] [stderr]   Downloaded hexf-parse v0.2.1
[INFO] [stderr]   Downloaded block v0.1.6
[INFO] [stderr]   Downloaded gemm-c64 v0.19.0
[INFO] [stderr]   Downloaded gemm-f32 v0.18.2
[INFO] [stderr]   Downloaded gemm-f16 v0.18.2
[INFO] [stderr]   Downloaded renderdoc-sys v1.1.0
[INFO] [stderr]   Downloaded candle-ug v0.9.2
[INFO] [stderr]   Downloaded malloc_buf v0.0.6
[INFO] [stderr]   Downloaded float-ord v0.3.2
[INFO] [stderr]   Downloaded nb v1.1.0
[INFO] [stderr]   Downloaded float4 v0.1.0
[INFO] [stderr]   Downloaded void v1.0.2
[INFO] [stderr]   Downloaded gemm-c64 v0.18.2
[INFO] [stderr]   Downloaded bindgen_cuda v0.1.6
[INFO] [stderr]   Downloaded foreign-types-shared v0.3.1
[INFO] [stderr]   Downloaded embassy-time v0.4.0
[INFO] [stderr]   Downloaded nb v0.1.3
[INFO] [stderr]   Downloaded windows-implement v0.58.0
[INFO] [stderr]   Downloaded profiling v1.0.17
[INFO] [stderr]   Downloaded reborrow v0.5.5
[INFO] [stderr]   Downloaded dyn-stack-macros v0.1.3
[INFO] [stderr]   Downloaded gemm-c32 v0.19.0
[INFO] [stderr]   Downloaded foreign-types-macros v0.2.3
[INFO] [stderr]   Downloaded glutin_wgl_sys v0.6.1
[INFO] [stderr]   Downloaded derive-new v0.7.0
[INFO] [stderr]   Downloaded variadics_please v1.1.0
[INFO] [stderr]   Downloaded embedded-hal-async v1.0.0
[INFO] [stderr]   Downloaded gemm-f64 v0.19.0
[INFO] [stderr]   Downloaded pulp-wasm-simd-flag v0.1.0
[INFO] [stderr]   Downloaded gemm-f16 v0.19.0
[INFO] [stderr]   Downloaded gemm-f64 v0.18.2
[INFO] [stderr]   Downloaded gemm-c32 v0.18.2
[INFO] [stderr]   Downloaded windows-interface v0.58.0
[INFO] [stderr]   Downloaded gpu-descriptor v0.3.2
[INFO] [stderr]   Downloaded wgpu-core-deps-windows-linux-android v26.0.0
[INFO] [stderr]   Downloaded wgpu-core-deps-emscripten v26.0.0
[INFO] [stderr]   Downloaded sanitize-filename v0.6.0
[INFO] [stderr]   Downloaded md5 v0.8.0
[INFO] [stderr]   Downloaded embedded-hal v1.0.0
[INFO] [stderr]   Downloaded dyn-stack v0.13.2
[INFO] [stderr]   Downloaded gemm-f32 v0.19.0
[INFO] [stderr]   Downloaded float8 v0.6.0
[INFO] [stderr]   Downloaded float8 v0.3.0
[INFO] [stderr]   Downloaded safetensors v0.4.5
[INFO] [stderr]   Downloaded gemm v0.18.2
[INFO] [stderr]   Downloaded range-alloc v0.1.4
[INFO] [stderr]   Downloaded objc v0.2.7
[INFO] [stderr]   Downloaded foreign-types v0.5.0
[INFO] [stderr]   Downloaded core-graphics-types v0.2.0
[INFO] [stderr]   Downloaded gpu-descriptor-types v0.2.0
[INFO] [stderr]   Downloaded presser v0.3.1
[INFO] [stderr]   Downloaded gpu-alloc v0.6.0
[INFO] [stderr]   Downloaded gpu-alloc-types v0.3.0
[INFO] [stderr]   Downloaded gl_generator v0.14.0
[INFO] [stderr]   Downloaded wgpu-core-deps-apple v26.0.0
[INFO] [stderr]   Downloaded enumset_derive v0.14.0
[INFO] [stderr]   Downloaded safetensors v0.7.0
[INFO] [stderr]   Downloaded gemm-common v0.18.2
[INFO] [stderr]   Downloaded raw-window-handle v0.6.2
[INFO] [stderr]   Downloaded ordered-float v5.0.0
[INFO] [stderr]   Downloaded spirv v0.3.0+sdk-1.3.268.0
[INFO] [stderr]   Downloaded khronos-egl v6.0.0
[INFO] [stderr]   Downloaded enumset v1.1.10
[INFO] [stderr]   Downloaded cubecl-ir v0.8.1
[INFO] [stderr]   Downloaded cubecl-macros-internal v0.8.1
[INFO] [stderr]   Downloaded float8 v0.4.2
[INFO] [stderr]   Downloaded embedded-hal v0.2.7
[INFO] [stderr]   Downloaded constcat v0.6.1
[INFO] [stderr]   Downloaded vsa-optim-rs v0.1.1
[INFO] [stderr]   Downloaded trit-vsa v0.1.1
[INFO] [stderr]   Downloaded memmap2 v0.9.9
[INFO] [stderr]   Downloaded gemm v0.19.0
[INFO] [stderr]   Downloaded gemm-common v0.19.0
[INFO] [stderr]   Downloaded sysctl v0.6.0
[INFO] [stderr]   Downloaded ug-cuda v0.5.0
[INFO] [stderr]   Downloaded ug v0.5.0
[INFO] [stderr]   Downloaded candle-kernels v0.9.2
[INFO] [stderr]   Downloaded cubecl v0.8.1
[INFO] [stderr]   Downloaded windows-core v0.58.0
[INFO] [stderr]   Downloaded codespan-reporting v0.12.0
[INFO] [stderr]   Downloaded gpu-allocator v0.27.0
[INFO] [stderr]   Downloaded cubecl-wgpu v0.8.1
[INFO] [stderr]   Downloaded slug v0.1.6
[INFO] [stderr]   Downloaded napi-sys v2.4.0
[INFO] [stderr]   Downloaded bitnet-quantize v0.1.1
[INFO] [stderr]   Downloaded rayon-cond v0.3.0
[INFO] [stderr]   Downloaded zerocopy-derive v0.8.35
[INFO] [stderr]   Downloaded rand_distr v0.5.1
[INFO] [stderr]   Downloaded wgpu-types v26.0.0
[INFO] [stderr]   Downloaded cubecl-quant v0.8.1
[INFO] [stderr]   Downloaded find-msvc-tools v0.1.8
[INFO] [stderr]   Downloaded ctor v0.2.9
[INFO] [stderr]   Downloaded tracel-llvm v20.1.4-6
[INFO] [stderr]   Downloaded cubecl-runtime v0.8.1
[INFO] [stderr]   Downloaded cubecl-common v0.8.1
[INFO] [stderr]   Downloaded cubecl-hip v0.8.1
[INFO] [stderr]   Downloaded liblzma v0.4.5
[INFO] [stderr]   Downloaded windows-numerics v0.2.0
[INFO] [stderr]   Downloaded windows-result v0.3.4
[INFO] [stderr]   Downloaded windows-threading v0.1.0
[INFO] [stderr]   Downloaded pyo3-macros v0.27.2
[INFO] [stderr]   Downloaded napi-derive-backend v1.0.75
[INFO] [stderr]   Downloaded cubecl-macros-internal v0.9.0
[INFO] [stderr]   Downloaded onig v6.5.1
[INFO] [stderr]   Downloaded monostate-impl v0.1.18
[INFO] [stderr]   Downloaded typed-path v0.12.2
[INFO] [stderr]   Downloaded type-map v0.5.1
[INFO] [stderr]   Downloaded no-std-compat v0.2.0
[INFO] [stderr]   Downloaded windows-strings v0.4.2
[INFO] [stderr]   Downloaded windows-future v0.2.1
[INFO] [stderr]   Downloaded windows-collections v0.2.0
[INFO] [stderr]   Downloaded target-lexicon v0.13.4
[INFO] [stderr]   Downloaded napi-derive v2.16.13
[INFO] [stderr]   Downloaded cubecl-zspace v0.9.0
[INFO] [stderr]   Downloaded criterion-plot v0.8.1
[INFO] [stderr]   Downloaded monostate v0.1.18
[INFO] [stderr]   Downloaded macro_rules_attribute v0.2.2
[INFO] [stderr]   Downloaded macro_rules_attribute-proc_macro v0.2.2
[INFO] [stderr]   Downloaded indicatif v0.17.11
[INFO] [stderr]   Downloaded zip v7.2.0
[INFO] [stderr]   Downloaded pulp v0.21.5
[INFO] [stderr]   Downloaded embassy-time-driver v0.2.1
[INFO] [stderr]   Downloaded cubecl-random v0.8.1
[INFO] [stderr]   Downloaded cubecl-opt v0.8.1
[INFO] [stderr]   Downloaded cubecl-cuda v0.8.1
[INFO] [stderr]   Downloaded cubecl-cpu v0.8.1
[INFO] [stderr]   Downloaded tracel-mlir-rs-macros v20.1.4-6
[INFO] [stderr]   Downloaded tracel-tblgen-rs v20.1.4-6
[INFO] [stderr]   Downloaded convert_case v0.8.0
[INFO] [stderr]   Downloaded entities v1.0.1
[INFO] [stderr]   Downloaded caseless v0.2.2
[INFO] [stderr]   Downloaded cubecl-convolution v0.8.1
[INFO] [stderr]   Downloaded pyo3-build-config v0.27.2
[INFO] [stderr]   Downloaded cubecl-common v0.9.0
[INFO] [stderr]   Downloaded cubecl-macros v0.9.0
[INFO] [stderr]   Downloaded cubecl-wgpu v0.9.0
[INFO] [stderr]   Downloaded cubecl-std v0.9.0
[INFO] [stderr]   Downloaded cubecl-hip v0.9.0
[INFO] [stderr]   Downloaded unicode-normalization-alignments v0.1.12
[INFO] [stderr]   Downloaded pulp v0.22.2
[INFO] [stderr]   Downloaded glow v0.16.0
[INFO] [stderr]   Downloaded embassy-futures v0.1.2
[INFO] [stderr]   Downloaded cubecl-macros v0.8.1
[INFO] [stderr]   Downloaded cubecl-std v0.8.1
[INFO] [stderr]   Downloaded cubecl-reduce v0.8.1
[INFO] [stderr]   Downloaded stable-vec v0.4.1
[INFO] [stderr]   Downloaded tracel-llvm-bundler v20.1.4-6
[INFO] [stderr]   Downloaded windows-core v0.61.2
[INFO] [stderr]   Downloaded numpy v0.27.1
[INFO] [stderr]   Downloaded cubecl-cuda v0.9.0
[INFO] [stderr]   Downloaded cubecl-ir v0.9.0
[INFO] [stderr]   Downloaded cubecl-opt v0.9.0
[INFO] [stderr]   Downloaded cubecl v0.9.0
[INFO] [stderr]   Downloaded clap v4.5.55
[INFO] [stderr]   Downloaded candle-nn v0.9.2
[INFO] [stderr]   Downloaded tritter-accel v0.2.2
[INFO] [stderr]   Downloaded bitnet-quantize v0.2.1
[INFO] [stderr]   Downloaded pyo3-ffi v0.27.2
[INFO] [stderr]   Downloaded cubecl-cpu v0.9.0
[INFO] [stderr]   Downloaded candle-core v0.9.2
[INFO] [stderr]   Downloaded cubecl-cpp v0.8.1
[INFO] [stderr]   Downloaded tracel-mlir-rs v20.1.4-6
[INFO] [stderr]   Downloaded trit-vsa v0.3.0
[INFO] [stderr]   Downloaded qlora-rs v1.0.5
[INFO] [stderr]   Downloaded pyo3-macros-backend v0.27.2
[INFO] [stderr]   Downloaded napi v2.16.17
[INFO] [stderr]   Downloaded cubecl-runtime v0.9.0
[INFO] [stderr]   Downloaded cubecl-cpp v0.9.0
[INFO] [stderr]   Downloaded zerocopy v0.8.35
[INFO] [stderr]   Downloaded wgpu v26.0.1
[INFO] [stderr]   Downloaded cc v1.2.54
[INFO] [stderr]   Downloaded tracel-mlir-sys v20.1.4-6
[INFO] [stderr]   Downloaded peft-rs v1.0.3
[INFO] [stderr]   Downloaded python3-dll-a v0.2.14
[INFO] [stderr]   Downloaded cubecl-core v0.8.1
[INFO] [stderr]   Downloaded ntapi v0.4.2
[INFO] [stderr]   Downloaded criterion v0.8.1
[INFO] [stderr]   Downloaded axolotl-rs v1.1.1
[INFO] [stderr]   Downloaded fancy-regex v0.17.0
[INFO] [stderr]   Downloaded cubecl-matmul v0.8.1
[INFO] [stderr]   Downloaded cubecl-core v0.9.0
[INFO] [stderr]   Downloaded tokenizers v0.20.4
[INFO] [stderr]   Downloaded esaxx-rs v0.1.10
[INFO] [stderr]   Downloaded unsloth-rs v1.0.1
[INFO] [stderr]   Downloaded deunicode v1.6.2
[INFO] [stderr]   Downloaded clap_builder v4.5.55
[INFO] [stderr]   Downloaded comrak v0.39.1
[INFO] [stderr]   Downloaded wgpu-core v26.0.1
[INFO] [stderr]   Downloaded bindgen v0.71.1
[INFO] [stderr]   Downloaded sysinfo v0.36.1
[INFO] [stderr]   Downloaded ndk-sys v0.6.0+11769913
[INFO] [stderr]   Downloaded objc2-io-kit v0.3.2
[INFO] [stderr]   Downloaded wgpu-hal v26.0.6
[INFO] [stderr]   Downloaded ash v0.38.0+1.3.281
[INFO] [stderr]   Downloaded khronos_api v3.1.0
[INFO] [stderr]   Downloaded cudarc v0.19.0
[INFO] [stderr]   Downloaded candle-transformers v0.9.2
[INFO] [stderr]   Downloaded cudarc v0.17.8
[INFO] [stderr]   Downloaded spm_precompiled v0.1.4
[INFO] [stderr]   Downloaded naga v26.0.0
[INFO] [stderr]   Downloaded cudarc v0.18.2
[INFO] [stderr]   Downloaded cubecl-hip-sys v7.0.5183101
[INFO] [stderr]   Downloaded onig_sys v69.9.1
[INFO] [stderr]   Downloaded petgraph v0.6.5
[INFO] [stderr]   Downloaded pyo3 v0.27.2
[INFO] [stderr]   Downloaded liblzma-sys v0.4.5
[INFO] [stderr]   Downloaded metal v0.32.0
[INFO] [stderr]   Downloaded windows v0.61.3
[INFO] [stderr]   Downloaded windows v0.58.0
[INFO] running `Command { std: "docker" "create" "-v" "/var/lib/crater-agent-workspace/builds/worker-3-tc1/source:/opt/rustwide/workdir:ro,Z" "-v" "/var/lib/crater-agent-workspace/builds/worker-3-tc1/target:/opt/rustwide/target:rw,Z" "-v" "/var/lib/crater-agent-workspace/cargo-home:/opt/rustwide/cargo-home:ro,Z" "-v" "/var/lib/crater-agent-workspace/rustup-home:/opt/rustwide/rustup-home:ro,Z" "-m" "1610612736" "--network" "none" "ghcr.io/rust-lang/crates-build-env/linux@sha256:3111399a4047eeb3a02b7a90e478d715f38a8c6669b5c4b49d30a17385265909" "sleep" "infinity", kill_on_drop: false }`
[INFO] [stdout] 843bb903fce771a75b9c26319c5dbefe53dee87d136171f8506788d836378db2
[INFO] running `Command { std: "docker" "start" "843bb903fce771a75b9c26319c5dbefe53dee87d136171f8506788d836378db2", kill_on_drop: false }`
[INFO] running `Command { std: "docker" "inspect" "843bb903fce771a75b9c26319c5dbefe53dee87d136171f8506788d836378db2", kill_on_drop: false }`
[INFO] running `Command { std: "docker" "exec" "-e" "SOURCE_DIR=/opt/rustwide/workdir" "-e" "CARGO_HOME=/opt/rustwide/cargo-home" "-e" "RUSTUP_HOME=/opt/rustwide/rustup-home" "-e" "CARGO_TARGET_DIR=/opt/rustwide/target" "-w" "/opt/rustwide/workdir" "--user" "0:0" "843bb903fce771a75b9c26319c5dbefe53dee87d136171f8506788d836378db2" "/opt/rustwide/cargo-home/bin/cargo" "+1.99.0-beta.8" "metadata" "--no-deps" "--format-version=1", kill_on_drop: false }`
[INFO] running `Command { std: "docker" "inspect" "843bb903fce771a75b9c26319c5dbefe53dee87d136171f8506788d836378db2", kill_on_drop: false }`
[INFO] running `Command { std: "docker" "exec" "-e" "SOURCE_DIR=/opt/rustwide/workdir" "-e" "CARGO_HOME=/opt/rustwide/cargo-home" "-e" "RUSTUP_HOME=/opt/rustwide/rustup-home" "-e" "CARGO_TARGET_DIR=/opt/rustwide/target" "-e" "CARGO_INCREMENTAL=0" "-e" "RUST_BACKTRACE=full" "-e" "RUSTFLAGS=--cap-lints=warn" "-e" "RUSTDOCFLAGS=--cap-lints=warn" "-w" "/opt/rustwide/workdir" "--user" "0:0" "843bb903fce771a75b9c26319c5dbefe53dee87d136171f8506788d836378db2" "/opt/rustwide/cargo-home/bin/cargo" "+1.99.0-beta.8" "build" "--frozen" "--message-format=json", kill_on_drop: false }`
[INFO] [stderr]    Compiling quote v1.0.44
[INFO] [stderr]    Compiling serde_core v1.0.228
[INFO] [stderr]    Compiling serde v1.0.228
[INFO] [stderr]    Compiling zerocopy v0.8.35
[INFO] [stderr]    Compiling autocfg v1.5.0
[INFO] [stderr]    Compiling libm v0.2.16
[INFO] [stderr]    Compiling proc-macro2 v1.0.106
[INFO] [stderr]    Compiling memchr v2.7.6
[INFO] [stderr]    Compiling itoa v1.0.17
[INFO] [stderr]    Compiling pin-project-lite v0.2.16
[INFO] [stderr]    Compiling zmij v1.0.17
[INFO] [stderr]    Compiling serde_json v1.0.149
[INFO] [stderr]    Compiling getrandom v0.3.4
[INFO] [stderr]    Compiling stable_deref_trait v1.2.1
[INFO] [stderr]    Compiling futures-core v0.3.31
[INFO] [stderr]    Compiling crossbeam-epoch v0.9.18
[INFO] [stderr]    Compiling either v1.15.0
[INFO] [stderr]    Compiling rayon-core v1.13.0
[INFO] [stderr]    Compiling parking_lot_core v0.9.12
[INFO] [stderr]    Compiling pulp v0.22.2
[INFO] [stderr]    Compiling unicode-segmentation v1.12.0
[INFO] [stderr]    Compiling rand_core v0.9.5
[INFO] [stderr]    Compiling regex-syntax v0.8.8
[INFO] [stderr]    Compiling reborrow v0.5.5
[INFO] [stderr]    Compiling shlex v1.3.0
[INFO] [stderr]    Compiling pulp-wasm-simd-flag v0.1.0
[INFO] [stderr]    Compiling dyn-stack-macros v0.1.3
[INFO] [stderr]    Compiling cfg_aliases v0.2.1
[INFO] [stderr]    Compiling aho-corasick v1.1.4
[INFO] [stderr]    Compiling find-msvc-tools v0.1.8
[INFO] [stderr]    Compiling crossbeam-deque v0.8.6
[INFO] [stderr]    Compiling seq-macro v0.3.6
[INFO] [stderr]    Compiling log v0.4.29
[INFO] [stderr]    Compiling foldhash v0.1.5
[INFO] [stderr]    Compiling parking_lot v0.12.5
[INFO] [stderr]    Compiling num-traits v0.2.19
[INFO] [stderr]    Compiling cc v1.2.54
[INFO] [stderr]    Compiling parking v2.2.1
[INFO] [stderr]    Compiling portable-atomic v1.13.0
[INFO] [stderr]    Compiling tracing-core v0.1.36
[INFO] [stderr]    Compiling syn v2.0.114
[INFO] [stderr]    Compiling convert_case v0.10.0
[INFO] [stderr]    Compiling spin v0.10.0
[INFO] [stderr]    Compiling getrandom v0.2.17
[INFO] [stderr]    Compiling bytes v1.11.0
[INFO] [stderr]    Compiling embassy-futures v0.1.2
[INFO] [stderr]    Compiling cubecl-common v0.8.1
[INFO] [stderr]    Compiling concurrent-queue v2.5.0
[INFO] [stderr]    Compiling typed-path v0.12.2
[INFO] [stderr]    Compiling futures-io v0.3.31
[INFO] [stderr]    Compiling prettyplease v0.2.37
[INFO] [stderr]    Compiling fastrand v2.3.0
[INFO] [stderr]    Compiling rayon v1.11.0
[INFO] [stderr]    Compiling event-listener v5.4.1
[INFO] [stderr]    Compiling memmap2 v0.9.9
[INFO] [stderr]    Compiling num_cpus v1.17.0
[INFO] [stderr]    Compiling errno v0.3.14
[INFO] [stderr]    Compiling futures-lite v2.6.1
[INFO] [stderr]    Compiling float4 v0.1.0
[INFO] [stderr]    Compiling winnow v0.7.14
[INFO] [stderr]    Compiling event-listener-strategy v0.5.4
[INFO] [stderr]    Compiling signal-hook-registry v1.4.8
[INFO] [stderr]    Compiling hashbrown v0.15.5
[INFO] [stderr]    Compiling cubecl-runtime v0.8.1
[INFO] [stderr]    Compiling mio v1.1.1
[INFO] [stderr]    Compiling socket2 v0.6.2
[INFO] [stderr]    Compiling cubecl-macros v0.8.1
[INFO] [stderr]    Compiling regex-automata v0.4.13
[INFO] [stderr]    Compiling float-ord v0.3.2
[INFO] [stderr]    Compiling toml_writer v1.0.6+spec-1.1.0
[INFO] [stderr]    Compiling ring v0.17.14
[INFO] [stderr]    Compiling async-channel v2.5.0
[INFO] [stderr]    Compiling md5 v0.8.0
[INFO] [stderr]    Compiling http v1.4.0
[INFO] [stderr]    Compiling futures-task v0.3.31
[INFO] [stderr]    Compiling rand_core v0.6.4
[INFO] [stderr]    Compiling rustls v0.23.36
[INFO] [stderr]    Compiling futures-util v0.3.31
[INFO] [stderr]    Compiling pkg-config v0.3.32
[INFO] [stderr]    Compiling futures-channel v0.3.31
[INFO] [stderr]    Compiling anstyle-parse v0.2.7
[INFO] [stderr]    Compiling esaxx-rs v0.1.10
[INFO] [stderr]    Compiling sync_wrapper v1.0.2
[INFO] [stderr]    Compiling ipnet v2.11.0
[INFO] [stderr]    Compiling bit-vec v0.8.0
[INFO] [stderr]    Compiling ryu v1.0.22
[INFO] [stderr]    Compiling colorchoice v1.0.4
[INFO] [stderr]    Compiling anstream v0.6.21
[INFO] [stderr]    Compiling nom v7.1.3
[INFO] [stderr]    Compiling onig_sys v69.9.1
[INFO] [stderr]    Compiling console v0.15.11
[INFO] [stderr]    Compiling bitflags v2.10.0
[INFO] [stderr]    Compiling hashbrown v0.16.1
[INFO] [stderr]    Compiling raw-cpuid v11.6.0
[INFO] [stderr]    Compiling serde_bytes v0.11.19
[INFO] [stderr]    Compiling toml_datetime v0.7.5+spec-1.1.0
[INFO] [stderr]    Compiling serde_spanned v1.0.4
[INFO] [stderr]    Compiling http-body v1.0.1
[INFO] [stderr]    Compiling bit-set v0.8.0
[INFO] [stderr]    Compiling toml_parser v1.0.6+spec-1.1.0
[INFO] [stderr]    Compiling webpki-roots v1.0.5
[INFO] [stderr]    Compiling itertools v0.11.0
[INFO] [stderr]    Compiling iri-string v0.7.10
[INFO] [stderr]    Compiling clap_lex v0.7.7
[INFO] [stderr]    Compiling indexmap v2.13.0
[INFO] [stderr]    Compiling futures-sink v0.3.31
[INFO] [stderr]    Compiling base64 v0.13.1
[INFO] [stderr]    Compiling macro_rules_attribute-proc_macro v0.2.2
[INFO] [stderr]    Compiling toml v0.9.11+spec-1.1.0
[INFO] [stderr]    Compiling number_prefix v0.4.0
[INFO] [stderr]    Compiling macro_rules_attribute v0.2.2
[INFO] [stderr]    Compiling clap_builder v4.5.55
[INFO] [stderr]    Compiling http-body-util v0.1.3
[INFO] [stderr]    Compiling tracing-log v0.2.0
[INFO] [stderr]    Compiling zip v7.2.0
[INFO] [stderr]    Compiling itertools v0.12.1
[INFO] [stderr]    Compiling unicode-normalization-alignments v0.1.12
[INFO] [stderr]    Compiling thread_local v1.1.9
[INFO] [stderr]    Compiling unicode_categories v0.1.1
[INFO] [stderr]    Compiling regex v1.12.2
[INFO] [stderr]    Compiling fancy-regex v0.17.0
[INFO] [stderr]    Compiling matchers v0.2.0
[INFO] [stderr]    Compiling rayon-cond v0.3.0
[INFO] [stderr]    Compiling synstructure v0.13.2
[INFO] [stderr]    Compiling darling_core v0.21.3
[INFO] [stderr]    Compiling darling_core v0.20.11
[INFO] [stderr]    Compiling sanitize-filename v0.6.0
[INFO] [stderr]    Compiling serde_derive v1.0.228
[INFO] [stderr]    Compiling zerocopy-derive v0.8.35
[INFO] [stderr]    Compiling bytemuck_derive v1.10.2
[INFO] [stderr]    Compiling zerofrom-derive v0.1.6
[INFO] [stderr]    Compiling yoke-derive v0.8.1
[INFO] [stderr]    Compiling thiserror-impl v2.0.18
[INFO] [stderr]    Compiling derive_more-impl v2.1.1
[INFO] [stderr]    Compiling derive-new v0.7.0
[INFO] [stderr]    Compiling zerovec-derive v0.11.2
[INFO] [stderr]    Compiling tracing-attributes v0.1.31
[INFO] [stderr]    Compiling displaydoc v0.2.5
[INFO] [stderr]    Compiling variadics_please v1.1.0
[INFO] [stderr]    Compiling tokio-macros v2.6.0
[INFO] [stderr]    Compiling bytemuck v1.24.0
[INFO] [stderr]    Compiling thiserror-impl v1.0.69
[INFO] [stderr]    Compiling zerofrom v0.1.6
[INFO] [stderr]    Compiling thiserror v2.0.18
[INFO] [stderr]    Compiling rustls-webpki v0.103.9
[INFO] [stderr]    Compiling tokio v1.49.0
[INFO] [stderr]    Compiling monostate-impl v0.1.18
[INFO] [stderr]    Compiling yoke v0.8.1
[INFO] [stderr]    Compiling num-complex v0.4.6
[INFO] [stderr]    Compiling dyn-stack v0.13.2
[INFO] [stderr]    Compiling darling_macro v0.20.11
[INFO] [stderr]    Compiling monostate v0.1.18
[INFO] [stderr]    Compiling tracing v0.1.44
[INFO] [stderr]    Compiling zerotrie v0.2.3
[INFO] [stderr]    Compiling clap_derive v4.5.55
[INFO] [stderr]    Compiling darling v0.20.11
[INFO] [stderr]    Compiling tracing-subscriber v0.3.22
[INFO] [stderr]    Compiling derive_builder_core v0.20.2
[INFO] [stderr]    Compiling zerovec v0.11.5
[INFO] [stderr]    Compiling onig v6.5.1
[INFO] [stderr]    Compiling darling_macro v0.21.3
[INFO] [stderr]    Compiling thiserror v1.0.69
[INFO] [stderr]    Compiling darling v0.21.3
[INFO] [stderr]    Compiling tinystr v0.8.2
[INFO] [stderr]    Compiling cubecl-macros-internal v0.8.1
[INFO] [stderr]    Compiling enumset_derive v0.14.0
[INFO] [stderr]    Compiling potential_utf v0.1.4
[INFO] [stderr]    Compiling derive_more v2.1.1
[INFO] [stderr]    Compiling icu_collections v2.1.1
[INFO] [stderr]    Compiling icu_locale_core v2.1.1
[INFO] [stderr]    Compiling derive_builder_macro v0.20.2
[INFO] [stderr]    Compiling derive_builder v0.20.2
[INFO] [stderr]    Compiling clap v4.5.55
[INFO] [stderr]    Compiling enumset v1.1.10
[INFO] [stderr]    Compiling safetensors v0.7.0
[INFO] [stderr]    Compiling trit-vsa v0.1.1
[INFO] [stderr]    Compiling serde_plain v1.0.2
[INFO] [stderr]    Compiling trit-vsa v0.3.0
[INFO] [stderr]    Compiling spm_precompiled v0.1.4
[INFO] [stderr]    Compiling serde_urlencoded v0.7.1
[INFO] [stderr]    Compiling serde_yaml v0.9.34+deprecated
[INFO] [stderr]    Compiling safetensors v0.4.5
[INFO] [stderr]    Compiling icu_provider v2.1.1
[INFO] [stderr]    Compiling icu_normalizer v2.1.1
[INFO] [stderr]    Compiling icu_properties v2.1.2
[INFO] [stderr]    Compiling indicatif v0.17.11
[INFO] [stderr]    Compiling idna_adapter v1.2.1
[INFO] [stderr]    Compiling idna v1.1.0
[INFO] [stderr]    Compiling ppv-lite86 v0.2.21
[INFO] [stderr]    Compiling half v2.7.1
[INFO] [stderr]    Compiling url v2.5.8
[INFO] [stderr]    Compiling rand_chacha v0.9.0
[INFO] [stderr]    Compiling rand_chacha v0.3.1
[INFO] [stderr]    Compiling rand v0.9.2
[INFO] [stderr]    Compiling rand v0.8.5
[INFO] [stderr]    Compiling rand_distr v0.5.1
[INFO] [stderr]    Compiling tokenizers v0.20.4
[INFO] [stderr]    Compiling hyper v1.8.1
[INFO] [stderr]    Compiling tokio-rustls v0.26.4
[INFO] [stderr]    Compiling tower v0.5.3
[INFO] [stderr]    Compiling tokio-util v0.7.18
[INFO] [stderr]    Compiling gemm-common v0.19.0
[INFO] [stderr]    Compiling float8 v0.6.0
[INFO] [stderr]    Compiling float8 v0.4.2
[INFO] [stderr]    Compiling tower-http v0.6.8
[INFO] [stderr]    Compiling gemm-f32 v0.19.0
[INFO] [stderr]    Compiling gemm-c64 v0.19.0
[INFO] [stderr]    Compiling gemm-f64 v0.19.0
[INFO] [stderr]    Compiling gemm-c32 v0.19.0
[INFO] [stderr]    Compiling hyper-util v0.1.19
[INFO] [stderr]    Compiling cubecl-ir v0.8.1
[INFO] [stderr]    Compiling gemm-f16 v0.19.0
[INFO] [stderr]    Compiling hyper-rustls v0.27.7
[INFO] [stderr]    Compiling gemm v0.19.0
[INFO] [stderr]    Compiling candle-core v0.9.2
[INFO] [stderr]    Compiling reqwest v0.12.28
[INFO] [stderr]    Compiling cubecl-core v0.8.1
[INFO] [stderr]    Compiling candle-nn v0.9.2
[INFO] [stderr]    Compiling cubecl-std v0.8.1
[INFO] [stderr]    Compiling peft-rs v1.0.3
[INFO] [stderr]    Compiling candle-transformers v0.9.2
[INFO] [stderr]    Compiling bitnet-quantize v0.2.1
[INFO] [stderr]    Compiling bitnet-quantize v0.1.1
[INFO] [stderr]    Compiling qlora-rs v1.0.5
[INFO] [stderr]    Compiling cubecl-random v0.8.1
[INFO] [stderr]    Compiling cubecl-reduce v0.8.1
[INFO] [stderr]    Compiling cubecl-matmul v0.8.1
[INFO] [stderr]    Compiling vsa-optim-rs v0.1.1
[INFO] [stderr]    Compiling tritter-accel v0.2.2
[INFO] [stderr]    Compiling cubecl-convolution v0.8.1
[INFO] [stderr]    Compiling cubecl v0.8.1
[INFO] [stderr]    Compiling unsloth-rs v1.0.1
[INFO] [stderr]    Compiling axolotl-rs v1.1.1
[INFO] [stderr]    Compiling rust-ai-core v0.3.4 (/opt/rustwide/workdir)
[INFO] [stderr]     Finished `dev` profile [unoptimized + debuginfo] target(s) in 2m 40s
[INFO] running `Command { std: "docker" "inspect" "843bb903fce771a75b9c26319c5dbefe53dee87d136171f8506788d836378db2", kill_on_drop: false }`
[INFO] running `Command { std: "docker" "exec" "-e" "SOURCE_DIR=/opt/rustwide/workdir" "-e" "CARGO_HOME=/opt/rustwide/cargo-home" "-e" "RUSTUP_HOME=/opt/rustwide/rustup-home" "-e" "CARGO_TARGET_DIR=/opt/rustwide/target" "-e" "CARGO_INCREMENTAL=0" "-e" "RUST_BACKTRACE=full" "-e" "RUSTFLAGS=--cap-lints=warn" "-e" "RUSTDOCFLAGS=--cap-lints=warn" "-w" "/opt/rustwide/workdir" "--user" "0:0" "843bb903fce771a75b9c26319c5dbefe53dee87d136171f8506788d836378db2" "/opt/rustwide/cargo-home/bin/cargo" "+1.99.0-beta.8" "test" "--frozen" "--no-run" "--message-format=json", kill_on_drop: false }`
[INFO] [stderr]    Compiling alloca v0.4.0
[INFO] [stderr]    Compiling plotters-backend v0.3.7
[INFO] [stderr]    Compiling itertools v0.13.0
[INFO] [stderr]    Compiling ciborium-ll v0.2.2
[INFO] [stderr]    Compiling tinytemplate v1.2.1
[INFO] [stderr]    Compiling page_size v0.6.0
[INFO] [stderr]    Compiling oorandom v11.1.5
[INFO] [stderr]    Compiling ciborium v0.2.2
[INFO] [stderr]    Compiling plotters-svg v0.3.7
[INFO] [stderr]    Compiling plotters v0.3.7
[INFO] [stderr]    Compiling criterion-plot v0.8.1
[INFO] [stderr]    Compiling criterion v0.8.1
[INFO] [stderr]    Compiling rust-ai-core v0.3.4 (/opt/rustwide/workdir)
[INFO] [stderr]     Finished `test` profile [unoptimized + debuginfo] target(s) in 17.55s
[INFO] running `Command { std: "docker" "inspect" "843bb903fce771a75b9c26319c5dbefe53dee87d136171f8506788d836378db2", kill_on_drop: false }`
[INFO] running `Command { std: "docker" "exec" "-e" "SOURCE_DIR=/opt/rustwide/workdir" "-e" "CARGO_HOME=/opt/rustwide/cargo-home" "-e" "RUSTUP_HOME=/opt/rustwide/rustup-home" "-e" "CARGO_TARGET_DIR=/opt/rustwide/target" "-e" "CARGO_INCREMENTAL=0" "-e" "RUST_BACKTRACE=full" "-e" "RUSTFLAGS=--cap-lints=warn" "-e" "RUSTDOCFLAGS=--cap-lints=warn" "-w" "/opt/rustwide/workdir" "--user" "0:0" "843bb903fce771a75b9c26319c5dbefe53dee87d136171f8506788d836378db2" "/opt/rustwide/cargo-home/bin/cargo" "+1.99.0-beta.8" "test" "--frozen", kill_on_drop: false }`
[INFO] [stderr]     Finished `test` profile [unoptimized + debuginfo] target(s) in 0.82s
[INFO] [stderr]      Running unittests src/lib.rs (/opt/rustwide/target/debug/deps/rust_ai_core-787259b7c9993eed)
[INFO] [stdout] 
[INFO] [stdout] running 30 tests
[INFO] [stdout] test ecosystem::tests::test_crate_names ... ok
[INFO] [stdout] test dtype::tests::test_bytes_per_element ... ok
[INFO] [stdout] test dtype::tests::test_accumulator_dtype ... ok
[INFO] [stdout] test facade::tests::test_quantize_builder ... ok
[INFO] [stdout] test dtype::tests::test_dtype_ext ... ok
[INFO] [stdout] test facade::tests::test_rustai_config_builder ... ok
[INFO] [stdout] test dtype::tests::test_is_floating_point ... ok
[INFO] [stdout] test ecosystem::tests::test_ecosystem_info ... ok
[INFO] [stdout] test error::tests::test_error_display ... ok
[INFO] [stdout] test device::tests::test_device_config_builder ... ok
[INFO] [stdout] test error::tests::test_error_conversion ... ok
[INFO] [stdout] test device::tests::test_force_cpu_returns_cpu ... ok
[INFO] [stdout] test dtype::tests::test_precision_mode ... ok
[INFO] [stdout] test facade::tests::test_rustai_config_default ... ok
[INFO] [stdout] test device::tests::test_device_config_default ... ok
[INFO] [stdout] test facade::tests::test_finetune_builder ... ok
[INFO] [stdout] test traits::tests::test_validatable_config ... ok
[INFO] [stdout] test memory::tests::test_estimate_tensor_bytes ... ok
[INFO] [stdout] test memory::tests::test_memory_tracker_allocation ... ok
[INFO] [stdout] test facade::tests::test_vsa_builder ... ok
[INFO] [stdout] test logging::tests::test_log_config_default ... ok
[INFO] [stdout] test logging::tests::test_log_config_builder ... ok
[INFO] [stdout] test memory::tests::test_memory_tracker_peak ... ok
[INFO] [stdout] test logging::tests::test_log_config_presets ... ok
[INFO] [stdout] test logging::tests::test_log_level_filter_str ... ok
[INFO] [stdout] test memory::tests::test_estimate_attention_memory ... ok
[INFO] [stdout] test facade::tests::test_rustai_new ... ok
[INFO] [stdout] test facade::tests::test_train_builder ... ok
[INFO] [stdout] test facade::tests::test_rustai_info ... ok
[INFO] [stderr]      Running tests/integration.rs (/opt/rustwide/target/debug/deps/integration-cd29fcf7bc77a844)
[INFO] [stdout] test memory::tests::test_would_fit ... ok
[INFO] [stdout] 
[INFO] [stdout] test result: ok. 30 passed; 0 failed; 0 ignored; 0 measured; 0 filtered out; finished in 0.03s
[INFO] [stdout] 
[INFO] [stdout] 
[INFO] [stdout] running 23 tests
[INFO] [stdout] test test_cuda_device_tensor_operations ... ignored, Requires CUDA GPU
[INFO] [stdout] test test_bytes_per_element_all_types ... ok
[INFO] [stdout] test test_device_config_from_env_respects_force_cpu ... ok
[INFO] [stdout] test test_device_aware_workflow ... ok
[INFO] [stdout] test test_device_config_builder_chain ... ok
[INFO] [stdout] test test_error_from_candle_error ... ok
[INFO] [stdout] test test_dtype_ext_methods ... ok
[INFO] [stdout] test test_get_device_returns_cuda_when_available ... ignored, Requires CUDA GPU
[INFO] [stdout] test test_validatable_config_invalid_rank ... ok
[INFO] [stdout] test test_is_floating_point ... ok
[INFO] [stdout] test test_log_config_builder ... ok
[INFO] [stdout] test test_validatable_config_invalid_alpha ... ok
[INFO] [stdout] test test_warn_if_cpu_does_not_panic ... ok
[INFO] [stdout] test test_error_helper_constructors ... ok
[INFO] [stdout] test test_memory_aware_tensor_creation ... ok
[INFO] [stdout] test test_error_from_io_error ... ok
[INFO] [stdout] test test_memory_estimation_basic ... ok
[INFO] [stdout] test test_get_device_with_force_cpu ... ok
[INFO] [stdout] test test_log_config_presets ... ok
[INFO] [stdout] test test_memory_tracker_would_fit ... ok
[INFO] [stdout] test test_validatable_config_valid ... ok
[INFO] [stdout] test test_memory_tracker_lifecycle ... ok
[INFO] [stdout] test test_memory_tracker_reset ... ok
[INFO] [stdout] 
[INFO] [stdout] test result: ok. 21 passed; 0 failed; 2 ignored; 0 measured; 0 filtered out; finished in 0.10s
[INFO] [stdout] 
[INFO] [stderr]    Doc-tests rust_ai_core
[INFO] [stdout] 
[INFO] [stdout] running 35 tests
[INFO] [stdout] test src/ecosystem.rs - ecosystem::axolotl (line 140) ... ignored
[INFO] [stdout] test src/ecosystem.rs - ecosystem::bitnet (line 167) ... ignored
[INFO] [stdout] test src/ecosystem.rs - ecosystem::peft (line 60) ... ignored
[INFO] [stdout] test src/ecosystem.rs - ecosystem::qlora (line 86) ... ignored
[INFO] [stdout] test src/ecosystem.rs - ecosystem::trit (line 193) ... ignored
[INFO] [stdout] test src/ecosystem.rs - ecosystem::tritter (line 248) ... ignored
[INFO] [stdout] test src/ecosystem.rs - ecosystem::unsloth (line 114) ... ignored
[INFO] [stdout] test src/ecosystem.rs - ecosystem::vsa_optim (line 220) ... ignored
[INFO] [stdout] test src/facade.rs - facade::RustAI::finetune (line 213) ... ignored
[INFO] [stdout] test src/facade.rs - facade::RustAI::quantize (line 231) ... ignored
[INFO] [stdout] test src/facade.rs - facade::RustAI::train (line 264) ... ignored
[INFO] [stdout] test src/facade.rs - facade::RustAI::vsa (line 248) ... ignored
[INFO] [stdout] test src/lib.rs - (line 25) ... ignored
[INFO] [stdout] test src/lib.rs - (line 52) ... ignored
[INFO] [stdout] test src/lib.rs - ecosystem (line 190) ... ignored
[INFO] [stdout] test src/lib.rs - ecosystem (line 198) ... ignored
[INFO] [stdout] test src/lib.rs - facade (line 188) ... ignored
[INFO] [stdout] test src/logging.rs - logging::log_metric (line 237) ... ignored
[INFO] [stdout] test src/traits.rs - traits::Dequantize (line 119) ... ignored
[INFO] [stdout] test src/traits.rs - traits::GpuDispatchable (line 154) ... ignored
[INFO] [stdout] test src/traits.rs - traits::Quantize (line 80) ... ignored
[INFO] [stdout] test src/device.rs - device::warn_if_cpu (line 202) ... ok
[INFO] [stdout] test src/error.rs - error (line 30) ... ok
[INFO] [stdout] test src/traits.rs - traits::ValidatableConfig (line 35) ... ok
[INFO] [stdout] test src/dtype.rs - dtype::is_floating_point (line 71) ... FAILED
[INFO] [stdout] test src/memory.rs - memory::estimate_tensor_bytes (line 60) ... ok
[INFO] [stdout] test src/logging.rs - logging::init_logging (line 195) ... FAILED
[INFO] [stdout] test src/device.rs - device::get_device (line 151) ... ok
[INFO] [stdout] test src/device.rs - device (line 21) has been running for over 60 seconds
[INFO] [stdout] test src/dtype.rs - dtype::DTypeExt (line 94) has been running for over 60 seconds
[INFO] [stdout] test src/dtype.rs - dtype::bytes_per_element (line 42) has been running for over 60 seconds
[INFO] [stdout] test src/facade.rs - facade::RustAI (line 125) has been running for over 60 seconds
[INFO] [stdout] test src/facade.rs - facade::RustAI::new (line 160) has been running for over 60 seconds
[INFO] [stdout] test src/lib.rs - (line 61) has been running for over 60 seconds
[INFO] [stdout] test src/memory.rs - memory::MemoryTracker (line 139) has been running for over 60 seconds
[INFO] [stdout] test src/lib.rs - (line 61) ... ok
[INFO] [stdout] test src/facade.rs - facade::RustAI (line 125) ... ok
[INFO] [stdout] test src/dtype.rs - dtype::DTypeExt (line 94) ... ok
[INFO] [stdout] test src/memory.rs - memory::MemoryTracker (line 139) ... ok
[INFO] [stdout] test src/device.rs - device (line 21) ... ok
[INFO] [stdout] test src/facade.rs - facade::RustAI::new (line 160) ... ok
[INFO] [stdout] test src/dtype.rs - dtype::bytes_per_element (line 42) ... ok
[INFO] [stderr] error: doctest failed, to rerun pass `--doc`
[INFO] [stdout] 
[INFO] [stdout] failures:
[INFO] [stdout] 
[INFO] [stdout] ---- src/dtype.rs - dtype::is_floating_point (line 71) stdout ----
[INFO] [stdout] error: linking with `cc` failed: exit status: 1
[INFO] [stdout]   |
[INFO] [stdout]   = note:  "cc" "-m64" "/tmp/rustdoctestpsr74b/rustcYohtpe/symbols.o" "<2 object files omitted>" "-Wl,--as-needed" "-Wl,-Bstatic" "/opt/rustwide/target/debug/deps/{librust_ai_core,libtracing_subscriber-dcc1cffab833efd1,libsharded_slab-bd3e89e1e50b7c87,libmatchers-9194dd47223f33de,libnu_ansi_term-745c727bb3e87c52,libthread_local-b4f6fe44d641c0b1,libtracing_log-ec4da570862f46db,libtritter_accel-17c433874266dd10,libbitnet_quantize-d1893233fd67d1fe,libtrit_vsa-6c1564487f5c7f9a,libvsa_optim_rs-6cc869bb4748e4c2,libbitnet_quantize-fd1a503f4cf00aca,libtrit_vsa-37785ad940c7ef71,libaxolotl_rs-5b53e9e4e2d33aaa,libsafetensors-5c43394cd19a3482,libtokenizers-ea975a9c84f7b6b1,libesaxx_rs-2d59794768ea0233,libunicode_normalization_alignments-66a191083b529078,libspm_precompiled-af8086291e322966,libbase64-42295ac2e0e134a3,libunicode_segmentation-421de088ab714999,libnom-e3768c88045296be,libunicode_categories-6f2b7f5ace1e9985,librand-3b8bc1ad954e3449,librand_chacha-968f2642b887b486,librand_core-947ca62718ea8b54,libgetrandom-e6656e2f703a06c2,libitertools-cdf8e71d6b4840f7,libmonostate-684668725653463f,libmacro_rules_attribute-1391094c4edb30c3,librayon_cond-b37b46c9cdc5ce8f,libitertools-4d38c19e09a2cb52,libonig-f039ea5af7285964,libonig_sys-ce4aa8ba4a175329,libderive_builder-c069f7a7003e3950,liblazy_static-3674be3f4245d19b,libserde_yaml-7afb564bcde332ef,libryu-25f59e4cd0d23219,libunsafe_libyaml-d3127b66fe569cc5,libindicatif-3b73a3c89ee628e8,libnumber_prefix-6b994bedec76f9db,libconsole-4b879342abfae32d,libunicode_width-c0be3735b741df1b,libcandle_transformers-94fa0b07f92196bf,libserde_plain-b1c92bb7f945f383,libfancy_regex-cfcd80de67072add,libbit_set-0311c4fb3031ff2a,libbit_vec-b1d1b68c2b4b1dac,libthiserror-8a86cca5b77c02eb,libunsloth_rs-217dd6f63b3b3e74,libcubecl-6f36d0eee0388587,libcubecl_convolution-1d831a7a46c03b9e,libcubecl_matmul-6217c923320f7720,libcubecl_std-54af684fa87391c1,libcubecl_core-3b8f2c292a38993b,libcubecl_runtime-4aba5cba524a31f5,libtoml-94eaba0c2d33c15c,libtoml_writer-35bb0e15a531393e,libtoml_parser-8b297260ae4ff26f,libwinnow-4a077c8f34bde3e6,libserde_spanned-11a25ba433e9d0c5,libtoml_datetime-18a942e3cdd1a8e5,libmd5-d40241e89154e97a,libenumset-be012949b1826702,libasync_channel-35749347a908bc59,libevent_listener_strategy-ad9fcb47bc05dac2,libevent_listener-c92403d278a1d65c,libconcurrent_queue-e4fcbe879021fa35,libcubecl_ir-704d8ae3612efa47,libfnv-79e2cbfbe03dcd16,libfloat_ord-7ef002841ac66622,libcubecl_common-b3a4dcc6d0e8c79f,libfutures_lite-bbaa6a53a0e7a1bb,libfutures_io-6a4719510b0746bc,libfutures_core-3b920243fce8fec0,libparking-a9ae72c6c16ee980,libsanitize_filename-facddd8b94b8a9a3,libregex-1020b1bbe75b3c36,libregex_automata-bf18b049126f6bfe,libaho_corasick-583cc3b49db1d510,libregex_syntax-21c69862a9074e56,libdirs-a8dc34680692bcfd,libdirs_sys-9da36c4f72b15709,liboption_ext-61303ef911796993,libserde_bytes-58d1b020d7b31a75,libspin-cc5a01444f97cdf4,liblog-b262261d47bd2eba,libderive_more-812e694c123ee358,libfloat8-e5af930f35780f7d,libfloat4-f59302bdea9c621b,libweb_time-e902e3c80b588a6f,libparking_lot-cea9453f541cd250,libparking_lot_core-a78574451ddf5c1d,libsmallvec-bc3128fdd57228fc,liblock_api-16d46fed645f7bff,libscopeguard-7ec2214574194454,libportable_atomic-36fda7379b106971,libhashbrown-5f9a238b7a02eccf,libfoldhash-07f233db1c671507,libqlora_rs-27cd6e6d2a52d740,libpeft_rs-7704484ac307016e,libcandle_nn-413766f088cf3eff,libtracing-7f0cfbc2cf80e4a6,libpin_project_lite-72bf04572caa1c84,libtracing_core-4cc82aeb094c2c39,libcandle_core-0bccce26ab96c5ee,libnum_cpus-bf2cb08e600957fa,libmemmap2-4b9a1609f964e4b7,libzip-412347e0a01cf828,libindexmap-81ceb698dfd1a0e3,libhashbrown-6bdb0a0a7bd36ed8,libequivalent-6a754676e6af62ae,liballocator_api2-8d9c1e895dea53bd,libfoldhash-3b780c428974a407,libtyped_path-5245fb7fb8d93847,libcrc32fast-77160f4e25d6fc25,liblibm-24398d5f7d3c709c,libyoke-9fb6fccdf79bb251,libzerofrom-77eee02f73432ffa,libstable_deref_trait-8f5d1ea34607785b,libthiserror-908fdc8b08195e45,libsafetensors-0287f657bd7f13e0,libserde_json-2c8f18ed7e64110c,libmemchr-9be7e24c0cc6f173,libitoa-f3a70a1441f7f89b,libzmij-34a01a2cf8ae07a5,libgemm-112db5108868b529,libgemm_c32-d4b523d39b01e6d7,libgemm_c64-52a09a3bdca71a0f,libgemm_f64-112f3c0ab8c89e67,libgemm_f16-003e091894912231,libgemm_f32-61bc03849220a787,libgemm_common-5180199f2e68d411,libonce_cell-e9252a7b5119f3eb,libpulp-db1743cf622c8f70,libnum_complex-cee046759c89f552,libdyn_stack-4c731b54a7fbfef1,libraw_cpuid-14b73033b85e152e,libbitflags-0b371e4abf432c98,librayon-f975eef0b784dd9c,librayon_core-e986c1d1845fe6c3,libcrossbeam_deque-e71c6317821167fb,libcrossbeam_epoch-5fdcd5978a9f0010,libcrossbeam_utils-f696a08ab1e94e7a,libeither-971932073343a62d,libfloat8-57c7642208b840c9,libbyteorder-8f59b6d1bfdaa844,libhalf-0c7eb1b2d64987a0,librand_distr-e8daf790b6ba588d,librand-5641377078c05ad6,librand_chacha-43450a12ae006bc2,libppv_lite86-b2f2b5336a3366fb,librand_core-50bd4813a8213623,libgetrandom-7f3b074ce05a9c1f,liblibc-11f5a30dc24875fb,libcfg_if-83060ec5685761ae,libnum_traits-5f5f7eaedd5abb87,libzerocopy-7a34686941056ed7,libserde-67162dabacc259da,libserde_core-49c5f0449f9ff544,libbytemuck-1b8058617d29ad36}.rlib" "<sysroot>/lib/rustlib/x86_64-unknown-linux-gnu/lib/{libstd-*,libpanic_unwind-*,libobject-*,libmemchr-*,libaddr2line-*,libgimli-*,libcfg_if-*,librustc_demangle-*,libstd_detect-*,libhashbrown-*,librustc_std_workspace_alloc-*,libminiz_oxide-*,libadler2-*,libunwind-*,liblibc-*,librustc_std_workspace_core-*,liballoc-*,libcore-*,libcompiler_builtins-*}.rlib" "-Wl,-Bdynamic" "-lstdc++" "-lgcc_s" "-lutil" "-lrt" "-lpthread" "-lm" "-ldl" "-lc" "-L" "/tmp/rustdoctestpsr74b/rustcYohtpe/raw-dylibs" "-B<sysroot>/lib/rustlib/x86_64-unknown-linux-gnu/bin/gcc-ld" "-fuse-ld=lld" "-Wl,--eh-frame-hdr" "-Wl,-z,noexecstack" "-L" "/opt/rustwide/target/debug/build/alloca-95851efdf714cb09/out" "-L" "/opt/rustwide/target/debug/build/esaxx-rs-46e9155262f87d69/out" "-L" "/opt/rustwide/target/debug/build/onig_sys-5757270e3ecd6f95/out" "-L" "/opt/rustwide/target/debug/build/ring-9c108fb18b192d67/out" "-L" "<sysroot>/lib/rustlib/x86_64-unknown-linux-gnu/lib" "-o" "/tmp/rustdoctestpsr74b/rust_out" "-Wl,--gc-sections" "-pie" "-Wl,-z,relro,-z,now" "-nodefaultlibs"
[INFO] [stdout]   = note: some arguments are omitted. use `--verbose` to show all linker arguments
[INFO] [stdout]   = note: collect2: fatal error: ld terminated with signal 9 [Killed]
[INFO] [stdout]           compilation terminated.
[INFO] [stdout]           
[INFO] [stdout] 
[INFO] [stdout] error: aborting due to 1 previous error
[INFO] [stdout] 
[INFO] [stdout] Couldn't compile the test.
[INFO] [stdout] ---- src/logging.rs - logging::init_logging (line 195) stdout ----
[INFO] [stdout] error: linking with `cc` failed: exit status: 1
[INFO] [stdout]   |
[INFO] [stdout]   = note:  "cc" "-m64" "/tmp/rustdoctestcX5mZi/rustcgID7OG/symbols.o" "<2 object files omitted>" "-Wl,--as-needed" "-Wl,-Bstatic" "/opt/rustwide/target/debug/deps/{librust_ai_core,libtracing_subscriber-dcc1cffab833efd1,libsharded_slab-bd3e89e1e50b7c87,libmatchers-9194dd47223f33de,libnu_ansi_term-745c727bb3e87c52,libthread_local-b4f6fe44d641c0b1,libtracing_log-ec4da570862f46db,libtritter_accel-17c433874266dd10,libbitnet_quantize-d1893233fd67d1fe,libtrit_vsa-6c1564487f5c7f9a,libvsa_optim_rs-6cc869bb4748e4c2,libbitnet_quantize-fd1a503f4cf00aca,libtrit_vsa-37785ad940c7ef71,libaxolotl_rs-5b53e9e4e2d33aaa,libsafetensors-5c43394cd19a3482,libtokenizers-ea975a9c84f7b6b1,libesaxx_rs-2d59794768ea0233,libunicode_normalization_alignments-66a191083b529078,libspm_precompiled-af8086291e322966,libbase64-42295ac2e0e134a3,libunicode_segmentation-421de088ab714999,libnom-e3768c88045296be,libunicode_categories-6f2b7f5ace1e9985,librand-3b8bc1ad954e3449,librand_chacha-968f2642b887b486,librand_core-947ca62718ea8b54,libgetrandom-e6656e2f703a06c2,libitertools-cdf8e71d6b4840f7,libmonostate-684668725653463f,libmacro_rules_attribute-1391094c4edb30c3,librayon_cond-b37b46c9cdc5ce8f,libitertools-4d38c19e09a2cb52,libonig-f039ea5af7285964,libonig_sys-ce4aa8ba4a175329,libderive_builder-c069f7a7003e3950,liblazy_static-3674be3f4245d19b,libserde_yaml-7afb564bcde332ef,libryu-25f59e4cd0d23219,libunsafe_libyaml-d3127b66fe569cc5,libindicatif-3b73a3c89ee628e8,libnumber_prefix-6b994bedec76f9db,libconsole-4b879342abfae32d,libunicode_width-c0be3735b741df1b,libcandle_transformers-94fa0b07f92196bf,libserde_plain-b1c92bb7f945f383,libfancy_regex-cfcd80de67072add,libbit_set-0311c4fb3031ff2a,libbit_vec-b1d1b68c2b4b1dac,libthiserror-8a86cca5b77c02eb,libunsloth_rs-217dd6f63b3b3e74,libcubecl-6f36d0eee0388587,libcubecl_convolution-1d831a7a46c03b9e,libcubecl_matmul-6217c923320f7720,libcubecl_std-54af684fa87391c1,libcubecl_core-3b8f2c292a38993b,libcubecl_runtime-4aba5cba524a31f5,libtoml-94eaba0c2d33c15c,libtoml_writer-35bb0e15a531393e,libtoml_parser-8b297260ae4ff26f,libwinnow-4a077c8f34bde3e6,libserde_spanned-11a25ba433e9d0c5,libtoml_datetime-18a942e3cdd1a8e5,libmd5-d40241e89154e97a,libenumset-be012949b1826702,libasync_channel-35749347a908bc59,libevent_listener_strategy-ad9fcb47bc05dac2,libevent_listener-c92403d278a1d65c,libconcurrent_queue-e4fcbe879021fa35,libcubecl_ir-704d8ae3612efa47,libfnv-79e2cbfbe03dcd16,libfloat_ord-7ef002841ac66622,libcubecl_common-b3a4dcc6d0e8c79f,libfutures_lite-bbaa6a53a0e7a1bb,libfutures_io-6a4719510b0746bc,libfutures_core-3b920243fce8fec0,libparking-a9ae72c6c16ee980,libsanitize_filename-facddd8b94b8a9a3,libregex-1020b1bbe75b3c36,libregex_automata-bf18b049126f6bfe,libaho_corasick-583cc3b49db1d510,libregex_syntax-21c69862a9074e56,libdirs-a8dc34680692bcfd,libdirs_sys-9da36c4f72b15709,liboption_ext-61303ef911796993,libserde_bytes-58d1b020d7b31a75,libspin-cc5a01444f97cdf4,liblog-b262261d47bd2eba,libderive_more-812e694c123ee358,libfloat8-e5af930f35780f7d,libfloat4-f59302bdea9c621b,libweb_time-e902e3c80b588a6f,libparking_lot-cea9453f541cd250,libparking_lot_core-a78574451ddf5c1d,libsmallvec-bc3128fdd57228fc,liblock_api-16d46fed645f7bff,libscopeguard-7ec2214574194454,libportable_atomic-36fda7379b106971,libhashbrown-5f9a238b7a02eccf,libfoldhash-07f233db1c671507,libqlora_rs-27cd6e6d2a52d740,libpeft_rs-7704484ac307016e,libcandle_nn-413766f088cf3eff,libtracing-7f0cfbc2cf80e4a6,libpin_project_lite-72bf04572caa1c84,libtracing_core-4cc82aeb094c2c39,libcandle_core-0bccce26ab96c5ee,libnum_cpus-bf2cb08e600957fa,libmemmap2-4b9a1609f964e4b7,libzip-412347e0a01cf828,libindexmap-81ceb698dfd1a0e3,libhashbrown-6bdb0a0a7bd36ed8,libequivalent-6a754676e6af62ae,liballocator_api2-8d9c1e895dea53bd,libfoldhash-3b780c428974a407,libtyped_path-5245fb7fb8d93847,libcrc32fast-77160f4e25d6fc25,liblibm-24398d5f7d3c709c,libyoke-9fb6fccdf79bb251,libzerofrom-77eee02f73432ffa,libstable_deref_trait-8f5d1ea34607785b,libthiserror-908fdc8b08195e45,libsafetensors-0287f657bd7f13e0,libserde_json-2c8f18ed7e64110c,libmemchr-9be7e24c0cc6f173,libitoa-f3a70a1441f7f89b,libzmij-34a01a2cf8ae07a5,libgemm-112db5108868b529,libgemm_c32-d4b523d39b01e6d7,libgemm_c64-52a09a3bdca71a0f,libgemm_f64-112f3c0ab8c89e67,libgemm_f16-003e091894912231,libgemm_f32-61bc03849220a787,libgemm_common-5180199f2e68d411,libonce_cell-e9252a7b5119f3eb,libpulp-db1743cf622c8f70,libnum_complex-cee046759c89f552,libdyn_stack-4c731b54a7fbfef1,libraw_cpuid-14b73033b85e152e,libbitflags-0b371e4abf432c98,librayon-f975eef0b784dd9c,librayon_core-e986c1d1845fe6c3,libcrossbeam_deque-e71c6317821167fb,libcrossbeam_epoch-5fdcd5978a9f0010,libcrossbeam_utils-f696a08ab1e94e7a,libeither-971932073343a62d,libfloat8-57c7642208b840c9,libbyteorder-8f59b6d1bfdaa844,libhalf-0c7eb1b2d64987a0,librand_distr-e8daf790b6ba588d,librand-5641377078c05ad6,librand_chacha-43450a12ae006bc2,libppv_lite86-b2f2b5336a3366fb,librand_core-50bd4813a8213623,libgetrandom-7f3b074ce05a9c1f,liblibc-11f5a30dc24875fb,libcfg_if-83060ec5685761ae,libnum_traits-5f5f7eaedd5abb87,libzerocopy-7a34686941056ed7,libserde-67162dabacc259da,libserde_core-49c5f0449f9ff544,libbytemuck-1b8058617d29ad36}.rlib" "<sysroot>/lib/rustlib/x86_64-unknown-linux-gnu/lib/{libstd-*,libpanic_unwind-*,libobject-*,libmemchr-*,libaddr2line-*,libgimli-*,libcfg_if-*,librustc_demangle-*,libstd_detect-*,libhashbrown-*,librustc_std_workspace_alloc-*,libminiz_oxide-*,libadler2-*,libunwind-*,liblibc-*,librustc_std_workspace_core-*,liballoc-*,libcore-*,libcompiler_builtins-*}.rlib" "-Wl,-Bdynamic" "-lstdc++" "-lgcc_s" "-lutil" "-lrt" "-lpthread" "-lm" "-ldl" "-lc" "-L" "/tmp/rustdoctestcX5mZi/rustcgID7OG/raw-dylibs" "-B<sysroot>/lib/rustlib/x86_64-unknown-linux-gnu/bin/gcc-ld" "-fuse-ld=lld" "-Wl,--eh-frame-hdr" "-Wl,-z,noexecstack" "-L" "/opt/rustwide/target/debug/build/alloca-95851efdf714cb09/out" "-L" "/opt/rustwide/target/debug/build/esaxx-rs-46e9155262f87d69/out" "-L" "/opt/rustwide/target/debug/build/onig_sys-5757270e3ecd6f95/out" "-L" "/opt/rustwide/target/debug/build/ring-9c108fb18b192d67/out" "-L" "<sysroot>/lib/rustlib/x86_64-unknown-linux-gnu/lib" "-o" "/tmp/rustdoctestcX5mZi/rust_out" "-Wl,--gc-sections" "-pie" "-Wl,-z,relro,-z,now" "-nodefaultlibs"
[INFO] [stdout]   = note: some arguments are omitted. use `--verbose` to show all linker arguments
[INFO] [stdout]   = note: collect2: fatal error: ld terminated with signal 9 [Killed]
[INFO] [stdout]           compilation terminated.
[INFO] [stdout]           
[INFO] [stdout] 
[INFO] [stdout] error: aborting due to 1 previous error
[INFO] [stdout] 
[INFO] [stdout] Couldn't compile the test.
[INFO] [stdout] 
[INFO] [stdout] failures:
[INFO] [stdout]     src/dtype.rs - dtype::is_floating_point (line 71)
[INFO] [stdout]     src/logging.rs - logging::init_logging (line 195)
[INFO] [stdout] 
[INFO] [stdout] test result: FAILED. 12 passed; 2 failed; 21 ignored; 0 measured; 0 filtered out; finished in 72.15s
[INFO] [stdout] 
[INFO] running `Command { std: "docker" "inspect" "843bb903fce771a75b9c26319c5dbefe53dee87d136171f8506788d836378db2", kill_on_drop: false }`
[INFO] running `Command { std: "docker" "rm" "-f" "843bb903fce771a75b9c26319c5dbefe53dee87d136171f8506788d836378db2", kill_on_drop: false }`
[INFO] [stdout] 843bb903fce771a75b9c26319c5dbefe53dee87d136171f8506788d836378db2
