[INFO] fetching crate ruscrypt 0.3.2...
[INFO] testing ruscrypt-0.3.2 against 1.100.0-beta.1 for beta-1.100-2
[INFO] extracting crate ruscrypt 0.3.2 into /workspace/builds/worker-2-tc2/source
[INFO] started tweaking crates.io crate ruscrypt 0.3.2
[INFO] removed 0 missing examples
[INFO] finished tweaking crates.io crate ruscrypt 0.3.2
[INFO] tweaked toml for crates.io crate ruscrypt 0.3.2 written to /workspace/builds/worker-2-tc2/source/Cargo.toml
[INFO] validating manifest of crates.io crate ruscrypt 0.3.2 on toolchain 1.100.0-beta.1
[INFO] running `Command { std: CARGO_HOME="/workspace/cargo-home" RUSTUP_HOME="/workspace/rustup-home" "/workspace/cargo-home/bin/cargo" "+1.100.0-beta.1" "metadata" "--manifest-path" "Cargo.toml" "--no-deps", kill_on_drop: false }`
[INFO] crate crates.io crate ruscrypt 0.3.2 already has a lockfile, it will not be regenerated
[INFO] running `Command { std: CARGO_HOME="/workspace/cargo-home" RUSTUP_HOME="/workspace/rustup-home" "/workspace/cargo-home/bin/cargo" "+1.100.0-beta.1" "fetch" "--manifest-path" "Cargo.toml", kill_on_drop: false }`
[INFO] [stderr] warning: `package.homepage` is redundant with `package.repository`
[INFO] [stderr]   --> Cargo.toml:49:12
[INFO] [stderr]    |
[INFO] [stderr] 49 | homepage = "https://github.com/Adel2411/ruscrypt"
[INFO] [stderr]    |            ^^^^^^^^^^^^^^^^^^^^^^^^^^^^^^^^^^^^^^
[INFO] [stderr] ...
[INFO] [stderr] 54 | repository = "https://github.com/Adel2411/ruscrypt"
[INFO] [stderr]    |              --------------------------------------
[INFO] [stderr]    |
[INFO] [stderr]    = note: `cargo::redundant_homepage` is set to `warn` by default
[INFO] [stderr] help: consider removing `package.homepage`
[INFO] [stderr] warning: `ruscrypt` (manifest) generated 1 warning
[INFO] running `Command { std: "docker" "create" "-v" "/var/lib/crater-agent-workspace/builds/worker-2-tc2/source:/opt/rustwide/workdir:ro,Z" "-v" "/var/lib/crater-agent-workspace/builds/worker-2-tc2/target:/opt/rustwide/target:rw,Z" "-v" "/var/lib/crater-agent-workspace/cargo-home:/opt/rustwide/cargo-home:ro,Z" "-v" "/var/lib/crater-agent-workspace/rustup-home:/opt/rustwide/rustup-home:ro,Z" "-m" "1610612736" "--network" "none" "ghcr.io/rust-lang/crates-build-env/linux@sha256:3111399a4047eeb3a02b7a90e478d715f38a8c6669b5c4b49d30a17385265909" "sleep" "infinity", kill_on_drop: false }`
[INFO] [stdout] 88fd98f04f1f339a0133aa11dfa5e45d2f0bb298db1650b7a93836b6dec26335
[INFO] running `Command { std: "docker" "start" "88fd98f04f1f339a0133aa11dfa5e45d2f0bb298db1650b7a93836b6dec26335", kill_on_drop: false }`
[INFO] running `Command { std: "docker" "inspect" "88fd98f04f1f339a0133aa11dfa5e45d2f0bb298db1650b7a93836b6dec26335", kill_on_drop: false }`
[INFO] running `Command { std: "docker" "exec" "-e" "SOURCE_DIR=/opt/rustwide/workdir" "-e" "CARGO_HOME=/opt/rustwide/cargo-home" "-e" "RUSTUP_HOME=/opt/rustwide/rustup-home" "-e" "CARGO_TARGET_DIR=/opt/rustwide/target" "-w" "/opt/rustwide/workdir" "--user" "0:0" "88fd98f04f1f339a0133aa11dfa5e45d2f0bb298db1650b7a93836b6dec26335" "/opt/rustwide/cargo-home/bin/cargo" "+1.100.0-beta.1" "metadata" "--no-deps" "--format-version=1", kill_on_drop: false }`
[INFO] running `Command { std: "docker" "inspect" "88fd98f04f1f339a0133aa11dfa5e45d2f0bb298db1650b7a93836b6dec26335", kill_on_drop: false }`
[INFO] running `Command { std: "docker" "exec" "-e" "SOURCE_DIR=/opt/rustwide/workdir" "-e" "CARGO_HOME=/opt/rustwide/cargo-home" "-e" "RUSTUP_HOME=/opt/rustwide/rustup-home" "-e" "CARGO_TARGET_DIR=/opt/rustwide/target" "-e" "CARGO_INCREMENTAL=0" "-e" "RUST_BACKTRACE=full" "-e" "RUSTFLAGS=--cap-lints=warn" "-e" "RUSTDOCFLAGS=--cap-lints=warn" "-w" "/opt/rustwide/workdir" "--user" "0:0" "88fd98f04f1f339a0133aa11dfa5e45d2f0bb298db1650b7a93836b6dec26335" "/opt/rustwide/cargo-home/bin/cargo" "+1.100.0-beta.1" "build" "--frozen" "--message-format=json", kill_on_drop: false }`
[INFO] [stderr] warning: `package.homepage` is redundant with `package.repository`
[INFO] [stderr]   --> Cargo.toml:49:12
[INFO] [stderr]    |
[INFO] [stderr] 49 | homepage = "https://github.com/Adel2411/ruscrypt"
[INFO] [stderr]    |            ^^^^^^^^^^^^^^^^^^^^^^^^^^^^^^^^^^^^^^
[INFO] [stderr] ...
[INFO] [stderr] 54 | repository = "https://github.com/Adel2411/ruscrypt"
[INFO] [stderr]    |              --------------------------------------
[INFO] [stderr]    |
[INFO] [stderr]    = note: `cargo::redundant_homepage` is set to `warn` by default
[INFO] [stderr] help: consider removing `package.homepage`
[INFO] [stderr] warning: `ruscrypt` (manifest) generated 1 warning
[INFO] [stderr]    Compiling rustix v1.0.7
[INFO] [stderr]    Compiling utf8parse v0.2.2
[INFO] [stderr]    Compiling is_terminal_polyfill v1.70.1
[INFO] [stderr]    Compiling anstyle v1.0.11
[INFO] [stderr]    Compiling bitflags v2.9.1
[INFO] [stderr]    Compiling anstyle-query v1.1.3
[INFO] [stderr]    Compiling linux-raw-sys v0.9.4
[INFO] [stderr]    Compiling colorchoice v1.0.4
[INFO] [stderr]    Compiling clap_lex v0.7.5
[INFO] [stderr]    Compiling strsim v0.11.1
[INFO] [stderr]    Compiling console v0.16.1
[INFO] [stderr]    Compiling zeroize v1.8.1
[INFO] [stderr]    Compiling shell-words v1.1.0
[INFO] [stderr]    Compiling clap_derive v4.5.40
[INFO] [stderr]    Compiling rand v0.9.1
[INFO] [stderr]    Compiling colored v3.0.0
[INFO] [stderr]    Compiling anstyle-parse v0.2.7
[INFO] [stderr]    Compiling anstream v0.6.19
[INFO] [stderr]    Compiling clap_builder v4.5.40
[INFO] [stderr]    Compiling tempfile v3.20.0
[INFO] [stderr]    Compiling dialoguer v0.12.0
[INFO] [stderr]    Compiling clap v4.5.40
[INFO] [stderr]    Compiling ruscrypt v0.3.2 (/opt/rustwide/workdir)
[INFO] [stderr]     Finished `dev` profile [unoptimized + debuginfo] target(s) in 10.20s
[INFO] running `Command { std: "docker" "inspect" "88fd98f04f1f339a0133aa11dfa5e45d2f0bb298db1650b7a93836b6dec26335", kill_on_drop: false }`
[INFO] running `Command { std: "docker" "exec" "-e" "SOURCE_DIR=/opt/rustwide/workdir" "-e" "CARGO_HOME=/opt/rustwide/cargo-home" "-e" "RUSTUP_HOME=/opt/rustwide/rustup-home" "-e" "CARGO_TARGET_DIR=/opt/rustwide/target" "-e" "CARGO_INCREMENTAL=0" "-e" "RUST_BACKTRACE=full" "-e" "RUSTFLAGS=--cap-lints=warn" "-e" "RUSTDOCFLAGS=--cap-lints=warn" "-w" "/opt/rustwide/workdir" "--user" "0:0" "88fd98f04f1f339a0133aa11dfa5e45d2f0bb298db1650b7a93836b6dec26335" "/opt/rustwide/cargo-home/bin/cargo" "+1.100.0-beta.1" "test" "--frozen" "--no-run" "--message-format=json", kill_on_drop: false }`
[INFO] [stderr] warning: `package.homepage` is redundant with `package.repository`
[INFO] [stderr]   --> Cargo.toml:49:12
[INFO] [stderr]    |
[INFO] [stderr] 49 | homepage = "https://github.com/Adel2411/ruscrypt"
[INFO] [stderr]    |            ^^^^^^^^^^^^^^^^^^^^^^^^^^^^^^^^^^^^^^
[INFO] [stderr] ...
[INFO] [stderr] 54 | repository = "https://github.com/Adel2411/ruscrypt"
[INFO] [stderr]    |              --------------------------------------
[INFO] [stderr]    |
[INFO] [stderr]    = note: `cargo::redundant_homepage` is set to `warn` by default
[INFO] [stderr] help: consider removing `package.homepage`
[INFO] [stderr] warning: `ruscrypt` (manifest) generated 1 warning
[INFO] [stderr]    Compiling ruscrypt v0.3.2 (/opt/rustwide/workdir)
[INFO] [stderr]     Finished `test` profile [unoptimized + debuginfo] target(s) in 2.57s
[INFO] running `Command { std: "docker" "inspect" "88fd98f04f1f339a0133aa11dfa5e45d2f0bb298db1650b7a93836b6dec26335", kill_on_drop: false }`
[INFO] running `Command { std: "docker" "exec" "-e" "SOURCE_DIR=/opt/rustwide/workdir" "-e" "CARGO_HOME=/opt/rustwide/cargo-home" "-e" "RUSTUP_HOME=/opt/rustwide/rustup-home" "-e" "CARGO_TARGET_DIR=/opt/rustwide/target" "-e" "CARGO_INCREMENTAL=0" "-e" "RUST_BACKTRACE=full" "-e" "RUSTFLAGS=--cap-lints=warn" "-e" "RUSTDOCFLAGS=--cap-lints=warn" "-w" "/opt/rustwide/workdir" "--user" "0:0" "88fd98f04f1f339a0133aa11dfa5e45d2f0bb298db1650b7a93836b6dec26335" "/opt/rustwide/cargo-home/bin/cargo" "+1.100.0-beta.1" "test" "--frozen", kill_on_drop: false }`
[INFO] [stderr] warning: `package.homepage` is redundant with `package.repository`
[INFO] [stderr]   --> Cargo.toml:49:12
[INFO] [stderr]    |
[INFO] [stderr] 49 | homepage = "https://github.com/Adel2411/ruscrypt"
[INFO] [stderr]    |            ^^^^^^^^^^^^^^^^^^^^^^^^^^^^^^^^^^^^^^
[INFO] [stderr] ...
[INFO] [stderr] 54 | repository = "https://github.com/Adel2411/ruscrypt"
[INFO] [stderr]    |              --------------------------------------
[INFO] [stderr]    |
[INFO] [stderr]    = note: `cargo::redundant_homepage` is set to `warn` by default
[INFO] [stderr] help: consider removing `package.homepage`
[INFO] [stderr] warning: `ruscrypt` (manifest) generated 1 warning
[INFO] [stderr]     Finished `test` profile [unoptimized + debuginfo] target(s) in 0.07s
[INFO] [stderr]      Running unittests src/lib.rs (/opt/rustwide/target/debug/build/ruscrypt/df9790c0a270aa7a/out/ruscrypt-df9790c0a270aa7a)
[INFO] [stdout] 
[INFO] [stdout] running 180 tests
[INFO] [stdout] test tests::asym::tests::dh_tests::test_get_shared_secret_before_computation ... ok
[INFO] [stdout] test tests::asym::tests::dh_tests::test_get_shared_secret_after_computation ... ok
[INFO] [stdout] test tests::asym::tests::dh_tests::test_complete_manual_key_exchange ... ok
[INFO] [stdout] test tests::asym::tests::dh_tests::test_key_exchange_basic ... ok
[INFO] [stdout] test tests::asym::tests::dh_tests::test_consistent_key_generation ... ok
[INFO] [stdout] test tests::asym::tests::dh_tests::test_demonstrate_concept ... ok
[INFO] [stdout] test tests::asym::tests::dh_tests::test_key_exchange_manual_mode_start ... ok
[INFO] [stdout] test tests::asym::tests::dh_tests::test_manual_key_exchange_start ... ok
[INFO] [stdout] test tests::asym::tests::dh_tests::test_multiple_computations_same_participant ... ok
[INFO] [stdout] test tests::asym::tests::dh_tests::test_different_private_keys ... ok
[INFO] [stdout] test tests::asym::tests::dh_tests::test_private_key_bounds ... ok
[INFO] [stdout] test tests::asym::tests::dh_tests::test_small_private_keys ... ok
[INFO] [stdout] test tests::asym::tests::dh_tests::test_with_private_key ... ok
[INFO] [stdout] test tests::asym::tests::rsa_tests::test_cli_encrypt_decrypt_with_direct_pem_private_key ... ok
[INFO] [stdout] test tests::asym::tests::dh_tests::test_zero_public_key ... ok
[INFO] [stdout] test tests::asym::tests::dh_tests::test_one_public_key ... ok
[INFO] [stdout] test tests::asym::tests::dh_tests::test_manual_key_exchange_with_invalid_key ... ok
[INFO] [stdout] test tests::asym::tests::rsa_tests::test_cli_encrypt_decrypt_hex ... ok
[INFO] [stdout] test tests::asym::tests::rsa_tests::test_cli_encrypt_decrypt_with_pem_private_key ... ok
[INFO] [stdout] test tests::asym::tests::dh_tests::test_manual_key_exchange_workflow ... ok
[INFO] [stdout] test tests::asym::tests::dh_tests::test_participant_creation ... ok
[INFO] [stdout] test tests::asym::tests::dh_tests::test_shared_secret_symmetry ... ok
[INFO] [stdout] test tests::asym::tests::rsa_tests::test_cli_encrypt_decrypt_base64 ... ok
[INFO] [stdout] test tests::asym::tests::rsa_tests::test_cli_sign_verify_base64 ... ok
[INFO] [stdout] test tests::asym::tests::rsa_tests::test_cli_sign_verify_both_pem ... ok
[INFO] [stdout] test tests::asym::tests::dh_tests::test_public_key_bounds ... ok
[INFO] [stdout] test tests::asym::tests::rsa_tests::test_encrypt_decrypt_empty_string ... ok
[INFO] [stdout] test tests::asym::tests::dh_tests::test_key_exchange_multiple_participants ... ok
[INFO] [stdout] test tests::asym::tests::dh_tests::test_large_private_keys ... ok
[INFO] [stdout] test tests::asym::tests::rsa_tests::test_encrypt_decrypt_long_message ... ok
[INFO] [stdout] test tests::asym::tests::rsa_tests::test_encrypt_decrypt_single_char ... ok
[INFO] [stdout] test tests::asym::tests::rsa_tests::test_encrypt_decrypt_unicode ... ok
[INFO] [stdout] test tests::asym::tests::rsa_tests::test_encrypt_decrypt_with_pem_private_key ... ok
[INFO] [stdout] test tests::asym::tests::rsa_tests::test_export_import_private_key_pem ... ok
[INFO] [stdout] test tests::asym::tests::rsa_tests::test_export_public_key_pem_format ... ok
[INFO] [stdout] test tests::asym::tests::rsa_tests::test_hex_format_consistency ... ok
[INFO] [stdout] test tests::asym::tests::rsa_tests::test_rsa_sign_verify_basic ... ok
[INFO] [stdout] test tests::asym::tests::rsa_tests::test_prime_generation_retry ... ok
[INFO] [stdout] test tests::asym::tests::rsa_tests::test_rsa_sign_verify_different_messages ... ok
[INFO] [stdout] test tests::asym::tests::rsa_tests::test_key_generation_512 ... ok
[INFO] [stdout] test tests::asym::tests::rsa_tests::test_rsa_sign_verify_empty_message ... ok
[INFO] [stdout] test tests::asym::tests::rsa_tests::test_key_generation_1024 ... ok
[INFO] [stdout] test tests::asym::tests::rsa_tests::test_cli_sign_verify_hex ... ok
[INFO] [stdout] test tests::asym::tests::rsa_tests::test_rsa_sign_verify_unicode_message ... ok
[INFO] [stdout] test tests::asym::tests::rsa_tests::test_cli_sign_verify_pem_private_key ... ok
[INFO] [stdout] test tests::asym::tests::rsa_tests::test_sign_verify_tampered_message ... ok
[INFO] [stdout] test tests::asym::tests::rsa_tests::test_sign_verify_consistency ... ok
[INFO] [stdout] test tests::asym::tests::rsa_tests::test_special_characters ... ok
[INFO] [stdout] test tests::asym::tests::rsa_tests::test_different_key_pairs_different_results ... ok
[INFO] [stdout] test tests::asym::tests::rsa_tests::test_encrypt_decrypt_basic ... ok
[INFO] [stdout] test tests::block::tests::aes_tests::test_all_key_sizes ... ok
[INFO] [stdout] test tests::block::tests::aes_tests::test_base64_output_format ... ok
[INFO] [stdout] test tests::asym::tests::dh_tests::test_invalid_public_key_equal_to_prime ... ok
[INFO] [stdout] test tests::asym::tests::rsa_tests::test_invalid_key_size ... ok
[INFO] [stdout] test tests::asym::tests::rsa_tests::test_sign_verify_tampered_signature ... ok
[INFO] [stdout] test tests::asym::tests::rsa_tests::test_cli_sign_verify_pem_public_key ... FAILED
[INFO] [stdout] test tests::block::tests::aes_tests::test_case_sensitivity ... ok
[INFO] [stdout] test tests::asym::tests::rsa_tests::test_sign_invalid_private_key_format ... ok
[INFO] [stdout] test tests::asym::tests::rsa_tests::test_sign_verify_invalid_encoding ... ok
[INFO] [stdout] test tests::asym::tests::rsa_tests::test_sign_verify_invalid_pem_public_key ... ok
[INFO] [stdout] test tests::asym::tests::rsa_tests::test_verify_invalid_public_key_format ... ok
[INFO] [stdout] test tests::block::tests::aes_tests::test_different_passwords ... ok
[INFO] [stdout] test tests::block::tests::aes_tests::test_different_key_sizes_same_password ... ok
[INFO] [stdout] test tests::block::tests::aes_tests::test_hex_output_format ... ok
[INFO] [stdout] test tests::block::tests::aes_tests::test_invalid_encoding ... ok
[INFO] [stdout] test tests::block::tests::aes_tests::test_invalid_hex_input ... ok
[INFO] [stdout] test tests::block::tests::aes_tests::test_encrypt_basic_hex_256 ... ok
[INFO] [stdout] test tests::block::tests::aes_tests::test_empty_string ... ok
[INFO] [stdout] test tests::block::tests::aes_tests::test_decrypt_basic_base64 ... ok
[INFO] [stdout] test tests::asym::tests::dh_tests::test_invalid_public_key ... ok
[INFO] [stdout] test tests::block::tests::aes_tests::test_invalid_base64_input ... ok
[INFO] [stdout] test tests::asym::tests::rsa_tests::test_invalid_encoding ... ok
[INFO] [stdout] test tests::asym::tests::rsa_tests::test_invalid_private_key_format ... ok
[INFO] [stdout] test tests::asym::tests::rsa_tests::test_invalid_pem_import ... ok
[INFO] [stdout] test tests::asym::tests::rsa_tests::test_sign_verify_invalid_pem_private_key ... ok
[INFO] [stdout] test tests::asym::tests::rsa_tests::test_rsa_sign_verify_wrong_key ... FAILED
[INFO] [stdout] test tests::block::tests::des_tests::test_base64_output_format ... ok
[INFO] [stdout] test tests::asym::tests::rsa_tests::test_verify_invalid_signature_format ... ok
[INFO] [stdout] test tests::block::tests::aes_tests::test_encrypt_basic_base64_128 ... ok
[INFO] [stdout] test tests::block::tests::aes_tests::test_invalid_key_size ... ok
[INFO] [stdout] test tests::block::tests::des_tests::test_block_size_padding ... ok
[INFO] [stdout] test tests::block::tests::aes_tests::test_invalid_mode ... ok
[INFO] [stdout] test tests::block::tests::aes_tests::test_unicode_text ... ok
[INFO] [stdout] test tests::block::tests::aes_tests::test_round_trip_both_modes ... ok
[INFO] [stdout] test tests::block::tests::aes_tests::test_cross_encoding_compatibility ... ok
[INFO] [stdout] test tests::block::tests::aes_tests::test_wrong_key_size_for_decryption ... ok
[INFO] [stdout] test tests::block::tests::des_tests::test_hex_output_format ... ok
[INFO] [stdout] test tests::block::tests::des_tests::test_empty_string_both_encodings ... ok
[INFO] [stdout] test tests::block::tests::des_tests::test_encrypt_basic_base64 ... ok
[INFO] [stdout] test tests::block::tests::des_tests::test_invalid_base64_input ... ok
[INFO] [stdout] test tests::block::tests::des_tests::test_case_sensitivity ... ok
[INFO] [stdout] test tests::block::tests::des_tests::test_cross_encoding_compatibility ... ok
[INFO] [stdout] test tests::block::tests::des_tests::test_decrypt_basic_base64 ... ok
[INFO] [stdout] test tests::block::tests::des_tests::test_decrypt_basic_hex ... ok
[INFO] [stdout] test tests::block::tests::des_tests::test_invalid_encrypted_data_length ... ok
[INFO] [stdout] test tests::block::tests::des_tests::test_encrypt_basic_hex ... ok
[INFO] [stdout] test tests::block::tests::des_tests::test_invalid_hex_input ... ok
[INFO] [stdout] test tests::block::tests::des_tests::test_repeated_calls ... ok
[INFO] [stdout] test tests::block::tests::des_tests::test_invalid_key_length ... ok
[INFO] [stdout] test tests::block::tests::aes_tests::test_long_text ... ok
[INFO] [stdout] test tests::block::tests::des_tests::test_round_trip_both_modes ... ok
[INFO] [stdout] test tests::block::tests::des_tests::test_valid_key_length ... ok
[INFO] [stdout] test tests::block::tests::aes_tests::test_special_characters ... ok
[INFO] [stdout] test tests::block::tests::des_tests::test_long_text ... ok
[INFO] [stdout] test tests::block::tests::des_tests::test_invalid_mode ... ok
[INFO] [stdout] test tests::classical::tests::caesar_tests::test_decrypt_basic ... ok
[INFO] [stdout] test tests::block::tests::des_tests::test_invalid_encoding ... ok
[INFO] [stdout] test tests::block::tests::aes_tests::test_repeated_calls ... ok
[INFO] [stdout] test tests::block::tests::des_tests::test_special_characters ... ok
[INFO] [stdout] test tests::block::tests::des_tests::test_unicode_text ... ok
[INFO] [stdout] test tests::classical::tests::caesar_tests::test_round_trip ... ok
[INFO] [stdout] test tests::classical::tests::rail_fence_tests::test_single_rail ... ok
[INFO] [stdout] test tests::classical::tests::vigenere_tests::test_decrypt_basic ... ok
[INFO] [stdout] test tests::classical::tests::playfair_tests::test_with_repeated_letters ... ok
[INFO] [stdout] test tests::classical::tests::vigenere_tests::test_empty_keyword ... ok
[INFO] [stdout] test tests::classical::tests::caesar_tests::test_encrypt_basic ... ok
[INFO] [stdout] test tests::classical::tests::caesar_tests::test_non_alphabetic ... ok
[INFO] [stdout] test tests::classical::tests::playfair_tests::test_empty_keyword ... ok
[INFO] [stdout] test tests::block::tests::des_tests::test_different_keys ... ok
[INFO] [stdout] test tests::hash::tests::md5_tests::test_hello_world ... ok
[INFO] [stdout] test tests::classical::tests::rail_fence_tests::test_encrypt_basic ... ok
[INFO] [stdout] test tests::classical::tests::caesar_tests::test_wrap_around ... ok
[INFO] [stdout] test tests::classical::tests::rail_fence_tests::test_round_trip ... ok
[INFO] [stdout] test tests::hash::tests::md5_tests::test_empty_string ... ok
[INFO] [stdout] test tests::classical::tests::playfair_tests::test_decrypt_basic ... ok
[INFO] [stdout] test tests::classical::tests::rail_fence_tests::test_decrypt_basic ... ok
[INFO] [stdout] test tests::hash::tests::md5_tests::test_repeated_calls ... ok
[INFO] [stdout] test tests::hash::tests::md5_tests::test_numbers ... ok
[INFO] [stdout] test tests::hash::tests::sha1_tests::test_case_sensitivity ... ok
[INFO] [stdout] test tests::hash::tests::md5_tests::test_special_characters ... ok
[INFO] [stdout] test tests::hash::tests::sha1_tests::test_empty_string ... ok
[INFO] [stdout] test tests::hash::tests::sha1_tests::test_hello_world ... ok
[INFO] [stdout] test tests::classical::tests::vigenere_tests::test_with_spaces ... ok
[INFO] [stdout] test tests::hash::tests::md5_tests::test_abc ... ok
[INFO] [stdout] test tests::hash::tests::md5_tests::test_case_sensitivity ... ok
[INFO] [stdout] test tests::classical::tests::playfair_tests::test_encrypt_basic ... ok
[INFO] [stdout] test tests::hash::tests::md5_tests::test_longer_message ... ok
[INFO] [stdout] test tests::hash::tests::sha1_tests::test_numbers ... ok
[INFO] [stdout] test tests::hash::tests::md5_tests::test_single_character ... ok
[INFO] [stdout] test tests::classical::tests::playfair_tests::test_round_trip ... ok
[INFO] [stdout] test tests::hash::tests::sha256_tests::test_longer_message ... ok
[INFO] [stdout] test tests::hash::tests::sha1_tests::test_unicode ... ok
[INFO] [stdout] test tests::hash::tests::sha1_tests::test_single_character ... ok
[INFO] [stdout] test tests::hash::tests::sha256_tests::test_case_sensitivity ... ok
[INFO] [stdout] test tests::hash::tests::sha1_tests::test_special_characters ... ok
[INFO] [stdout] test tests::hash::tests::sha256_tests::test_empty_string ... ok
[INFO] [stdout] test tests::hash::tests::sha256_tests::test_abc ... ok
[INFO] [stdout] test tests::hash::tests::sha256_tests::test_hello_world ... ok
[INFO] [stdout] test tests::hash::tests::sha1_tests::test_repeated_calls ... ok
[INFO] [stdout] test tests::hash::tests::sha1_tests::test_longer_message ... ok
[INFO] [stdout] test tests::hash::tests::md5_tests::test_unicode ... ok
[INFO] [stdout] test tests::hash::tests::sha1_tests::test_abc ... ok
[INFO] [stdout] test tests::hash::tests::sha256_tests::test_repeated_calls ... ok
[INFO] [stdout] test tests::hash::tests::sha256_tests::test_single_character ... ok
[INFO] [stdout] test tests::stream::tests::rc4_tests::test_base64_output_format ... ok
[INFO] [stdout] test tests::hash::tests::sha256_tests::test_special_characters ... ok
[INFO] [stdout] test tests::hash::tests::sha256_tests::test_numbers ... ok
[INFO] [stdout] test tests::stream::tests::rc4_tests::test_decrypt_basic_hex ... ok
[INFO] [stdout] test tests::stream::tests::rc4_tests::test_different_keys ... ok
[INFO] [stdout] test tests::stream::tests::rc4_tests::test_empty_key ... ok
[INFO] [stdout] test tests::stream::tests::rc4_tests::test_decrypt_basic_base64 ... ok
[INFO] [stdout] test tests::stream::tests::rc4_tests::test_hex_output_format ... ok
[INFO] [stdout] test tests::stream::tests::rc4_tests::test_invalid_base64_input ... ok
[INFO] [stdout] test tests::stream::tests::rc4_tests::test_invalid_encoding ... ok
[INFO] [stdout] test tests::stream::tests::rc4_tests::test_invalid_hex_input ... ok
[INFO] [stdout] test tests::stream::tests::rc4_tests::test_empty_string_both_encodings ... ok
[INFO] [stdout] test tests::stream::tests::rc4_tests::test_encrypt_basic_base64 ... ok
[INFO] [stdout] test tests::stream::tests::rc4_tests::test_encrypt_basic_hex ... ok
[INFO] [stdout] test tests::hash::tests::sha256_tests::test_unicode ... ok
[INFO] [stdout] test tests::stream::tests::rc4_tests::test_repeated_calls ... ok
[INFO] [stdout] test tests::stream::tests::rc4_tests::test_long_text ... ok
[INFO] [stdout] test tests::block::tests::aes_tests::test_empty_password ... ok
[INFO] [stdout] test tests::classical::tests::vigenere_tests::test_encrypt_basic ... ok
[INFO] [stdout] test tests::classical::tests::vigenere_tests::test_round_trip ... ok
[INFO] [stdout] test tests::stream::tests::rc4_tests::test_round_trip_both_encodings ... ok
[INFO] [stdout] test tests::stream::tests::rc4_tests::test_special_characters ... ok
[INFO] [stdout] test tests::stream::tests::rc4_tests::test_unicode_text ... ok
[INFO] [stdout] test tests::stream::tests::rc4_tests::test_variable_key_lengths ... ok
[INFO] [stdout] test tests::block::tests::aes_tests::test_block_size_padding ... ok
[INFO] [stdout] test tests::hash::tests::sha256_tests::test_million_a ... ok
[INFO] [stdout] 
[INFO] [stdout] failures:
[INFO] [stdout] 
[INFO] [stdout] ---- tests::asym::tests::rsa_tests::test_cli_sign_verify_pem_public_key stdout ----
[INFO] [stdout] 
[INFO] [stdout] thread 'tests::asym::tests::rsa_tests::test_cli_sign_verify_pem_public_key' (555) panicked at src/tests/asym.rs:686:51:
[INFO] [stdout] called `Result::unwrap()` on an `Err` value: Generated primes are identical, try again
[INFO] [stdout] 
[INFO] [stdout] Stack backtrace:
[INFO] [stdout]    0: <anyhow::Error>::msg::<&str>
[INFO] [stdout]              at /opt/rustwide/cargo-home/registry/src/index.crates.io-1949cf8c6b5b557f/anyhow-1.0.98/src/backtrace.rs:27:14
[INFO] [stdout]    1: anyhow::__private::format_err
[INFO] [stdout]              at /opt/rustwide/cargo-home/registry/src/index.crates.io-1949cf8c6b5b557f/anyhow-1.0.98/src/lib.rs:694:13
[INFO] [stdout]    2: ruscrypt::asym::rsa::generate_key_pair
[INFO] [stdout]              at ./src/asym/rsa.rs:388:20
[INFO] [stdout]    3: ruscrypt::tests::asym::tests::rsa_tests::test_cli_sign_verify_pem_public_key
[INFO] [stdout]              at ./src/tests/asym.rs:686:28
[INFO] [stdout]    4: ruscrypt::tests::asym::tests::rsa_tests::test_cli_sign_verify_pem_public_key::{closure#0}
[INFO] [stdout]              at ./src/tests/asym.rs:685:49
[INFO] [stdout]    5: <ruscrypt::tests::asym::tests::rsa_tests::test_cli_sign_verify_pem_public_key::{closure#0} as core::ops::function::FnOnce<()>>::call_once
[INFO] [stdout]              at /rustc/e3feeb59cd1bdd011a2bfcc0747b55125d9b8527/library/core/src/ops/function.rs:250:5
[INFO] [stdout]    6: <fn() -> core::result::Result<(), alloc::string::String> as core::ops::function::FnOnce<()>>::call_once
[INFO] [stdout]              at /rustc/e3feeb59cd1bdd011a2bfcc0747b55125d9b8527/library/core/src/ops/function.rs:250:5
[INFO] [stdout]    7: test::__rust_begin_short_backtrace::<core::result::Result<(), alloc::string::String>, fn() -> core::result::Result<(), alloc::string::String>>
[INFO] [stdout]              at /rustc/e3feeb59cd1bdd011a2bfcc0747b55125d9b8527/library/test/src/lib.rs:701:18
[INFO] [stdout]    8: test::run_test_in_process::{closure#0}
[INFO] [stdout]              at /rustc/e3feeb59cd1bdd011a2bfcc0747b55125d9b8527/library/test/src/lib.rs:724:74
[INFO] [stdout]    9: <core::panic::unwind_safe::AssertUnwindSafe<test::run_test_in_process::{closure#0}> as core::ops::function::FnOnce<()>>::call_once
[INFO] [stdout]              at /rustc/e3feeb59cd1bdd011a2bfcc0747b55125d9b8527/library/core/src/panic/unwind_safe.rs:275:9
[INFO] [stdout]   10: std::panicking::catch_unwind::do_call::<core::panic::unwind_safe::AssertUnwindSafe<test::run_test_in_process::{closure#0}>, core::result::Result<(), alloc::string::String>>
[INFO] [stdout]              at /rustc/e3feeb59cd1bdd011a2bfcc0747b55125d9b8527/library/std/src/panicking.rs:573:43
[INFO] [stdout]   11: std::panicking::catch_unwind::<core::result::Result<(), alloc::string::String>, core::panic::unwind_safe::AssertUnwindSafe<test::run_test_in_process::{closure#0}>>
[INFO] [stdout]              at /rustc/e3feeb59cd1bdd011a2bfcc0747b55125d9b8527/library/std/src/panicking.rs:541:19
[INFO] [stdout]   12: std::panic::catch_unwind::<core::panic::unwind_safe::AssertUnwindSafe<test::run_test_in_process::{closure#0}>, core::result::Result<(), alloc::string::String>>
[INFO] [stdout]              at /rustc/e3feeb59cd1bdd011a2bfcc0747b55125d9b8527/library/std/src/panic.rs:359:14
[INFO] [stdout]   13: test::run_test_in_process
[INFO] [stdout]              at /rustc/e3feeb59cd1bdd011a2bfcc0747b55125d9b8527/library/test/src/lib.rs:724:27
[INFO] [stdout]   14: test::run_test::{closure#0}
[INFO] [stdout]              at /rustc/e3feeb59cd1bdd011a2bfcc0747b55125d9b8527/library/test/src/lib.rs:645:43
[INFO] [stdout]   15: test::run_test::{closure#1}
[INFO] [stdout]              at /rustc/e3feeb59cd1bdd011a2bfcc0747b55125d9b8527/library/test/src/lib.rs:675:41
[INFO] [stdout]   16: std::sys::backtrace::__rust_begin_short_backtrace::<test::run_test::{closure#1}, ()>
[INFO] [stdout]              at /rustc/e3feeb59cd1bdd011a2bfcc0747b55125d9b8527/library/std/src/sys/backtrace.rs:166:18
[INFO] [stdout]   17: std::thread::lifecycle::spawn_unchecked::<test::run_test::{closure#1}, ()>::{closure#1}::{closure#0}
[INFO] [stdout]              at /rustc/e3feeb59cd1bdd011a2bfcc0747b55125d9b8527/library/std/src/thread/lifecycle.rs:70:13
[INFO] [stdout]   18: <core::panic::unwind_safe::AssertUnwindSafe<std::thread::lifecycle::spawn_unchecked<test::run_test::{closure#1}, ()>::{closure#1}::{closure#0}> as core::ops::function::FnOnce<()>>::call_once
[INFO] [stdout]              at /rustc/e3feeb59cd1bdd011a2bfcc0747b55125d9b8527/library/core/src/panic/unwind_safe.rs:275:9
[INFO] [stdout]   19: std::panicking::catch_unwind::do_call::<core::panic::unwind_safe::AssertUnwindSafe<std::thread::lifecycle::spawn_unchecked<test::run_test::{closure#1}, ()>::{closure#1}::{closure#0}>, ()>
[INFO] [stdout]              at /rustc/e3feeb59cd1bdd011a2bfcc0747b55125d9b8527/library/std/src/panicking.rs:573:43
[INFO] [stdout]   20: std::panicking::catch_unwind::<(), core::panic::unwind_safe::AssertUnwindSafe<std::thread::lifecycle::spawn_unchecked<test::run_test::{closure#1}, ()>::{closure#1}::{closure#0}>>
[INFO] [stdout]              at /rustc/e3feeb59cd1bdd011a2bfcc0747b55125d9b8527/library/std/src/panicking.rs:541:19
[INFO] [stdout]   21: std::panic::catch_unwind::<core::panic::unwind_safe::AssertUnwindSafe<std::thread::lifecycle::spawn_unchecked<test::run_test::{closure#1}, ()>::{closure#1}::{closure#0}>, ()>
[INFO] [stdout]              at /rustc/e3feeb59cd1bdd011a2bfcc0747b55125d9b8527/library/std/src/panic.rs:359:14
[INFO] [stdout]   22: std::thread::lifecycle::spawn_unchecked::<test::run_test::{closure#1}, ()>::{closure#1}
[INFO] [stdout]              at /rustc/e3feeb59cd1bdd011a2bfcc0747b55125d9b8527/library/std/src/thread/lifecycle.rs:68:26
[INFO] [stdout]   23: <std::thread::lifecycle::spawn_unchecked<test::run_test::{closure#1}, ()>::{closure#1} as core::ops::function::FnOnce<()>>::call_once::{shim:vtable#0}
[INFO] [stdout]              at /rustc/e3feeb59cd1bdd011a2bfcc0747b55125d9b8527/library/core/src/ops/function.rs:250:5
[INFO] [stdout]   24: <alloc::boxed::Box<dyn core::ops::function::FnOnce<(), Output = ()> + core::marker::Send> as core::ops::function::FnOnce<()>>::call_once
[INFO] [stdout]              at /rustc/e3feeb59cd1bdd011a2bfcc0747b55125d9b8527/library/alloc/src/boxed.rs:2314:9
[INFO] [stdout]   25: <std::sys::thread::unix::Thread>::new::thread_start
[INFO] [stdout]              at /rustc/e3feeb59cd1bdd011a2bfcc0747b55125d9b8527/library/std/src/sys/thread/unix.rs:127:17
[INFO] [stdout]   26: <unknown>
[INFO] [stdout]   27: clone
[INFO] [stdout] stack backtrace:
[INFO] [stdout]    0:     0x62433d3bc5a1 - std[617be2ca0a6fd877]::backtrace_rs::backtrace::libunwind::trace
[INFO] [stdout]                                at /rustc/e3feeb59cd1bdd011a2bfcc0747b55125d9b8527/library/std/src/../../backtrace/src/backtrace/libunwind.rs:117:9
[INFO] [stdout]    1:     0x62433d3bc5a1 - std[617be2ca0a6fd877]::backtrace_rs::backtrace::trace_unsynchronized::<std[617be2ca0a6fd877]::sys::backtrace::_print_fmt::{closure#1}>
[INFO] [stdout]                                at /rustc/e3feeb59cd1bdd011a2bfcc0747b55125d9b8527/library/std/src/../../backtrace/src/backtrace/mod.rs:66:14
[INFO] [stdout]    2:     0x62433d3bc5a1 - std[617be2ca0a6fd877]::sys::backtrace::_print_fmt
[INFO] [stdout]                                at /rustc/e3feeb59cd1bdd011a2bfcc0747b55125d9b8527/library/std/src/sys/backtrace.rs:74:9
[INFO] [stdout]    3:     0x62433d3bc5a1 - <<std[617be2ca0a6fd877]::sys::backtrace::BacktraceLock>::print::DisplayBacktrace as core[a373ad73a504971]::fmt::Display>::fmt
[INFO] [stdout]                                at /rustc/e3feeb59cd1bdd011a2bfcc0747b55125d9b8527/library/std/src/sys/backtrace.rs:44:26
[INFO] [stdout]    4:     0x62433d3d270a - <core[a373ad73a504971]::fmt::rt::Argument>::fmt
[INFO] [stdout]                                at /rustc/e3feeb59cd1bdd011a2bfcc0747b55125d9b8527/library/core/src/fmt/rt.rs:152:76
[INFO] [stdout]    5:     0x62433d3d270a - core[a373ad73a504971]::fmt::write
[INFO] [stdout]    6:     0x62433d3c0cbc - core[a373ad73a504971]::io::write::default_write_fmt::<alloc[2e1b2a31b91974c5]::vec::Vec<u8>>
[INFO] [stdout]                                at /rustc/e3feeb59cd1bdd011a2bfcc0747b55125d9b8527/library/core/src/io/write.rs:402:11
[INFO] [stdout]    7:     0x62433d3c0cbc - <alloc[2e1b2a31b91974c5]::vec::Vec<u8> as core[a373ad73a504971]::io::write::Write>::write_fmt
[INFO] [stdout]                                at /rustc/e3feeb59cd1bdd011a2bfcc0747b55125d9b8527/library/core/src/io/write.rs:335:13
[INFO] [stdout]    8:     0x62433d398486 - <std[617be2ca0a6fd877]::sys::backtrace::BacktraceLock>::print
[INFO] [stdout]                                at /rustc/e3feeb59cd1bdd011a2bfcc0747b55125d9b8527/library/std/src/sys/backtrace.rs:47:9
[INFO] [stdout]    9:     0x62433d398486 - std[617be2ca0a6fd877]::panicking::default_hook::{closure#0}
[INFO] [stdout]                                at /rustc/e3feeb59cd1bdd011a2bfcc0747b55125d9b8527/library/std/src/panicking.rs:289:27
[INFO] [stdout]   10:     0x62433d3b4c19 - std[617be2ca0a6fd877]::panicking::default_hook
[INFO] [stdout]                                at /rustc/e3feeb59cd1bdd011a2bfcc0747b55125d9b8527/library/std/src/panicking.rs:313:9
[INFO] [stdout]   11:     0x62433d305530 - <alloc[2e1b2a31b91974c5]::boxed::Box<dyn for<'a, 'b> core[a373ad73a504971]::ops::function::Fn<(&'a std[617be2ca0a6fd877]::panic::PanicHookInfo<'b>,), Output = ()> + core[a373ad73a504971]::marker::Sync + core[a373ad73a504971]::marker::Send> as core[a373ad73a504971]::ops::function::Fn<(&std[617be2ca0a6fd877]::panic::PanicHookInfo,)>>::call
[INFO] [stdout]                                at /rustc/e3feeb59cd1bdd011a2bfcc0747b55125d9b8527/library/alloc/src/boxed.rs:2328:9
[INFO] [stdout]   12:     0x62433d305530 - test[aada8e7e76ba119b]::test_main_inner::{closure#0}
[INFO] [stdout]                                at /rustc/e3feeb59cd1bdd011a2bfcc0747b55125d9b8527/library/test/src/lib.rs:137:21
[INFO] [stdout]   13:     0x62433d3b4dd2 - <alloc[2e1b2a31b91974c5]::boxed::Box<dyn for<'a, 'b> core[a373ad73a504971]::ops::function::Fn<(&'a std[617be2ca0a6fd877]::panic::PanicHookInfo<'b>,), Output = ()> + core[a373ad73a504971]::marker::Sync + core[a373ad73a504971]::marker::Send> as core[a373ad73a504971]::ops::function::Fn<(&std[617be2ca0a6fd877]::panic::PanicHookInfo,)>>::call
[INFO] [stdout]                                at /rustc/e3feeb59cd1bdd011a2bfcc0747b55125d9b8527/library/alloc/src/boxed.rs:2328:9
[INFO] [stdout]   14:     0x62433d3b4dd2 - std[617be2ca0a6fd877]::panicking::panic_with_hook
[INFO] [stdout]                                at /rustc/e3feeb59cd1bdd011a2bfcc0747b55125d9b8527/library/std/src/panicking.rs:819:13
[INFO] [stdout]   15:     0x62433d398532 - std[617be2ca0a6fd877]::panicking::panic_handler::{closure#0}
[INFO] [stdout]                                at /rustc/e3feeb59cd1bdd011a2bfcc0747b55125d9b8527/library/std/src/panicking.rs:685:13
[INFO] [stdout]   16:     0x62433d390cb9 - std[617be2ca0a6fd877]::sys::backtrace::__rust_end_short_backtrace::<std[617be2ca0a6fd877]::panicking::panic_handler::{closure#0}, !>
[INFO] [stdout]                                at /rustc/e3feeb59cd1bdd011a2bfcc0747b55125d9b8527/library/std/src/sys/backtrace.rs:182:18
[INFO] [stdout]   17:     0x62433d39924d - __rustc[ea4f61d10b84890b]::rust_begin_unwind
[INFO] [stdout]                                at /rustc/e3feeb59cd1bdd011a2bfcc0747b55125d9b8527/library/std/src/panicking.rs:676:5
[INFO] [stdout]   18:     0x62433d3d2efc - core[a373ad73a504971]::panicking::panic_fmt
[INFO] [stdout]                                at /rustc/e3feeb59cd1bdd011a2bfcc0747b55125d9b8527/library/core/src/panicking.rs:80:14
[INFO] [stdout]   19:     0x62433d3d2c52 - core[a373ad73a504971]::result::unwrap_failed
[INFO] [stdout]                                at /rustc/e3feeb59cd1bdd011a2bfcc0747b55125d9b8527/library/core/src/result.rs:1870:5
[INFO] [stdout]   20:     0x62433d29d3d2 - <core[a373ad73a504971]::result::Result<ruscrypt[d2c82808e203c528]::asym::rsa::RSAKeyPair, anyhow[64c605b6c2343e01]::Error>>::unwrap
[INFO] [stdout]                                at /rustc/e3feeb59cd1bdd011a2bfcc0747b55125d9b8527/library/core/src/result.rs:1232:23
[INFO] [stdout]   21:     0x62433d29d3d2 - ruscrypt[d2c82808e203c528]::tests::asym::tests::rsa_tests::test_cli_sign_verify_pem_public_key
[INFO] [stdout]                                at /opt/rustwide/workdir/src/tests/asym.rs:686:51
[INFO] [stdout]   22:     0x62433d295f97 - ruscrypt[d2c82808e203c528]::tests::asym::tests::rsa_tests::test_cli_sign_verify_pem_public_key::{closure#0}
[INFO] [stdout]                                at /opt/rustwide/workdir/src/tests/asym.rs:685:49
[INFO] [stdout]   23:     0x62433d2e25d6 - <ruscrypt[d2c82808e203c528]::tests::asym::tests::rsa_tests::test_cli_sign_verify_pem_public_key::{closure#0} as core[a373ad73a504971]::ops::function::FnOnce<()>>::call_once
[INFO] [stdout]                                at /rustc/e3feeb59cd1bdd011a2bfcc0747b55125d9b8527/library/core/src/ops/function.rs:250:5
[INFO] [stdout]   24:     0x62433d2f897b - <fn() -> core[a373ad73a504971]::result::Result<(), alloc[2e1b2a31b91974c5]::string::String> as core[a373ad73a504971]::ops::function::FnOnce<()>>::call_once
[INFO] [stdout]                                at /rustc/e3feeb59cd1bdd011a2bfcc0747b55125d9b8527/library/core/src/ops/function.rs:250:5
[INFO] [stdout]   25:     0x62433d2f897b - test[aada8e7e76ba119b]::__rust_begin_short_backtrace::<core[a373ad73a504971]::result::Result<(), alloc[2e1b2a31b91974c5]::string::String>, fn() -> core[a373ad73a504971]::result::Result<(), alloc[2e1b2a31b91974c5]::string::String>>
[INFO] [stdout]                                at /rustc/e3feeb59cd1bdd011a2bfcc0747b55125d9b8527/library/test/src/lib.rs:701:18
[INFO] [stdout]   26:     0x62433d305b55 - test[aada8e7e76ba119b]::run_test_in_process::{closure#0}
[INFO] [stdout]                                at /rustc/e3feeb59cd1bdd011a2bfcc0747b55125d9b8527/library/test/src/lib.rs:724:74
[INFO] [stdout]   27:     0x62433d305b55 - <core[a373ad73a504971]::panic::unwind_safe::AssertUnwindSafe<test[aada8e7e76ba119b]::run_test_in_process::{closure#0}> as core[a373ad73a504971]::ops::function::FnOnce<()>>::call_once
[INFO] [stdout]                                at /rustc/e3feeb59cd1bdd011a2bfcc0747b55125d9b8527/library/core/src/panic/unwind_safe.rs:275:9
[INFO] [stdout]   28:     0x62433d305b55 - std[617be2ca0a6fd877]::panicking::catch_unwind::do_call::<core[a373ad73a504971]::panic::unwind_safe::AssertUnwindSafe<test[aada8e7e76ba119b]::run_test_in_process::{closure#0}>, core[a373ad73a504971]::result::Result<(), alloc[2e1b2a31b91974c5]::string::String>>
[INFO] [stdout]                                at /rustc/e3feeb59cd1bdd011a2bfcc0747b55125d9b8527/library/std/src/panicking.rs:573:43
[INFO] [stdout]   29:     0x62433d305b55 - std[617be2ca0a6fd877]::panicking::catch_unwind::<core[a373ad73a504971]::result::Result<(), alloc[2e1b2a31b91974c5]::string::String>, core[a373ad73a504971]::panic::unwind_safe::AssertUnwindSafe<test[aada8e7e76ba119b]::run_test_in_process::{closure#0}>>
[INFO] [stdout]                                at /rustc/e3feeb59cd1bdd011a2bfcc0747b55125d9b8527/library/std/src/panicking.rs:541:19
[INFO] [stdout]   30:     0x62433d305b55 - std[617be2ca0a6fd877]::panic::catch_unwind::<core[a373ad73a504971]::panic::unwind_safe::AssertUnwindSafe<test[aada8e7e76ba119b]::run_test_in_process::{closure#0}>, core[a373ad73a504971]::result::Result<(), alloc[2e1b2a31b91974c5]::string::String>>
[INFO] [stdout]                                at /rustc/e3feeb59cd1bdd011a2bfcc0747b55125d9b8527/library/std/src/panic.rs:359:14
[INFO] [stdout]   31:     0x62433d305b55 - test[aada8e7e76ba119b]::run_test_in_process
[INFO] [stdout]                                at /rustc/e3feeb59cd1bdd011a2bfcc0747b55125d9b8527/library/test/src/lib.rs:724:27
[INFO] [stdout]   32:     0x62433d305b55 - test[aada8e7e76ba119b]::run_test::{closure#0}
[INFO] [stdout]                                at /rustc/e3feeb59cd1bdd011a2bfcc0747b55125d9b8527/library/test/src/lib.rs:645:43
[INFO] [stdout]   33:     0x62433d2ff444 - test[aada8e7e76ba119b]::run_test::{closure#1}
[INFO] [stdout]                                at /rustc/e3feeb59cd1bdd011a2bfcc0747b55125d9b8527/library/test/src/lib.rs:675:41
[INFO] [stdout]   34:     0x62433d2ff444 - std[617be2ca0a6fd877]::sys::backtrace::__rust_begin_short_backtrace::<test[aada8e7e76ba119b]::run_test::{closure#1}, ()>
[INFO] [stdout]                                at /rustc/e3feeb59cd1bdd011a2bfcc0747b55125d9b8527/library/std/src/sys/backtrace.rs:166:18
[INFO] [stdout]   35:     0x62433d308be2 - std[617be2ca0a6fd877]::thread::lifecycle::spawn_unchecked::<test[aada8e7e76ba119b]::run_test::{closure#1}, ()>::{closure#1}::{closure#0}
[INFO] [stdout]                                at /rustc/e3feeb59cd1bdd011a2bfcc0747b55125d9b8527/library/std/src/thread/lifecycle.rs:70:13
[INFO] [stdout]   36:     0x62433d308be2 - <core[a373ad73a504971]::panic::unwind_safe::AssertUnwindSafe<std[617be2ca0a6fd877]::thread::lifecycle::spawn_unchecked<test[aada8e7e76ba119b]::run_test::{closure#1}, ()>::{closure#1}::{closure#0}> as core[a373ad73a504971]::ops::function::FnOnce<()>>::call_once
[INFO] [stdout]                                at /rustc/e3feeb59cd1bdd011a2bfcc0747b55125d9b8527/library/core/src/panic/unwind_safe.rs:275:9
[INFO] [stdout]   37:     0x62433d308be2 - std[617be2ca0a6fd877]::panicking::catch_unwind::do_call::<core[a373ad73a504971]::panic::unwind_safe::AssertUnwindSafe<std[617be2ca0a6fd877]::thread::lifecycle::spawn_unchecked<test[aada8e7e76ba119b]::run_test::{closure#1}, ()>::{closure#1}::{closure#0}>, ()>
[INFO] [stdout]                                at /rustc/e3feeb59cd1bdd011a2bfcc0747b55125d9b8527/library/std/src/panicking.rs:573:43
[INFO] [stdout]   38:     0x62433d308be2 - std[617be2ca0a6fd877]::panicking::catch_unwind::<(), core[a373ad73a504971]::panic::unwind_safe::AssertUnwindSafe<std[617be2ca0a6fd877]::thread::lifecycle::spawn_unchecked<test[aada8e7e76ba119b]::run_test::{closure#1}, ()>::{closure#1}::{closure#0}>>
[INFO] [stdout]                                at /rustc/e3feeb59cd1bdd011a2bfcc0747b55125d9b8527/library/std/src/panicking.rs:541:19
[INFO] [stdout]   39:     0x62433d308be2 - std[617be2ca0a6fd877]::panic::catch_unwind::<core[a373ad73a504971]::panic::unwind_safe::AssertUnwindSafe<std[617be2ca0a6fd877]::thread::lifecycle::spawn_unchecked<test[aada8e7e76ba119b]::run_test::{closure#1}, ()>::{closure#1}::{closure#0}>, ()>
[INFO] [stdout]                                at /rustc/e3feeb59cd1bdd011a2bfcc0747b55125d9b8527/library/std/src/panic.rs:359:14
[INFO] [stdout]   40:     0x62433d308be2 - std[617be2ca0a6fd877]::thread::lifecycle::spawn_unchecked::<test[aada8e7e76ba119b]::run_test::{closure#1}, ()>::{closure#1}
[INFO] [stdout]                                at /rustc/e3feeb59cd1bdd011a2bfcc0747b55125d9b8527/library/std/src/thread/lifecycle.rs:68:26
[INFO] [stdout]   41:     0x62433d308be2 - <std[617be2ca0a6fd877]::thread::lifecycle::spawn_unchecked<test[aada8e7e76ba119b]::run_test::{closure#1}, ()>::{closure#1} as core[a373ad73a504971]::ops::function::FnOnce<()>>::call_once::{shim:vtable#0}
[INFO] [stdout]                                at /rustc/e3feeb59cd1bdd011a2bfcc0747b55125d9b8527/library/core/src/ops/function.rs:250:5
[INFO] [stdout]   42:     0x62433d3bbdff - <alloc[2e1b2a31b91974c5]::boxed::Box<dyn core[a373ad73a504971]::ops::function::FnOnce<(), Output = ()> + core[a373ad73a504971]::marker::Send> as core[a373ad73a504971]::ops::function::FnOnce<()>>::call_once
[INFO] [stdout]                                at /rustc/e3feeb59cd1bdd011a2bfcc0747b55125d9b8527/library/alloc/src/boxed.rs:2314:9
[INFO] [stdout]   43:     0x62433d3bbdff - <std[617be2ca0a6fd877]::sys::thread::unix::Thread>::new::thread_start
[INFO] [stdout]                                at /rustc/e3feeb59cd1bdd011a2bfcc0747b55125d9b8527/library/std/src/sys/thread/unix.rs:127:17
[INFO] [stdout]   44:     0x7b3355d18dfa - <unknown>
[INFO] [stdout]   45:     0x7b3355dac3d4 - clone
[INFO] [stdout]   46:                0x0 - <unknown>
[INFO] [stdout] 
[INFO] [stdout] ---- tests::asym::tests::rsa_tests::test_rsa_sign_verify_wrong_key stdout ----
[INFO] [stdout] 
[INFO] [stdout] thread 'tests::asym::tests::rsa_tests::test_rsa_sign_verify_wrong_key' (577) panicked at src/tests/asym.rs:630:52:
[INFO] [stdout] called `Result::unwrap()` on an `Err` value: Generated primes are identical, try again
[INFO] [stdout] 
[INFO] [stdout] Stack backtrace:
[INFO] [stdout]    0: <anyhow::Error>::msg::<&str>
[INFO] [stdout]              at /opt/rustwide/cargo-home/registry/src/index.crates.io-1949cf8c6b5b557f/anyhow-1.0.98/src/backtrace.rs:27:14
[INFO] [stdout]    1: anyhow::__private::format_err
[INFO] [stdout]              at /opt/rustwide/cargo-home/registry/src/index.crates.io-1949cf8c6b5b557f/anyhow-1.0.98/src/lib.rs:694:13
[INFO] [stdout]    2: ruscrypt::asym::rsa::generate_key_pair
[INFO] [stdout]              at ./src/asym/rsa.rs:388:20
[INFO] [stdout]    3: ruscrypt::tests::asym::tests::rsa_tests::test_rsa_sign_verify_wrong_key
[INFO] [stdout]              at ./src/tests/asym.rs:630:29
[INFO] [stdout]    4: ruscrypt::tests::asym::tests::rsa_tests::test_rsa_sign_verify_wrong_key::{closure#0}
[INFO] [stdout]              at ./src/tests/asym.rs:629:44
[INFO] [stdout]    5: <ruscrypt::tests::asym::tests::rsa_tests::test_rsa_sign_verify_wrong_key::{closure#0} as core::ops::function::FnOnce<()>>::call_once
[INFO] [stdout]              at /rustc/e3feeb59cd1bdd011a2bfcc0747b55125d9b8527/library/core/src/ops/function.rs:250:5
[INFO] [stdout]    6: <fn() -> core::result::Result<(), alloc::string::String> as core::ops::function::FnOnce<()>>::call_once
[INFO] [stdout]              at /rustc/e3feeb59cd1bdd011a2bfcc0747b55125d9b8527/library/core/src/ops/function.rs:250:5
[INFO] [stdout]    7: test::__rust_begin_short_backtrace::<core::result::Result<(), alloc::string::String>, fn() -> core::result::Result<(), alloc::string::String>>
[INFO] [stdout]              at /rustc/e3feeb59cd1bdd011a2bfcc0747b55125d9b8527/library/test/src/lib.rs:701:18
[INFO] [stdout]    8: test::run_test_in_process::{closure#0}
[INFO] [stdout]              at /rustc/e3feeb59cd1bdd011a2bfcc0747b55125d9b8527/library/test/src/lib.rs:724:74
[INFO] [stdout]    9: <core::panic::unwind_safe::AssertUnwindSafe<test::run_test_in_process::{closure#0}> as core::ops::function::FnOnce<()>>::call_once
[INFO] [stdout]              at /rustc/e3feeb59cd1bdd011a2bfcc0747b55125d9b8527/library/core/src/panic/unwind_safe.rs:275:9
[INFO] [stdout]   10: std::panicking::catch_unwind::do_call::<core::panic::unwind_safe::AssertUnwindSafe<test::run_test_in_process::{closure#0}>, core::result::Result<(), alloc::string::String>>
[INFO] [stdout]              at /rustc/e3feeb59cd1bdd011a2bfcc0747b55125d9b8527/library/std/src/panicking.rs:573:43
[INFO] [stdout]   11: std::panicking::catch_unwind::<core::result::Result<(), alloc::string::String>, core::panic::unwind_safe::AssertUnwindSafe<test::run_test_in_process::{closure#0}>>
[INFO] [stdout]              at /rustc/e3feeb59cd1bdd011a2bfcc0747b55125d9b8527/library/std/src/panicking.rs:541:19
[INFO] [stdout]   12: std::panic::catch_unwind::<core::panic::unwind_safe::AssertUnwindSafe<test::run_test_in_process::{closure#0}>, core::result::Result<(), alloc::string::String>>
[INFO] [stdout]              at /rustc/e3feeb59cd1bdd011a2bfcc0747b55125d9b8527/library/std/src/panic.rs:359:14
[INFO] [stdout]   13: test::run_test_in_process
[INFO] [stdout]              at /rustc/e3feeb59cd1bdd011a2bfcc0747b55125d9b8527/library/test/src/lib.rs:724:27
[INFO] [stdout]   14: test::run_test::{closure#0}
[INFO] [stdout]              at /rustc/e3feeb59cd1bdd011a2bfcc0747b55125d9b8527/library/test/src/lib.rs:645:43
[INFO] [stdout]   15: test::run_test::{closure#1}
[INFO] [stdout]              at /rustc/e3feeb59cd1bdd011a2bfcc0747b55125d9b8527/library/test/src/lib.rs:675:41
[INFO] [stdout]   16: std::sys::backtrace::__rust_begin_short_backtrace::<test::run_test::{closure#1}, ()>
[INFO] [stdout]              at /rustc/e3feeb59cd1bdd011a2bfcc0747b55125d9b8527/library/std/src/sys/backtrace.rs:166:18
[INFO] [stdout]   17: std::thread::lifecycle::spawn_unchecked::<test::run_test::{closure#1}, ()>::{closure#1}::{closure#0}
[INFO] [stdout]              at /rustc/e3feeb59cd1bdd011a2bfcc0747b55125d9b8527/library/std/src/thread/lifecycle.rs:70:13
[INFO] [stdout]   18: <core::panic::unwind_safe::AssertUnwindSafe<std::thread::lifecycle::spawn_unchecked<test::run_test::{closure#1}, ()>::{closure#1}::{closure#0}> as core::ops::function::FnOnce<()>>::call_once
[INFO] [stdout]              at /rustc/e3feeb59cd1bdd011a2bfcc0747b55125d9b8527/library/core/src/panic/unwind_safe.rs:275:9
[INFO] [stdout]   19: std::panicking::catch_unwind::do_call::<core::panic::unwind_safe::AssertUnwindSafe<std::thread::lifecycle::spawn_unchecked<test::run_test::{closure#1}, ()>::{closure#1}::{closure#0}>, ()>
[INFO] [stdout]              at /rustc/e3feeb59cd1bdd011a2bfcc0747b55125d9b8527/library/std/src/panicking.rs:573:43
[INFO] [stdout]   20: std::panicking::catch_unwind::<(), core::panic::unwind_safe::AssertUnwindSafe<std::thread::lifecycle::spawn_unchecked<test::run_test::{closure#1}, ()>::{closure#1}::{closure#0}>>
[INFO] [stdout]              at /rustc/e3feeb59cd1bdd011a2bfcc0747b55125d9b8527/library/std/src/panicking.rs:541:19
[INFO] [stdout]   21: std::panic::catch_unwind::<core::panic::unwind_safe::AssertUnwindSafe<std::thread::lifecycle::spawn_unchecked<test::run_test::{closure#1}, ()>::{closure#1}::{closure#0}>, ()>
[INFO] [stdout]              at /rustc/e3feeb59cd1bdd011a2bfcc0747b55125d9b8527/library/std/src/panic.rs:359:14
[INFO] [stdout]   22: std::thread::lifecycle::spawn_unchecked::<test::run_test::{closure#1}, ()>::{closure#1}
[INFO] [stdout]              at /rustc/e3feeb59cd1bdd011a2bfcc0747b55125d9b8527/library/std/src/thread/lifecycle.rs:68:26
[INFO] [stdout]   23: <std::thread::lifecycle::spawn_unchecked<test::run_test::{closure#1}, ()>::{closure#1} as core::ops::function::FnOnce<()>>::call_once::{shim:vtable#0}
[INFO] [stdout]              at /rustc/e3feeb59cd1bdd011a2bfcc0747b55125d9b8527/library/core/src/ops/function.rs:250:5
[INFO] [stdout]   24: <alloc::boxed::Box<dyn core::ops::function::FnOnce<(), Output = ()> + core::marker::Send> as core::ops::function::FnOnce<()>>::call_once
[INFO] [stdout]              at /rustc/e3feeb59cd1bdd011a2bfcc0747b55125d9b8527/library/alloc/src/boxed.rs:2314:9
[INFO] [stdout]   25: <std::sys::thread::unix::Thread>::new::thread_start
[INFO] [stdout]              at /rustc/e3feeb59cd1bdd011a2bfcc0747b55125d9b8527/library/std/src/sys/thread/unix.rs:127:17
[INFO] [stdout]   26: <unknown>
[INFO] [stdout]   27: clone
[INFO] [stdout] stack backtrace:
[INFO] [stdout]    0:     0x62433d3bc5a1 - std[617be2ca0a6fd877]::backtrace_rs::backtrace::libunwind::trace
[INFO] [stdout]                                at /rustc/e3feeb59cd1bdd011a2bfcc0747b55125d9b8527/library/std/src/../../backtrace/src/backtrace/libunwind.rs:117:9
[INFO] [stdout]    1:     0x62433d3bc5a1 - std[617be2ca0a6fd877]::backtrace_rs::backtrace::trace_unsynchronized::<std[617be2ca0a6fd877]::sys::backtrace::_print_fmt::{closure#1}>
[INFO] [stdout]                                at /rustc/e3feeb59cd1bdd011a2bfcc0747b55125d9b8527/library/std/src/../../backtrace/src/backtrace/mod.rs:66:14
[INFO] [stdout]    2:     0x62433d3bc5a1 - std[617be2ca0a6fd877]::sys::backtrace::_print_fmt
[INFO] [stdout]                                at /rustc/e3feeb59cd1bdd011a2bfcc0747b55125d9b8527/library/std/src/sys/backtrace.rs:74:9
[INFO] [stdout]    3:     0x62433d3bc5a1 - <<std[617be2ca0a6fd877]::sys::backtrace::BacktraceLock>::print::DisplayBacktrace as core[a373ad73a504971]::fmt::Display>::fmt
[INFO] [stderr] error: test failed, to rerun pass `--lib`
[INFO] [stdout]                                at /rustc/e3feeb59cd1bdd011a2bfcc0747b55125d9b8527/library/std/src/sys/backtrace.rs:44:26
[INFO] [stdout]    4:     0x62433d3d270a - <core[a373ad73a504971]::fmt::rt::Argument>::fmt
[INFO] [stdout]                                at /rustc/e3feeb59cd1bdd011a2bfcc0747b55125d9b8527/library/core/src/fmt/rt.rs:152:76
[INFO] [stdout]    5:     0x62433d3d270a - core[a373ad73a504971]::fmt::write
[INFO] [stdout]    6:     0x62433d3c0cbc - core[a373ad73a504971]::io::write::default_write_fmt::<alloc[2e1b2a31b91974c5]::vec::Vec<u8>>
[INFO] [stdout]                                at /rustc/e3feeb59cd1bdd011a2bfcc0747b55125d9b8527/library/core/src/io/write.rs:402:11
[INFO] [stdout]    7:     0x62433d3c0cbc - <alloc[2e1b2a31b91974c5]::vec::Vec<u8> as core[a373ad73a504971]::io::write::Write>::write_fmt
[INFO] [stdout]                                at /rustc/e3feeb59cd1bdd011a2bfcc0747b55125d9b8527/library/core/src/io/write.rs:335:13
[INFO] [stdout]    8:     0x62433d398486 - <std[617be2ca0a6fd877]::sys::backtrace::BacktraceLock>::print
[INFO] [stdout]                                at /rustc/e3feeb59cd1bdd011a2bfcc0747b55125d9b8527/library/std/src/sys/backtrace.rs:47:9
[INFO] [stdout]    9:     0x62433d398486 - std[617be2ca0a6fd877]::panicking::default_hook::{closure#0}
[INFO] [stdout]                                at /rustc/e3feeb59cd1bdd011a2bfcc0747b55125d9b8527/library/std/src/panicking.rs:289:27
[INFO] [stdout]   10:     0x62433d3b4c19 - std[617be2ca0a6fd877]::panicking::default_hook
[INFO] [stdout]                                at /rustc/e3feeb59cd1bdd011a2bfcc0747b55125d9b8527/library/std/src/panicking.rs:313:9
[INFO] [stdout]   11:     0x62433d305530 - <alloc[2e1b2a31b91974c5]::boxed::Box<dyn for<'a, 'b> core[a373ad73a504971]::ops::function::Fn<(&'a std[617be2ca0a6fd877]::panic::PanicHookInfo<'b>,), Output = ()> + core[a373ad73a504971]::marker::Sync + core[a373ad73a504971]::marker::Send> as core[a373ad73a504971]::ops::function::Fn<(&std[617be2ca0a6fd877]::panic::PanicHookInfo,)>>::call
[INFO] [stdout]                                at /rustc/e3feeb59cd1bdd011a2bfcc0747b55125d9b8527/library/alloc/src/boxed.rs:2328:9
[INFO] [stdout]   12:     0x62433d305530 - test[aada8e7e76ba119b]::test_main_inner::{closure#0}
[INFO] [stdout]                                at /rustc/e3feeb59cd1bdd011a2bfcc0747b55125d9b8527/library/test/src/lib.rs:137:21
[INFO] [stdout]   13:     0x62433d3b4dd2 - <alloc[2e1b2a31b91974c5]::boxed::Box<dyn for<'a, 'b> core[a373ad73a504971]::ops::function::Fn<(&'a std[617be2ca0a6fd877]::panic::PanicHookInfo<'b>,), Output = ()> + core[a373ad73a504971]::marker::Sync + core[a373ad73a504971]::marker::Send> as core[a373ad73a504971]::ops::function::Fn<(&std[617be2ca0a6fd877]::panic::PanicHookInfo,)>>::call
[INFO] [stdout]                                at /rustc/e3feeb59cd1bdd011a2bfcc0747b55125d9b8527/library/alloc/src/boxed.rs:2328:9
[INFO] [stdout]   14:     0x62433d3b4dd2 - std[617be2ca0a6fd877]::panicking::panic_with_hook
[INFO] [stdout]                                at /rustc/e3feeb59cd1bdd011a2bfcc0747b55125d9b8527/library/std/src/panicking.rs:819:13
[INFO] [stdout]   15:     0x62433d398532 - std[617be2ca0a6fd877]::panicking::panic_handler::{closure#0}
[INFO] [stdout]                                at /rustc/e3feeb59cd1bdd011a2bfcc0747b55125d9b8527/library/std/src/panicking.rs:685:13
[INFO] [stdout]   16:     0x62433d390cb9 - std[617be2ca0a6fd877]::sys::backtrace::__rust_end_short_backtrace::<std[617be2ca0a6fd877]::panicking::panic_handler::{closure#0}, !>
[INFO] [stdout]                                at /rustc/e3feeb59cd1bdd011a2bfcc0747b55125d9b8527/library/std/src/sys/backtrace.rs:182:18
[INFO] [stdout]   17:     0x62433d39924d - __rustc[ea4f61d10b84890b]::rust_begin_unwind
[INFO] [stdout]                                at /rustc/e3feeb59cd1bdd011a2bfcc0747b55125d9b8527/library/std/src/panicking.rs:676:5
[INFO] [stdout]   18:     0x62433d3d2efc - core[a373ad73a504971]::panicking::panic_fmt
[INFO] [stdout]                                at /rustc/e3feeb59cd1bdd011a2bfcc0747b55125d9b8527/library/core/src/panicking.rs:80:14
[INFO] [stdout]   19:     0x62433d3d2c52 - core[a373ad73a504971]::result::unwrap_failed
[INFO] [stdout]                                at /rustc/e3feeb59cd1bdd011a2bfcc0747b55125d9b8527/library/core/src/result.rs:1870:5
[INFO] [stdout]   20:     0x62433d29a4e9 - <core[a373ad73a504971]::result::Result<ruscrypt[d2c82808e203c528]::asym::rsa::RSAKeyPair, anyhow[64c605b6c2343e01]::Error>>::unwrap
[INFO] [stdout]                                at /rustc/e3feeb59cd1bdd011a2bfcc0747b55125d9b8527/library/core/src/result.rs:1232:23
[INFO] [stdout]   21:     0x62433d29a4e9 - ruscrypt[d2c82808e203c528]::tests::asym::tests::rsa_tests::test_rsa_sign_verify_wrong_key
[INFO] [stdout]                                at /opt/rustwide/workdir/src/tests/asym.rs:630:52
[INFO] [stdout]   22:     0x62433d295d87 - ruscrypt[d2c82808e203c528]::tests::asym::tests::rsa_tests::test_rsa_sign_verify_wrong_key::{closure#0}
[INFO] [stdout]                                at /opt/rustwide/workdir/src/tests/asym.rs:629:44
[INFO] [stdout]   23:     0x62433d2e2476 - <ruscrypt[d2c82808e203c528]::tests::asym::tests::rsa_tests::test_rsa_sign_verify_wrong_key::{closure#0} as core[a373ad73a504971]::ops::function::FnOnce<()>>::call_once
[INFO] [stdout]                                at /rustc/e3feeb59cd1bdd011a2bfcc0747b55125d9b8527/library/core/src/ops/function.rs:250:5
[INFO] [stdout]   24:     0x62433d2f897b - <fn() -> core[a373ad73a504971]::result::Result<(), alloc[2e1b2a31b91974c5]::string::String> as core[a373ad73a504971]::ops::function::FnOnce<()>>::call_once
[INFO] [stdout]                                at /rustc/e3feeb59cd1bdd011a2bfcc0747b55125d9b8527/library/core/src/ops/function.rs:250:5
[INFO] [stdout]   25:     0x62433d2f897b - test[aada8e7e76ba119b]::__rust_begin_short_backtrace::<core[a373ad73a504971]::result::Result<(), alloc[2e1b2a31b91974c5]::string::String>, fn() -> core[a373ad73a504971]::result::Result<(), alloc[2e1b2a31b91974c5]::string::String>>
[INFO] [stdout]                                at /rustc/e3feeb59cd1bdd011a2bfcc0747b55125d9b8527/library/test/src/lib.rs:701:18
[INFO] [stdout]   26:     0x62433d305b55 - test[aada8e7e76ba119b]::run_test_in_process::{closure#0}
[INFO] [stdout]                                at /rustc/e3feeb59cd1bdd011a2bfcc0747b55125d9b8527/library/test/src/lib.rs:724:74
[INFO] [stdout]   27:     0x62433d305b55 - <core[a373ad73a504971]::panic::unwind_safe::AssertUnwindSafe<test[aada8e7e76ba119b]::run_test_in_process::{closure#0}> as core[a373ad73a504971]::ops::function::FnOnce<()>>::call_once
[INFO] [stdout]                                at /rustc/e3feeb59cd1bdd011a2bfcc0747b55125d9b8527/library/core/src/panic/unwind_safe.rs:275:9
[INFO] [stdout]   28:     0x62433d305b55 - std[617be2ca0a6fd877]::panicking::catch_unwind::do_call::<core[a373ad73a504971]::panic::unwind_safe::AssertUnwindSafe<test[aada8e7e76ba119b]::run_test_in_process::{closure#0}>, core[a373ad73a504971]::result::Result<(), alloc[2e1b2a31b91974c5]::string::String>>
[INFO] [stdout]                                at /rustc/e3feeb59cd1bdd011a2bfcc0747b55125d9b8527/library/std/src/panicking.rs:573:43
[INFO] [stdout]   29:     0x62433d305b55 - std[617be2ca0a6fd877]::panicking::catch_unwind::<core[a373ad73a504971]::result::Result<(), alloc[2e1b2a31b91974c5]::string::String>, core[a373ad73a504971]::panic::unwind_safe::AssertUnwindSafe<test[aada8e7e76ba119b]::run_test_in_process::{closure#0}>>
[INFO] [stdout]                                at /rustc/e3feeb59cd1bdd011a2bfcc0747b55125d9b8527/library/std/src/panicking.rs:541:19
[INFO] [stdout]   30:     0x62433d305b55 - std[617be2ca0a6fd877]::panic::catch_unwind::<core[a373ad73a504971]::panic::unwind_safe::AssertUnwindSafe<test[aada8e7e76ba119b]::run_test_in_process::{closure#0}>, core[a373ad73a504971]::result::Result<(), alloc[2e1b2a31b91974c5]::string::String>>
[INFO] [stdout]                                at /rustc/e3feeb59cd1bdd011a2bfcc0747b55125d9b8527/library/std/src/panic.rs:359:14
[INFO] [stdout]   31:     0x62433d305b55 - test[aada8e7e76ba119b]::run_test_in_process
[INFO] [stdout]                                at /rustc/e3feeb59cd1bdd011a2bfcc0747b55125d9b8527/library/test/src/lib.rs:724:27
[INFO] [stdout]   32:     0x62433d305b55 - test[aada8e7e76ba119b]::run_test::{closure#0}
[INFO] [stdout]                                at /rustc/e3feeb59cd1bdd011a2bfcc0747b55125d9b8527/library/test/src/lib.rs:645:43
[INFO] [stdout]   33:     0x62433d2ff444 - test[aada8e7e76ba119b]::run_test::{closure#1}
[INFO] [stdout]                                at /rustc/e3feeb59cd1bdd011a2bfcc0747b55125d9b8527/library/test/src/lib.rs:675:41
[INFO] [stdout]   34:     0x62433d2ff444 - std[617be2ca0a6fd877]::sys::backtrace::__rust_begin_short_backtrace::<test[aada8e7e76ba119b]::run_test::{closure#1}, ()>
[INFO] [stdout]                                at /rustc/e3feeb59cd1bdd011a2bfcc0747b55125d9b8527/library/std/src/sys/backtrace.rs:166:18
[INFO] [stdout]   35:     0x62433d308be2 - std[617be2ca0a6fd877]::thread::lifecycle::spawn_unchecked::<test[aada8e7e76ba119b]::run_test::{closure#1}, ()>::{closure#1}::{closure#0}
[INFO] [stdout]                                at /rustc/e3feeb59cd1bdd011a2bfcc0747b55125d9b8527/library/std/src/thread/lifecycle.rs:70:13
[INFO] [stdout]   36:     0x62433d308be2 - <core[a373ad73a504971]::panic::unwind_safe::AssertUnwindSafe<std[617be2ca0a6fd877]::thread::lifecycle::spawn_unchecked<test[aada8e7e76ba119b]::run_test::{closure#1}, ()>::{closure#1}::{closure#0}> as core[a373ad73a504971]::ops::function::FnOnce<()>>::call_once
[INFO] [stdout]                                at /rustc/e3feeb59cd1bdd011a2bfcc0747b55125d9b8527/library/core/src/panic/unwind_safe.rs:275:9
[INFO] [stdout]   37:     0x62433d308be2 - std[617be2ca0a6fd877]::panicking::catch_unwind::do_call::<core[a373ad73a504971]::panic::unwind_safe::AssertUnwindSafe<std[617be2ca0a6fd877]::thread::lifecycle::spawn_unchecked<test[aada8e7e76ba119b]::run_test::{closure#1}, ()>::{closure#1}::{closure#0}>, ()>
[INFO] [stdout]                                at /rustc/e3feeb59cd1bdd011a2bfcc0747b55125d9b8527/library/std/src/panicking.rs:573:43
[INFO] [stdout]   38:     0x62433d308be2 - std[617be2ca0a6fd877]::panicking::catch_unwind::<(), core[a373ad73a504971]::panic::unwind_safe::AssertUnwindSafe<std[617be2ca0a6fd877]::thread::lifecycle::spawn_unchecked<test[aada8e7e76ba119b]::run_test::{closure#1}, ()>::{closure#1}::{closure#0}>>
[INFO] [stdout]                                at /rustc/e3feeb59cd1bdd011a2bfcc0747b55125d9b8527/library/std/src/panicking.rs:541:19
[INFO] [stdout]   39:     0x62433d308be2 - std[617be2ca0a6fd877]::panic::catch_unwind::<core[a373ad73a504971]::panic::unwind_safe::AssertUnwindSafe<std[617be2ca0a6fd877]::thread::lifecycle::spawn_unchecked<test[aada8e7e76ba119b]::run_test::{closure#1}, ()>::{closure#1}::{closure#0}>, ()>
[INFO] [stdout]                                at /rustc/e3feeb59cd1bdd011a2bfcc0747b55125d9b8527/library/std/src/panic.rs:359:14
[INFO] [stdout]   40:     0x62433d308be2 - std[617be2ca0a6fd877]::thread::lifecycle::spawn_unchecked::<test[aada8e7e76ba119b]::run_test::{closure#1}, ()>::{closure#1}
[INFO] [stdout]                                at /rustc/e3feeb59cd1bdd011a2bfcc0747b55125d9b8527/library/std/src/thread/lifecycle.rs:68:26
[INFO] [stdout]   41:     0x62433d308be2 - <std[617be2ca0a6fd877]::thread::lifecycle::spawn_unchecked<test[aada8e7e76ba119b]::run_test::{closure#1}, ()>::{closure#1} as core[a373ad73a504971]::ops::function::FnOnce<()>>::call_once::{shim:vtable#0}
[INFO] [stdout]                                at /rustc/e3feeb59cd1bdd011a2bfcc0747b55125d9b8527/library/core/src/ops/function.rs:250:5
[INFO] [stdout]   42:     0x62433d3bbdff - <alloc[2e1b2a31b91974c5]::boxed::Box<dyn core[a373ad73a504971]::ops::function::FnOnce<(), Output = ()> + core[a373ad73a504971]::marker::Send> as core[a373ad73a504971]::ops::function::FnOnce<()>>::call_once
[INFO] [stdout]                                at /rustc/e3feeb59cd1bdd011a2bfcc0747b55125d9b8527/library/alloc/src/boxed.rs:2314:9
[INFO] [stdout]   43:     0x62433d3bbdff - <std[617be2ca0a6fd877]::sys::thread::unix::Thread>::new::thread_start
[INFO] [stdout]                                at /rustc/e3feeb59cd1bdd011a2bfcc0747b55125d9b8527/library/std/src/sys/thread/unix.rs:127:17
[INFO] [stdout]   44:     0x7b3355d18dfa - <unknown>
[INFO] [stdout]   45:     0x7b3355dac3d4 - clone
[INFO] [stdout]   46:                0x0 - <unknown>
[INFO] [stdout] 
[INFO] [stdout] 
[INFO] [stdout] failures:
[INFO] [stdout]     tests::asym::tests::rsa_tests::test_cli_sign_verify_pem_public_key
[INFO] [stdout]     tests::asym::tests::rsa_tests::test_rsa_sign_verify_wrong_key
[INFO] [stdout] 
[INFO] [stdout] test result: FAILED. 178 passed; 2 failed; 0 ignored; 0 measured; 0 filtered out; finished in 0.28s
[INFO] [stdout] 
[INFO] running `Command { std: "docker" "inspect" "88fd98f04f1f339a0133aa11dfa5e45d2f0bb298db1650b7a93836b6dec26335", kill_on_drop: false }`
[INFO] running `Command { std: "docker" "rm" "-f" "88fd98f04f1f339a0133aa11dfa5e45d2f0bb298db1650b7a93836b6dec26335", kill_on_drop: false }`
[INFO] [stdout] 88fd98f04f1f339a0133aa11dfa5e45d2f0bb298db1650b7a93836b6dec26335
