[INFO] fetching crate runar_node 0.1.0...
[INFO] testing runar_node-0.1.0 against 1.99.0-beta.8 for beta-1.100-2
[INFO] extracting crate runar_node 0.1.0 into /workspace/builds/worker-2-tc1/source
[INFO] started tweaking crates.io crate runar_node 0.1.0
[INFO] finished tweaking crates.io crate runar_node 0.1.0
[INFO] tweaked toml for crates.io crate runar_node 0.1.0 written to /workspace/builds/worker-2-tc1/source/Cargo.toml
[INFO] validating manifest of crates.io crate runar_node 0.1.0 on toolchain 1.99.0-beta.8
[INFO] running `Command { std: CARGO_HOME="/workspace/cargo-home" RUSTUP_HOME="/workspace/rustup-home" "/workspace/cargo-home/bin/cargo" "+1.99.0-beta.8" "metadata" "--manifest-path" "Cargo.toml" "--no-deps", kill_on_drop: false }`
[INFO] crate crates.io crate runar_node 0.1.0 already has a lockfile, it will not be regenerated
[INFO] running `Command { std: CARGO_HOME="/workspace/cargo-home" RUSTUP_HOME="/workspace/rustup-home" "/workspace/cargo-home/bin/cargo" "+1.99.0-beta.8" "fetch" "--manifest-path" "Cargo.toml", kill_on_drop: false }`
[INFO] [stderr]     Updating crates.io index
[INFO] [stderr]  Downloading crates ...
[INFO] [stderr]   Downloaded num-conv v0.1.0
[INFO] [stderr]   Downloaded time v0.3.41
[INFO] [stderr]   Downloaded time-core v0.1.4
[INFO] [stderr]   Downloaded openssl-probe v0.1.6
[INFO] [stderr]   Downloaded windows-targets v0.53.2
[INFO] [stderr]   Downloaded windows-interface v0.59.1
[INFO] [stderr]   Downloaded windows-implement v0.60.0
[INFO] [stderr]   Downloaded primeorder v0.13.6
[INFO] [stderr]   Downloaded runar_common v0.1.0
[INFO] [stderr]   Downloaded itoa v1.0.15
[INFO] [stderr]   Downloaded untrusted v0.7.1
[INFO] [stderr]   Downloaded rustls-native-certs v0.6.3
[INFO] [stderr]   Downloaded glob v0.3.2
[INFO] [stderr]   Downloaded pem v3.0.5
[INFO] [stderr]   Downloaded time-macros v0.2.22
[INFO] [stderr]   Downloaded signal-hook-registry v1.4.5
[INFO] [stderr]   Downloaded errno v0.3.13
[INFO] [stderr]   Downloaded asn1-rs-derive v0.5.1
[INFO] [stderr]   Downloaded spin v0.5.2
[INFO] [stderr]   Downloaded oid-registry v0.7.1
[INFO] [stderr]   Downloaded windows-result v0.3.4
[INFO] [stderr]   Downloaded rusticata-macros v4.1.0
[INFO] [stderr]   Downloaded windows-strings v0.4.2
[INFO] [stderr]   Downloaded elliptic-curve v0.13.8
[INFO] [stderr]   Downloaded tokio-macros v2.5.0
[INFO] [stderr]   Downloaded home v0.5.11
[INFO] [stderr]   Downloaded serde_bytes v0.11.17
[INFO] [stderr]   Downloaded windows-link v0.1.3
[INFO] [stderr]   Downloaded ctor v0.2.9
[INFO] [stderr]   Downloaded base16ct v0.2.0
[INFO] [stderr]   Downloaded jobserver v0.1.33
[INFO] [stderr]   Downloaded asn1-rs-impl v0.2.0
[INFO] [stderr]   Downloaded zeroize v1.8.1
[INFO] [stderr]   Downloaded parking_lot v0.12.4
[INFO] [stderr]   Downloaded schannel v0.1.27
[INFO] [stderr]   Downloaded runar_macros_common v0.1.0
[INFO] [stderr]   Downloaded env_logger v0.10.2
[INFO] [stderr]   Downloaded is-terminal v0.4.16
[INFO] [stderr]   Downloaded log v0.4.27
[INFO] [stderr]   Downloaded cmake v0.1.54
[INFO] [stderr]   Downloaded android-tzdata v0.1.1
[INFO] [stderr]   Downloaded runar-serializer-macros v0.1.0
[INFO] [stderr]   Downloaded sec1 v0.7.3
[INFO] [stderr]   Downloaded aead v0.5.2
[INFO] [stderr]   Downloaded rustc-demangle v0.1.25
[INFO] [stderr]   Downloaded pkcs8 v0.10.2
[INFO] [stderr]   Downloaded tokio-rustls v0.23.4
[INFO] [stderr]   Downloaded redox_syscall v0.5.13
[INFO] [stderr]   Downloaded security-framework-sys v2.14.0
[INFO] [stderr]   Downloaded libloading v0.8.8
[INFO] [stderr]   Downloaded prost-derive v0.12.6
[INFO] [stderr]   Downloaded humantime v2.2.0
[INFO] [stderr]   Downloaded async-trait v0.1.88
[INFO] [stderr]   Downloaded spki v0.7.3
[INFO] [stderr]   Downloaded deranged v0.4.0
[INFO] [stderr]   Downloaded tokio-tungstenite v0.18.0
[INFO] [stderr]   Downloaded tungstenite v0.18.0
[INFO] [stderr]   Downloaded sct v0.7.1
[INFO] [stderr]   Downloaded rustversion v1.0.21
[INFO] [stderr]   Downloaded ryu v1.0.20
[INFO] [stderr]   Downloaded serde_cbor v0.11.2
[INFO] [stderr]   Downloaded runar-serializer v0.1.0
[INFO] [stderr]   Downloaded prost v0.12.6
[INFO] [stderr]   Downloaded iana-time-zone v0.1.63
[INFO] [stderr]   Downloaded windows-core v0.61.2
[INFO] [stderr]   Downloaded runar-keys v0.1.0
[INFO] [stderr]   Downloaded yasna v0.5.2
[INFO] [stderr]   Downloaded der v0.7.10
[INFO] [stderr]   Downloaded pem-rfc7468 v0.7.0
[INFO] [stderr]   Downloaded inout v0.1.4
[INFO] [stderr]   Downloaded webpki-root-certs v0.26.11
[INFO] [stderr]   Downloaded cast v0.3.0
[INFO] [stderr]   Downloaded getrandom v0.3.3
[INFO] [stderr]   Downloaded half v1.8.3
[INFO] [stderr]   Downloaded rustls-pki-types v1.12.0
[INFO] [stderr]   Downloaded rcgen v0.12.1
[INFO] [stderr]   Downloaded rfc6979 v0.4.0
[INFO] [stderr]   Downloaded ghash v0.5.1
[INFO] [stderr]   Downloaded cesu8 v1.1.0
[INFO] [stderr]   Downloaded anstyle v1.0.11
[INFO] [stderr]   Downloaded ciborium-ll v0.2.2
[INFO] [stderr]   Downloaded ciborium-io v0.2.2
[INFO] [stderr]   Downloaded x509-parser v0.16.0
[INFO] [stderr]   Downloaded der-parser v9.0.0
[INFO] [stderr]   Downloaded webpki v0.22.4
[INFO] [stderr]   Downloaded const-oid v0.9.6
[INFO] [stderr]   Downloaded security-framework v2.11.1
[INFO] [stderr]   Downloaded rustls-webpki v0.103.3
[INFO] [stderr]   Downloaded prettyplease v0.2.35
[INFO] [stderr]   Downloaded anyhow v1.0.98
[INFO] [stderr]   Downloaded signature v2.2.0
[INFO] [stderr]   Downloaded poly1305 v0.8.0
[INFO] [stderr]   Downloaded universal-hash v0.5.1
[INFO] [stderr]   Downloaded cipher v0.4.4
[INFO] [stderr]   Downloaded chacha20 v0.9.1
[INFO] [stderr]   Downloaded polyval v0.6.2
[INFO] [stderr]   Downloaded ctr v0.9.2
[INFO] [stderr]   Downloaded runar-schemas v0.1.0
[INFO] [stderr]   Downloaded jni-sys v0.3.0
[INFO] [stderr]   Downloaded siphasher v1.0.1
[INFO] [stderr]   Downloaded plotters-svg v0.3.7
[INFO] [stderr]   Downloaded plotters-backend v0.3.7
[INFO] [stderr]   Downloaded clap_lex v0.7.5
[INFO] [stderr]   Downloaded bumpalo v3.19.0
[INFO] [stderr]   Downloaded asn1-rs v0.6.2
[INFO] [stderr]   Downloaded zerocopy-derive v0.8.26
[INFO] [stderr]   Downloaded io-uring v0.7.8
[INFO] [stderr]   Downloaded rustc-hash v2.1.1
[INFO] [stderr]   Downloaded rustls-native-certs v0.8.1
[INFO] [stderr]   Downloaded anes v0.1.6
[INFO] [stderr]   Downloaded uuid v1.17.0
[INFO] [stderr]   Downloaded pkg-config v0.3.32
[INFO] [stderr]   Downloaded thiserror v2.0.12
[INFO] [stderr]   Downloaded thiserror-impl v2.0.12
[INFO] [stderr]   Downloaded fastbloom v0.9.0
[INFO] [stderr]   Downloaded tinytemplate v1.2.1
[INFO] [stderr]   Downloaded oorandom v11.1.5
[INFO] [stderr]   Downloaded criterion-plot v0.5.0
[INFO] [stderr]   Downloaded ciborium v0.2.2
[INFO] [stderr]   Downloaded cc v1.2.27
[INFO] [stderr]   Downloaded base64ct v1.8.0
[INFO] [stderr]   Downloaded p256 v0.13.2
[INFO] [stderr]   Downloaded serdect v0.2.0
[INFO] [stderr]   Downloaded hmac v0.12.1
[INFO] [stderr]   Downloaded group v0.13.0
[INFO] [stderr]   Downloaded ff v0.13.1
[INFO] [stderr]   Downloaded ecdsa v0.16.9
[INFO] [stderr]   Downloaded rcgen v0.11.3
[INFO] [stderr]   Downloaded rand_core v0.9.3
[INFO] [stderr]   Downloaded quinn-udp v0.5.13
[INFO] [stderr]   Downloaded clap v4.5.40
[INFO] [stderr]   Downloaded half v2.6.0
[INFO] [stderr]   Downloaded zerovec v0.11.2
[INFO] [stderr]   Downloaded serde_json v1.0.140
[INFO] [stderr]   Downloaded chacha20poly1305 v0.10.1
[INFO] [stderr]   Downloaded rustls-platform-verifier v0.5.3
[INFO] [stderr]   Downloaded bytemuck v1.23.1
[INFO] [stderr]   Downloaded openssl-sys v0.9.109
[INFO] [stderr]   Downloaded quinn v0.11.8
[INFO] [stderr]   Downloaded rayon-core v1.12.1
[INFO] [stderr]   Downloaded arc-swap v1.7.1
[INFO] [stderr]   Downloaded crypto-bigint v0.5.5
[INFO] [stderr]   Downloaded rand v0.9.1
[INFO] [stderr]   Downloaded security-framework v3.2.0
[INFO] [stderr]   Downloaded jni v0.21.1
[INFO] [stderr]   Downloaded aes v0.8.4
[INFO] [stderr]   Downloaded criterion v0.5.1
[INFO] [stderr]   Downloaded aws-lc-rs v1.13.1
[INFO] [stderr]   Downloaded chrono v0.4.41
[INFO] [stderr]   Downloaded aes-gcm v0.10.3
[INFO] [stderr]   Downloaded webpki-roots v0.25.4
[INFO] [stderr]   Downloaded plotters v0.3.7
[INFO] [stderr]   Downloaded rustls v0.20.9
[INFO] [stderr]   Downloaded zerocopy v0.8.26
[INFO] [stderr]   Downloaded webpki-root-certs v1.0.1
[INFO] [stderr]   Downloaded rayon v1.10.0
[INFO] [stderr]   Downloaded hkdf v0.12.4
[INFO] [stderr]   Downloaded clap_builder v4.5.40
[INFO] [stderr]   Downloaded quinn-proto v0.11.12
[INFO] [stderr]   Downloaded rustls v0.23.28
[INFO] [stderr]   Downloaded openssl v0.10.73
[INFO] [stderr]   Downloaded web-sys v0.3.77
[INFO] [stderr]   Downloaded windows_aarch64_gnullvm v0.53.0
[INFO] [stderr]   Downloaded windows_x86_64_gnullvm v0.53.0
[INFO] [stderr]   Downloaded tokio v1.46.0
[INFO] [stderr]   Downloaded windows_x86_64_msvc v0.53.0
[INFO] [stderr]   Downloaded windows_aarch64_msvc v0.53.0
[INFO] [stderr]   Downloaded windows_i686_gnullvm v0.53.0
[INFO] [stderr]   Downloaded windows_i686_gnu v0.53.0
[INFO] [stderr]   Downloaded windows_x86_64_gnu v0.53.0
[INFO] [stderr]   Downloaded windows_i686_msvc v0.53.0
[INFO] [stderr]   Downloaded windows-sys v0.45.0
[INFO] [stderr]   Downloaded ring v0.16.20
[INFO] [stderr]   Downloaded aws-lc-sys v0.29.0
[INFO] [stderr]   Downloaded openssl-src v300.5.1+3.5.1
[INFO] running `Command { std: "docker" "create" "-v" "/var/lib/crater-agent-workspace/builds/worker-2-tc1/source:/opt/rustwide/workdir:ro,Z" "-v" "/var/lib/crater-agent-workspace/builds/worker-2-tc1/target:/opt/rustwide/target:rw,Z" "-v" "/var/lib/crater-agent-workspace/cargo-home:/opt/rustwide/cargo-home:ro,Z" "-v" "/var/lib/crater-agent-workspace/rustup-home:/opt/rustwide/rustup-home:ro,Z" "-m" "1610612736" "--network" "none" "ghcr.io/rust-lang/crates-build-env/linux@sha256:3111399a4047eeb3a02b7a90e478d715f38a8c6669b5c4b49d30a17385265909" "sleep" "infinity", kill_on_drop: false }`
[INFO] [stdout] 0519bb40962f6dbca0b962f02e19d48ac8344e23f6eb0ba373b40b4b681942ea
[INFO] running `Command { std: "docker" "start" "0519bb40962f6dbca0b962f02e19d48ac8344e23f6eb0ba373b40b4b681942ea", kill_on_drop: false }`
[INFO] running `Command { std: "docker" "inspect" "0519bb40962f6dbca0b962f02e19d48ac8344e23f6eb0ba373b40b4b681942ea", kill_on_drop: false }`
[INFO] running `Command { std: "docker" "exec" "-e" "SOURCE_DIR=/opt/rustwide/workdir" "-e" "CARGO_HOME=/opt/rustwide/cargo-home" "-e" "RUSTUP_HOME=/opt/rustwide/rustup-home" "-e" "CARGO_TARGET_DIR=/opt/rustwide/target" "-w" "/opt/rustwide/workdir" "--user" "0:0" "0519bb40962f6dbca0b962f02e19d48ac8344e23f6eb0ba373b40b4b681942ea" "/opt/rustwide/cargo-home/bin/cargo" "+1.99.0-beta.8" "metadata" "--no-deps" "--format-version=1", kill_on_drop: false }`
[INFO] running `Command { std: "docker" "inspect" "0519bb40962f6dbca0b962f02e19d48ac8344e23f6eb0ba373b40b4b681942ea", kill_on_drop: false }`
[INFO] running `Command { std: "docker" "exec" "-e" "SOURCE_DIR=/opt/rustwide/workdir" "-e" "CARGO_HOME=/opt/rustwide/cargo-home" "-e" "RUSTUP_HOME=/opt/rustwide/rustup-home" "-e" "CARGO_TARGET_DIR=/opt/rustwide/target" "-e" "CARGO_INCREMENTAL=0" "-e" "RUST_BACKTRACE=full" "-e" "RUSTFLAGS=--cap-lints=warn" "-e" "RUSTDOCFLAGS=--cap-lints=warn" "-w" "/opt/rustwide/workdir" "--user" "0:0" "0519bb40962f6dbca0b962f02e19d48ac8344e23f6eb0ba373b40b4b681942ea" "/opt/rustwide/cargo-home/bin/cargo" "+1.99.0-beta.8" "build" "--frozen" "--message-format=json", kill_on_drop: false }`
[INFO] [stderr]    Compiling libc v0.2.174
[INFO] [stderr]    Compiling proc-macro2 v1.0.95
[INFO] [stderr]    Compiling unicode-ident v1.0.18
[INFO] [stderr]    Compiling cfg-if v1.0.1
[INFO] [stderr]    Compiling zeroize v1.8.1
[INFO] [stderr]    Compiling version_check v0.9.5
[INFO] [stderr]    Compiling typenum v1.18.0
[INFO] [stderr]    Compiling subtle v2.6.1
[INFO] [stderr]    Compiling autocfg v1.5.0
[INFO] [stderr]    Compiling const-oid v0.9.6
[INFO] [stderr]    Compiling memchr v2.7.5
[INFO] [stderr]    Compiling once_cell v1.21.3
[INFO] [stderr]    Compiling serde v1.0.219
[INFO] [stderr]    Compiling untrusted v0.9.0
[INFO] [stderr]    Compiling smallvec v1.15.1
[INFO] [stderr]    Compiling cpufeatures v0.2.17
[INFO] [stderr]    Compiling itoa v1.0.15
[INFO] [stderr]    Compiling pin-project-lite v0.2.16
[INFO] [stderr]    Compiling zerocopy v0.8.26
[INFO] [stderr]    Compiling log v0.4.27
[INFO] [stderr]    Compiling stable_deref_trait v1.2.0
[INFO] [stderr]    Compiling bytes v1.10.1
[INFO] [stderr]    Compiling getrandom v0.3.3
[INFO] [stderr]    Compiling parking_lot_core v0.9.11
[INFO] [stderr]    Compiling thiserror v1.0.69
[INFO] [stderr]    Compiling generic-array v0.14.7
[INFO] [stderr]    Compiling base64ct v1.8.0
[INFO] [stderr]    Compiling scopeguard v1.2.0
[INFO] [stderr]    Compiling num-conv v0.1.0
[INFO] [stderr]    Compiling powerfmt v0.2.0
[INFO] [stderr]    Compiling time-core v0.1.4
[INFO] [stderr]    Compiling dunce v1.0.5
[INFO] [stderr]    Compiling fs_extra v1.3.0
[INFO] [stderr]    Compiling rustls-pki-types v1.12.0
[INFO] [stderr]    Compiling time-macros v0.2.22
[INFO] [stderr]    Compiling minimal-lexical v0.2.1
[INFO] [stderr]    Compiling anyhow v1.0.98
[INFO] [stderr]    Compiling base16ct v0.2.0
[INFO] [stderr]    Compiling deranged v0.4.0
[INFO] [stderr]    Compiling num-traits v0.2.19
[INFO] [stderr]    Compiling lock_api v0.4.13
[INFO] [stderr]    Compiling pem-rfc7468 v0.7.0
[INFO] [stderr]    Compiling tracing-core v0.1.34
[INFO] [stderr]    Compiling vcpkg v0.2.15
[INFO] [stderr]    Compiling opaque-debug v0.3.1
[INFO] [stderr]    Compiling der v0.7.10
[INFO] [stderr]    Compiling nom v7.1.3
[INFO] [stderr]    Compiling litemap v0.8.0
[INFO] [stderr]    Compiling writeable v0.6.1
[INFO] [stderr]    Compiling quote v1.0.40
[INFO] [stderr]    Compiling pkg-config v0.3.32
[INFO] [stderr]    Compiling aho-corasick v1.1.3
[INFO] [stderr]    Compiling either v1.15.0
[INFO] [stderr]    Compiling syn v2.0.104
[INFO] [stderr]    Compiling icu_properties_data v2.0.1
[INFO] [stderr]    Compiling regex-syntax v0.8.5
[INFO] [stderr]    Compiling getrandom v0.2.16
[INFO] [stderr]    Compiling jobserver v0.1.33
[INFO] [stderr]    Compiling cc v1.2.27
[INFO] [stderr]    Compiling rand_core v0.6.4
[INFO] [stderr]    Compiling socket2 v0.5.10
[INFO] [stderr]    Compiling parking_lot v0.12.4
[INFO] [stderr]    Compiling mio v1.0.4
[INFO] [stderr]    Compiling spki v0.7.3
[INFO] [stderr]    Compiling signal-hook-registry v1.4.5
[INFO] [stderr]    Compiling pkcs8 v0.10.2
[INFO] [stderr]    Compiling ff v0.13.1
[INFO] [stderr]    Compiling time v0.3.41
[INFO] [stderr]    Compiling aws-lc-rs v1.13.1
[INFO] [stderr]    Compiling group v0.13.0
[INFO] [stderr]    Compiling icu_normalizer_data v2.0.0
[INFO] [stderr]    Compiling crypto-common v0.1.6
[INFO] [stderr]    Compiling block-buffer v0.10.4
[INFO] [stderr]    Compiling inout v0.1.4
[INFO] [stderr]    Compiling universal-hash v0.5.1
[INFO] [stderr]    Compiling crypto-bigint v0.5.5
[INFO] [stderr]    Compiling base64 v0.21.7
[INFO] [stderr]    Compiling num-integer v0.1.46
[INFO] [stderr]    Compiling cipher v0.4.4
[INFO] [stderr]    Compiling digest v0.10.7
[INFO] [stderr]    Compiling itertools v0.12.1
[INFO] [stderr]    Compiling base64 v0.22.1
[INFO] [stderr]    Compiling oid-registry v0.7.1
[INFO] [stderr]    Compiling serde_json v1.0.140
[INFO] [stderr]    Compiling hmac v0.12.1
[INFO] [stderr]    Compiling hkdf v0.12.4
[INFO] [stderr]    Compiling num-bigint v0.4.6
[INFO] [stderr]    Compiling rfc6979 v0.4.0
[INFO] [stderr]    Compiling sha2 v0.10.9
[INFO] [stderr]    Compiling ppv-lite86 v0.2.21
[INFO] [stderr]    Compiling signature v2.2.0
[INFO] [stderr]    Compiling pem v3.0.5
[INFO] [stderr]    Compiling polyval v0.6.2
[INFO] [stderr]    Compiling aead v0.5.2
[INFO] [stderr]    Compiling is-terminal v0.4.16
[INFO] [stderr]    Compiling rusticata-macros v4.1.0
[INFO] [stderr]    Compiling lazy_static v1.5.0
[INFO] [stderr]    Compiling futures-core v0.3.31
[INFO] [stderr]    Compiling iana-time-zone v0.1.63
[INFO] [stderr]    Compiling untrusted v0.7.1
[INFO] [stderr]    Compiling humantime v2.2.0
[INFO] [stderr]    Compiling regex-automata v0.4.9
[INFO] [stderr]    Compiling ryu v1.0.20
[INFO] [stderr]    Compiling half v1.8.3
[INFO] [stderr]    Compiling cmake v0.1.54
[INFO] [stderr]    Compiling openssl-src v300.5.1+3.5.1
[INFO] [stderr]    Compiling termcolor v1.4.1
[INFO] [stderr]    Compiling openssl-probe v0.1.6
[INFO] [stderr]    Compiling rand_chacha v0.3.1
[INFO] [stderr]    Compiling openssl v0.10.73
[INFO] [stderr]    Compiling foreign-types-shared v0.1.1
[INFO] [stderr]    Compiling spin v0.5.2
[INFO] [stderr]    Compiling cfg_aliases v0.2.1
[INFO] [stderr]    Compiling slab v0.4.10
[INFO] [stderr]    Compiling data-encoding v2.9.0
[INFO] [stderr]    Compiling foreign-types v0.3.2
[INFO] [stderr]    Compiling chrono v0.4.41
[INFO] [stderr]    Compiling rand v0.8.5
[INFO] [stderr]    Compiling ghash v0.5.1
[INFO] [stderr]    Compiling ctr v0.9.2
[INFO] [stderr]    Compiling aes v0.8.4
[INFO] [stderr]    Compiling chacha20 v0.9.1
[INFO] [stderr]    Compiling poly1305 v0.8.0
[INFO] [stderr]    Compiling rand_core v0.9.3
[INFO] [stderr]    Compiling ring v0.17.14
[INFO] [stderr]    Compiling aws-lc-sys v0.29.0
[INFO] [stderr]    Compiling ring v0.16.20
[INFO] [stderr]    Compiling openssl-sys v0.9.109
[INFO] [stderr]    Compiling yasna v0.5.2
[INFO] [stderr]    Compiling rustls v0.23.28
[INFO] [stderr]    Compiling bitflags v2.9.1
[INFO] [stderr]    Compiling futures-sink v0.3.31
[INFO] [stderr]    Compiling rustls v0.20.9
[INFO] [stderr]    Compiling rustc-hash v1.1.0
[INFO] [stderr]    Compiling bytemuck v1.23.1
[INFO] [stderr]    Compiling futures-channel v0.3.31
[INFO] [stderr]    Compiling aes-gcm v0.10.3
[INFO] [stderr]    Compiling rand_chacha v0.9.0
[INFO] [stderr]    Compiling safe_arch v0.7.4
[INFO] [stderr]    Compiling chacha20poly1305 v0.10.1
[INFO] [stderr]    Compiling percent-encoding v2.3.1
[INFO] [stderr]    Compiling utf8_iter v1.0.4
[INFO] [stderr]    Compiling futures-task v0.3.31
[INFO] [stderr]    Compiling hashbrown v0.14.5
[INFO] [stderr]    Compiling futures-io v0.3.31
[INFO] [stderr]    Compiling thiserror v2.0.12
[INFO] [stderr]    Compiling pin-utils v0.1.0
[INFO] [stderr]    Compiling httparse v1.10.1
[INFO] [stderr]    Compiling hex v0.4.3
[INFO] [stderr]    Compiling form_urlencoded v1.2.1
[INFO] [stderr]    Compiling rand v0.9.1
[INFO] [stderr]    Compiling quinn-udp v0.5.13
[INFO] [stderr]    Compiling rustls-native-certs v0.8.1
[INFO] [stderr]    Compiling fnv v1.0.7
[INFO] [stderr]    Compiling wide v0.7.33
[INFO] [stderr]    Compiling tinyvec_macros v0.1.1
[INFO] [stderr]    Compiling siphasher v1.0.1
[INFO] [stderr]    Compiling tinyvec v1.9.0
[INFO] [stderr]    Compiling http v0.2.12
[INFO] [stderr]    Compiling regex v1.11.1
[INFO] [stderr]    Compiling quinn v0.11.8
[INFO] [stderr]    Compiling sha1 v0.10.6
[INFO] [stderr]    Compiling dashmap v5.5.3
[INFO] [stderr]    Compiling rustls-pemfile v1.0.4
[INFO] [stderr]    Compiling utf-8 v0.7.6
[INFO] [stderr]    Compiling base64 v0.13.1
[INFO] [stderr]    Compiling env_logger v0.10.2
[INFO] [stderr]    Compiling synstructure v0.13.2
[INFO] [stderr]    Compiling lru-slab v0.1.2
[INFO] [stderr]    Compiling rustc-hash v2.1.1
[INFO] [stderr]    Compiling byteorder v1.5.0
[INFO] [stderr]    Compiling rustls-native-certs v0.6.3
[INFO] [stderr]    Compiling arc-swap v1.7.1
[INFO] [stderr]    Compiling webpki-roots v0.25.4
[INFO] [stderr]    Compiling serde_cbor v0.11.2
[INFO] [stderr]    Compiling displaydoc v0.2.5
[INFO] [stderr]    Compiling serde_derive v1.0.219
[INFO] [stderr]    Compiling zerofrom-derive v0.1.6
[INFO] [stderr]    Compiling yoke-derive v0.8.0
[INFO] [stderr]    Compiling zerovec-derive v0.11.1
[INFO] [stderr]    Compiling thiserror-impl v1.0.69
[INFO] [stderr]    Compiling tokio-macros v2.5.0
[INFO] [stderr]    Compiling tracing-attributes v0.1.30
[INFO] [stderr]    Compiling asn1-rs-impl v0.2.0
[INFO] [stderr]    Compiling asn1-rs-derive v0.5.1
[INFO] [stderr]    Compiling prost-derive v0.12.6
[INFO] [stderr]    Compiling openssl-macros v0.1.1
[INFO] [stderr]    Compiling async-trait v0.1.88
[INFO] [stderr]    Compiling ctor v0.2.9
[INFO] [stderr]    Compiling futures-macro v0.3.31
[INFO] [stderr]    Compiling thiserror-impl v2.0.12
[INFO] [stderr]    Compiling tokio v1.46.0
[INFO] [stderr]    Compiling fastbloom v0.9.0
[INFO] [stderr]    Compiling runar-serializer-macros v0.1.0
[INFO] [stderr]    Compiling rcgen v0.11.3
[INFO] [stderr]    Compiling zerofrom v0.1.6
[INFO] [stderr]    Compiling futures-util v0.3.31
[INFO] [stderr]    Compiling asn1-rs v0.6.2
[INFO] [stderr]    Compiling yoke v0.8.0
[INFO] [stderr]    Compiling tracing v0.1.41
[INFO] [stderr]    Compiling zerovec v0.11.2
[INFO] [stderr]    Compiling zerotrie v0.2.2
[INFO] [stderr]    Compiling prost v0.12.6
[INFO] [stderr]    Compiling tinystr v0.8.1
[INFO] [stderr]    Compiling potential_utf v0.1.2
[INFO] [stderr]    Compiling icu_locale_core v2.0.0
[INFO] [stderr]    Compiling icu_collections v2.0.0
[INFO] [stderr]    Compiling rcgen v0.12.1
[INFO] [stderr]    Compiling sct v0.7.1
[INFO] [stderr]    Compiling webpki v0.22.4
[INFO] [stderr]    Compiling icu_provider v2.0.0
[INFO] [stderr]    Compiling der-parser v9.0.0
[INFO] [stderr]    Compiling icu_normalizer v2.0.0
[INFO] [stderr]    Compiling icu_properties v2.0.1
[INFO] [stderr]    Compiling x509-parser v0.16.0
[INFO] [stderr]    Compiling idna_adapter v1.2.1
[INFO] [stderr]    Compiling idna v1.0.3
[INFO] [stderr]    Compiling futures-executor v0.3.31
[INFO] [stderr]    Compiling futures v0.3.31
[INFO] [stderr]    Compiling url v2.5.4
[INFO] [stderr]    Compiling serdect v0.2.0
[INFO] [stderr]    Compiling bincode v1.3.3
[INFO] [stderr]    Compiling sec1 v0.7.3
[INFO] [stderr]    Compiling uuid v1.17.0
[INFO] [stderr]    Compiling elliptic-curve v0.13.8
[INFO] [stderr]    Compiling serde_bytes v0.11.17
[INFO] [stderr]    Compiling tokio-rustls v0.23.4
[INFO] [stderr]    Compiling tungstenite v0.18.0
[INFO] [stderr]    Compiling tokio-stream v0.1.17
[INFO] [stderr]    Compiling ecdsa v0.16.9
[INFO] [stderr]    Compiling primeorder v0.13.6
[INFO] [stderr]    Compiling tokio-tungstenite v0.18.0
[INFO] [stderr]    Compiling runar_common v0.1.0
[INFO] [stderr]    Compiling p256 v0.13.2
[INFO] [stderr]    Compiling rustls-webpki v0.103.3
[INFO] [stderr]    Compiling rustls-platform-verifier v0.5.3
[INFO] [stderr]    Compiling quinn-proto v0.11.12
[INFO] [stderr]    Compiling runar-keys v0.1.0
[INFO] [stderr]    Compiling runar-serializer v0.1.0
[INFO] [stderr]    Compiling runar-schemas v0.1.0
[INFO] [stderr]    Compiling runar_macros_common v0.1.0
[INFO] [stderr]    Compiling runar_node v0.1.0 (/opt/rustwide/workdir)
[INFO] [stdout] warning: trailing semicolon in macro used in expression position
[INFO] [stdout]    --> src/network/discovery/multicast_discovery.rs:263:33
[INFO] [stdout]     |
[INFO] [stdout] 263 | ...                   log_error!(logger, "Failed to deserialize multicast message: {e}")
[INFO] [stdout]     |                       ^^^^^^^^^^^^^^^^^^^^^^^^^^^^^^^^^^^^^^^^^^^^^^^^^^^^^^^^^^^^^^^^^^
[INFO] [stdout]     |
[INFO] [stdout]     = note: macro invocations at the end of a block are treated as expressions
[INFO] [stdout]     = note: to ignore the value produced by the macro, add a semicolon after the invocation of `log_error`
[INFO] [stdout]     = warning: this was previously accepted by the compiler but is being phased out; it will become a hard error in a future release!
[INFO] [stdout]     = note: for more information, see issue #79813 <https://github.com/rust-lang/rust/issues/79813>
[INFO] [stdout]     = note: `#[warn(semicolon_in_expressions_from_non_local_macros)]` (part of `#[warn(future_incompatible)]`) on by default
[INFO] [stdout]     = note: this warning originates in the macro `log_error` (in Nightly builds, run with -Z macro-backtrace for more info)
[INFO] [stdout] 
[INFO] [stdout] 
[INFO] [stdout] warning: trailing semicolon in macro used in expression position
[INFO] [stdout]    --> src/network/discovery/multicast_discovery.rs:316:31
[INFO] [stdout]     |
[INFO] [stdout] 316 |                     Err(e) => log_error!(logger, "Failed to serialize announcement: {e}"),
[INFO] [stdout]     |                               ^^^^^^^^^^^^^^^^^^^^^^^^^^^^^^^^^^^^^^^^^^^^^^^^^^^^^^^^^^^
[INFO] [stdout]     |
[INFO] [stdout]     = warning: this was previously accepted by the compiler but is being phased out; it will become a hard error in a future release!
[INFO] [stdout]     = note: for more information, see issue #79813 <https://github.com/rust-lang/rust/issues/79813>
[INFO] [stdout]     = note: this warning originates in the macro `log_error` (in Nightly builds, run with -Z macro-backtrace for more info)
[INFO] [stdout] 
[INFO] [stdout] 
[INFO] [stdout] warning: trailing semicolon in macro used in expression position
[INFO] [stdout]    --> src/network/discovery/multicast_discovery.rs:367:31
[INFO] [stdout]     |
[INFO] [stdout] 367 |                     Err(e) => log_error!(logger, "Failed to serialize multicast message: {e}"),
[INFO] [stdout]     |                               ^^^^^^^^^^^^^^^^^^^^^^^^^^^^^^^^^^^^^^^^^^^^^^^^^^^^^^^^^^^^^^^^
[INFO] [stdout]     |
[INFO] [stdout]     = warning: this was previously accepted by the compiler but is being phased out; it will become a hard error in a future release!
[INFO] [stdout]     = note: for more information, see issue #79813 <https://github.com/rust-lang/rust/issues/79813>
[INFO] [stdout]     = note: this warning originates in the macro `log_error` (in Nightly builds, run with -Z macro-backtrace for more info)
[INFO] [stdout] 
[INFO] [stdout] 
[INFO] [stdout] warning: trailing semicolon in macro used in expression position
[INFO] [stdout]    --> src/network/transport/quic_transport.rs:821:35
[INFO] [stdout]     |
[INFO] [stdout] 821 |                         Err(e) => log_error!(self_clone.logger, "accept failed: {e}"),
[INFO] [stdout]     |                                   ^^^^^^^^^^^^^^^^^^^^^^^^^^^^^^^^^^^^^^^^^^^^^^^^^^^
[INFO] [stdout]     |
[INFO] [stdout]     = warning: this was previously accepted by the compiler but is being phased out; it will become a hard error in a future release!
[INFO] [stdout]     = note: for more information, see issue #79813 <https://github.com/rust-lang/rust/issues/79813>
[INFO] [stdout]     = note: this warning originates in the macro `log_error` (in Nightly builds, run with -Z macro-backtrace for more info)
[INFO] [stdout] 
[INFO] [stdout] 
[INFO] [stdout] warning: trailing semicolon in macro used in expression position
[INFO] [stdout]    --> src/network/transport/quic_transport.rs:838:89
[INFO] [stdout]     |
[INFO] [stdout] 838 | ...nn.clone()) => if let Err(e) = res { log_error!(self_clone.logger, "uni loop failed: {e}") },
[INFO] [stdout]     |                                         ^^^^^^^^^^^^^^^^^^^^^^^^^^^^^^^^^^^^^^^^^^^^^^^^^^^^^
[INFO] [stdout]     |
[INFO] [stdout]     = note: macro invocations at the end of a block are treated as expressions
[INFO] [stdout]     = note: to ignore the value produced by the macro, add a semicolon after the invocation of `log_error`
[INFO] [stdout]     = warning: this was previously accepted by the compiler but is being phased out; it will become a hard error in a future release!
[INFO] [stdout]     = note: for more information, see issue #79813 <https://github.com/rust-lang/rust/issues/79813>
[INFO] [stdout]     = note: this warning originates in the macro `log_error` (in Nightly builds, run with -Z macro-backtrace for more info)
[INFO] [stdout] 
[INFO] [stdout] 
[INFO] [stdout] warning: trailing semicolon in macro used in expression position
[INFO] [stdout]    --> src/network/transport/quic_transport.rs:839:116
[INFO] [stdout]     |
[INFO] [stdout] 839 | ...ate_peer_id) => if let Err(e) = res { log_error!(self_clone.logger, "bi loop failed: {e}") },
[INFO] [stdout]     |                                          ^^^^^^^^^^^^^^^^^^^^^^^^^^^^^^^^^^^^^^^^^^^^^^^^^^^^
[INFO] [stdout]     |
[INFO] [stdout]     = note: macro invocations at the end of a block are treated as expressions
[INFO] [stdout]     = note: to ignore the value produced by the macro, add a semicolon after the invocation of `log_error`
[INFO] [stdout]     = warning: this was previously accepted by the compiler but is being phased out; it will become a hard error in a future release!
[INFO] [stdout]     = note: for more information, see issue #79813 <https://github.com/rust-lang/rust/issues/79813>
[INFO] [stdout]     = note: this warning originates in the macro `log_error` (in Nightly builds, run with -Z macro-backtrace for more info)
[INFO] [stdout] 
[INFO] [stdout] 
[INFO] [stdout] warning: trailing semicolon in macro used in expression position
[INFO] [stdout]     --> src/node.rs:1936:26
[INFO] [stdout]      |
[INFO] [stdout] 1936 |                   Ok(_) => log_debug!(
[INFO] [stdout]      |  __________________________^
[INFO] [stdout] 1937 | |                     self.logger,
[INFO] [stdout] 1938 | |                     "Successfully sent response for correlation ID: {correlation_id}"
[INFO] [stdout] 1939 | |                 ),
[INFO] [stdout]      | |_________________^
[INFO] [stdout]      |
[INFO] [stdout]      = warning: this was previously accepted by the compiler but is being phased out; it will become a hard error in a future release!
[INFO] [stdout]      = note: for more information, see issue #79813 <https://github.com/rust-lang/rust/issues/79813>
[INFO] [stdout]      = note: this warning originates in the macro `log_debug` (in Nightly builds, run with -Z macro-backtrace for more info)
[INFO] [stdout] 
[INFO] [stdout] 
[INFO] [stdout] warning: trailing semicolon in macro used in expression position
[INFO] [stdout]     --> src/node.rs:1940:27
[INFO] [stdout]      |
[INFO] [stdout] 1940 |                   Err(e) => log_error!(
[INFO] [stdout]      |  ___________________________^
[INFO] [stdout] 1941 | |                     self.logger,
[INFO] [stdout] 1942 | |                     "Failed to send response data for correlation ID {correlation_id}: {e:?}"
[INFO] [stdout] 1943 | |                 ),
[INFO] [stdout]      | |_________________^
[INFO] [stdout]      |
[INFO] [stdout]      = warning: this was previously accepted by the compiler but is being phased out; it will become a hard error in a future release!
[INFO] [stdout]      = note: for more information, see issue #79813 <https://github.com/rust-lang/rust/issues/79813>
[INFO] [stdout]      = note: this warning originates in the macro `log_error` (in Nightly builds, run with -Z macro-backtrace for more info)
[INFO] [stdout] 
[INFO] [stdout] 
[INFO] [stderr]     Finished `dev` profile [unoptimized + debuginfo] target(s) in 4m 30s
[INFO] running `Command { std: "docker" "inspect" "0519bb40962f6dbca0b962f02e19d48ac8344e23f6eb0ba373b40b4b681942ea", kill_on_drop: false }`
[INFO] running `Command { std: "docker" "exec" "-e" "SOURCE_DIR=/opt/rustwide/workdir" "-e" "CARGO_HOME=/opt/rustwide/cargo-home" "-e" "RUSTUP_HOME=/opt/rustwide/rustup-home" "-e" "CARGO_TARGET_DIR=/opt/rustwide/target" "-e" "CARGO_INCREMENTAL=0" "-e" "RUST_BACKTRACE=full" "-e" "RUSTFLAGS=--cap-lints=warn" "-e" "RUSTDOCFLAGS=--cap-lints=warn" "-w" "/opt/rustwide/workdir" "--user" "0:0" "0519bb40962f6dbca0b962f02e19d48ac8344e23f6eb0ba373b40b4b681942ea" "/opt/rustwide/cargo-home/bin/cargo" "+1.99.0-beta.8" "test" "--frozen" "--no-run" "--message-format=json", kill_on_drop: false }`
[INFO] [stderr]    Compiling tokio v1.46.0
[INFO] [stderr]    Compiling crossbeam-utils v0.8.21
[INFO] [stderr]    Compiling rayon-core v1.12.1
[INFO] [stderr]    Compiling either v1.15.0
[INFO] [stderr]    Compiling half v2.6.0
[INFO] [stderr]    Compiling anstyle v1.0.11
[INFO] [stderr]    Compiling ciborium-io v0.2.2
[INFO] [stderr]    Compiling plotters-backend v0.3.7
[INFO] [stderr]    Compiling clap_lex v0.7.5
[INFO] [stderr]    Compiling async-stream-impl v0.3.6
[INFO] [stderr]    Compiling same-file v1.0.6
[INFO] [stderr]    Compiling cast v0.3.0
[INFO] [stderr]    Compiling tinytemplate v1.2.1
[INFO] [stderr]    Compiling anes v0.1.6
[INFO] [stderr]    Compiling oorandom v11.1.5
[INFO] [stderr]    Compiling walkdir v2.5.0
[INFO] [stderr]    Compiling clap_builder v4.5.40
[INFO] [stderr]    Compiling itertools v0.10.5
[INFO] [stderr]    Compiling ciborium-ll v0.2.2
[INFO] [stderr]    Compiling ciborium v0.2.2
[INFO] [stderr]    Compiling plotters-svg v0.3.7
[INFO] [stderr]    Compiling async-stream v0.3.6
[INFO] [stderr]    Compiling plotters v0.3.7
[INFO] [stderr]    Compiling crossbeam-epoch v0.9.18
[INFO] [stderr]    Compiling crossbeam-deque v0.8.6
[INFO] [stderr]    Compiling criterion-plot v0.5.0
[INFO] [stderr]    Compiling rayon v1.10.0
[INFO] [stderr]    Compiling clap v4.5.40
[INFO] [stderr]    Compiling runar_common v0.1.0
[INFO] [stderr]    Compiling tokio-rustls v0.23.4
[INFO] [stderr]    Compiling tokio-stream v0.1.17
[INFO] [stderr]    Compiling quinn v0.11.8
[INFO] [stderr]    Compiling criterion v0.5.1
[INFO] [stderr]    Compiling runar-keys v0.1.0
[INFO] [stderr]    Compiling tokio-tungstenite v0.18.0
[INFO] [stderr]    Compiling tokio-test v0.4.4
[INFO] [stderr]    Compiling runar-serializer v0.1.0
[INFO] [stderr]    Compiling runar-schemas v0.1.0
[INFO] [stderr]    Compiling runar_macros_common v0.1.0
[INFO] [stderr]    Compiling runar_node v0.1.0 (/opt/rustwide/workdir)
[INFO] [stdout] warning: trailing semicolon in macro used in expression position
[INFO] [stdout]    --> src/network/discovery/multicast_discovery.rs:263:33
[INFO] [stdout]     |
[INFO] [stdout] 263 | ...                   log_error!(logger, "Failed to deserialize multicast message: {e}")
[INFO] [stdout]     |                       ^^^^^^^^^^^^^^^^^^^^^^^^^^^^^^^^^^^^^^^^^^^^^^^^^^^^^^^^^^^^^^^^^^
[INFO] [stdout]     |
[INFO] [stdout]     = note: macro invocations at the end of a block are treated as expressions
[INFO] [stdout]     = note: to ignore the value produced by the macro, add a semicolon after the invocation of `log_error`
[INFO] [stdout]     = warning: this was previously accepted by the compiler but is being phased out; it will become a hard error in a future release!
[INFO] [stdout]     = note: for more information, see issue #79813 <https://github.com/rust-lang/rust/issues/79813>
[INFO] [stdout]     = note: `#[warn(semicolon_in_expressions_from_non_local_macros)]` (part of `#[warn(future_incompatible)]`) on by default
[INFO] [stdout]     = note: this warning originates in the macro `log_error` (in Nightly builds, run with -Z macro-backtrace for more info)
[INFO] [stdout] 
[INFO] [stdout] 
[INFO] [stdout] warning: trailing semicolon in macro used in expression position
[INFO] [stdout]    --> src/network/discovery/multicast_discovery.rs:316:31
[INFO] [stdout]     |
[INFO] [stdout] 316 |                     Err(e) => log_error!(logger, "Failed to serialize announcement: {e}"),
[INFO] [stdout]     |                               ^^^^^^^^^^^^^^^^^^^^^^^^^^^^^^^^^^^^^^^^^^^^^^^^^^^^^^^^^^^
[INFO] [stdout]     |
[INFO] [stdout]     = warning: this was previously accepted by the compiler but is being phased out; it will become a hard error in a future release!
[INFO] [stdout]     = note: for more information, see issue #79813 <https://github.com/rust-lang/rust/issues/79813>
[INFO] [stdout]     = note: this warning originates in the macro `log_error` (in Nightly builds, run with -Z macro-backtrace for more info)
[INFO] [stdout] 
[INFO] [stdout] 
[INFO] [stdout] warning: trailing semicolon in macro used in expression position
[INFO] [stdout]    --> src/network/discovery/multicast_discovery.rs:367:31
[INFO] [stdout]     |
[INFO] [stdout] 367 |                     Err(e) => log_error!(logger, "Failed to serialize multicast message: {e}"),
[INFO] [stdout]     |                               ^^^^^^^^^^^^^^^^^^^^^^^^^^^^^^^^^^^^^^^^^^^^^^^^^^^^^^^^^^^^^^^^
[INFO] [stdout]     |
[INFO] [stdout]     = warning: this was previously accepted by the compiler but is being phased out; it will become a hard error in a future release!
[INFO] [stdout]     = note: for more information, see issue #79813 <https://github.com/rust-lang/rust/issues/79813>
[INFO] [stdout]     = note: this warning originates in the macro `log_error` (in Nightly builds, run with -Z macro-backtrace for more info)
[INFO] [stdout] 
[INFO] [stdout] 
[INFO] [stdout] warning: trailing semicolon in macro used in expression position
[INFO] [stdout]    --> src/network/transport/quic_transport.rs:821:35
[INFO] [stdout]     |
[INFO] [stdout] 821 |                         Err(e) => log_error!(self_clone.logger, "accept failed: {e}"),
[INFO] [stdout]     |                                   ^^^^^^^^^^^^^^^^^^^^^^^^^^^^^^^^^^^^^^^^^^^^^^^^^^^
[INFO] [stdout]     |
[INFO] [stdout]     = warning: this was previously accepted by the compiler but is being phased out; it will become a hard error in a future release!
[INFO] [stdout]     = note: for more information, see issue #79813 <https://github.com/rust-lang/rust/issues/79813>
[INFO] [stdout]     = note: this warning originates in the macro `log_error` (in Nightly builds, run with -Z macro-backtrace for more info)
[INFO] [stdout] 
[INFO] [stdout] 
[INFO] [stdout] warning: trailing semicolon in macro used in expression position
[INFO] [stdout]    --> src/network/transport/quic_transport.rs:838:89
[INFO] [stdout]     |
[INFO] [stdout] 838 | ...nn.clone()) => if let Err(e) = res { log_error!(self_clone.logger, "uni loop failed: {e}") },
[INFO] [stdout]     |                                         ^^^^^^^^^^^^^^^^^^^^^^^^^^^^^^^^^^^^^^^^^^^^^^^^^^^^^
[INFO] [stdout]     |
[INFO] [stdout]     = note: macro invocations at the end of a block are treated as expressions
[INFO] [stdout]     = note: to ignore the value produced by the macro, add a semicolon after the invocation of `log_error`
[INFO] [stdout]     = warning: this was previously accepted by the compiler but is being phased out; it will become a hard error in a future release!
[INFO] [stdout]     = note: for more information, see issue #79813 <https://github.com/rust-lang/rust/issues/79813>
[INFO] [stdout]     = note: this warning originates in the macro `log_error` (in Nightly builds, run with -Z macro-backtrace for more info)
[INFO] [stdout] 
[INFO] [stdout] 
[INFO] [stdout] warning: trailing semicolon in macro used in expression position
[INFO] [stdout]    --> src/network/transport/quic_transport.rs:839:116
[INFO] [stdout]     |
[INFO] [stdout] 839 | ...ate_peer_id) => if let Err(e) = res { log_error!(self_clone.logger, "bi loop failed: {e}") },
[INFO] [stdout]     |                                          ^^^^^^^^^^^^^^^^^^^^^^^^^^^^^^^^^^^^^^^^^^^^^^^^^^^^
[INFO] [stdout]     |
[INFO] [stdout]     = note: macro invocations at the end of a block are treated as expressions
[INFO] [stdout]     = note: to ignore the value produced by the macro, add a semicolon after the invocation of `log_error`
[INFO] [stdout]     = warning: this was previously accepted by the compiler but is being phased out; it will become a hard error in a future release!
[INFO] [stdout]     = note: for more information, see issue #79813 <https://github.com/rust-lang/rust/issues/79813>
[INFO] [stdout]     = note: this warning originates in the macro `log_error` (in Nightly builds, run with -Z macro-backtrace for more info)
[INFO] [stdout] 
[INFO] [stdout] 
[INFO] [stdout] warning: trailing semicolon in macro used in expression position
[INFO] [stdout]     --> src/node.rs:1936:26
[INFO] [stdout]      |
[INFO] [stdout] 1936 |                   Ok(_) => log_debug!(
[INFO] [stdout]      |  __________________________^
[INFO] [stdout] 1937 | |                     self.logger,
[INFO] [stdout] 1938 | |                     "Successfully sent response for correlation ID: {correlation_id}"
[INFO] [stdout] 1939 | |                 ),
[INFO] [stdout]      | |_________________^
[INFO] [stdout]      |
[INFO] [stdout]      = warning: this was previously accepted by the compiler but is being phased out; it will become a hard error in a future release!
[INFO] [stdout]      = note: for more information, see issue #79813 <https://github.com/rust-lang/rust/issues/79813>
[INFO] [stdout]      = note: this warning originates in the macro `log_debug` (in Nightly builds, run with -Z macro-backtrace for more info)
[INFO] [stdout] 
[INFO] [stdout] 
[INFO] [stdout] warning: trailing semicolon in macro used in expression position
[INFO] [stdout]     --> src/node.rs:1940:27
[INFO] [stdout]      |
[INFO] [stdout] 1940 |                   Err(e) => log_error!(
[INFO] [stdout]      |  ___________________________^
[INFO] [stdout] 1941 | |                     self.logger,
[INFO] [stdout] 1942 | |                     "Failed to send response data for correlation ID {correlation_id}: {e:?}"
[INFO] [stdout] 1943 | |                 ),
[INFO] [stdout]      | |_________________^
[INFO] [stdout]      |
[INFO] [stdout]      = warning: this was previously accepted by the compiler but is being phased out; it will become a hard error in a future release!
[INFO] [stdout]      = note: for more information, see issue #79813 <https://github.com/rust-lang/rust/issues/79813>
[INFO] [stdout]      = note: this warning originates in the macro `log_error` (in Nightly builds, run with -Z macro-backtrace for more info)
[INFO] [stdout] 
[INFO] [stdout] 
[INFO] [stdout] warning: trailing semicolon in macro used in expression position
[INFO] [stdout]    --> src/network/discovery/multicast_discovery.rs:263:33
[INFO] [stdout]     |
[INFO] [stdout] 263 | ...                   log_error!(logger, "Failed to deserialize multicast message: {e}")
[INFO] [stdout]     |                       ^^^^^^^^^^^^^^^^^^^^^^^^^^^^^^^^^^^^^^^^^^^^^^^^^^^^^^^^^^^^^^^^^^
[INFO] [stdout]     |
[INFO] [stdout]     = note: macro invocations at the end of a block are treated as expressions
[INFO] [stdout]     = note: to ignore the value produced by the macro, add a semicolon after the invocation of `log_error`
[INFO] [stdout]     = warning: this was previously accepted by the compiler but is being phased out; it will become a hard error in a future release!
[INFO] [stdout]     = note: for more information, see issue #79813 <https://github.com/rust-lang/rust/issues/79813>
[INFO] [stdout]     = note: `#[warn(semicolon_in_expressions_from_non_local_macros)]` (part of `#[warn(future_incompatible)]`) on by default
[INFO] [stdout]     = note: this warning originates in the macro `log_error` (in Nightly builds, run with -Z macro-backtrace for more info)
[INFO] [stdout] 
[INFO] [stdout] 
[INFO] [stdout] warning: trailing semicolon in macro used in expression position
[INFO] [stdout]    --> src/network/discovery/multicast_discovery.rs:316:31
[INFO] [stdout]     |
[INFO] [stdout] 316 |                     Err(e) => log_error!(logger, "Failed to serialize announcement: {e}"),
[INFO] [stdout]     |                               ^^^^^^^^^^^^^^^^^^^^^^^^^^^^^^^^^^^^^^^^^^^^^^^^^^^^^^^^^^^
[INFO] [stdout]     |
[INFO] [stdout]     = warning: this was previously accepted by the compiler but is being phased out; it will become a hard error in a future release!
[INFO] [stdout]     = note: for more information, see issue #79813 <https://github.com/rust-lang/rust/issues/79813>
[INFO] [stdout]     = note: this warning originates in the macro `log_error` (in Nightly builds, run with -Z macro-backtrace for more info)
[INFO] [stdout] 
[INFO] [stdout] 
[INFO] [stdout] warning: trailing semicolon in macro used in expression position
[INFO] [stdout]    --> src/network/discovery/multicast_discovery.rs:367:31
[INFO] [stdout]     |
[INFO] [stdout] 367 |                     Err(e) => log_error!(logger, "Failed to serialize multicast message: {e}"),
[INFO] [stdout]     |                               ^^^^^^^^^^^^^^^^^^^^^^^^^^^^^^^^^^^^^^^^^^^^^^^^^^^^^^^^^^^^^^^^
[INFO] [stdout]     |
[INFO] [stdout]     = warning: this was previously accepted by the compiler but is being phased out; it will become a hard error in a future release!
[INFO] [stdout]     = note: for more information, see issue #79813 <https://github.com/rust-lang/rust/issues/79813>
[INFO] [stdout]     = note: this warning originates in the macro `log_error` (in Nightly builds, run with -Z macro-backtrace for more info)
[INFO] [stdout] 
[INFO] [stdout] 
[INFO] [stdout] warning: trailing semicolon in macro used in expression position
[INFO] [stdout]    --> src/network/transport/quic_transport.rs:821:35
[INFO] [stdout]     |
[INFO] [stdout] 821 |                         Err(e) => log_error!(self_clone.logger, "accept failed: {e}"),
[INFO] [stdout]     |                                   ^^^^^^^^^^^^^^^^^^^^^^^^^^^^^^^^^^^^^^^^^^^^^^^^^^^
[INFO] [stdout]     |
[INFO] [stdout]     = warning: this was previously accepted by the compiler but is being phased out; it will become a hard error in a future release!
[INFO] [stdout]     = note: for more information, see issue #79813 <https://github.com/rust-lang/rust/issues/79813>
[INFO] [stdout]     = note: this warning originates in the macro `log_error` (in Nightly builds, run with -Z macro-backtrace for more info)
[INFO] [stdout] 
[INFO] [stdout] 
[INFO] [stdout] warning: trailing semicolon in macro used in expression position
[INFO] [stdout]    --> src/network/transport/quic_transport.rs:838:89
[INFO] [stdout]     |
[INFO] [stdout] 838 | ...nn.clone()) => if let Err(e) = res { log_error!(self_clone.logger, "uni loop failed: {e}") },
[INFO] [stdout]     |                                         ^^^^^^^^^^^^^^^^^^^^^^^^^^^^^^^^^^^^^^^^^^^^^^^^^^^^^
[INFO] [stdout]     |
[INFO] [stdout]     = note: macro invocations at the end of a block are treated as expressions
[INFO] [stdout]     = note: to ignore the value produced by the macro, add a semicolon after the invocation of `log_error`
[INFO] [stdout]     = warning: this was previously accepted by the compiler but is being phased out; it will become a hard error in a future release!
[INFO] [stdout]     = note: for more information, see issue #79813 <https://github.com/rust-lang/rust/issues/79813>
[INFO] [stdout]     = note: this warning originates in the macro `log_error` (in Nightly builds, run with -Z macro-backtrace for more info)
[INFO] [stdout] 
[INFO] [stdout] 
[INFO] [stdout] warning: trailing semicolon in macro used in expression position
[INFO] [stdout]    --> src/network/transport/quic_transport.rs:839:116
[INFO] [stdout]     |
[INFO] [stdout] 839 | ...ate_peer_id) => if let Err(e) = res { log_error!(self_clone.logger, "bi loop failed: {e}") },
[INFO] [stdout]     |                                          ^^^^^^^^^^^^^^^^^^^^^^^^^^^^^^^^^^^^^^^^^^^^^^^^^^^^
[INFO] [stdout]     |
[INFO] [stdout]     = note: macro invocations at the end of a block are treated as expressions
[INFO] [stdout]     = note: to ignore the value produced by the macro, add a semicolon after the invocation of `log_error`
[INFO] [stdout]     = warning: this was previously accepted by the compiler but is being phased out; it will become a hard error in a future release!
[INFO] [stdout]     = note: for more information, see issue #79813 <https://github.com/rust-lang/rust/issues/79813>
[INFO] [stdout]     = note: this warning originates in the macro `log_error` (in Nightly builds, run with -Z macro-backtrace for more info)
[INFO] [stdout] 
[INFO] [stdout] 
[INFO] [stdout] warning: trailing semicolon in macro used in expression position
[INFO] [stdout]     --> src/node.rs:1936:26
[INFO] [stdout]      |
[INFO] [stdout] 1936 |                   Ok(_) => log_debug!(
[INFO] [stdout]      |  __________________________^
[INFO] [stdout] 1937 | |                     self.logger,
[INFO] [stdout] 1938 | |                     "Successfully sent response for correlation ID: {correlation_id}"
[INFO] [stdout] 1939 | |                 ),
[INFO] [stdout]      | |_________________^
[INFO] [stdout]      |
[INFO] [stdout]      = warning: this was previously accepted by the compiler but is being phased out; it will become a hard error in a future release!
[INFO] [stdout]      = note: for more information, see issue #79813 <https://github.com/rust-lang/rust/issues/79813>
[INFO] [stdout]      = note: this warning originates in the macro `log_debug` (in Nightly builds, run with -Z macro-backtrace for more info)
[INFO] [stdout] 
[INFO] [stdout] 
[INFO] [stdout] warning: trailing semicolon in macro used in expression position
[INFO] [stdout]     --> src/node.rs:1940:27
[INFO] [stdout]      |
[INFO] [stdout] 1940 |                   Err(e) => log_error!(
[INFO] [stdout]      |  ___________________________^
[INFO] [stdout] 1941 | |                     self.logger,
[INFO] [stdout] 1942 | |                     "Failed to send response data for correlation ID {correlation_id}: {e:?}"
[INFO] [stdout] 1943 | |                 ),
[INFO] [stdout]      | |_________________^
[INFO] [stdout]      |
[INFO] [stdout]      = warning: this was previously accepted by the compiler but is being phased out; it will become a hard error in a future release!
[INFO] [stdout]      = note: for more information, see issue #79813 <https://github.com/rust-lang/rust/issues/79813>
[INFO] [stdout]      = note: this warning originates in the macro `log_error` (in Nightly builds, run with -Z macro-backtrace for more info)
[INFO] [stdout] 
[INFO] [stdout] 
[INFO] [stderr]     Finished `test` profile [unoptimized + debuginfo] target(s) in 38.02s
[INFO] running `Command { std: "docker" "inspect" "0519bb40962f6dbca0b962f02e19d48ac8344e23f6eb0ba373b40b4b681942ea", kill_on_drop: false }`
[INFO] running `Command { std: "docker" "exec" "-e" "SOURCE_DIR=/opt/rustwide/workdir" "-e" "CARGO_HOME=/opt/rustwide/cargo-home" "-e" "RUSTUP_HOME=/opt/rustwide/rustup-home" "-e" "CARGO_TARGET_DIR=/opt/rustwide/target" "-e" "CARGO_INCREMENTAL=0" "-e" "RUST_BACKTRACE=full" "-e" "RUSTFLAGS=--cap-lints=warn" "-e" "RUSTDOCFLAGS=--cap-lints=warn" "-w" "/opt/rustwide/workdir" "--user" "0:0" "0519bb40962f6dbca0b962f02e19d48ac8344e23f6eb0ba373b40b4b681942ea" "/opt/rustwide/cargo-home/bin/cargo" "+1.99.0-beta.8" "test" "--frozen", kill_on_drop: false }`
[INFO] [stderr] warning: trailing semicolon in macro used in expression position
[INFO] [stderr]    --> src/network/discovery/multicast_discovery.rs:263:33
[INFO] [stderr]     |
[INFO] [stderr] 263 | ...                   log_error!(logger, "Failed to deserialize multicast message: {e}")
[INFO] [stderr]     |                       ^^^^^^^^^^^^^^^^^^^^^^^^^^^^^^^^^^^^^^^^^^^^^^^^^^^^^^^^^^^^^^^^^^
[INFO] [stderr]     |
[INFO] [stderr]     = note: macro invocations at the end of a block are treated as expressions
[INFO] [stderr]     = note: to ignore the value produced by the macro, add a semicolon after the invocation of `log_error`
[INFO] [stderr]     = warning: this was previously accepted by the compiler but is being phased out; it will become a hard error in a future release!
[INFO] [stderr]     = note: for more information, see issue #79813 <https://github.com/rust-lang/rust/issues/79813>
[INFO] [stderr]     = note: `#[warn(semicolon_in_expressions_from_non_local_macros)]` (part of `#[warn(future_incompatible)]`) on by default
[INFO] [stderr]     = note: this warning originates in the macro `log_error` (in Nightly builds, run with -Z macro-backtrace for more info)
[INFO] [stderr] 
[INFO] [stderr] warning: trailing semicolon in macro used in expression position
[INFO] [stderr]    --> src/network/discovery/multicast_discovery.rs:316:31
[INFO] [stderr]     |
[INFO] [stderr] 316 |                     Err(e) => log_error!(logger, "Failed to serialize announcement: {e}"),
[INFO] [stderr]     |                               ^^^^^^^^^^^^^^^^^^^^^^^^^^^^^^^^^^^^^^^^^^^^^^^^^^^^^^^^^^^
[INFO] [stderr]     |
[INFO] [stderr]     = warning: this was previously accepted by the compiler but is being phased out; it will become a hard error in a future release!
[INFO] [stderr]     = note: for more information, see issue #79813 <https://github.com/rust-lang/rust/issues/79813>
[INFO] [stderr]     = note: this warning originates in the macro `log_error` (in Nightly builds, run with -Z macro-backtrace for more info)
[INFO] [stderr] 
[INFO] [stderr] warning: trailing semicolon in macro used in expression position
[INFO] [stderr]    --> src/network/discovery/multicast_discovery.rs:367:31
[INFO] [stderr]     |
[INFO] [stderr] 367 |                     Err(e) => log_error!(logger, "Failed to serialize multicast message: {e}"),
[INFO] [stderr]     |                               ^^^^^^^^^^^^^^^^^^^^^^^^^^^^^^^^^^^^^^^^^^^^^^^^^^^^^^^^^^^^^^^^
[INFO] [stderr]     |
[INFO] [stderr]     = warning: this was previously accepted by the compiler but is being phased out; it will become a hard error in a future release!
[INFO] [stderr]     = note: for more information, see issue #79813 <https://github.com/rust-lang/rust/issues/79813>
[INFO] [stderr]     = note: this warning originates in the macro `log_error` (in Nightly builds, run with -Z macro-backtrace for more info)
[INFO] [stderr] 
[INFO] [stderr] warning: trailing semicolon in macro used in expression position
[INFO] [stderr]    --> src/network/transport/quic_transport.rs:821:35
[INFO] [stderr]     |
[INFO] [stderr] 821 |                         Err(e) => log_error!(self_clone.logger, "accept failed: {e}"),
[INFO] [stderr]     |                                   ^^^^^^^^^^^^^^^^^^^^^^^^^^^^^^^^^^^^^^^^^^^^^^^^^^^
[INFO] [stderr]     |
[INFO] [stderr]     = warning: this was previously accepted by the compiler but is being phased out; it will become a hard error in a future release!
[INFO] [stderr]     = note: for more information, see issue #79813 <https://github.com/rust-lang/rust/issues/79813>
[INFO] [stderr]     = note: this warning originates in the macro `log_error` (in Nightly builds, run with -Z macro-backtrace for more info)
[INFO] [stderr] 
[INFO] [stderr] warning: trailing semicolon in macro used in expression position
[INFO] [stderr]    --> src/network/transport/quic_transport.rs:838:89
[INFO] [stderr]     |
[INFO] [stderr] 838 | ...nn.clone()) => if let Err(e) = res { log_error!(self_clone.logger, "uni loop failed: {e}") },
[INFO] [stderr]     |                                         ^^^^^^^^^^^^^^^^^^^^^^^^^^^^^^^^^^^^^^^^^^^^^^^^^^^^^
[INFO] [stderr]     |
[INFO] [stderr]     = note: macro invocations at the end of a block are treated as expressions
[INFO] [stderr]     = note: to ignore the value produced by the macro, add a semicolon after the invocation of `log_error`
[INFO] [stderr]     = warning: this was previously accepted by the compiler but is being phased out; it will become a hard error in a future release!
[INFO] [stderr]     = note: for more information, see issue #79813 <https://github.com/rust-lang/rust/issues/79813>
[INFO] [stderr]     = note: this warning originates in the macro `log_error` (in Nightly builds, run with -Z macro-backtrace for more info)
[INFO] [stderr] 
[INFO] [stderr] warning: trailing semicolon in macro used in expression position
[INFO] [stderr]    --> src/network/transport/quic_transport.rs:839:116
[INFO] [stderr]     |
[INFO] [stderr] 839 | ...ate_peer_id) => if let Err(e) = res { log_error!(self_clone.logger, "bi loop failed: {e}") },
[INFO] [stderr]     |                                          ^^^^^^^^^^^^^^^^^^^^^^^^^^^^^^^^^^^^^^^^^^^^^^^^^^^^
[INFO] [stderr]     |
[INFO] [stderr]     = note: macro invocations at the end of a block are treated as expressions
[INFO] [stderr]     = note: to ignore the value produced by the macro, add a semicolon after the invocation of `log_error`
[INFO] [stderr]     = warning: this was previously accepted by the compiler but is being phased out; it will become a hard error in a future release!
[INFO] [stderr]     = note: for more information, see issue #79813 <https://github.com/rust-lang/rust/issues/79813>
[INFO] [stderr]     = note: this warning originates in the macro `log_error` (in Nightly builds, run with -Z macro-backtrace for more info)
[INFO] [stderr] 
[INFO] [stderr] warning: trailing semicolon in macro used in expression position
[INFO] [stderr]     --> src/node.rs:1936:26
[INFO] [stderr]      |
[INFO] [stderr] 1936 |                   Ok(_) => log_debug!(
[INFO] [stderr]      |  __________________________^
[INFO] [stderr] 1937 | |                     self.logger,
[INFO] [stderr] 1938 | |                     "Successfully sent response for correlation ID: {correlation_id}"
[INFO] [stderr] 1939 | |                 ),
[INFO] [stderr]      | |_________________^
[INFO] [stderr]      |
[INFO] [stderr]      = warning: this was previously accepted by the compiler but is being phased out; it will become a hard error in a future release!
[INFO] [stderr]      = note: for more information, see issue #79813 <https://github.com/rust-lang/rust/issues/79813>
[INFO] [stderr]      = note: this warning originates in the macro `log_debug` (in Nightly builds, run with -Z macro-backtrace for more info)
[INFO] [stderr] 
[INFO] [stderr] warning: trailing semicolon in macro used in expression position
[INFO] [stderr]     --> src/node.rs:1940:27
[INFO] [stderr]      |
[INFO] [stderr] 1940 |                   Err(e) => log_error!(
[INFO] [stderr]      |  ___________________________^
[INFO] [stderr] 1941 | |                     self.logger,
[INFO] [stderr] 1942 | |                     "Failed to send response data for correlation ID {correlation_id}: {e:?}"
[INFO] [stderr] 1943 | |                 ),
[INFO] [stderr]      | |_________________^
[INFO] [stderr]      |
[INFO] [stderr]      = warning: this was previously accepted by the compiler but is being phased out; it will become a hard error in a future release!
[INFO] [stderr]      = note: for more information, see issue #79813 <https://github.com/rust-lang/rust/issues/79813>
[INFO] [stderr]      = note: this warning originates in the macro `log_error` (in Nightly builds, run with -Z macro-backtrace for more info)
[INFO] [stderr] 
[INFO] [stderr] warning: `runar_node` (lib) generated 8 warnings
[INFO] [stderr] warning: `runar_node` (lib test) generated 8 warnings (8 duplicates)
[INFO] [stderr]     Finished `test` profile [unoptimized + debuginfo] target(s) in 0.45s
[INFO] [stderr]      Running unittests src/lib.rs (/opt/rustwide/target/debug/deps/runar_node-0c5f2ec35d8abca4)
[INFO] [stdout] 
[INFO] [stdout] running 0 tests
[INFO] [stdout] 
[INFO] [stdout] test result: ok. 0 passed; 0 failed; 0 ignored; 0 measured; 0 filtered out; finished in 0.00s
[INFO] [stdout] 
[INFO] [stderr]    Doc-tests runar_node
[INFO] [stdout] 
[INFO] [stdout] running 33 tests
[INFO] [stdout] test src/routing/mod.rs - routing::PathSegment (line 108) ... FAILED
[INFO] [stdout] test src/node.rs - node::NodeConfig::new (line 157) ... FAILED
[INFO] [stdout] test src/routing/mod.rs - routing::PathType (line 63) ... FAILED
[INFO] [stdout] test src/routing/mod.rs - routing::TopicPath::action_path (line 634) ... FAILED
[INFO] [stdout] test src/node.rs - node::Node (line 332) ... FAILED
[INFO] [stdout] test src/node.rs - node::Node::new (line 508) ... FAILED
[INFO] [stdout] test src/node.rs - node::NodeConfig (line 74) ... FAILED
[INFO] [stdout] test src/lib.rs - (line 23) ... FAILED
[INFO] [stdout] test src/node.rs - node::NodeConfig::with_logging_config (line 207) ... FAILED
[INFO] [stdout] test src/node.rs - node::NodeConfig::with_network_config (line 188) ... FAILED
[INFO] [stdout] test src/node.rs - node::Node::on (line 858) ... FAILED
[INFO] [stdout] test src/node.rs - node::NodeConfig::with_key_manager_state (line 278) ... FAILED
[INFO] [stdout] test src/node.rs - node::NodeConfig::with_request_timeout (line 251) ... FAILED
[INFO] [stdout] test src/node.rs - node::NodeConfig::with_additional_networks (line 229) ... FAILED
[INFO] [stdout] test src/node.rs - node::Node::add_service (line 658) ... FAILED
[INFO] [stdout] test src/node.rs - node::Node::start (line 965) ... FAILED
[INFO] [stdout] test src/routing/mod.rs - routing::TopicPath::matches_template (line 1013) ... FAILED
[INFO] [stdout] test src/routing/mod.rs - routing::TopicPath::child (line 751) ... FAILED
[INFO] [stdout] test src/routing/mod.rs - routing::TopicPath::from_template (line 1252) ... FAILED
[INFO] [stdout] test src/routing/mod.rs - routing::TopicPath::get_segments (line 845) ... FAILED
[INFO] [stdout] test src/routing/mod.rs - routing::TopicPath::extract_params (line 953) has been running for over 60 seconds
[INFO] [stdout] test src/routing/mod.rs - routing::TopicPath::matches (line 1105) has been running for over 60 seconds
[INFO] [stdout] test src/routing/mod.rs - routing::TopicPath::matches (line 1105) ... FAILED
[INFO] [stdout] test src/routing/mod.rs - routing::TopicPath::network_id (line 662) has been running for over 60 seconds
[INFO] [stdout] test src/routing/mod.rs - routing::TopicPath::new (line 446) ... FAILED
[INFO] [stdout] test src/routing/mod.rs - routing::TopicPath::extract_params (line 953) ... FAILED
[INFO] [stdout] test src/routing/mod.rs - routing::TopicPath::new_action_topic (line 366) has been running for over 60 seconds
[INFO] [stdout] test src/routing/mod.rs - routing::TopicPath::new_event_topic (line 393) has been running for over 60 seconds
[INFO] [stdout] test src/routing/mod.rs - routing::TopicPath::new_event_topic (line 393) ... FAILED
[INFO] [stdout] test src/routing/mod.rs - routing::TopicPath::network_id (line 662) ... FAILED
[INFO] [stdout] test src/routing/mod.rs - routing::TopicPath::new_service (line 699) has been running for over 60 seconds
[INFO] [stdout] test src/routing/mod.rs - routing::TopicPath::parent (line 865) has been running for over 60 seconds
[INFO] [stdout] test src/routing/mod.rs - routing::TopicPath::service_path (line 678) has been running for over 60 seconds
[INFO] [stdout] test src/routing/mod.rs - routing::TopicPath::starts_with (line 731) has been running for over 60 seconds
[INFO] [stdout] test src/routing/mod.rs - routing::TopicPath::service_path (line 678) ... FAILED
[INFO] [stdout] test src/routing/mod.rs - routing::TopicPath::test_default (line 934) has been running for over 60 seconds
[INFO] [stdout] test src/services/abstract_service.rs - services::abstract_service::AbstractService (line 133) has been running for over 60 seconds
[INFO] [stdout] test src/services/abstract_service.rs - services::abstract_service::ServiceState (line 35) has been running for over 60 seconds
[ERROR] error running command: no output for 300 seconds
[INFO] running `Command { std: "docker" "inspect" "0519bb40962f6dbca0b962f02e19d48ac8344e23f6eb0ba373b40b4b681942ea", kill_on_drop: false }`
[INFO] running `Command { std: "docker" "rm" "-f" "0519bb40962f6dbca0b962f02e19d48ac8344e23f6eb0ba373b40b4b681942ea", kill_on_drop: false }`
[INFO] [stdout] 0519bb40962f6dbca0b962f02e19d48ac8344e23f6eb0ba373b40b4b681942ea
