[INFO] fetching crate ruda-kernel 0.1.7...
[INFO] testing ruda-kernel-0.1.7 against 1.99.0-beta.8 for beta-1.100-2
[INFO] extracting crate ruda-kernel 0.1.7 into /workspace/builds/worker-3-tc1/source
[INFO] started tweaking crates.io crate ruda-kernel 0.1.7
[INFO] removed 0 missing tests
[INFO] finished tweaking crates.io crate ruda-kernel 0.1.7
[INFO] tweaked toml for crates.io crate ruda-kernel 0.1.7 written to /workspace/builds/worker-3-tc1/source/Cargo.toml
[INFO] validating manifest of crates.io crate ruda-kernel 0.1.7 on toolchain 1.99.0-beta.8
[INFO] running `Command { std: CARGO_HOME="/workspace/cargo-home" RUSTUP_HOME="/workspace/rustup-home" "/workspace/cargo-home/bin/cargo" "+1.99.0-beta.8" "metadata" "--manifest-path" "Cargo.toml" "--no-deps", kill_on_drop: false }`
[INFO] crate crates.io crate ruda-kernel 0.1.7 already has a lockfile, it will not be regenerated
[INFO] running `Command { std: CARGO_HOME="/workspace/cargo-home" RUSTUP_HOME="/workspace/rustup-home" "/workspace/cargo-home/bin/cargo" "+1.99.0-beta.8" "fetch" "--manifest-path" "Cargo.toml", kill_on_drop: false }`
[INFO] [stderr]     Updating crates.io index
[INFO] [stderr]  Downloading crates ...
[INFO] [stderr]   Downloaded test-log v0.2.21
[INFO] [stderr]   Downloaded trybuild v1.0.120
[INFO] [stderr]   Downloaded test-log-core v0.2.21
[INFO] [stderr]   Downloaded text_placeholder v0.5.1
[INFO] [stderr]   Downloaded test-log-macros v0.2.21
[INFO] [stderr]   Downloaded tracel-rspirv v0.12.1+sdk-1.4.341.0
[INFO] running `Command { std: "docker" "create" "-v" "/var/lib/crater-agent-workspace/builds/worker-3-tc1/source:/opt/rustwide/workdir:ro,Z" "-v" "/var/lib/crater-agent-workspace/builds/worker-3-tc1/target:/opt/rustwide/target:rw,Z" "-v" "/var/lib/crater-agent-workspace/cargo-home:/opt/rustwide/cargo-home:ro,Z" "-v" "/var/lib/crater-agent-workspace/rustup-home:/opt/rustwide/rustup-home:ro,Z" "-m" "1610612736" "--network" "none" "ghcr.io/rust-lang/crates-build-env/linux@sha256:3111399a4047eeb3a02b7a90e478d715f38a8c6669b5c4b49d30a17385265909" "sleep" "infinity", kill_on_drop: false }`
[INFO] [stdout] e5dc5b09d974dbb9ceb697a73c24519caac596d195c24e1ac3963901a446af5c
[INFO] running `Command { std: "docker" "start" "e5dc5b09d974dbb9ceb697a73c24519caac596d195c24e1ac3963901a446af5c", kill_on_drop: false }`
[INFO] running `Command { std: "docker" "inspect" "e5dc5b09d974dbb9ceb697a73c24519caac596d195c24e1ac3963901a446af5c", kill_on_drop: false }`
[INFO] running `Command { std: "docker" "exec" "-e" "SOURCE_DIR=/opt/rustwide/workdir" "-e" "CARGO_HOME=/opt/rustwide/cargo-home" "-e" "RUSTUP_HOME=/opt/rustwide/rustup-home" "-e" "CARGO_TARGET_DIR=/opt/rustwide/target" "-w" "/opt/rustwide/workdir" "--user" "0:0" "e5dc5b09d974dbb9ceb697a73c24519caac596d195c24e1ac3963901a446af5c" "/opt/rustwide/cargo-home/bin/cargo" "+1.99.0-beta.8" "metadata" "--no-deps" "--format-version=1", kill_on_drop: false }`
[INFO] running `Command { std: "docker" "inspect" "e5dc5b09d974dbb9ceb697a73c24519caac596d195c24e1ac3963901a446af5c", kill_on_drop: false }`
[INFO] running `Command { std: "docker" "exec" "-e" "SOURCE_DIR=/opt/rustwide/workdir" "-e" "CARGO_HOME=/opt/rustwide/cargo-home" "-e" "RUSTUP_HOME=/opt/rustwide/rustup-home" "-e" "CARGO_TARGET_DIR=/opt/rustwide/target" "-e" "CARGO_INCREMENTAL=0" "-e" "RUST_BACKTRACE=full" "-e" "RUSTFLAGS=--cap-lints=warn" "-e" "RUSTDOCFLAGS=--cap-lints=warn" "-w" "/opt/rustwide/workdir" "--user" "0:0" "e5dc5b09d974dbb9ceb697a73c24519caac596d195c24e1ac3963901a446af5c" "/opt/rustwide/cargo-home/bin/cargo" "+1.99.0-beta.8" "build" "--frozen" "--message-format=json", kill_on_drop: false }`
[INFO] [stderr]    Compiling serde_core v1.0.229
[INFO] [stderr]    Compiling serde v1.0.229
[INFO] [stderr]    Compiling num-traits v0.2.19
[INFO] [stderr]    Compiling crossbeam-utils v0.8.22
[INFO] [stderr]    Compiling syn v2.0.119
[INFO] [stderr]    Compiling regex-syntax v0.8.11
[INFO] [stderr]    Compiling spin v0.10.1
[INFO] [stderr]    Compiling bytemuck v1.25.2
[INFO] [stderr]    Compiling prettyplease v0.2.37
[INFO] [stderr]    Compiling memchr v2.8.3
[INFO] [stderr]    Compiling portable-atomic v1.15.0
[INFO] [stderr]    Compiling serde_json v1.0.151
[INFO] [stderr]    Compiling winnow v1.0.4
[INFO] [stderr]    Compiling thiserror v2.0.20
[INFO] [stderr]    Compiling indexmap v2.14.1
[INFO] [stderr]    Compiling object v0.37.3
[INFO] [stderr]    Compiling event-listener v5.4.2
[INFO] [stderr]    Compiling nom v8.0.0
[INFO] [stderr]    Compiling ruda-core v0.1.4
[INFO] [stderr]    Compiling toml_datetime v1.1.1+spec-1.1.0
[INFO] [stderr]    Compiling dirs v6.0.0
[INFO] [stderr]    Compiling event-listener-strategy v0.5.4
[INFO] [stderr]    Compiling hashbrown v0.16.1
[INFO] [stderr]    Compiling rand v0.10.2
[INFO] [stderr]    Compiling ruda-runtime v0.1.1
[INFO] [stderr]    Compiling concurrent-queue v2.5.0
[INFO] [stderr]    Compiling ruda-kernel-macros v0.1.5
[INFO] [stderr]    Compiling float-ord v0.3.2
[INFO] [stderr]    Compiling float4 v0.2.0
[INFO] [stderr]    Compiling xxhash-rust v0.8.18
[INFO] [stderr]    Compiling async-channel v2.5.0
[INFO] [stderr]    Compiling inflections v1.1.1
[INFO] [stderr]    Compiling md5 v0.8.1
[INFO] [stderr]    Compiling toml_parser v1.1.3+spec-1.1.0
[INFO] [stderr]    Compiling regex-automata v0.4.18
[INFO] [stderr]    Compiling toml_edit v0.25.13+spec-1.1.0
[INFO] [stderr]    Compiling proc-macro-crate v3.5.0
[INFO] [stderr]    Compiling tynm v0.2.0
[INFO] [stderr]    Compiling serde_spanned v1.1.1
[INFO] [stderr]    Compiling serde_bytes v0.11.19
[INFO] [stderr]    Compiling bitflags v2.13.1
[INFO] [stderr]    Compiling regex v1.13.1
[INFO] [stderr]    Compiling backtrace v0.3.76
[INFO] [stderr]    Compiling toml v1.1.4+spec-1.1.0
[INFO] [stderr]    Compiling sanitize-filename v0.6.0
[INFO] [stderr]    Compiling darling_core v0.21.3
[INFO] [stderr]    Compiling darling_core v0.23.0
[INFO] [stderr]    Compiling smallvec v1.15.2
[INFO] [stderr]    Compiling parking_lot_core v0.9.12
[INFO] [stderr]    Compiling zerocopy-derive v0.8.56
[INFO] [stderr]    Compiling derive_more-impl v2.1.1
[INFO] [stderr]    Compiling derive-new v0.7.0
[INFO] [stderr]    Compiling variadics_please v1.1.0
[INFO] [stderr]    Compiling parking_lot v0.12.5
[INFO] [stderr]    Compiling zerocopy v0.8.56
[INFO] [stderr]    Compiling darling_macro v0.23.0
[INFO] [stderr]    Compiling darling v0.23.0
[INFO] [stderr]    Compiling darling_macro v0.21.3
[INFO] [stderr]    Compiling ruda-ir-macros v0.1.2
[INFO] [stderr]    Compiling darling v0.21.3
[INFO] [stderr]    Compiling enumset_derive v0.15.0
[INFO] [stderr]    Compiling enumset v1.1.14
[INFO] [stderr]    Compiling derive_more v2.1.1
[INFO] [stderr]    Compiling half v2.7.1
[INFO] [stderr]    Compiling ahash v0.8.12
[INFO] [stderr]    Compiling float8 v0.7.0
[INFO] [stderr]    Compiling ruda-kernel v0.1.7 (/opt/rustwide/workdir)
[INFO] [stdout] warning: use of deprecated constant `core::f32::MANTISSA_DIGITS`: replaced by the `MANTISSA_DIGITS` associated constant on `f32`
[INFO] [stdout]    --> src/dsl/frontend/element/typemap.rs:374:39
[INFO] [stdout]     |
[INFO] [stdout] 374 |     const MANTISSA_DIGITS: u32 = f32::MANTISSA_DIGITS;
[INFO] [stdout]     |                                       ^^^^^^^^^^^^^^^
[INFO] [stdout]     |
[INFO] [stdout]     = note: `#[warn(deprecated)]` on by default
[INFO] [stdout] 
[INFO] [stdout] 
[INFO] [stdout] warning: use of deprecated constant `core::f32::MAX_10_EXP`: replaced by the `MAX_10_EXP` associated constant on `f32`
[INFO] [stdout]    --> src/dsl/frontend/element/typemap.rs:377:34
[INFO] [stdout]     |
[INFO] [stdout] 377 |     const MAX_10_EXP: i32 = f32::MAX_10_EXP;
[INFO] [stdout]     |                                  ^^^^^^^^^^
[INFO] [stdout] 
[INFO] [stdout] 
[INFO] [stdout] warning: use of deprecated constant `core::f32::MAX_EXP`: replaced by the `MAX_EXP` associated constant on `f32`
[INFO] [stdout]    --> src/dsl/frontend/element/typemap.rs:379:31
[INFO] [stdout]     |
[INFO] [stdout] 379 |     const MAX_EXP: i32 = f32::MAX_EXP;
[INFO] [stdout]     |                               ^^^^^^^
[INFO] [stdout] 
[INFO] [stdout] 
[INFO] [stdout] warning: use of deprecated constant `core::f32::MIN_10_EXP`: replaced by the `MIN_10_EXP` associated constant on `f32`
[INFO] [stdout]    --> src/dsl/frontend/element/typemap.rs:382:34
[INFO] [stdout]     |
[INFO] [stdout] 382 |     const MIN_10_EXP: i32 = f32::MIN_10_EXP;
[INFO] [stdout]     |                                  ^^^^^^^^^^
[INFO] [stdout] 
[INFO] [stdout] 
[INFO] [stdout] warning: use of deprecated constant `core::f32::MIN_EXP`: replaced by the `MIN_EXP` associated constant on `f32`
[INFO] [stdout]    --> src/dsl/frontend/element/typemap.rs:385:31
[INFO] [stdout]     |
[INFO] [stdout] 385 |     const MIN_EXP: i32 = f32::MIN_EXP;
[INFO] [stdout]     |                               ^^^^^^^
[INFO] [stdout] 
[INFO] [stdout] 
[INFO] [stdout] warning: use of deprecated constant `core::f64::MANTISSA_DIGITS`: replaced by the `MANTISSA_DIGITS` associated constant on `f64`
[INFO] [stdout]   --> src/dsl/post_processing/predicate.rs:79:22
[INFO] [stdout]    |
[INFO] [stdout] 79 |                 f64::MANTISSA_DIGITS - 1,
[INFO] [stdout]    |                      ^^^^^^^^^^^^^^^
[INFO] [stdout] 
[INFO] [stdout] 
[INFO] [stdout] warning: use of deprecated constant `core::f32::MANTISSA_DIGITS`: replaced by the `MANTISSA_DIGITS` associated constant on `f32`
[INFO] [stdout]   --> src/dsl/post_processing/predicate.rs:84:22
[INFO] [stdout]    |
[INFO] [stdout] 84 |                 f32::MANTISSA_DIGITS - 1,
[INFO] [stdout]    |                      ^^^^^^^^^^^^^^^
[INFO] [stdout] 
[INFO] [stdout] 
[INFO] [stdout] warning: falling back to `f32` as the trait bound `f32: From<f64>` is not satisfied
[INFO] [stdout]   --> src/dsl/frontend/polyfills.rs:32:48
[INFO] [stdout]    |
[INFO] [stdout] 32 |     select_many(x.less_than(Vector::new(F::new(0.0))), -erf, erf)
[INFO] [stdout]    |                                                ^^^ help: explicitly specify the type as `f32`: `0.0_f32`
[INFO] [stdout]    |
[INFO] [stdout]    = warning: this was previously accepted by the compiler but is being phased out; it will become a hard error in a future release!
[INFO] [stdout]    = note: for more information, see issue #154024 <https://github.com/rust-lang/rust/issues/154024>
[INFO] [stdout]    = note: `#[warn(float_literal_f32_fallback)]` (part of `#[warn(future_incompatible)]`) on by default
[INFO] [stdout] 
[INFO] [stdout] 
[INFO] [stdout] warning: falling back to `f32` as the trait bound `f32: From<f64>` is not satisfied
[INFO] [stdout]   --> src/dsl/frontend/polyfills.rs:41:32
[INFO] [stdout]    |
[INFO] [stdout] 41 |     let p = Vector::new(F::new(0.3275911));
[INFO] [stdout]    |                                ^^^^^^^^^ help: explicitly specify the type as `f32`: `0.3275911_f32`
[INFO] [stdout]    |
[INFO] [stdout]    = warning: this was previously accepted by the compiler but is being phased out; it will become a hard error in a future release!
[INFO] [stdout]    = note: for more information, see issue #154024 <https://github.com/rust-lang/rust/issues/154024>
[INFO] [stdout] 
[INFO] [stdout] 
[INFO] [stdout] warning: falling back to `f32` as the trait bound `f32: From<f64>` is not satisfied
[INFO] [stdout]   --> src/dsl/frontend/polyfills.rs:42:33
[INFO] [stdout]    |
[INFO] [stdout] 42 |     let a1 = Vector::new(F::new(0.2548296));
[INFO] [stdout]    |                                 ^^^^^^^^^ help: explicitly specify the type as `f32`: `0.2548296_f32`
[INFO] [stdout]    |
[INFO] [stdout]    = warning: this was previously accepted by the compiler but is being phased out; it will become a hard error in a future release!
[INFO] [stdout]    = note: for more information, see issue #154024 <https://github.com/rust-lang/rust/issues/154024>
[INFO] [stdout] 
[INFO] [stdout] 
[INFO] [stdout] warning: falling back to `f32` as the trait bound `f32: From<f64>` is not satisfied
[INFO] [stdout]   --> src/dsl/frontend/polyfills.rs:43:34
[INFO] [stdout]    |
[INFO] [stdout] 43 |     let a2 = Vector::new(F::new(-0.28449674));
[INFO] [stdout]    |                                  ^^^^^^^^^^ help: explicitly specify the type as `f32`: `0.28449674_f32`
[INFO] [stdout]    |
[INFO] [stdout]    = warning: this was previously accepted by the compiler but is being phased out; it will become a hard error in a future release!
[INFO] [stdout]    = note: for more information, see issue #154024 <https://github.com/rust-lang/rust/issues/154024>
[INFO] [stdout] 
[INFO] [stdout] 
[INFO] [stdout] warning: falling back to `f32` as the trait bound `f32: From<f64>` is not satisfied
[INFO] [stdout]   --> src/dsl/frontend/polyfills.rs:44:33
[INFO] [stdout]    |
[INFO] [stdout] 44 |     let a3 = Vector::new(F::new(1.4214137));
[INFO] [stdout]    |                                 ^^^^^^^^^ help: explicitly specify the type as `f32`: `1.4214137_f32`
[INFO] [stdout]    |
[INFO] [stdout]    = warning: this was previously accepted by the compiler but is being phased out; it will become a hard error in a future release!
[INFO] [stdout]    = note: for more information, see issue #154024 <https://github.com/rust-lang/rust/issues/154024>
[INFO] [stdout] 
[INFO] [stdout] 
[INFO] [stdout] warning: falling back to `f32` as the trait bound `f32: From<f64>` is not satisfied
[INFO] [stdout]   --> src/dsl/frontend/polyfills.rs:45:34
[INFO] [stdout]    |
[INFO] [stdout] 45 |     let a4 = Vector::new(F::new(-1.453152));
[INFO] [stdout]    |                                  ^^^^^^^^ help: explicitly specify the type as `f32`: `1.453152_f32`
[INFO] [stdout]    |
[INFO] [stdout]    = warning: this was previously accepted by the compiler but is being phased out; it will become a hard error in a future release!
[INFO] [stdout]    = note: for more information, see issue #154024 <https://github.com/rust-lang/rust/issues/154024>
[INFO] [stdout] 
[INFO] [stdout] 
[INFO] [stdout] warning: falling back to `f32` as the trait bound `f32: From<f64>` is not satisfied
[INFO] [stdout]   --> src/dsl/frontend/polyfills.rs:46:33
[INFO] [stdout]    |
[INFO] [stdout] 46 |     let a5 = Vector::new(F::new(1.0614054));
[INFO] [stdout]    |                                 ^^^^^^^^^ help: explicitly specify the type as `f32`: `1.0614054_f32`
[INFO] [stdout]    |
[INFO] [stdout]    = warning: this was previously accepted by the compiler but is being phased out; it will become a hard error in a future release!
[INFO] [stdout]    = note: for more information, see issue #154024 <https://github.com/rust-lang/rust/issues/154024>
[INFO] [stdout] 
[INFO] [stdout] 
[INFO] [stdout] warning: falling back to `f32` as the trait bound `f32: From<f64>` is not satisfied
[INFO] [stdout]   --> src/dsl/frontend/polyfills.rs:47:34
[INFO] [stdout]    |
[INFO] [stdout] 47 |     let one = Vector::new(F::new(1.0));
[INFO] [stdout]    |                                  ^^^ help: explicitly specify the type as `f32`: `1.0_f32`
[INFO] [stdout]    |
[INFO] [stdout]    = warning: this was previously accepted by the compiler but is being phased out; it will become a hard error in a future release!
[INFO] [stdout]    = note: for more information, see issue #154024 <https://github.com/rust-lang/rust/issues/154024>
[INFO] [stdout] 
[INFO] [stdout] 
[INFO] [stderr]     Finished `dev` profile [unoptimized + debuginfo] target(s) in 49.90s
[INFO] running `Command { std: "docker" "inspect" "e5dc5b09d974dbb9ceb697a73c24519caac596d195c24e1ac3963901a446af5c", kill_on_drop: false }`
[INFO] running `Command { std: "docker" "exec" "-e" "SOURCE_DIR=/opt/rustwide/workdir" "-e" "CARGO_HOME=/opt/rustwide/cargo-home" "-e" "RUSTUP_HOME=/opt/rustwide/rustup-home" "-e" "CARGO_TARGET_DIR=/opt/rustwide/target" "-e" "CARGO_INCREMENTAL=0" "-e" "RUST_BACKTRACE=full" "-e" "RUSTFLAGS=--cap-lints=warn" "-e" "RUSTDOCFLAGS=--cap-lints=warn" "-w" "/opt/rustwide/workdir" "--user" "0:0" "e5dc5b09d974dbb9ceb697a73c24519caac596d195c24e1ac3963901a446af5c" "/opt/rustwide/cargo-home/bin/cargo" "+1.99.0-beta.8" "test" "--frozen" "--no-run" "--message-format=json", kill_on_drop: false }`
[INFO] [stderr]    Compiling regex-automata v0.4.18
[INFO] [stderr]    Compiling serde_json v1.0.151
[INFO] [stderr]    Compiling serde v1.0.229
[INFO] [stderr]    Compiling ahash v0.8.12
[INFO] [stderr]    Compiling target-triple v1.0.1
[INFO] [stderr]    Compiling tracing v0.1.44
[INFO] [stderr]    Compiling test-log-core v0.2.21
[INFO] [stderr]    Compiling thread_local v1.1.10
[INFO] [stderr]    Compiling yansi v1.0.1
[INFO] [stderr]    Compiling diff v0.1.13
[INFO] [stderr]    Compiling glob v0.3.4
[INFO] [stderr]    Compiling test-log-macros v0.2.21
[INFO] [stderr]    Compiling pretty_assertions v1.4.1
[INFO] [stderr]    Compiling smallvec v1.15.2
[INFO] [stderr]    Compiling half v2.7.1
[INFO] [stderr]    Compiling enumset v1.1.14
[INFO] [stderr]    Compiling portable-atomic v1.15.0
[INFO] [stderr]    Compiling parking_lot_core v0.9.12
[INFO] [stderr]    Compiling parking_lot v0.12.5
[INFO] [stderr]    Compiling trybuild v1.0.120
[INFO] [stderr]    Compiling float8 v0.7.0
[INFO] [stderr]    Compiling regex v1.13.1
[INFO] [stderr]    Compiling matchers v0.2.0
[INFO] [stderr]    Compiling tracing-subscriber v0.3.23
[INFO] [stderr]    Compiling sanitize-filename v0.6.0
[INFO] [stderr]    Compiling ruda-core v0.1.4
[INFO] [stderr]    Compiling test-log v0.2.21
[INFO] [stderr]    Compiling ruda-runtime v0.1.1
[INFO] [stderr]    Compiling ruda-kernel v0.1.7 (/opt/rustwide/workdir)
[INFO] [stdout] warning: use of deprecated constant `core::f32::MANTISSA_DIGITS`: replaced by the `MANTISSA_DIGITS` associated constant on `f32`
[INFO] [stdout]    --> src/dsl/frontend/element/typemap.rs:374:39
[INFO] [stdout]     |
[INFO] [stdout] 374 |     const MANTISSA_DIGITS: u32 = f32::MANTISSA_DIGITS;
[INFO] [stdout]     |                                       ^^^^^^^^^^^^^^^
[INFO] [stdout]     |
[INFO] [stdout]     = note: `#[warn(deprecated)]` on by default
[INFO] [stdout] 
[INFO] [stdout] 
[INFO] [stdout] warning: use of deprecated constant `core::f32::MAX_10_EXP`: replaced by the `MAX_10_EXP` associated constant on `f32`
[INFO] [stdout]    --> src/dsl/frontend/element/typemap.rs:377:34
[INFO] [stdout]     |
[INFO] [stdout] 377 |     const MAX_10_EXP: i32 = f32::MAX_10_EXP;
[INFO] [stdout]     |                                  ^^^^^^^^^^
[INFO] [stdout] 
[INFO] [stdout] 
[INFO] [stdout] warning: use of deprecated constant `core::f32::MAX_EXP`: replaced by the `MAX_EXP` associated constant on `f32`
[INFO] [stdout]    --> src/dsl/frontend/element/typemap.rs:379:31
[INFO] [stdout]     |
[INFO] [stdout] 379 |     const MAX_EXP: i32 = f32::MAX_EXP;
[INFO] [stdout]     |                               ^^^^^^^
[INFO] [stdout] 
[INFO] [stdout] 
[INFO] [stdout] warning: use of deprecated constant `core::f32::MIN_10_EXP`: replaced by the `MIN_10_EXP` associated constant on `f32`
[INFO] [stdout]    --> src/dsl/frontend/element/typemap.rs:382:34
[INFO] [stdout]     |
[INFO] [stdout] 382 |     const MIN_10_EXP: i32 = f32::MIN_10_EXP;
[INFO] [stdout]     |                                  ^^^^^^^^^^
[INFO] [stdout] 
[INFO] [stdout] 
[INFO] [stdout] warning: use of deprecated constant `core::f32::MIN_EXP`: replaced by the `MIN_EXP` associated constant on `f32`
[INFO] [stdout]    --> src/dsl/frontend/element/typemap.rs:385:31
[INFO] [stdout]     |
[INFO] [stdout] 385 |     const MIN_EXP: i32 = f32::MIN_EXP;
[INFO] [stdout]     |                               ^^^^^^^
[INFO] [stdout] 
[INFO] [stdout] 
[INFO] [stdout] warning: use of deprecated constant `core::f64::MANTISSA_DIGITS`: replaced by the `MANTISSA_DIGITS` associated constant on `f64`
[INFO] [stdout]   --> src/dsl/post_processing/predicate.rs:79:22
[INFO] [stdout]    |
[INFO] [stdout] 79 |                 f64::MANTISSA_DIGITS - 1,
[INFO] [stdout]    |                      ^^^^^^^^^^^^^^^
[INFO] [stdout] 
[INFO] [stdout] 
[INFO] [stdout] warning: use of deprecated constant `core::f32::MANTISSA_DIGITS`: replaced by the `MANTISSA_DIGITS` associated constant on `f32`
[INFO] [stdout]   --> src/dsl/post_processing/predicate.rs:84:22
[INFO] [stdout]    |
[INFO] [stdout] 84 |                 f32::MANTISSA_DIGITS - 1,
[INFO] [stdout]    |                      ^^^^^^^^^^^^^^^
[INFO] [stdout] 
[INFO] [stdout] 
[INFO] [stdout] warning: falling back to `f32` as the trait bound `f32: From<f64>` is not satisfied
[INFO] [stdout]   --> src/dsl/frontend/polyfills.rs:32:48
[INFO] [stdout]    |
[INFO] [stdout] 32 |     select_many(x.less_than(Vector::new(F::new(0.0))), -erf, erf)
[INFO] [stdout]    |                                                ^^^ help: explicitly specify the type as `f32`: `0.0_f32`
[INFO] [stdout]    |
[INFO] [stdout]    = warning: this was previously accepted by the compiler but is being phased out; it will become a hard error in a future release!
[INFO] [stdout]    = note: for more information, see issue #154024 <https://github.com/rust-lang/rust/issues/154024>
[INFO] [stdout]    = note: `#[warn(float_literal_f32_fallback)]` (part of `#[warn(future_incompatible)]`) on by default
[INFO] [stdout] 
[INFO] [stdout] 
[INFO] [stdout] warning: falling back to `f32` as the trait bound `f32: From<f64>` is not satisfied
[INFO] [stdout]   --> src/dsl/frontend/polyfills.rs:41:32
[INFO] [stdout]    |
[INFO] [stdout] 41 |     let p = Vector::new(F::new(0.3275911));
[INFO] [stdout]    |                                ^^^^^^^^^ help: explicitly specify the type as `f32`: `0.3275911_f32`
[INFO] [stdout]    |
[INFO] [stdout]    = warning: this was previously accepted by the compiler but is being phased out; it will become a hard error in a future release!
[INFO] [stdout]    = note: for more information, see issue #154024 <https://github.com/rust-lang/rust/issues/154024>
[INFO] [stdout] 
[INFO] [stdout] 
[INFO] [stdout] warning: falling back to `f32` as the trait bound `f32: From<f64>` is not satisfied
[INFO] [stdout]   --> src/dsl/frontend/polyfills.rs:42:33
[INFO] [stdout]    |
[INFO] [stdout] 42 |     let a1 = Vector::new(F::new(0.2548296));
[INFO] [stdout]    |                                 ^^^^^^^^^ help: explicitly specify the type as `f32`: `0.2548296_f32`
[INFO] [stdout]    |
[INFO] [stdout]    = warning: this was previously accepted by the compiler but is being phased out; it will become a hard error in a future release!
[INFO] [stdout]    = note: for more information, see issue #154024 <https://github.com/rust-lang/rust/issues/154024>
[INFO] [stdout] 
[INFO] [stdout] 
[INFO] [stdout] warning: falling back to `f32` as the trait bound `f32: From<f64>` is not satisfied
[INFO] [stdout]   --> src/dsl/frontend/polyfills.rs:43:34
[INFO] [stdout]    |
[INFO] [stdout] 43 |     let a2 = Vector::new(F::new(-0.28449674));
[INFO] [stdout]    |                                  ^^^^^^^^^^ help: explicitly specify the type as `f32`: `0.28449674_f32`
[INFO] [stdout]    |
[INFO] [stdout]    = warning: this was previously accepted by the compiler but is being phased out; it will become a hard error in a future release!
[INFO] [stdout]    = note: for more information, see issue #154024 <https://github.com/rust-lang/rust/issues/154024>
[INFO] [stdout] 
[INFO] [stdout] 
[INFO] [stdout] warning: falling back to `f32` as the trait bound `f32: From<f64>` is not satisfied
[INFO] [stdout]   --> src/dsl/frontend/polyfills.rs:44:33
[INFO] [stdout]    |
[INFO] [stdout] 44 |     let a3 = Vector::new(F::new(1.4214137));
[INFO] [stdout]    |                                 ^^^^^^^^^ help: explicitly specify the type as `f32`: `1.4214137_f32`
[INFO] [stdout]    |
[INFO] [stdout]    = warning: this was previously accepted by the compiler but is being phased out; it will become a hard error in a future release!
[INFO] [stdout]    = note: for more information, see issue #154024 <https://github.com/rust-lang/rust/issues/154024>
[INFO] [stdout] 
[INFO] [stdout] 
[INFO] [stdout] warning: falling back to `f32` as the trait bound `f32: From<f64>` is not satisfied
[INFO] [stdout]   --> src/dsl/frontend/polyfills.rs:45:34
[INFO] [stdout]    |
[INFO] [stdout] 45 |     let a4 = Vector::new(F::new(-1.453152));
[INFO] [stdout]    |                                  ^^^^^^^^ help: explicitly specify the type as `f32`: `1.453152_f32`
[INFO] [stdout]    |
[INFO] [stdout]    = warning: this was previously accepted by the compiler but is being phased out; it will become a hard error in a future release!
[INFO] [stdout]    = note: for more information, see issue #154024 <https://github.com/rust-lang/rust/issues/154024>
[INFO] [stdout] 
[INFO] [stdout] 
[INFO] [stdout] warning: falling back to `f32` as the trait bound `f32: From<f64>` is not satisfied
[INFO] [stdout]   --> src/dsl/frontend/polyfills.rs:46:33
[INFO] [stdout]    |
[INFO] [stdout] 46 |     let a5 = Vector::new(F::new(1.0614054));
[INFO] [stdout]    |                                 ^^^^^^^^^ help: explicitly specify the type as `f32`: `1.0614054_f32`
[INFO] [stdout]    |
[INFO] [stdout]    = warning: this was previously accepted by the compiler but is being phased out; it will become a hard error in a future release!
[INFO] [stdout]    = note: for more information, see issue #154024 <https://github.com/rust-lang/rust/issues/154024>
[INFO] [stdout] 
[INFO] [stdout] 
[INFO] [stdout] warning: falling back to `f32` as the trait bound `f32: From<f64>` is not satisfied
[INFO] [stdout]   --> src/dsl/frontend/polyfills.rs:47:34
[INFO] [stdout]    |
[INFO] [stdout] 47 |     let one = Vector::new(F::new(1.0));
[INFO] [stdout]    |                                  ^^^ help: explicitly specify the type as `f32`: `1.0_f32`
[INFO] [stdout]    |
[INFO] [stdout]    = warning: this was previously accepted by the compiler but is being phased out; it will become a hard error in a future release!
[INFO] [stdout]    = note: for more information, see issue #154024 <https://github.com/rust-lang/rust/issues/154024>
[INFO] [stdout] 
[INFO] [stdout] 
[INFO] [stdout] warning: use of deprecated constant `core::f32::MANTISSA_DIGITS`: replaced by the `MANTISSA_DIGITS` associated constant on `f32`
[INFO] [stdout]    --> src/dsl/frontend/element/typemap.rs:374:39
[INFO] [stdout]     |
[INFO] [stdout] 374 |     const MANTISSA_DIGITS: u32 = f32::MANTISSA_DIGITS;
[INFO] [stdout]     |                                       ^^^^^^^^^^^^^^^
[INFO] [stdout]     |
[INFO] [stdout]     = note: `#[warn(deprecated)]` on by default
[INFO] [stdout] 
[INFO] [stdout] 
[INFO] [stdout] warning: use of deprecated constant `core::f32::MAX_10_EXP`: replaced by the `MAX_10_EXP` associated constant on `f32`
[INFO] [stdout]    --> src/dsl/frontend/element/typemap.rs:377:34
[INFO] [stdout]     |
[INFO] [stdout] 377 |     const MAX_10_EXP: i32 = f32::MAX_10_EXP;
[INFO] [stdout]     |                                  ^^^^^^^^^^
[INFO] [stdout] 
[INFO] [stdout] 
[INFO] [stdout] warning: use of deprecated constant `core::f32::MAX_EXP`: replaced by the `MAX_EXP` associated constant on `f32`
[INFO] [stdout]    --> src/dsl/frontend/element/typemap.rs:379:31
[INFO] [stdout]     |
[INFO] [stdout] 379 |     const MAX_EXP: i32 = f32::MAX_EXP;
[INFO] [stdout]     |                               ^^^^^^^
[INFO] [stdout] 
[INFO] [stdout] 
[INFO] [stdout] warning: use of deprecated constant `core::f32::MIN_10_EXP`: replaced by the `MIN_10_EXP` associated constant on `f32`
[INFO] [stdout]    --> src/dsl/frontend/element/typemap.rs:382:34
[INFO] [stdout]     |
[INFO] [stdout] 382 |     const MIN_10_EXP: i32 = f32::MIN_10_EXP;
[INFO] [stdout]     |                                  ^^^^^^^^^^
[INFO] [stdout] 
[INFO] [stdout] 
[INFO] [stdout] warning: use of deprecated constant `core::f32::MIN_EXP`: replaced by the `MIN_EXP` associated constant on `f32`
[INFO] [stdout]    --> src/dsl/frontend/element/typemap.rs:385:31
[INFO] [stdout]     |
[INFO] [stdout] 385 |     const MIN_EXP: i32 = f32::MIN_EXP;
[INFO] [stdout]     |                               ^^^^^^^
[INFO] [stdout] 
[INFO] [stdout] 
[INFO] [stdout] warning: use of deprecated constant `core::f64::MANTISSA_DIGITS`: replaced by the `MANTISSA_DIGITS` associated constant on `f64`
[INFO] [stdout]   --> src/dsl/post_processing/predicate.rs:79:22
[INFO] [stdout]    |
[INFO] [stdout] 79 |                 f64::MANTISSA_DIGITS - 1,
[INFO] [stdout]    |                      ^^^^^^^^^^^^^^^
[INFO] [stdout] 
[INFO] [stdout] 
[INFO] [stdout] warning: use of deprecated constant `core::f32::MANTISSA_DIGITS`: replaced by the `MANTISSA_DIGITS` associated constant on `f32`
[INFO] [stdout]   --> src/dsl/post_processing/predicate.rs:84:22
[INFO] [stdout]    |
[INFO] [stdout] 84 |                 f32::MANTISSA_DIGITS - 1,
[INFO] [stdout]    |                      ^^^^^^^^^^^^^^^
[INFO] [stdout] 
[INFO] [stdout] 
[INFO] [stdout] warning: falling back to `f32` as the trait bound `f32: From<f64>` is not satisfied
[INFO] [stdout]   --> src/dsl/frontend/polyfills.rs:32:48
[INFO] [stdout]    |
[INFO] [stdout] 32 |     select_many(x.less_than(Vector::new(F::new(0.0))), -erf, erf)
[INFO] [stdout]    |                                                ^^^ help: explicitly specify the type as `f32`: `0.0_f32`
[INFO] [stdout]    |
[INFO] [stdout]    = warning: this was previously accepted by the compiler but is being phased out; it will become a hard error in a future release!
[INFO] [stdout]    = note: for more information, see issue #154024 <https://github.com/rust-lang/rust/issues/154024>
[INFO] [stdout]    = note: `#[warn(float_literal_f32_fallback)]` (part of `#[warn(future_incompatible)]`) on by default
[INFO] [stdout] 
[INFO] [stdout] 
[INFO] [stdout] warning: falling back to `f32` as the trait bound `f32: From<f64>` is not satisfied
[INFO] [stdout]   --> src/dsl/frontend/polyfills.rs:41:32
[INFO] [stdout]    |
[INFO] [stdout] 41 |     let p = Vector::new(F::new(0.3275911));
[INFO] [stdout]    |                                ^^^^^^^^^ help: explicitly specify the type as `f32`: `0.3275911_f32`
[INFO] [stdout]    |
[INFO] [stdout]    = warning: this was previously accepted by the compiler but is being phased out; it will become a hard error in a future release!
[INFO] [stdout]    = note: for more information, see issue #154024 <https://github.com/rust-lang/rust/issues/154024>
[INFO] [stdout] 
[INFO] [stdout] 
[INFO] [stdout] warning: falling back to `f32` as the trait bound `f32: From<f64>` is not satisfied
[INFO] [stdout]   --> src/dsl/frontend/polyfills.rs:42:33
[INFO] [stdout]    |
[INFO] [stdout] 42 |     let a1 = Vector::new(F::new(0.2548296));
[INFO] [stdout]    |                                 ^^^^^^^^^ help: explicitly specify the type as `f32`: `0.2548296_f32`
[INFO] [stdout]    |
[INFO] [stdout]    = warning: this was previously accepted by the compiler but is being phased out; it will become a hard error in a future release!
[INFO] [stdout]    = note: for more information, see issue #154024 <https://github.com/rust-lang/rust/issues/154024>
[INFO] [stdout] 
[INFO] [stdout] 
[INFO] [stdout] warning: falling back to `f32` as the trait bound `f32: From<f64>` is not satisfied
[INFO] [stdout]   --> src/dsl/frontend/polyfills.rs:43:34
[INFO] [stdout]    |
[INFO] [stdout] 43 |     let a2 = Vector::new(F::new(-0.28449674));
[INFO] [stdout]    |                                  ^^^^^^^^^^ help: explicitly specify the type as `f32`: `0.28449674_f32`
[INFO] [stdout]    |
[INFO] [stdout]    = warning: this was previously accepted by the compiler but is being phased out; it will become a hard error in a future release!
[INFO] [stdout]    = note: for more information, see issue #154024 <https://github.com/rust-lang/rust/issues/154024>
[INFO] [stdout] 
[INFO] [stdout] 
[INFO] [stdout] warning: falling back to `f32` as the trait bound `f32: From<f64>` is not satisfied
[INFO] [stdout]   --> src/dsl/frontend/polyfills.rs:44:33
[INFO] [stdout]    |
[INFO] [stdout] 44 |     let a3 = Vector::new(F::new(1.4214137));
[INFO] [stdout]    |                                 ^^^^^^^^^ help: explicitly specify the type as `f32`: `1.4214137_f32`
[INFO] [stdout]    |
[INFO] [stdout]    = warning: this was previously accepted by the compiler but is being phased out; it will become a hard error in a future release!
[INFO] [stdout]    = note: for more information, see issue #154024 <https://github.com/rust-lang/rust/issues/154024>
[INFO] [stdout] 
[INFO] [stdout] 
[INFO] [stdout] warning: falling back to `f32` as the trait bound `f32: From<f64>` is not satisfied
[INFO] [stdout]   --> src/dsl/frontend/polyfills.rs:45:34
[INFO] [stdout]    |
[INFO] [stdout] 45 |     let a4 = Vector::new(F::new(-1.453152));
[INFO] [stdout]    |                                  ^^^^^^^^ help: explicitly specify the type as `f32`: `1.453152_f32`
[INFO] [stdout]    |
[INFO] [stdout]    = warning: this was previously accepted by the compiler but is being phased out; it will become a hard error in a future release!
[INFO] [stdout]    = note: for more information, see issue #154024 <https://github.com/rust-lang/rust/issues/154024>
[INFO] [stdout] 
[INFO] [stdout] 
[INFO] [stdout] warning: falling back to `f32` as the trait bound `f32: From<f64>` is not satisfied
[INFO] [stdout]   --> src/dsl/frontend/polyfills.rs:46:33
[INFO] [stdout]    |
[INFO] [stdout] 46 |     let a5 = Vector::new(F::new(1.0614054));
[INFO] [stdout]    |                                 ^^^^^^^^^ help: explicitly specify the type as `f32`: `1.0614054_f32`
[INFO] [stdout]    |
[INFO] [stdout]    = warning: this was previously accepted by the compiler but is being phased out; it will become a hard error in a future release!
[INFO] [stdout]    = note: for more information, see issue #154024 <https://github.com/rust-lang/rust/issues/154024>
[INFO] [stdout] 
[INFO] [stdout] 
[INFO] [stdout] warning: falling back to `f32` as the trait bound `f32: From<f64>` is not satisfied
[INFO] [stdout]   --> src/dsl/frontend/polyfills.rs:47:34
[INFO] [stdout]    |
[INFO] [stdout] 47 |     let one = Vector::new(F::new(1.0));
[INFO] [stdout]    |                                  ^^^ help: explicitly specify the type as `f32`: `1.0_f32`
[INFO] [stdout]    |
[INFO] [stdout]    = warning: this was previously accepted by the compiler but is being phased out; it will become a hard error in a future release!
[INFO] [stdout]    = note: for more information, see issue #154024 <https://github.com/rust-lang/rust/issues/154024>
[INFO] [stdout] 
[INFO] [stdout] 
[INFO] [stderr]     Finished `test` profile [unoptimized + debuginfo] target(s) in 27.46s
[INFO] running `Command { std: "docker" "inspect" "e5dc5b09d974dbb9ceb697a73c24519caac596d195c24e1ac3963901a446af5c", kill_on_drop: false }`
[INFO] running `Command { std: "docker" "exec" "-e" "SOURCE_DIR=/opt/rustwide/workdir" "-e" "CARGO_HOME=/opt/rustwide/cargo-home" "-e" "RUSTUP_HOME=/opt/rustwide/rustup-home" "-e" "CARGO_TARGET_DIR=/opt/rustwide/target" "-e" "CARGO_INCREMENTAL=0" "-e" "RUST_BACKTRACE=full" "-e" "RUSTFLAGS=--cap-lints=warn" "-e" "RUSTDOCFLAGS=--cap-lints=warn" "-w" "/opt/rustwide/workdir" "--user" "0:0" "e5dc5b09d974dbb9ceb697a73c24519caac596d195c24e1ac3963901a446af5c" "/opt/rustwide/cargo-home/bin/cargo" "+1.99.0-beta.8" "test" "--frozen", kill_on_drop: false }`
[INFO] [stderr] warning: use of deprecated constant `core::f32::MANTISSA_DIGITS`: replaced by the `MANTISSA_DIGITS` associated constant on `f32`
[INFO] [stderr]    --> src/dsl/frontend/element/typemap.rs:374:39
[INFO] [stderr]     |
[INFO] [stderr] 374 |     const MANTISSA_DIGITS: u32 = f32::MANTISSA_DIGITS;
[INFO] [stderr]     |                                       ^^^^^^^^^^^^^^^
[INFO] [stderr]     |
[INFO] [stderr]     = note: `#[warn(deprecated)]` on by default
[INFO] [stderr] 
[INFO] [stderr] warning: use of deprecated constant `core::f32::MAX_10_EXP`: replaced by the `MAX_10_EXP` associated constant on `f32`
[INFO] [stderr]    --> src/dsl/frontend/element/typemap.rs:377:34
[INFO] [stderr]     |
[INFO] [stderr] 377 |     const MAX_10_EXP: i32 = f32::MAX_10_EXP;
[INFO] [stderr]     |                                  ^^^^^^^^^^
[INFO] [stderr] 
[INFO] [stderr] warning: use of deprecated constant `core::f32::MAX_EXP`: replaced by the `MAX_EXP` associated constant on `f32`
[INFO] [stderr]    --> src/dsl/frontend/element/typemap.rs:379:31
[INFO] [stderr]     |
[INFO] [stderr] 379 |     const MAX_EXP: i32 = f32::MAX_EXP;
[INFO] [stderr]     |                               ^^^^^^^
[INFO] [stderr] 
[INFO] [stderr] warning: use of deprecated constant `core::f32::MIN_10_EXP`: replaced by the `MIN_10_EXP` associated constant on `f32`
[INFO] [stderr]    --> src/dsl/frontend/element/typemap.rs:382:34
[INFO] [stderr]     |
[INFO] [stderr] 382 |     const MIN_10_EXP: i32 = f32::MIN_10_EXP;
[INFO] [stderr]     |                                  ^^^^^^^^^^
[INFO] [stderr] 
[INFO] [stderr] warning: use of deprecated constant `core::f32::MIN_EXP`: replaced by the `MIN_EXP` associated constant on `f32`
[INFO] [stderr]    --> src/dsl/frontend/element/typemap.rs:385:31
[INFO] [stderr]     |
[INFO] [stderr] 385 |     const MIN_EXP: i32 = f32::MIN_EXP;
[INFO] [stderr]     |                               ^^^^^^^
[INFO] [stderr] 
[INFO] [stderr] warning: use of deprecated constant `core::f64::MANTISSA_DIGITS`: replaced by the `MANTISSA_DIGITS` associated constant on `f64`
[INFO] [stderr]   --> src/dsl/post_processing/predicate.rs:79:22
[INFO] [stderr]    |
[INFO] [stderr] 79 |                 f64::MANTISSA_DIGITS - 1,
[INFO] [stderr]    |                      ^^^^^^^^^^^^^^^
[INFO] [stderr] 
[INFO] [stderr] warning: use of deprecated constant `core::f32::MANTISSA_DIGITS`: replaced by the `MANTISSA_DIGITS` associated constant on `f32`
[INFO] [stderr]   --> src/dsl/post_processing/predicate.rs:84:22
[INFO] [stderr]    |
[INFO] [stderr] 84 |                 f32::MANTISSA_DIGITS - 1,
[INFO] [stderr]    |                      ^^^^^^^^^^^^^^^
[INFO] [stderr] 
[INFO] [stderr] warning: falling back to `f32` as the trait bound `f32: From<f64>` is not satisfied
[INFO] [stderr]   --> src/dsl/frontend/polyfills.rs:32:48
[INFO] [stderr]    |
[INFO] [stderr] 32 |     select_many(x.less_than(Vector::new(F::new(0.0))), -erf, erf)
[INFO] [stderr]    |                                                ^^^ help: explicitly specify the type as `f32`: `0.0_f32`
[INFO] [stderr]    |
[INFO] [stderr]    = warning: this was previously accepted by the compiler but is being phased out; it will become a hard error in a future release!
[INFO] [stderr]    = note: for more information, see issue #154024 <https://github.com/rust-lang/rust/issues/154024>
[INFO] [stderr]    = note: `#[warn(float_literal_f32_fallback)]` (part of `#[warn(future_incompatible)]`) on by default
[INFO] [stderr] 
[INFO] [stderr] warning: falling back to `f32` as the trait bound `f32: From<f64>` is not satisfied
[INFO] [stderr]   --> src/dsl/frontend/polyfills.rs:41:32
[INFO] [stderr]    |
[INFO] [stderr] 41 |     let p = Vector::new(F::new(0.3275911));
[INFO] [stderr]    |                                ^^^^^^^^^ help: explicitly specify the type as `f32`: `0.3275911_f32`
[INFO] [stderr]    |
[INFO] [stderr]    = warning: this was previously accepted by the compiler but is being phased out; it will become a hard error in a future release!
[INFO] [stderr]    = note: for more information, see issue #154024 <https://github.com/rust-lang/rust/issues/154024>
[INFO] [stderr] 
[INFO] [stderr] warning: falling back to `f32` as the trait bound `f32: From<f64>` is not satisfied
[INFO] [stderr]   --> src/dsl/frontend/polyfills.rs:42:33
[INFO] [stderr]    |
[INFO] [stderr] 42 |     let a1 = Vector::new(F::new(0.2548296));
[INFO] [stderr]    |                                 ^^^^^^^^^ help: explicitly specify the type as `f32`: `0.2548296_f32`
[INFO] [stderr]    |
[INFO] [stderr]    = warning: this was previously accepted by the compiler but is being phased out; it will become a hard error in a future release!
[INFO] [stderr]    = note: for more information, see issue #154024 <https://github.com/rust-lang/rust/issues/154024>
[INFO] [stderr] 
[INFO] [stderr] warning: falling back to `f32` as the trait bound `f32: From<f64>` is not satisfied
[INFO] [stderr]   --> src/dsl/frontend/polyfills.rs:43:34
[INFO] [stderr]    |
[INFO] [stderr] 43 |     let a2 = Vector::new(F::new(-0.28449674));
[INFO] [stderr]    |                                  ^^^^^^^^^^ help: explicitly specify the type as `f32`: `0.28449674_f32`
[INFO] [stderr]    |
[INFO] [stderr]    = warning: this was previously accepted by the compiler but is being phased out; it will become a hard error in a future release!
[INFO] [stderr]    = note: for more information, see issue #154024 <https://github.com/rust-lang/rust/issues/154024>
[INFO] [stderr] 
[INFO] [stderr] warning: falling back to `f32` as the trait bound `f32: From<f64>` is not satisfied
[INFO] [stderr]   --> src/dsl/frontend/polyfills.rs:44:33
[INFO] [stderr]    |
[INFO] [stderr] 44 |     let a3 = Vector::new(F::new(1.4214137));
[INFO] [stderr]    |                                 ^^^^^^^^^ help: explicitly specify the type as `f32`: `1.4214137_f32`
[INFO] [stderr]    |
[INFO] [stderr]    = warning: this was previously accepted by the compiler but is being phased out; it will become a hard error in a future release!
[INFO] [stderr]    = note: for more information, see issue #154024 <https://github.com/rust-lang/rust/issues/154024>
[INFO] [stderr] 
[INFO] [stderr] warning: falling back to `f32` as the trait bound `f32: From<f64>` is not satisfied
[INFO] [stderr]   --> src/dsl/frontend/polyfills.rs:45:34
[INFO] [stderr]    |
[INFO] [stderr] 45 |     let a4 = Vector::new(F::new(-1.453152));
[INFO] [stderr]    |                                  ^^^^^^^^ help: explicitly specify the type as `f32`: `1.453152_f32`
[INFO] [stderr]    |
[INFO] [stderr]    = warning: this was previously accepted by the compiler but is being phased out; it will become a hard error in a future release!
[INFO] [stderr]    = note: for more information, see issue #154024 <https://github.com/rust-lang/rust/issues/154024>
[INFO] [stderr] 
[INFO] [stderr] warning: falling back to `f32` as the trait bound `f32: From<f64>` is not satisfied
[INFO] [stderr]   --> src/dsl/frontend/polyfills.rs:46:33
[INFO] [stderr]    |
[INFO] [stderr] 46 |     let a5 = Vector::new(F::new(1.0614054));
[INFO] [stderr]    |                                 ^^^^^^^^^ help: explicitly specify the type as `f32`: `1.0614054_f32`
[INFO] [stderr]    |
[INFO] [stderr]    = warning: this was previously accepted by the compiler but is being phased out; it will become a hard error in a future release!
[INFO] [stderr]    = note: for more information, see issue #154024 <https://github.com/rust-lang/rust/issues/154024>
[INFO] [stderr] 
[INFO] [stderr] warning: falling back to `f32` as the trait bound `f32: From<f64>` is not satisfied
[INFO] [stderr]   --> src/dsl/frontend/polyfills.rs:47:34
[INFO] [stderr]    |
[INFO] [stderr] 47 |     let one = Vector::new(F::new(1.0));
[INFO] [stderr]    |                                  ^^^ help: explicitly specify the type as `f32`: `1.0_f32`
[INFO] [stderr]    |
[INFO] [stderr]    = warning: this was previously accepted by the compiler but is being phased out; it will become a hard error in a future release!
[INFO] [stderr]    = note: for more information, see issue #154024 <https://github.com/rust-lang/rust/issues/154024>
[INFO] [stderr] 
[INFO] [stderr] warning: `ruda-kernel` (lib) generated 15 warnings (run `cargo fix --lib -p ruda-kernel` to apply 8 suggestions)
[INFO] [stderr] warning: `ruda-kernel` (lib test) generated 15 warnings (15 duplicates)
[INFO] [stderr]     Finished `test` profile [unoptimized + debuginfo] target(s) in 0.19s
[INFO] [stderr]      Running unittests src/lib.rs (/opt/rustwide/target/debug/deps/ruda_kernel-39101e138ac7d193)
[INFO] [stdout] 
[INFO] [stdout] running 5 tests
[INFO] [stdout] test dsl::tests::parallel_broadcast_dim_ignored ... ok
[INFO] [stdout] test dsl::tests::parallel_contiguous_picks_max_vector_size ... ok
[INFO] [stdout] test dsl::tests::parallel_axis_stride_not_one_is_error ... ok
[INFO] [stdout] test dsl::tests::parallel_unfold_step_two_allows_vectorization ... ok
[INFO] [stdout] test dsl::tests::parallel_unfold_step_one_rejects_vectorization ... ok
[INFO] [stdout] 
[INFO] [stdout] test result: ok. 5 passed; 0 failed; 0 ignored; 0 measured; 0 filtered out; finished in 0.00s
[INFO] [stdout] 
[INFO] [stderr]      Running tests/frontend/mod.rs (/opt/rustwide/target/debug/deps/frontend-ca1eb1bcea64c1a2)
[INFO] [stdout] 
[INFO] [stdout] running 1 test
[INFO] [stderr]    Compiling proc-macro2 v1.0.107
[INFO] [stderr]    Compiling quote v1.0.47
[INFO] [stderr]    Compiling serde_core v1.0.229
[INFO] [stderr]    Compiling libm v0.2.16
[INFO] [stderr]    Compiling autocfg v1.5.1
[INFO] [stderr]    Compiling zerocopy v0.8.56
[INFO] [stderr]    Compiling ident_case v1.0.1
[INFO] [stderr]    Compiling libc v0.2.189
[INFO] [stderr]    Compiling serde v1.0.229
[INFO] [stderr]    Compiling cfg_aliases v0.2.2
[INFO] [stderr]     Checking regex-syntax v0.8.11
[INFO] [stderr]    Compiling unicode-segmentation v1.13.3
[INFO] [stderr]    Compiling fnv v1.0.7
[INFO] [stderr]    Compiling strsim v0.11.1
[INFO] [stderr]     Checking once_cell v1.21.4
[INFO] [stderr]     Checking memchr v2.8.3
[INFO] [stderr]    Compiling unicode-xid v0.2.6
[INFO] [stderr]    Compiling equivalent v1.0.2
[INFO] [stderr]     Checking parking v2.2.1
[INFO] [stderr]    Compiling object v0.37.3
[INFO] [stderr]    Compiling zmij v1.0.23
[INFO] [stderr]    Compiling version_check v0.9.5
[INFO] [stderr]    Compiling cfg-if v1.0.4
[INFO] [stderr]    Compiling getrandom v0.4.3
[INFO] [stderr]     Checking rand_core v0.10.1
[INFO] [stderr]    Compiling crossbeam-utils v0.8.22
[INFO] [stderr]    Compiling thiserror v2.0.20
[INFO] [stderr]    Compiling serde_json v1.0.151
[INFO] [stderr]    Compiling num-traits v0.2.19
[INFO] [stderr]     Checking adler2 v2.0.1
[INFO] [stderr]    Compiling convert_case v0.10.0
[INFO] [stderr]    Compiling hashbrown v0.17.1
[INFO] [stderr]    Compiling prettyplease v0.2.37
[INFO] [stderr]    Compiling winnow v1.0.4
[INFO] [stderr]    Compiling portable-atomic v1.15.0
[INFO] [stderr]    Compiling cpufeatures v0.3.1
[INFO] [stderr]    Compiling ahash v0.8.12
[INFO] [stderr]    Compiling syn v2.0.119
[INFO] [stderr]    Compiling syn v3.0.4
[INFO] [stderr]    Compiling scopeguard v1.2.0
[INFO] [stderr]     Checking gimli v0.32.3
[INFO] [stderr]     Checking futures-core v0.3.34
[INFO] [stderr]     Checking option-ext v0.2.0
[INFO] [stderr]     Checking chacha20 v0.10.2
[INFO] [stderr]    Compiling lock_api v0.4.14
[INFO] [stderr]     Checking toml_parser v1.1.3+spec-1.1.0
[INFO] [stderr]    Compiling nom v8.0.0
[INFO] [stderr]    Compiling indexmap v2.14.1
[INFO] [stderr]     Checking regex-automata v0.4.18
[INFO] [stderr]     Checking miniz_oxide v0.8.9
[INFO] [stderr]     Checking event-listener v5.4.2
[INFO] [stderr]    Compiling ruda-core v0.1.4
[INFO] [stderr]     Checking allocator-api2 v0.2.21
[INFO] [stderr]     Checking itoa v1.0.18
[INFO] [stderr]     Checking rustc-demangle v0.1.28
[INFO] [stderr]     Checking dirs-sys v0.5.0
[INFO] [stderr]    Compiling toml_datetime v1.1.1+spec-1.1.0
[INFO] [stderr]     Checking foldhash v0.2.0
[INFO] [stderr]     Checking fastrand v2.5.0
[INFO] [stderr]     Checking serde_spanned v1.1.1
[INFO] [stderr]     Checking toml_writer v1.1.2+spec-1.1.0
[INFO] [stderr]     Checking futures-io v0.3.34
[INFO] [stderr]     Checking hashbrown v0.16.1
[INFO] [stderr]     Checking serde_bytes v0.11.19
[INFO] [stderr]     Checking futures-lite v2.6.1
[INFO] [stderr]     Checking rand v0.10.2
[INFO] [stderr]     Checking toml v1.1.4+spec-1.1.0
[INFO] [stderr]     Checking dirs v6.0.0
[INFO] [stderr]    Compiling toml_edit v0.25.13+spec-1.1.0
[INFO] [stderr]     Checking event-listener-strategy v0.5.4
[INFO] [stderr]     Checking concurrent-queue v2.5.0
[INFO] [stderr]     Checking addr2line v0.25.1
[INFO] [stderr]    Compiling spin v0.10.1
[INFO] [stderr]     Checking tracing-core v0.1.36
[INFO] [stderr]    Compiling ruda-runtime v0.1.1
[INFO] [stderr]    Compiling ruda-kernel-macros v0.1.5
[INFO] [stderr]    Compiling paste v1.0.15
[INFO] [stderr]     Checking oneshot v0.2.1
[INFO] [stderr]     Checking float-ord v0.3.2
[INFO] [stderr]     Checking lazy_static v1.5.0
[INFO] [stderr]     Checking float4 v0.2.0
[INFO] [stderr]     Checking web-time v1.1.0
[INFO] [stderr]     Checking embassy-futures v0.1.2
[INFO] [stderr]     Checking xxhash-rust v0.8.18
[INFO] [stderr]     Checking log v0.4.34
[INFO] [stderr]     Checking sharded-slab v0.1.7
[INFO] [stderr]    Compiling proc-macro-crate v3.5.0
[INFO] [stderr]     Checking tracing v0.1.44
[INFO] [stderr]     Checking async-channel v2.5.0
[INFO] [stderr]     Checking thread_local v1.1.10
[INFO] [stderr]     Checking md5 v0.8.1
[INFO] [stderr]    Compiling inflections v1.1.1
[INFO] [stderr]     Checking bitflags v2.13.1
[INFO] [stderr]     Checking yansi v1.0.1
[INFO] [stderr]     Checking diff v0.1.13
[INFO] [stderr]     Checking regex v1.13.1
[INFO] [stderr]     Checking matchers v0.2.0
[INFO] [stderr]     Checking pretty_assertions v1.4.1
[INFO] [stderr]     Checking tracing-subscriber v0.3.23
[INFO] [stderr]     Checking sanitize-filename v0.6.0
[INFO] [stderr]    Compiling tynm v0.2.0
[INFO] [stderr]    Compiling serde_derive v1.0.229
[INFO] [stderr]    Compiling bytemuck_derive v1.12.0
[INFO] [stderr]    Compiling thiserror-impl v2.0.20
[INFO] [stderr]     Checking bytemuck v1.25.2
[INFO] [stderr]    Compiling darling_core v0.21.3
[INFO] [stderr]    Compiling darling_core v0.23.0
[INFO] [stderr]    Compiling test-log-core v0.2.21
[INFO] [stderr]     Checking backtrace v0.3.76
[INFO] [stderr]    Compiling zerocopy-derive v0.8.56
[INFO] [stderr]    Compiling derive_more-impl v2.1.1
[INFO] [stderr]    Compiling derive-new v0.7.0
[INFO] [stderr]    Compiling variadics_please v1.1.0
[INFO] [stderr]    Compiling test-log-macros v0.2.21
[INFO] [stderr]     Checking test-log v0.2.21
[INFO] [stderr]     Checking smallvec v1.15.2
[INFO] [stderr]     Checking parking_lot_core v0.9.12
[INFO] [stderr]     Checking parking_lot v0.12.5
[INFO] [stderr]    Compiling darling_macro v0.21.3
[INFO] [stderr]    Compiling darling v0.21.3
[INFO] [stderr]    Compiling enumset_derive v0.15.0
[INFO] [stderr]    Compiling darling_macro v0.23.0
[INFO] [stderr]    Compiling darling v0.23.0
[INFO] [stderr]    Compiling ruda-ir-macros v0.1.2
[INFO] [stderr]     Checking enumset v1.1.14
[INFO] [stderr]     Checking derive_more v2.1.1
[INFO] [stderr]    Compiling half v2.7.1
[INFO] [stderr]     Checking float8 v0.7.0
[INFO] [stdout] test compile_fail_tests has been running for over 60 seconds
[INFO] [stderr]     Checking ruda-kernel v0.1.7 (/opt/rustwide/workdir)
[INFO] [stderr] warning: use of deprecated constant `core::f32::MANTISSA_DIGITS`: replaced by the `MANTISSA_DIGITS` associated constant on `f32`
[INFO] [stderr]    --> /opt/rustwide/workdir/src/dsl/frontend/element/typemap.rs:374:39
[INFO] [stderr]     |
[INFO] [stderr] 374 |     const MANTISSA_DIGITS: u32 = f32::MANTISSA_DIGITS;
[INFO] [stderr]     |                                       ^^^^^^^^^^^^^^^
[INFO] [stderr]     |
[INFO] [stderr]     = note: `#[warn(deprecated)]` on by default
[INFO] [stderr] 
[INFO] [stderr] warning: use of deprecated constant `core::f32::MAX_10_EXP`: replaced by the `MAX_10_EXP` associated constant on `f32`
[INFO] [stderr]    --> /opt/rustwide/workdir/src/dsl/frontend/element/typemap.rs:377:34
[INFO] [stderr]     |
[INFO] [stderr] 377 |     const MAX_10_EXP: i32 = f32::MAX_10_EXP;
[INFO] [stderr]     |                                  ^^^^^^^^^^
[INFO] [stderr] 
[INFO] [stderr] warning: use of deprecated constant `core::f32::MAX_EXP`: replaced by the `MAX_EXP` associated constant on `f32`
[INFO] [stderr]    --> /opt/rustwide/workdir/src/dsl/frontend/element/typemap.rs:379:31
[INFO] [stderr]     |
[INFO] [stderr] 379 |     const MAX_EXP: i32 = f32::MAX_EXP;
[INFO] [stderr]     |                               ^^^^^^^
[INFO] [stderr] 
[INFO] [stderr] warning: use of deprecated constant `core::f32::MIN_10_EXP`: replaced by the `MIN_10_EXP` associated constant on `f32`
[INFO] [stderr]    --> /opt/rustwide/workdir/src/dsl/frontend/element/typemap.rs:382:34
[INFO] [stderr]     |
[INFO] [stderr] 382 |     const MIN_10_EXP: i32 = f32::MIN_10_EXP;
[INFO] [stderr]     |                                  ^^^^^^^^^^
[INFO] [stderr] 
[INFO] [stderr] warning: use of deprecated constant `core::f32::MIN_EXP`: replaced by the `MIN_EXP` associated constant on `f32`
[INFO] [stderr]    --> /opt/rustwide/workdir/src/dsl/frontend/element/typemap.rs:385:31
[INFO] [stderr]     |
[INFO] [stderr] 385 |     const MIN_EXP: i32 = f32::MIN_EXP;
[INFO] [stderr]     |                               ^^^^^^^
[INFO] [stderr] 
[INFO] [stderr] warning: use of deprecated constant `core::f64::MANTISSA_DIGITS`: replaced by the `MANTISSA_DIGITS` associated constant on `f64`
[INFO] [stderr]   --> /opt/rustwide/workdir/src/dsl/post_processing/predicate.rs:79:22
[INFO] [stderr]    |
[INFO] [stderr] 79 |                 f64::MANTISSA_DIGITS - 1,
[INFO] [stderr]    |                      ^^^^^^^^^^^^^^^
[INFO] [stderr] 
[INFO] [stderr] warning: use of deprecated constant `core::f32::MANTISSA_DIGITS`: replaced by the `MANTISSA_DIGITS` associated constant on `f32`
[INFO] [stderr]   --> /opt/rustwide/workdir/src/dsl/post_processing/predicate.rs:84:22
[INFO] [stderr]    |
[INFO] [stderr] 84 |                 f32::MANTISSA_DIGITS - 1,
[INFO] [stderr]    |                      ^^^^^^^^^^^^^^^
[INFO] [stderr] 
[INFO] [stderr] warning: falling back to `f32` as the trait bound `f32: From<f64>` is not satisfied
[INFO] [stderr]   --> /opt/rustwide/workdir/src/dsl/frontend/polyfills.rs:32:48
[INFO] [stderr]    |
[INFO] [stderr] 32 |     select_many(x.less_than(Vector::new(F::new(0.0))), -erf, erf)
[INFO] [stderr]    |                                                ^^^ help: explicitly specify the type as `f32`: `0.0_f32`
[INFO] [stderr]    |
[INFO] [stderr]    = warning: this was previously accepted by the compiler but is being phased out; it will become a hard error in a future release!
[INFO] [stderr]    = note: for more information, see issue #154024 <https://github.com/rust-lang/rust/issues/154024>
[INFO] [stderr]    = note: `#[warn(float_literal_f32_fallback)]` (part of `#[warn(future_incompatible)]`) on by default
[INFO] [stderr] 
[INFO] [stderr] warning: falling back to `f32` as the trait bound `f32: From<f64>` is not satisfied
[INFO] [stderr]   --> /opt/rustwide/workdir/src/dsl/frontend/polyfills.rs:41:32
[INFO] [stderr]    |
[INFO] [stderr] 41 |     let p = Vector::new(F::new(0.3275911));
[INFO] [stderr]    |                                ^^^^^^^^^ help: explicitly specify the type as `f32`: `0.3275911_f32`
[INFO] [stderr]    |
[INFO] [stderr]    = warning: this was previously accepted by the compiler but is being phased out; it will become a hard error in a future release!
[INFO] [stderr]    = note: for more information, see issue #154024 <https://github.com/rust-lang/rust/issues/154024>
[INFO] [stderr] 
[INFO] [stderr] warning: falling back to `f32` as the trait bound `f32: From<f64>` is not satisfied
[INFO] [stderr]   --> /opt/rustwide/workdir/src/dsl/frontend/polyfills.rs:42:33
[INFO] [stderr]    |
[INFO] [stderr] 42 |     let a1 = Vector::new(F::new(0.2548296));
[INFO] [stderr]    |                                 ^^^^^^^^^ help: explicitly specify the type as `f32`: `0.2548296_f32`
[INFO] [stderr]    |
[INFO] [stderr]    = warning: this was previously accepted by the compiler but is being phased out; it will become a hard error in a future release!
[INFO] [stderr]    = note: for more information, see issue #154024 <https://github.com/rust-lang/rust/issues/154024>
[INFO] [stderr] 
[INFO] [stderr] warning: falling back to `f32` as the trait bound `f32: From<f64>` is not satisfied
[INFO] [stderr]   --> /opt/rustwide/workdir/src/dsl/frontend/polyfills.rs:43:34
[INFO] [stderr]    |
[INFO] [stderr] 43 |     let a2 = Vector::new(F::new(-0.28449674));
[INFO] [stderr]    |                                  ^^^^^^^^^^ help: explicitly specify the type as `f32`: `0.28449674_f32`
[INFO] [stderr]    |
[INFO] [stderr]    = warning: this was previously accepted by the compiler but is being phased out; it will become a hard error in a future release!
[INFO] [stderr]    = note: for more information, see issue #154024 <https://github.com/rust-lang/rust/issues/154024>
[INFO] [stderr] 
[INFO] [stderr] warning: falling back to `f32` as the trait bound `f32: From<f64>` is not satisfied
[INFO] [stderr]   --> /opt/rustwide/workdir/src/dsl/frontend/polyfills.rs:44:33
[INFO] [stderr]    |
[INFO] [stderr] 44 |     let a3 = Vector::new(F::new(1.4214137));
[INFO] [stderr]    |                                 ^^^^^^^^^ help: explicitly specify the type as `f32`: `1.4214137_f32`
[INFO] [stderr]    |
[INFO] [stderr]    = warning: this was previously accepted by the compiler but is being phased out; it will become a hard error in a future release!
[INFO] [stderr]    = note: for more information, see issue #154024 <https://github.com/rust-lang/rust/issues/154024>
[INFO] [stderr] 
[INFO] [stderr] warning: falling back to `f32` as the trait bound `f32: From<f64>` is not satisfied
[INFO] [stderr]   --> /opt/rustwide/workdir/src/dsl/frontend/polyfills.rs:45:34
[INFO] [stderr]    |
[INFO] [stderr] 45 |     let a4 = Vector::new(F::new(-1.453152));
[INFO] [stderr]    |                                  ^^^^^^^^ help: explicitly specify the type as `f32`: `1.453152_f32`
[INFO] [stderr]    |
[INFO] [stderr]    = warning: this was previously accepted by the compiler but is being phased out; it will become a hard error in a future release!
[INFO] [stderr]    = note: for more information, see issue #154024 <https://github.com/rust-lang/rust/issues/154024>
[INFO] [stderr] 
[INFO] [stderr] warning: falling back to `f32` as the trait bound `f32: From<f64>` is not satisfied
[INFO] [stderr]   --> /opt/rustwide/workdir/src/dsl/frontend/polyfills.rs:46:33
[INFO] [stderr]    |
[INFO] [stderr] 46 |     let a5 = Vector::new(F::new(1.0614054));
[INFO] [stderr]    |                                 ^^^^^^^^^ help: explicitly specify the type as `f32`: `1.0614054_f32`
[INFO] [stderr]    |
[INFO] [stderr]    = warning: this was previously accepted by the compiler but is being phased out; it will become a hard error in a future release!
[INFO] [stderr]    = note: for more information, see issue #154024 <https://github.com/rust-lang/rust/issues/154024>
[INFO] [stderr] 
[INFO] [stderr] warning: falling back to `f32` as the trait bound `f32: From<f64>` is not satisfied
[INFO] [stderr]   --> /opt/rustwide/workdir/src/dsl/frontend/polyfills.rs:47:34
[INFO] [stderr]    |
[INFO] [stderr] 47 |     let one = Vector::new(F::new(1.0));
[INFO] [stderr]    |                                  ^^^ help: explicitly specify the type as `f32`: `1.0_f32`
[INFO] [stderr]    |
[INFO] [stderr]    = warning: this was previously accepted by the compiler but is being phased out; it will become a hard error in a future release!
[INFO] [stderr]    = note: for more information, see issue #154024 <https://github.com/rust-lang/rust/issues/154024>
[INFO] [stderr] 
[INFO] [stderr] warning: `ruda-kernel` (lib) generated 15 warnings (run `cargo fix --lib -p ruda-kernel` to apply 8 suggestions)
[INFO] [stderr]     Checking ruda-kernel-tests v0.0.0 (/opt/rustwide/target/tests/trybuild/ruda-kernel)
[INFO] [stderr]     Finished `dev` profile [unoptimized + debuginfo] target(s) in 1m 04s
[INFO] [stderr] 
[INFO] [stderr] 
[INFO] [stderr] test tests/frontend/error/array_variable.rs ... mismatch
[INFO] [stderr] 
[INFO] [stderr] EXPECTED:
[INFO] [stderr] ┈┈┈┈┈┈┈┈┈┈┈┈┈┈┈┈┈┈┈┈┈┈┈┈┈┈┈┈┈┈┈┈┈┈┈┈┈┈┈┈┈┈┈┈┈┈┈┈┈┈┈┈┈┈┈┈┈┈┈┈
[INFO] [stderr] error: Array expressions can't be used at runtime
[INFO] [stderr]  --> tests/frontend/error/array_variable.rs:6:18
[INFO] [stderr]   |
[INFO] [stderr] 6 |     let _array = [x, y];
[INFO] [stderr]   |                  ^^^^^^
[INFO] [stderr] ┈┈┈┈┈┈┈┈┈┈┈┈┈┈┈┈┈┈┈┈┈┈┈┈┈┈┈┈┈┈┈┈┈┈┈┈┈┈┈┈┈┈┈┈┈┈┈┈┈┈┈┈┈┈┈┈┈┈┈┈
[INFO] [stderr] 
[INFO] [stderr] ACTUAL OUTPUT:
[INFO] [stderr] ┈┈┈┈┈┈┈┈┈┈┈┈┈┈┈┈┈┈┈┈┈┈┈┈┈┈┈┈┈┈┈┈┈┈┈┈┈┈┈┈┈┈┈┈┈┈┈┈┈┈┈┈┈┈┈┈┈┈┈┈
[INFO] [stderr] error: Array expressions can't be used at runtime
[INFO] [stderr]  --> tests/frontend/error/array_variable.rs:6:18
[INFO] [stderr]   |
[INFO] [stderr] 6 |     let _array = [x, y];
[INFO] [stderr]   |                  ^^^^^^
[INFO] [stderr] 
[INFO] [stderr] warning: unused import: `ruda_kernel::dsl as kernel_dsl`
[INFO] [stderr]  --> tests/frontend/error/array_variable.rs:2:5
[INFO] [stderr]   |
[INFO] [stderr] 2 | use ruda_kernel::dsl as kernel_dsl;
[INFO] [stderr]   |     ^^^^^^^^^^^^^^^^^^^^^^^^^^^^^^
[INFO] [stderr]   |
[INFO] [stderr]   = note: `#[warn(unused_imports)]` (part of `#[warn(unused)]`) on by default
[INFO] [stderr] ┈┈┈┈┈┈┈┈┈┈┈┈┈┈┈┈┈┈┈┈┈┈┈┈┈┈┈┈┈┈┈┈┈┈┈┈┈┈┈┈┈┈┈┈┈┈┈┈┈┈┈┈┈┈┈┈┈┈┈┈
[INFO] [stderr] note: If the actual output is the correct output you can bless it by rerunning
[INFO] [stderr]       your test with the environment variable TRYBUILD=overwrite
[INFO] [stderr] 
[INFO] [stderr] 
[INFO] [stderr] 
[INFO] [stdout] test compile_fail_tests ... FAILED
[INFO] [stdout] 
[INFO] [stdout] failures:
[INFO] [stdout] 
[INFO] [stdout] ---- compile_fail_tests stdout ----
[INFO] [stdout] 
[INFO] [stdout] thread 'compile_fail_tests' (1892) panicked at /opt/rustwide/cargo-home/registry/src/index.crates.io-1949cf8c6b5b557f/trybuild-1.0.120/src/run.rs:103:13:
[INFO] [stdout] 1 of 1 tests failed
[INFO] [stdout] stack backtrace:
[INFO] [stdout]    0:     0x5e35e0c8f311 - std[70759c8f55707aa4]::backtrace_rs::backtrace::libunwind::trace
[INFO] [stdout]                                at /rustc/dfb0accb7f508ae8be965d8629557221c889dd98/library/std/src/../../backtrace/src/backtrace/libunwind.rs:117:9
[INFO] [stdout]    1:     0x5e35e0c8f311 - std[70759c8f55707aa4]::backtrace_rs::backtrace::trace_unsynchronized::<std[70759c8f55707aa4]::sys::backtrace::_print_fmt::{closure#1}>
[INFO] [stdout]                                at /rustc/dfb0accb7f508ae8be965d8629557221c889dd98/library/std/src/../../backtrace/src/backtrace/mod.rs:66:14
[INFO] [stdout]    2:     0x5e35e0c8f311 - std[70759c8f55707aa4]::sys::backtrace::_print_fmt
[INFO] [stdout]                                at /rustc/dfb0accb7f508ae8be965d8629557221c889dd98/library/std/src/sys/backtrace.rs:74:9
[INFO] [stdout]    3:     0x5e35e0c8f311 - <<std[70759c8f55707aa4]::sys::backtrace::BacktraceLock>::print::DisplayBacktrace as core[df12db4294e9bfd3]::fmt::Display>::fmt
[INFO] [stdout]                                at /rustc/dfb0accb7f508ae8be965d8629557221c889dd98/library/std/src/sys/backtrace.rs:44:26
[INFO] [stdout]    4:     0x5e35e0ca5b1a - <core[df12db4294e9bfd3]::fmt::rt::Argument>::fmt
[INFO] [stdout]                                at /rustc/dfb0accb7f508ae8be965d8629557221c889dd98/library/core/src/fmt/rt.rs:152:76
[INFO] [stdout]    5:     0x5e35e0ca5b1a - core[df12db4294e9bfd3]::fmt::write
[INFO] [stdout]    6:     0x5e35e0c93ddc - core[df12db4294e9bfd3]::io::write::default_write_fmt::<alloc[2182bb758b4b3781]::vec::Vec<u8>>
[INFO] [stdout]                                at /rustc/dfb0accb7f508ae8be965d8629557221c889dd98/library/core/src/io/write.rs:402:11
[INFO] [stdout]    7:     0x5e35e0c93ddc - <alloc[2182bb758b4b3781]::vec::Vec<u8> as core[df12db4294e9bfd3]::io::write::Write>::write_fmt
[INFO] [stdout]                                at /rustc/dfb0accb7f508ae8be965d8629557221c889dd98/library/core/src/io/write.rs:335:13
[INFO] [stdout]    8:     0x5e35e0c687f6 - <std[70759c8f55707aa4]::sys::backtrace::BacktraceLock>::print
[INFO] [stdout]                                at /rustc/dfb0accb7f508ae8be965d8629557221c889dd98/library/std/src/sys/backtrace.rs:47:9
[INFO] [stdout]    9:     0x5e35e0c687f6 - std[70759c8f55707aa4]::panicking::default_hook::{closure#0}
[INFO] [stdout]                                at /rustc/dfb0accb7f508ae8be965d8629557221c889dd98/library/std/src/panicking.rs:292:27
[INFO] [stdout]   10:     0x5e35e0c86989 - std[70759c8f55707aa4]::panicking::default_hook
[INFO] [stdout]                                at /rustc/dfb0accb7f508ae8be965d8629557221c889dd98/library/std/src/panicking.rs:316:9
[INFO] [stdout]   11:     0x5e35e0c1fc60 - <alloc[2182bb758b4b3781]::boxed::Box<dyn for<'a, 'b> core[df12db4294e9bfd3]::ops::function::Fn<(&'a std[70759c8f55707aa4]::panic::PanicHookInfo<'b>,), Output = ()> + core[df12db4294e9bfd3]::marker::Send + core[df12db4294e9bfd3]::marker::Sync> as core[df12db4294e9bfd3]::ops::function::Fn<(&std[70759c8f55707aa4]::panic::PanicHookInfo,)>>::call
[INFO] [stdout]                                at /rustc/dfb0accb7f508ae8be965d8629557221c889dd98/library/alloc/src/boxed.rs:2334:9
[INFO] [stdout]   12:     0x5e35e0c1fc60 - test[9d35eded1c95d3be]::test_main_inner::<test[9d35eded1c95d3be]::test_main_static::{closure#0}>::{closure#0}
[INFO] [stdout]                                at /rustc/dfb0accb7f508ae8be965d8629557221c889dd98/library/test/src/lib.rs:155:21
[INFO] [stdout]   13:     0x5e35e0c86b42 - <alloc[2182bb758b4b3781]::boxed::Box<dyn for<'a, 'b> core[df12db4294e9bfd3]::ops::function::Fn<(&'a std[70759c8f55707aa4]::panic::PanicHookInfo<'b>,), Output = ()> + core[df12db4294e9bfd3]::marker::Send + core[df12db4294e9bfd3]::marker::Sync> as core[df12db4294e9bfd3]::ops::function::Fn<(&std[70759c8f55707aa4]::panic::PanicHookInfo,)>>::call
[INFO] [stdout]                                at /rustc/dfb0accb7f508ae8be965d8629557221c889dd98/library/alloc/src/boxed.rs:2334:9
[INFO] [stdout]   14:     0x5e35e0c86b42 - std[70759c8f55707aa4]::panicking::panic_with_hook
[INFO] [stdout]                                at /rustc/dfb0accb7f508ae8be965d8629557221c889dd98/library/std/src/panicking.rs:823:13
[INFO] [stdout]   15:     0x5e35e0c688a2 - std[70759c8f55707aa4]::panicking::panic_handler::{closure#0}
[INFO] [stdout]                                at /rustc/dfb0accb7f508ae8be965d8629557221c889dd98/library/std/src/panicking.rs:688:13
[INFO] [stdout]   16:     0x5e35e0c61169 - std[70759c8f55707aa4]::sys::backtrace::__rust_end_short_backtrace::<std[70759c8f55707aa4]::panicking::panic_handler::{closure#0}, !>
[INFO] [stdout]                                at /rustc/dfb0accb7f508ae8be965d8629557221c889dd98/library/std/src/sys/backtrace.rs:182:18
[INFO] [stdout]   17:     0x5e35e0c6949d - __rustc[8fa7c3cbc660c2b3]::rust_begin_unwind
[INFO] [stdout]                                at /rustc/dfb0accb7f508ae8be965d8629557221c889dd98/library/std/src/panicking.rs:679:5
[INFO] [stdout]   18:     0x5e35e0ca630c - core[df12db4294e9bfd3]::panicking::panic_fmt
[INFO] [stdout]                                at /rustc/dfb0accb7f508ae8be965d8629557221c889dd98/library/core/src/panicking.rs:80:14
[INFO] [stdout]   19:     0x5e35e09fbe34 - <trybuild[8c600925061de50b]::Runner>::run
[INFO] [stdout]                                at /opt/rustwide/cargo-home/registry/src/index.crates.io-1949cf8c6b5b557f/trybuild-1.0.120/src/run.rs:103:13
[INFO] [stdout]   20:     0x5e35e0a073c8 - <trybuild[8c600925061de50b]::TestCases as core[df12db4294e9bfd3]::ops::drop::Drop>::drop
[INFO] [stdout]                                at /opt/rustwide/cargo-home/registry/src/index.crates.io-1949cf8c6b5b557f/trybuild-1.0.120/src/lib.rs:342:38
[INFO] [stdout]   21:     0x5e35e09f4e17 - core[df12db4294e9bfd3]::ptr::drop_glue::<trybuild[8c600925061de50b]::TestCases>
[INFO] [stdout]                                at /rustc/dfb0accb7f508ae8be965d8629557221c889dd98/library/core/src/ptr/mod.rs:847:1
[INFO] [stdout]   22:     0x5e35e09f5023 - frontend[118480869aa6036a]::compile_fail_tests
[INFO] [stdout]                                at /opt/rustwide/workdir/tests/frontend/mod.rs:6:1
[INFO] [stdout]   23:     0x5e35e09f4f77 - frontend[118480869aa6036a]::compile_fail_tests::{closure#0}
[INFO] [stdout]                                at /opt/rustwide/workdir/tests/frontend/mod.rs:3:24
[INFO] [stdout]   24:     0x5e35e09f5486 - <frontend[118480869aa6036a]::compile_fail_tests::{closure#0} as core[df12db4294e9bfd3]::ops::function::FnOnce<()>>::call_once
[INFO] [stdout]                                at /rustc/dfb0accb7f508ae8be965d8629557221c889dd98/library/core/src/ops/function.rs:250:5
[INFO] [stdout]   25:     0x5e35e0c12f4b - <fn() -> core[df12db4294e9bfd3]::result::Result<(), alloc[2182bb758b4b3781]::string::String> as core[df12db4294e9bfd3]::ops::function::FnOnce<()>>::call_once
[INFO] [stdout]                                at /rustc/dfb0accb7f508ae8be965d8629557221c889dd98/library/core/src/ops/function.rs:250:5
[INFO] [stdout]   26:     0x5e35e0c12f4b - test[9d35eded1c95d3be]::__rust_begin_short_backtrace::<core[df12db4294e9bfd3]::result::Result<(), alloc[2182bb758b4b3781]::string::String>, fn() -> core[df12db4294e9bfd3]::result::Result<(), alloc[2182bb758b4b3781]::string::String>>
[INFO] [stdout]                                at /rustc/dfb0accb7f508ae8be965d8629557221c889dd98/library/test/src/lib.rs:733:18
[INFO] [stdout]   27:     0x5e35e0c205b5 - test[9d35eded1c95d3be]::run_test_in_process::{closure#0}
[INFO] [stdout]                                at /rustc/dfb0accb7f508ae8be965d8629557221c889dd98/library/test/src/lib.rs:756:74
[INFO] [stdout]   28:     0x5e35e0c205b5 - <core[df12db4294e9bfd3]::panic::unwind_safe::AssertUnwindSafe<test[9d35eded1c95d3be]::run_test_in_process::{closure#0}> as core[df12db4294e9bfd3]::ops::function::FnOnce<()>>::call_once
[INFO] [stdout]                                at /rustc/dfb0accb7f508ae8be965d8629557221c889dd98/library/core/src/panic/unwind_safe.rs:275:9
[INFO] [stdout]   29:     0x5e35e0c205b5 - std[70759c8f55707aa4]::panicking::catch_unwind::do_call::<core[df12db4294e9bfd3]::panic::unwind_safe::AssertUnwindSafe<test[9d35eded1c95d3be]::run_test_in_process::{closure#0}>, core[df12db4294e9bfd3]::result::Result<(), alloc[2182bb758b4b3781]::string::String>>
[INFO] [stdout]                                at /rustc/dfb0accb7f508ae8be965d8629557221c889dd98/library/std/src/panicking.rs:576:43
[INFO] [stdout]   30:     0x5e35e0c205b5 - std[70759c8f55707aa4]::panicking::catch_unwind::<core[df12db4294e9bfd3]::result::Result<(), alloc[2182bb758b4b3781]::string::String>, core[df12db4294e9bfd3]::panic::unwind_safe::AssertUnwindSafe<test[9d35eded1c95d3be]::run_test_in_process::{closure#0}>>
[INFO] [stdout]                                at /rustc/dfb0accb7f508ae8be965d8629557221c889dd98/library/std/src/panicking.rs:544:19
[INFO] [stdout]   31:     0x5e35e0c205b5 - std[70759c8f55707aa4]::panic::catch_unwind::<core[df12db4294e9bfd3]::panic::unwind_safe::AssertUnwindSafe<test[9d35eded1c95d3be]::run_test_in_process::{closure#0}>, core[df12db4294e9bfd3]::result::Result<(), alloc[2182bb758b4b3781]::string::String>>
[INFO] [stdout]                                at /rustc/dfb0accb7f508ae8be965d8629557221c889dd98/library/std/src/panic.rs:359:14
[INFO] [stdout]   32:     0x5e35e0c205b5 - test[9d35eded1c95d3be]::run_test_in_process
[INFO] [stdout]                                at /rustc/dfb0accb7f508ae8be965d8629557221c889dd98/library/test/src/lib.rs:756:27
[INFO] [stdout]   33:     0x5e35e0c205b5 - test[9d35eded1c95d3be]::run_test::{closure#0}
[INFO] [stdout]                                at /rustc/dfb0accb7f508ae8be965d8629557221c889dd98/library/test/src/lib.rs:677:43
[INFO] [stdout]   34:     0x5e35e0c19e74 - test[9d35eded1c95d3be]::run_test::{closure#1}
[INFO] [stdout]                                at /rustc/dfb0accb7f508ae8be965d8629557221c889dd98/library/test/src/lib.rs:707:41
[INFO] [stdout]   35:     0x5e35e0c19e74 - std[70759c8f55707aa4]::sys::backtrace::__rust_begin_short_backtrace::<test[9d35eded1c95d3be]::run_test::{closure#1}, ()>
[INFO] [stdout]                                at /rustc/dfb0accb7f508ae8be965d8629557221c889dd98/library/std/src/sys/backtrace.rs:166:18
[INFO] [stdout]   36:     0x5e35e0c23712 - std[70759c8f55707aa4]::thread::lifecycle::spawn_unchecked::<test[9d35eded1c95d3be]::run_test::{closure#1}, ()>::{closure#1}::{closure#0}
[INFO] [stdout]                                at /rustc/dfb0accb7f508ae8be965d8629557221c889dd98/library/std/src/thread/lifecycle.rs:70:13
[INFO] [stdout]   37:     0x5e35e0c23712 - <core[df12db4294e9bfd3]::panic::unwind_safe::AssertUnwindSafe<std[70759c8f55707aa4]::thread::lifecycle::spawn_unchecked<test[9d35eded1c95d3be]::run_test::{closure#1}, ()>::{closure#1}::{closure#0}> as core[df12db4294e9bfd3]::ops::function::FnOnce<()>>::call_once
[INFO] [stdout]                                at /rustc/dfb0accb7f508ae8be965d8629557221c889dd98/library/core/src/panic/unwind_safe.rs:275:9
[INFO] [stdout]   38:     0x5e35e0c23712 - std[70759c8f55707aa4]::panicking::catch_unwind::do_call::<core[df12db4294e9bfd3]::panic::unwind_safe::AssertUnwindSafe<std[70759c8f55707aa4]::thread::lifecycle::spawn_unchecked<test[9d35eded1c95d3be]::run_test::{closure#1}, ()>::{closure#1}::{closure#0}>, ()>
[INFO] [stdout]                                at /rustc/dfb0accb7f508ae8be965d8629557221c889dd98/library/std/src/panicking.rs:576:43
[INFO] [stdout]   39:     0x5e35e0c23712 - std[70759c8f55707aa4]::panicking::catch_unwind::<(), core[df12db4294e9bfd3]::panic::unwind_safe::AssertUnwindSafe<std[70759c8f55707aa4]::thread::lifecycle::spawn_unchecked<test[9d35eded1c95d3be]::run_test::{closure#1}, ()>::{closure#1}::{closure#0}>>
[INFO] [stdout]                                at /rustc/dfb0accb7f508ae8be965d8629557221c889dd98/library/std/src/panicking.rs:544:19
[INFO] [stdout]   40:     0x5e35e0c23712 - std[70759c8f55707aa4]::panic::catch_unwind::<core[df12db4294e9bfd3]::panic::unwind_safe::AssertUnwindSafe<std[70759c8f55707aa4]::thread::lifecycle::spawn_unchecked<test[9d35eded1c95d3be]::run_test::{closure#1}, ()>::{closure#1}::{closure#0}>, ()>
[INFO] [stdout]                                at /rustc/dfb0accb7f508ae8be965d8629557221c889dd98/library/std/src/panic.rs:359:14
[INFO] [stdout]   41:     0x5e35e0c23712 - std[70759c8f55707aa4]::thread::lifecycle::spawn_unchecked::<test[9d35eded1c95d3be]::run_test::{closure#1}, ()>::{closure#1}
[INFO] [stdout]                                at /rustc/dfb0accb7f508ae8be965d8629557221c889dd98/library/std/src/thread/lifecycle.rs:68:26
[INFO] [stdout]   42:     0x5e35e0c23712 - <std[70759c8f55707aa4]::thread::lifecycle::spawn_unchecked<test[9d35eded1c95d3be]::run_test::{closure#1}, ()>::{closure#1} as core[df12db4294e9bfd3]::ops::function::FnOnce<()>>::call_once::{shim:vtable#0}
[INFO] [stdout]                                at /rustc/dfb0accb7f508ae8be965d8629557221c889dd98/library/core/src/ops/function.rs:250:5
[INFO] [stdout]   43:     0x5e35e0c8e5c9 - <alloc[2182bb758b4b3781]::boxed::Box<dyn core[df12db4294e9bfd3]::ops::function::FnOnce<(), Output = ()> + core[df12db4294e9bfd3]::marker::Send> as core[df12db4294e9bfd3]::ops::function::FnOnce<()>>::call_once
[INFO] [stdout]                                at /rustc/dfb0accb7f508ae8be965d8629557221c889dd98/library/alloc/src/boxed.rs:2320:9
[INFO] [stdout]   44:     0x5e35e0c8e5c9 - <std[70759c8f55707aa4]::sys::thread::unix::Thread>::new::thread_start
[INFO] [stdout]                                at /rustc/dfb0accb7f508ae8be965d8629557221c889dd98/library/std/src/sys/thread/unix.rs:123:17
[INFO] [stdout]   45:     0x77a919ecfdfa - <unknown>
[INFO] [stdout]   46:     0x77a919f633d4 - clone
[INFO] [stdout]   47:                0x0 - <unknown>
[INFO] [stdout] 
[INFO] [stdout] 
[INFO] [stdout] failures:
[INFO] [stdout]     compile_fail_tests
[INFO] [stdout] 
[INFO] [stdout] test result: FAILED. 0 passed; 1 failed; 0 ignored; 0 measured; 0 filtered out; finished in 86.19s
[INFO] [stdout] 
[INFO] [stderr] error: test failed, to rerun pass `--test frontend`
[INFO] running `Command { std: "docker" "inspect" "e5dc5b09d974dbb9ceb697a73c24519caac596d195c24e1ac3963901a446af5c", kill_on_drop: false }`
[INFO] running `Command { std: "docker" "rm" "-f" "e5dc5b09d974dbb9ceb697a73c24519caac596d195c24e1ac3963901a446af5c", kill_on_drop: false }`
[INFO] [stdout] e5dc5b09d974dbb9ceb697a73c24519caac596d195c24e1ac3963901a446af5c
