[INFO] fetching crate rspirv2 0.1.1+sdk-1.4.363...
[INFO] testing rspirv2-0.1.1+sdk-1.4.363 against 1.100.0-beta.1 for beta-1.100-2
[INFO] extracting crate rspirv2 0.1.1+sdk-1.4.363 into /workspace/builds/worker-6-tc2/source
[INFO] started tweaking crates.io crate rspirv2 0.1.1+sdk-1.4.363
[INFO] finished tweaking crates.io crate rspirv2 0.1.1+sdk-1.4.363
[INFO] tweaked toml for crates.io crate rspirv2 0.1.1+sdk-1.4.363 written to /workspace/builds/worker-6-tc2/source/Cargo.toml
[INFO] validating manifest of crates.io crate rspirv2 0.1.1+sdk-1.4.363 on toolchain 1.100.0-beta.1
[INFO] running `Command { std: CARGO_HOME="/workspace/cargo-home" RUSTUP_HOME="/workspace/rustup-home" "/workspace/cargo-home/bin/cargo" "+1.100.0-beta.1" "metadata" "--manifest-path" "Cargo.toml" "--no-deps", kill_on_drop: false }`
[INFO] crate crates.io crate rspirv2 0.1.1+sdk-1.4.363 already has a lockfile, it will not be regenerated
[INFO] running `Command { std: CARGO_HOME="/workspace/cargo-home" RUSTUP_HOME="/workspace/rustup-home" "/workspace/cargo-home/bin/cargo" "+1.100.0-beta.1" "fetch" "--manifest-path" "Cargo.toml", kill_on_drop: false }`
[INFO] running `Command { std: "docker" "create" "-v" "/var/lib/crater-agent-workspace/builds/worker-6-tc2/source:/opt/rustwide/workdir:ro,Z" "-v" "/var/lib/crater-agent-workspace/builds/worker-6-tc2/target:/opt/rustwide/target:rw,Z" "-v" "/var/lib/crater-agent-workspace/cargo-home:/opt/rustwide/cargo-home:ro,Z" "-v" "/var/lib/crater-agent-workspace/rustup-home:/opt/rustwide/rustup-home:ro,Z" "-m" "1610612736" "--network" "none" "ghcr.io/rust-lang/crates-build-env/linux@sha256:3111399a4047eeb3a02b7a90e478d715f38a8c6669b5c4b49d30a17385265909" "sleep" "infinity", kill_on_drop: false }`
[INFO] [stdout] 9358327e7670402f208088de05560f8920b56193a21e01844cc5082c57851400
[INFO] running `Command { std: "docker" "start" "9358327e7670402f208088de05560f8920b56193a21e01844cc5082c57851400", kill_on_drop: false }`
[INFO] running `Command { std: "docker" "inspect" "9358327e7670402f208088de05560f8920b56193a21e01844cc5082c57851400", kill_on_drop: false }`
[INFO] running `Command { std: "docker" "exec" "-e" "SOURCE_DIR=/opt/rustwide/workdir" "-e" "CARGO_HOME=/opt/rustwide/cargo-home" "-e" "RUSTUP_HOME=/opt/rustwide/rustup-home" "-e" "CARGO_TARGET_DIR=/opt/rustwide/target" "-w" "/opt/rustwide/workdir" "--user" "0:0" "9358327e7670402f208088de05560f8920b56193a21e01844cc5082c57851400" "/opt/rustwide/cargo-home/bin/cargo" "+1.100.0-beta.1" "metadata" "--no-deps" "--format-version=1", kill_on_drop: false }`
[INFO] running `Command { std: "docker" "inspect" "9358327e7670402f208088de05560f8920b56193a21e01844cc5082c57851400", kill_on_drop: false }`
[INFO] running `Command { std: "docker" "exec" "-e" "SOURCE_DIR=/opt/rustwide/workdir" "-e" "CARGO_HOME=/opt/rustwide/cargo-home" "-e" "RUSTUP_HOME=/opt/rustwide/rustup-home" "-e" "CARGO_TARGET_DIR=/opt/rustwide/target" "-e" "CARGO_INCREMENTAL=0" "-e" "RUST_BACKTRACE=full" "-e" "RUSTFLAGS=--cap-lints=warn" "-e" "RUSTDOCFLAGS=--cap-lints=warn" "-w" "/opt/rustwide/workdir" "--user" "0:0" "9358327e7670402f208088de05560f8920b56193a21e01844cc5082c57851400" "/opt/rustwide/cargo-home/bin/cargo" "+1.100.0-beta.1" "build" "--frozen" "--message-format=json", kill_on_drop: false }`
[INFO] [stderr]    Compiling proc-macro2 v1.0.106
[INFO] [stderr]    Compiling quote v1.0.44
[INFO] [stderr]    Compiling rustc-hash v2.1.1
[INFO] [stderr]    Compiling bitflags v2.10.0
[INFO] [stderr]    Compiling syn v2.0.116
[INFO] [stderr]    Compiling profiling-procmacros v1.0.17
[INFO] [stderr]    Compiling profiling v1.0.17
[INFO] [stderr]    Compiling rspirv2-types v0.1.1+sdk-1.4.363
[INFO] [stderr]    Compiling rspirv2 v0.1.1+sdk-1.4.363 (/opt/rustwide/workdir)
[INFO] [stderr]     Finished `dev` profile [unoptimized + debuginfo] target(s) in 31.23s
[INFO] running `Command { std: "docker" "inspect" "9358327e7670402f208088de05560f8920b56193a21e01844cc5082c57851400", kill_on_drop: false }`
[INFO] running `Command { std: "docker" "exec" "-e" "SOURCE_DIR=/opt/rustwide/workdir" "-e" "CARGO_HOME=/opt/rustwide/cargo-home" "-e" "RUSTUP_HOME=/opt/rustwide/rustup-home" "-e" "CARGO_TARGET_DIR=/opt/rustwide/target" "-e" "CARGO_INCREMENTAL=0" "-e" "RUST_BACKTRACE=full" "-e" "RUSTFLAGS=--cap-lints=warn" "-e" "RUSTDOCFLAGS=--cap-lints=warn" "-w" "/opt/rustwide/workdir" "--user" "0:0" "9358327e7670402f208088de05560f8920b56193a21e01844cc5082c57851400" "/opt/rustwide/cargo-home/bin/cargo" "+1.100.0-beta.1" "test" "--frozen" "--no-run" "--message-format=json", kill_on_drop: false }`
[INFO] [stderr]    Compiling dissimilar v1.0.11
[INFO] [stderr]    Compiling expect-test v1.5.1
[INFO] [stderr]    Compiling rspirv2 v0.1.1+sdk-1.4.363 (/opt/rustwide/workdir)
[INFO] [stderr]     Finished `test` profile [unoptimized + debuginfo] target(s) in 20.90s
[INFO] running `Command { std: "docker" "inspect" "9358327e7670402f208088de05560f8920b56193a21e01844cc5082c57851400", kill_on_drop: false }`
[INFO] running `Command { std: "docker" "exec" "-e" "SOURCE_DIR=/opt/rustwide/workdir" "-e" "CARGO_HOME=/opt/rustwide/cargo-home" "-e" "RUSTUP_HOME=/opt/rustwide/rustup-home" "-e" "CARGO_TARGET_DIR=/opt/rustwide/target" "-e" "CARGO_INCREMENTAL=0" "-e" "RUST_BACKTRACE=full" "-e" "RUSTFLAGS=--cap-lints=warn" "-e" "RUSTDOCFLAGS=--cap-lints=warn" "-w" "/opt/rustwide/workdir" "--user" "0:0" "9358327e7670402f208088de05560f8920b56193a21e01844cc5082c57851400" "/opt/rustwide/cargo-home/bin/cargo" "+1.100.0-beta.1" "test" "--frozen", kill_on_drop: false }`
[INFO] [stderr]     Finished `test` profile [unoptimized + debuginfo] target(s) in 0.10s
[INFO] [stderr]      Running unittests src/lib.rs (/opt/rustwide/target/debug/build/rspirv2/faa0383b1aa4322e/out/rspirv2-faa0383b1aa4322e)
[INFO] [stdout] 
[INFO] [stderr]    Doc-tests rspirv2
[INFO] [stdout] running 1 test
[INFO] [stdout] test tests::test_core_size ... ok
[INFO] [stdout] 
[INFO] [stdout] test result: ok. 1 passed; 0 failed; 0 ignored; 0 measured; 0 filtered out; finished in 0.00s
[INFO] [stdout] 
[INFO] [stdout] 
[INFO] [stdout] running 1 test
[INFO] [stdout] test src/../README.md - (line 9) ... FAILED
[INFO] [stdout] 
[INFO] [stdout] failures:
[INFO] [stdout] 
[INFO] [stdout] ---- src/../README.md - (line 9) stdout ----
[INFO] [stdout] error[E0425]: cannot find type `CoreInstSet` in this scope
[INFO] [stdout]   --> src/../README.md:13:25
[INFO] [stdout]    |
[INFO] [stdout] 13 | let mut vec = InstVec::<CoreInstSet>::new();
[INFO] [stdout]    |                         ^^^^^^^^^^^ not found in this scope
[INFO] [stdout]    |
[INFO] [stdout] help: you might be missing a type parameter
[INFO] [stdout]    |
[INFO] [stdout]  9 | fn main() { #[allow(non_snake_case)] fn _doctest_main_src____README_md_9_0<CoreInstSet>() {
[INFO] [stdout]    |                                                                           +++++++++++++
[INFO] [stdout] 
[INFO] [stdout] error[E0422]: cannot find struct, variant or union type `OpTypeInt` in this scope
[INFO] [stdout]   --> src/../README.md:17:25
[INFO] [stdout]    |
[INFO] [stdout] 17 | let u32 = vec.push_inst(OpTypeInt {
[INFO] [stdout]    |                         ^^^^^^^^^ not found in this scope
[INFO] [stdout] 
[INFO] [stdout] error[E0422]: cannot find struct, variant or union type `OpConstant` in this scope
[INFO] [stdout]   --> src/../README.md:23:23
[INFO] [stdout]    |
[INFO] [stdout] 23 | let a = vec.push_inst(OpConstant {
[INFO] [stdout]    |                       ^^^^^^^^^^ not found in this scope
[INFO] [stdout] 
[INFO] [stdout] error[E0422]: cannot find struct, variant or union type `OpIAdd` in this scope
[INFO] [stdout]   --> src/../README.md:29:23
[INFO] [stdout]    |
[INFO] [stdout] 29 | let b = vec.push_inst(OpIAdd {
[INFO] [stdout]    |                       ^^^^^^ not found in this scope
[INFO] [stdout] 
[INFO] [stdout] error[E0422]: cannot find struct, variant or union type `OpIAdd` in this scope
[INFO] [stdout]   --> src/../README.md:40:27
[INFO] [stdout]    |
[INFO] [stdout] 40 |         CoreInstSet::IAdd(OpIAdd {
[INFO] [stdout]    |                           ^^^^^^ not found in this scope
[INFO] [stdout] 
[INFO] [stdout] error[E0422]: cannot find struct, variant or union type `OpIMul` in this scope
[INFO] [stdout]   --> src/../README.md:45:15
[INFO] [stdout]    |
[INFO] [stdout] 45 |         }) => OpIMul {
[INFO] [stdout]    |               ^^^^^^ not found in this scope
[INFO] [stdout] 
[INFO] [stdout] error[E0425]: cannot find type `InstVec` in this scope
[INFO] [stdout]   --> src/../README.md:54:16
[INFO] [stdout]    |
[INFO] [stdout] 54 |     .collect::<InstVec<_>>();
[INFO] [stdout]    |                ^^^^^^^ not found in this scope
[INFO] [stdout] 
[INFO] [stdout] error[E0422]: cannot find struct, variant or union type `OpISub` in this scope
[INFO] [stdout]   --> src/../README.md:58:16
[INFO] [stdout]    |
[INFO] [stdout] 58 | vec2.push_inst(OpISub {
[INFO] [stdout]    |                ^^^^^^ not found in this scope
[INFO] [stdout] 
[INFO] [stdout] error[E0433]: cannot find type `IdResultAlloc` in this scope
[INFO] [stdout]   --> src/../README.md:11:17
[INFO] [stdout]    |
[INFO] [stdout] 11 | let mut alloc = IdResultAlloc::new();
[INFO] [stdout]    |                 ^^^^^^^^^^^^^ use of undeclared type `IdResultAlloc`
[INFO] [stdout] 
[INFO] [stdout] error[E0433]: cannot find type `InstVec` in this scope
[INFO] [stdout]   --> src/../README.md:13:15
[INFO] [stdout]    |
[INFO] [stdout] 13 | let mut vec = InstVec::<CoreInstSet>::new();
[INFO] [stdout]    |               ^^^^^^^ use of undeclared type `InstVec`
[INFO] [stdout] 
[INFO] [stdout] error[E0433]: cannot find type `LiteralInteger` in this scope
[INFO] [stdout]   --> src/../README.md:19:12
[INFO] [stdout]    |
[INFO] [stdout] 19 |     width: LiteralInteger::new(32),
[INFO] [stdout]    |            ^^^^^^^^^^^^^^ use of undeclared type `LiteralInteger`
[INFO] [stdout] 
[INFO] [stdout] error[E0433]: cannot find type `LiteralInteger` in this scope
[INFO] [stdout]   --> src/../README.md:20:17
[INFO] [stdout]    |
[INFO] [stdout] 20 |     signedness: LiteralInteger::new(0),
[INFO] [stdout]    |                 ^^^^^^^^^^^^^^ use of undeclared type `LiteralInteger`
[INFO] [stdout] 
[INFO] [stdout] error[E0425]: cannot find function, tuple struct or tuple variant `IdResultType` in this scope
[INFO] [stdout]   --> src/../README.md:24:21
[INFO] [stdout]    |
[INFO] [stdout] 24 |     id_result_type: IdResultType(u32),
[INFO] [stdout]    |                     ^^^^^^^^^^^^ not found in this scope
[INFO] [stdout] 
[INFO] [stdout] error[E0433]: cannot find type `LiteralConst` in this scope
[INFO] [stdout]   --> src/../README.md:26:12
[INFO] [stdout]    |
[INFO] [stdout] 26 |     value: LiteralConst::from(42u32),
[INFO] [stdout]    |            ^^^^^^^^^^^^ use of undeclared type `LiteralConst`
[INFO] [stdout] 
[INFO] [stdout] error[E0425]: cannot find function, tuple struct or tuple variant `IdResultType` in this scope
[INFO] [stdout]   --> src/../README.md:30:21
[INFO] [stdout]    |
[INFO] [stdout] 30 |     id_result_type: IdResultType(u32),
[INFO] [stdout]    |                     ^^^^^^^^^^^^ not found in this scope
[INFO] [stdout] 
[INFO] [stdout] error[E0425]: cannot find function, tuple struct or tuple variant `IdRef` in this scope
[INFO] [stdout]   --> src/../README.md:32:16
[INFO] [stdout]    |
[INFO] [stdout] 32 |     operand_1: IdRef(a),
[INFO] [stdout]    |                ^^^^^ not found in this scope
[INFO] [stdout] 
[INFO] [stdout] error[E0425]: cannot find function, tuple struct or tuple variant `IdRef` in this scope
[INFO] [stdout]   --> src/../README.md:33:16
[INFO] [stdout]    |
[INFO] [stdout] 33 |     operand_2: IdRef(a),
[INFO] [stdout]    |                ^^^^^ not found in this scope
[INFO] [stdout] 
[INFO] [stdout] error[E0425]: cannot find function, tuple struct or tuple variant `IdResultType` in this scope
[INFO] [stdout]   --> src/../README.md:46:29
[INFO] [stdout]    |
[INFO] [stdout] 46 |             id_result_type: IdResultType(u32),
[INFO] [stdout]    |                             ^^^^^^^^^^^^ not found in this scope
[INFO] [stdout] 
[INFO] [stdout] error[E0433]: cannot find type `InstVec` in this scope
[INFO] [stdout]   --> src/../README.md:57:16
[INFO] [stdout]    |
[INFO] [stdout] 57 | let mut vec2 = InstVec::new();
[INFO] [stdout]    |                ^^^^^^^ use of undeclared type `InstVec`
[INFO] [stdout] 
[INFO] [stdout] error[E0425]: cannot find function, tuple struct or tuple variant `IdResultType` in this scope
[INFO] [stdout]   --> src/../README.md:59:21
[INFO] [stdout]    |
[INFO] [stdout] 59 |     id_result_type: IdResultType(u32),
[INFO] [stdout]    |                     ^^^^^^^^^^^^ not found in this scope
[INFO] [stdout] 
[INFO] [stdout] error[E0425]: cannot find function, tuple struct or tuple variant `IdRef` in this scope
[INFO] [stdout]   --> src/../README.md:61:16
[INFO] [stdout]    |
[INFO] [stdout] 61 |     operand_1: IdRef(a),
[INFO] [stdout]    |                ^^^^^ not found in this scope
[INFO] [stdout] 
[INFO] [stdout] error[E0425]: cannot find function, tuple struct or tuple variant `IdRef` in this scope
[INFO] [stdout]   --> src/../README.md:62:16
[INFO] [stdout]    |
[INFO] [stdout] 62 |     operand_2: IdRef(b),
[INFO] [stdout]    |                ^^^^^ not found in this scope
[INFO] [stdout] 
[INFO] [stdout] error[E0433]: cannot find type `DisOptions` in this scope
[INFO] [stdout]   --> src/../README.md:70:46
[INFO] [stdout]    |
[INFO] [stdout] 70 | let disassembly = format!("{}", modified.dis(DisOptions::simple()));
[INFO] [stdout]    |                                              ^^^^^^^^^^ use of undeclared type `DisOptions`
[INFO] [stdout] 
[INFO] [stdout] error[E0433]: cannot find type `CoreInstSet` in this scope
[INFO] [stdout]   --> src/../README.md:40:9
[INFO] [stdout]    |
[INFO] [stdout] 40 |         CoreInstSet::IAdd(OpIAdd {
[INFO] [stdout]    |         ^^^^^^^^^^^ use of undeclared type `CoreInstSet`
[INFO] [stdout] 
[INFO] [stdout] error: aborting due to 24 previous errors
[INFO] [stdout] 
[INFO] [stdout] Some errors have detailed explanations: E0422, E0425, E0433.
[INFO] [stdout] For more information about an error, try `rustc --explain E0422`.
[INFO] [stdout] Couldn't compile the test.
[INFO] [stdout] 
[INFO] [stdout] failures:
[INFO] [stdout]     src/../README.md - (line 9)
[INFO] [stdout] 
[INFO] [stdout] test result: FAILED. 0 passed; 1 failed; 0 ignored; 0 measured; 0 filtered out; finished in 0.27s
[INFO] [stdout] 
[INFO] [stdout] all doctests ran in 0.88s; merged doctests compilation took 0.41s
[INFO] [stderr] error: doctest failed, to rerun pass `--doc`
[INFO] running `Command { std: "docker" "inspect" "9358327e7670402f208088de05560f8920b56193a21e01844cc5082c57851400", kill_on_drop: false }`
[INFO] running `Command { std: "docker" "rm" "-f" "9358327e7670402f208088de05560f8920b56193a21e01844cc5082c57851400", kill_on_drop: false }`
[INFO] [stdout] 9358327e7670402f208088de05560f8920b56193a21e01844cc5082c57851400
