[INFO] fetching crate rsmemchk 0.1.2...
[INFO] testing rsmemchk-0.1.2 against 1.99.0-beta.8 for beta-1.100-2
[INFO] extracting crate rsmemchk 0.1.2 into /workspace/builds/worker-5-tc1/source
[INFO] started tweaking crates.io crate rsmemchk 0.1.2
[INFO] removed 0 missing examples
[INFO] finished tweaking crates.io crate rsmemchk 0.1.2
[INFO] tweaked toml for crates.io crate rsmemchk 0.1.2 written to /workspace/builds/worker-5-tc1/source/Cargo.toml
[INFO] validating manifest of crates.io crate rsmemchk 0.1.2 on toolchain 1.99.0-beta.8
[INFO] running `Command { std: CARGO_HOME="/workspace/cargo-home" RUSTUP_HOME="/workspace/rustup-home" "/workspace/cargo-home/bin/cargo" "+1.99.0-beta.8" "metadata" "--manifest-path" "Cargo.toml" "--no-deps", kill_on_drop: false }`
[INFO] crate crates.io crate rsmemchk 0.1.2 already has a lockfile, it will not be regenerated
[INFO] running `Command { std: CARGO_HOME="/workspace/cargo-home" RUSTUP_HOME="/workspace/rustup-home" "/workspace/cargo-home/bin/cargo" "+1.99.0-beta.8" "fetch" "--manifest-path" "Cargo.toml", kill_on_drop: false }`
[INFO] [stderr]     Updating crates.io index
[INFO] [stderr]  Downloading crates ...
[INFO] [stderr]   Downloaded extargsparse_codegen v0.1.4
[INFO] [stderr]   Downloaded extargsparse_worker v0.2.4
[INFO] running `Command { std: "docker" "create" "-v" "/var/lib/crater-agent-workspace/builds/worker-5-tc1/source:/opt/rustwide/workdir:ro,Z" "-v" "/var/lib/crater-agent-workspace/builds/worker-5-tc1/target:/opt/rustwide/target:rw,Z" "-v" "/var/lib/crater-agent-workspace/cargo-home:/opt/rustwide/cargo-home:ro,Z" "-v" "/var/lib/crater-agent-workspace/rustup-home:/opt/rustwide/rustup-home:ro,Z" "-m" "1610612736" "--network" "none" "ghcr.io/rust-lang/crates-build-env/linux@sha256:3111399a4047eeb3a02b7a90e478d715f38a8c6669b5c4b49d30a17385265909" "sleep" "infinity", kill_on_drop: false }`
[INFO] [stdout] 01114f69fac0d17ba1303e8819b5d04587c34f6ce1d8555e13086b3a212c2a6c
[INFO] running `Command { std: "docker" "start" "01114f69fac0d17ba1303e8819b5d04587c34f6ce1d8555e13086b3a212c2a6c", kill_on_drop: false }`
[INFO] running `Command { std: "docker" "inspect" "01114f69fac0d17ba1303e8819b5d04587c34f6ce1d8555e13086b3a212c2a6c", kill_on_drop: false }`
[INFO] running `Command { std: "docker" "exec" "-e" "SOURCE_DIR=/opt/rustwide/workdir" "-e" "CARGO_HOME=/opt/rustwide/cargo-home" "-e" "RUSTUP_HOME=/opt/rustwide/rustup-home" "-e" "CARGO_TARGET_DIR=/opt/rustwide/target" "-w" "/opt/rustwide/workdir" "--user" "0:0" "01114f69fac0d17ba1303e8819b5d04587c34f6ce1d8555e13086b3a212c2a6c" "/opt/rustwide/cargo-home/bin/cargo" "+1.99.0-beta.8" "metadata" "--no-deps" "--format-version=1", kill_on_drop: false }`
[INFO] running `Command { std: "docker" "inspect" "01114f69fac0d17ba1303e8819b5d04587c34f6ce1d8555e13086b3a212c2a6c", kill_on_drop: false }`
[INFO] running `Command { std: "docker" "exec" "-e" "SOURCE_DIR=/opt/rustwide/workdir" "-e" "CARGO_HOME=/opt/rustwide/cargo-home" "-e" "RUSTUP_HOME=/opt/rustwide/rustup-home" "-e" "CARGO_TARGET_DIR=/opt/rustwide/target" "-e" "CARGO_INCREMENTAL=0" "-e" "RUST_BACKTRACE=full" "-e" "RUSTFLAGS=--cap-lints=warn" "-e" "RUSTDOCFLAGS=--cap-lints=warn" "-w" "/opt/rustwide/workdir" "--user" "0:0" "01114f69fac0d17ba1303e8819b5d04587c34f6ce1d8555e13086b3a212c2a6c" "/opt/rustwide/cargo-home/bin/cargo" "+1.99.0-beta.8" "build" "--frozen" "--message-format=json", kill_on_drop: false }`
[INFO] [stderr]    Compiling libc v0.2.174
[INFO] [stderr]    Compiling rsmemchk v0.1.2 (/opt/rustwide/workdir)
[INFO] [stdout] warning: function `rsmemchk_proc_log_init` is never used
[INFO] [stdout]   --> src/logger.rs:35:4
[INFO] [stdout]    |
[INFO] [stdout] 35 | fn rsmemchk_proc_log_init(prefix :&str) -> LogVar {
[INFO] [stdout]    |    ^^^^^^^^^^^^^^^^^^^^^^
[INFO] [stdout]    |
[INFO] [stdout]    = note: `#[warn(dead_code)]` (part of `#[warn(unused)]`) on by default
[INFO] [stdout] 
[INFO] [stdout] 
[INFO] [stderr]     Finished `dev` profile [unoptimized + debuginfo] target(s) in 1.94s
[INFO] running `Command { std: "docker" "inspect" "01114f69fac0d17ba1303e8819b5d04587c34f6ce1d8555e13086b3a212c2a6c", kill_on_drop: false }`
[INFO] running `Command { std: "docker" "exec" "-e" "SOURCE_DIR=/opt/rustwide/workdir" "-e" "CARGO_HOME=/opt/rustwide/cargo-home" "-e" "RUSTUP_HOME=/opt/rustwide/rustup-home" "-e" "CARGO_TARGET_DIR=/opt/rustwide/target" "-e" "CARGO_INCREMENTAL=0" "-e" "RUST_BACKTRACE=full" "-e" "RUSTFLAGS=--cap-lints=warn" "-e" "RUSTDOCFLAGS=--cap-lints=warn" "-w" "/opt/rustwide/workdir" "--user" "0:0" "01114f69fac0d17ba1303e8819b5d04587c34f6ce1d8555e13086b3a212c2a6c" "/opt/rustwide/cargo-home/bin/cargo" "+1.99.0-beta.8" "test" "--frozen" "--no-run" "--message-format=json", kill_on_drop: false }`
[INFO] [stderr]    Compiling libc v0.2.174
[INFO] [stderr]    Compiling cfg-if v1.0.1
[INFO] [stderr]    Compiling proc-macro2 v1.0.95
[INFO] [stderr]    Compiling serde v1.0.219
[INFO] [stderr]    Compiling serde_json v1.0.140
[INFO] [stderr]    Compiling bytes v0.5.6
[INFO] [stderr]    Compiling zerocopy v0.8.26
[INFO] [stdout] warning: function `rsmemchk_proc_log_init` is never used
[INFO] [stdout]   --> src/logger.rs:35:4
[INFO] [stdout]    |
[INFO] [stdout] 35 | fn rsmemchk_proc_log_init(prefix :&str) -> LogVar {
[INFO] [stdout]    |    ^^^^^^^^^^^^^^^^^^^^^^
[INFO] [stdout]    |
[INFO] [stdout]    = note: `#[warn(dead_code)]` (part of `#[warn(unused)]`) on by default
[INFO] [stdout] 
[INFO] [stdout] 
[INFO] [stderr]    Compiling quote v1.0.40
[INFO] [stderr]    Compiling syn v1.0.109
[INFO] [stderr]    Compiling getrandom v0.2.16
[INFO] [stderr]    Compiling rand_core v0.6.4
[INFO] [stderr]    Compiling ppv-lite86 v0.2.21
[INFO] [stderr]    Compiling rand_chacha v0.3.1
[INFO] [stderr]    Compiling rand v0.8.5
[INFO] [stderr]    Compiling extargsparse_codegen v0.1.4
[INFO] [stderr]    Compiling extargsparse_worker v0.2.4
[INFO] [stderr]    Compiling rsmemchk v0.1.2 (/opt/rustwide/workdir)
[INFO] [stdout] warning: function `rsmemchk_proc_log_init` is never used
[INFO] [stdout]   --> src/logger.rs:35:4
[INFO] [stdout]    |
[INFO] [stdout] 35 | fn rsmemchk_proc_log_init(prefix :&str) -> LogVar {
[INFO] [stdout]    |    ^^^^^^^^^^^^^^^^^^^^^^
[INFO] [stdout]    |
[INFO] [stdout]    = note: `#[warn(dead_code)]` (part of `#[warn(unused)]`) on by default
[INFO] [stdout] 
[INFO] [stdout] 
[INFO] [stderr]     Finished `test` profile [unoptimized + debuginfo] target(s) in 13.78s
[INFO] running `Command { std: "docker" "inspect" "01114f69fac0d17ba1303e8819b5d04587c34f6ce1d8555e13086b3a212c2a6c", kill_on_drop: false }`
[INFO] running `Command { std: "docker" "exec" "-e" "SOURCE_DIR=/opt/rustwide/workdir" "-e" "CARGO_HOME=/opt/rustwide/cargo-home" "-e" "RUSTUP_HOME=/opt/rustwide/rustup-home" "-e" "CARGO_TARGET_DIR=/opt/rustwide/target" "-e" "CARGO_INCREMENTAL=0" "-e" "RUST_BACKTRACE=full" "-e" "RUSTFLAGS=--cap-lints=warn" "-e" "RUSTDOCFLAGS=--cap-lints=warn" "-w" "/opt/rustwide/workdir" "--user" "0:0" "01114f69fac0d17ba1303e8819b5d04587c34f6ce1d8555e13086b3a212c2a6c" "/opt/rustwide/cargo-home/bin/cargo" "+1.99.0-beta.8" "test" "--frozen", kill_on_drop: false }`
[INFO] [stderr] warning: function `rsmemchk_proc_log_init` is never used
[INFO] [stderr]   --> src/logger.rs:35:4
[INFO] [stderr]    |
[INFO] [stderr] 35 | fn rsmemchk_proc_log_init(prefix :&str) -> LogVar {
[INFO] [stderr]    |    ^^^^^^^^^^^^^^^^^^^^^^
[INFO] [stderr]    |
[INFO] [stderr]    = note: `#[warn(dead_code)]` (part of `#[warn(unused)]`) on by default
[INFO] [stderr] 
[INFO] [stderr] warning: `rsmemchk` (lib) generated 1 warning
[INFO] [stderr] warning: `rsmemchk` (lib test) generated 1 warning (1 duplicate)
[INFO] [stderr]     Finished `test` profile [unoptimized + debuginfo] target(s) in 0.06s
[INFO] [stderr]      Running unittests src/lib.rs (/opt/rustwide/target/debug/deps/rsmemchk-cc318805eadb5687)
[INFO] [stdout] 
[INFO] [stdout] running 0 tests
[INFO] [stdout] 
[INFO] [stdout] test result: ok. 0 passed; 0 failed; 0 ignored; 0 measured; 0 filtered out; finished in 0.00s
[INFO] [stdout] 
[INFO] [stderr]    Doc-tests rsmemchk
[INFO] [stdout] 
[INFO] [stdout] running 14 tests
[INFO] [stdout] test src/logger.rs - logger::rsmemchk_debug_buffer_debug (line 311) ... FAILED
[INFO] [stdout] test src/logger.rs - logger::rsmemchk_log_warn (line 159) ... FAILED
[INFO] [stdout] test src/logger.rs - logger::rsmemchk_debug_buffer_warn (line 285) ... FAILED
[INFO] [stdout] test src/logger.rs - logger::rsmemchk_assert (line 187) ... FAILED
[INFO] [stdout] test src/logger.rs - logger::rsmemchk_debug_buffer_trace (line 367) ... FAILED
[INFO] [stdout] test src/errors.rs - errors::rsmemchk_new_error (line 87) ... FAILED
[INFO] [stdout] test src/logger.rs - logger::rsmemchk_format_buffer_log (line 204) ... FAILED
[INFO] [stdout] test src/logger.rs - logger::rsmemchk_debug_buffer_info (line 298) ... FAILED
[INFO] [stdout] test src/logger.rs - logger::rsmemchk_debug_buffer_error (line 272) ... FAILED
[INFO] [stdout] test src/logger.rs - logger::rsmemchk_log_info (line 173) ... FAILED
[INFO] [stdout] test src/logger.rs - logger::rsmemchk_log_error (line 145) ... FAILED
[INFO] [stdout] test src/errors.rs - errors::rsmemchk_error_create (line 106) ... FAILED
[INFO] [stdout] test src/logger.rs - logger::rsmemchk_log_trace (line 341) ... FAILED
[INFO] [stdout] test src/errors.rs - errors::rsmemchk_error_class (line 4) ... FAILED
[INFO] [stdout] 
[INFO] [stdout] failures:
[INFO] [stdout] 
[INFO] [stdout] ---- src/logger.rs - logger::rsmemchk_debug_buffer_debug (line 311) stdout ----
[INFO] [stdout] error: cannot find macro `rsmemchk_format_buffer_debug` in this scope
[INFO] [stdout]    --> src/logger.rs:314:1
[INFO] [stdout]     |
[INFO] [stdout] 314 | rsmemchk_format_buffer_debug!(buf.as_ptr(),buf.len(),"buffer output value {}",3);
[INFO] [stdout]     | ^^^^^^^^^^^^^^^^^^^^^^^^^^^^
[INFO] [stdout] 
[INFO] [stdout] error: aborting due to 1 previous error
[INFO] [stdout] 
[INFO] [stdout] Couldn't compile the test.
[INFO] [stdout] ---- src/logger.rs - logger::rsmemchk_log_warn (line 159) stdout ----
[INFO] [stdout] error: cannot find macro `rsmemchk_log_warn` in this scope
[INFO] [stdout]    --> src/logger.rs:161:1
[INFO] [stdout]     |
[INFO] [stdout] 161 | rsmemchk_log_warn!("exampl error value {}",3);
[INFO] [stdout]     | ^^^^^^^^^^^^^^^^^
[INFO] [stdout] 
[INFO] [stdout] error: aborting due to 1 previous error
[INFO] [stdout] 
[INFO] [stdout] Couldn't compile the test.
[INFO] [stdout] ---- src/logger.rs - logger::rsmemchk_debug_buffer_warn (line 285) stdout ----
[INFO] [stdout] error: cannot find macro `rsmemchk_format_buffer_warn` in this scope
[INFO] [stdout]    --> src/logger.rs:288:1
[INFO] [stdout]     |
[INFO] [stdout] 288 | rsmemchk_format_buffer_warn!(buf.as_ptr(),buf.len(),"buffer output value {}",3);
[INFO] [stdout]     | ^^^^^^^^^^^^^^^^^^^^^^^^^^^
[INFO] [stdout] 
[INFO] [stdout] error: aborting due to 1 previous error
[INFO] [stdout] 
[INFO] [stdout] Couldn't compile the test.
[INFO] [stdout] ---- src/logger.rs - logger::rsmemchk_assert (line 187) stdout ----
[INFO] [stdout] error: cannot find macro `rsmemchk_assert` in this scope
[INFO] [stdout]    --> src/logger.rs:189:1
[INFO] [stdout]     |
[INFO] [stdout] 189 | rsmemchk_assert!(1 == 1 , "can not call 1 == {}", 0);
[INFO] [stdout]     | ^^^^^^^^^^^^^^^
[INFO] [stdout] 
[INFO] [stdout] error: aborting due to 1 previous error
[INFO] [stdout] 
[INFO] [stdout] Couldn't compile the test.
[INFO] [stdout] ---- src/logger.rs - logger::rsmemchk_debug_buffer_trace (line 367) stdout ----
[INFO] [stdout] error: cannot find macro `rsmemchk_format_buffer_trace` in this scope
[INFO] [stdout]    --> src/logger.rs:370:1
[INFO] [stdout]     |
[INFO] [stdout] 370 | rsmemchk_format_buffer_trace!(buf.as_ptr(),buf.len(),"buffer output value {}",3);
[INFO] [stdout]     | ^^^^^^^^^^^^^^^^^^^^^^^^^^^^
[INFO] [stdout] 
[INFO] [stdout] error: aborting due to 1 previous error
[INFO] [stdout] 
[INFO] [stdout] Couldn't compile the test.
[INFO] [stdout] ---- src/errors.rs - errors::rsmemchk_new_error (line 87) stdout ----
[INFO] [stdout] error: cannot find macro `rsmemchk_new_error` in this scope
[INFO] [stdout]   --> src/errors.rs:89:1
[INFO] [stdout]    |
[INFO] [stdout] 89 | rsmemchk_new_error!{ExampleError,"example error call {}","new error"}
[INFO] [stdout]    | ^^^^^^^^^^^^^^^^^^
[INFO] [stdout] 
[INFO] [stdout] error: aborting due to 1 previous error
[INFO] [stdout] 
[INFO] [stdout] Couldn't compile the test.
[INFO] [stdout] ---- src/logger.rs - logger::rsmemchk_format_buffer_log (line 204) stdout ----
[INFO] [stdout] error: cannot find macro `rsmemchk_format_buffer_log` in this scope
[INFO] [stdout]    --> src/logger.rs:207:1
[INFO] [stdout]     |
[INFO] [stdout] 207 | rsmemchk_format_buffer_log!(buf.as_ptr(),buf.len(),"buffer output value {}",3);
[INFO] [stdout]     | ^^^^^^^^^^^^^^^^^^^^^^^^^^
[INFO] [stdout] 
[INFO] [stdout] error: aborting due to 1 previous error
[INFO] [stdout] 
[INFO] [stdout] Couldn't compile the test.
[INFO] [stdout] ---- src/logger.rs - logger::rsmemchk_debug_buffer_info (line 298) stdout ----
[INFO] [stdout] error: cannot find macro `rsmemchk_format_buffer_info` in this scope
[INFO] [stdout]    --> src/logger.rs:301:1
[INFO] [stdout]     |
[INFO] [stdout] 301 | rsmemchk_format_buffer_info!(buf.as_ptr(),buf.len(),"buffer output value {}",3);
[INFO] [stdout]     | ^^^^^^^^^^^^^^^^^^^^^^^^^^^
[INFO] [stdout] 
[INFO] [stdout] error: aborting due to 1 previous error
[INFO] [stdout] 
[INFO] [stdout] Couldn't compile the test.
[INFO] [stdout] ---- src/logger.rs - logger::rsmemchk_debug_buffer_error (line 272) stdout ----
[INFO] [stdout] error: cannot find macro `rsmemchk_format_buffer_error` in this scope
[INFO] [stdout]    --> src/logger.rs:275:1
[INFO] [stdout]     |
[INFO] [stdout] 275 | rsmemchk_format_buffer_error!(buf.as_ptr(),buf.len(),"buffer output value {}",3);
[INFO] [stdout]     | ^^^^^^^^^^^^^^^^^^^^^^^^^^^^
[INFO] [stdout] 
[INFO] [stdout] error: aborting due to 1 previous error
[INFO] [stdout] 
[INFO] [stdout] Couldn't compile the test.
[INFO] [stdout] ---- src/logger.rs - logger::rsmemchk_log_info (line 173) stdout ----
[INFO] [stdout] error: cannot find macro `rsmemchk_log_info` in this scope
[INFO] [stdout]    --> src/logger.rs:175:1
[INFO] [stdout]     |
[INFO] [stdout] 175 | rsmemchk_log_info!("exampl error value {}",3);
[INFO] [stdout]     | ^^^^^^^^^^^^^^^^^
[INFO] [stdout] 
[INFO] [stdout] error: aborting due to 1 previous error
[INFO] [stdout] 
[INFO] [stdout] Couldn't compile the test.
[INFO] [stdout] ---- src/logger.rs - logger::rsmemchk_log_error (line 145) stdout ----
[INFO] [stdout] error: cannot find macro `rsmemchk_log_error` in this scope
[INFO] [stdout]    --> src/logger.rs:147:1
[INFO] [stdout]     |
[INFO] [stdout] 147 | rsmemchk_log_error!("exampl error value {}",3);
[INFO] [stdout]     | ^^^^^^^^^^^^^^^^^^
[INFO] [stdout] 
[INFO] [stdout] error: aborting due to 1 previous error
[INFO] [stdout] 
[INFO] [stdout] Couldn't compile the test.
[INFO] [stdout] ---- src/errors.rs - errors::rsmemchk_error_create (line 106) stdout ----
[INFO] [stdout] error: cannot find macro `rsmemchk_error_create` in this scope
[INFO] [stdout]    --> src/errors.rs:108:1
[INFO] [stdout]     |
[INFO] [stdout] 108 | rsmemchk_error_create!{ExampleError,"example error call {}","new error"}
[INFO] [stdout]     | ^^^^^^^^^^^^^^^^^^^^^
[INFO] [stdout] 
[INFO] [stdout] error: aborting due to 1 previous error
[INFO] [stdout] 
[INFO] [stdout] Couldn't compile the test.
[INFO] [stdout] ---- src/logger.rs - logger::rsmemchk_log_trace (line 341) stdout ----
[INFO] [stdout] error: cannot find macro `rsmemchk_log_trace` in this scope
[INFO] [stdout]    --> src/logger.rs:343:1
[INFO] [stdout]     |
[INFO] [stdout] 343 | rsmemchk_log_trace!("call value {}",3);
[INFO] [stdout]     | ^^^^^^^^^^^^^^^^^^
[INFO] [stdout] 
[INFO] [stdout] error: aborting due to 1 previous error
[INFO] [stdout] 
[INFO] [stdout] Couldn't compile the test.
[INFO] [stdout] ---- src/errors.rs - errors::rsmemchk_error_class (line 4) stdout ----
[INFO] [stdout] error: cannot find macro `rsmemchk_error_class` in this scope
[INFO] [stdout]  --> src/errors.rs:6:1
[INFO] [stdout]   |
[INFO] [stdout] 6 | rsmemchk_error_class!{ExampleClass}
[INFO] [stdout]   | ^^^^^^^^^^^^^^^^^^^^
[INFO] [stdout] 
[INFO] [stdout] error: aborting due to 1 previous error
[INFO] [stdout] 
[INFO] [stdout] Couldn't compile the test.
[INFO] [stdout] 
[INFO] [stderr] error: doctest failed, to rerun pass `--doc`
[INFO] [stdout] failures:
[INFO] [stdout]     src/errors.rs - errors::rsmemchk_error_class (line 4)
[INFO] [stdout]     src/errors.rs - errors::rsmemchk_error_create (line 106)
[INFO] [stdout]     src/errors.rs - errors::rsmemchk_new_error (line 87)
[INFO] [stdout]     src/logger.rs - logger::rsmemchk_assert (line 187)
[INFO] [stdout]     src/logger.rs - logger::rsmemchk_debug_buffer_debug (line 311)
[INFO] [stdout]     src/logger.rs - logger::rsmemchk_debug_buffer_error (line 272)
[INFO] [stdout]     src/logger.rs - logger::rsmemchk_debug_buffer_info (line 298)
[INFO] [stdout]     src/logger.rs - logger::rsmemchk_debug_buffer_trace (line 367)
[INFO] [stdout]     src/logger.rs - logger::rsmemchk_debug_buffer_warn (line 285)
[INFO] [stdout]     src/logger.rs - logger::rsmemchk_format_buffer_log (line 204)
[INFO] [stdout]     src/logger.rs - logger::rsmemchk_log_error (line 145)
[INFO] [stdout]     src/logger.rs - logger::rsmemchk_log_info (line 173)
[INFO] [stdout]     src/logger.rs - logger::rsmemchk_log_trace (line 341)
[INFO] [stdout]     src/logger.rs - logger::rsmemchk_log_warn (line 159)
[INFO] [stdout] 
[INFO] [stdout] test result: FAILED. 0 passed; 14 failed; 0 ignored; 0 measured; 0 filtered out; finished in 0.54s
[INFO] [stdout] 
[INFO] running `Command { std: "docker" "inspect" "01114f69fac0d17ba1303e8819b5d04587c34f6ce1d8555e13086b3a212c2a6c", kill_on_drop: false }`
[INFO] running `Command { std: "docker" "rm" "-f" "01114f69fac0d17ba1303e8819b5d04587c34f6ce1d8555e13086b3a212c2a6c", kill_on_drop: false }`
[INFO] [stdout] 01114f69fac0d17ba1303e8819b5d04587c34f6ce1d8555e13086b3a212c2a6c
