[INFO] fetching crate rskit-media-audio 0.2.0-alpha.5...
[INFO] testing rskit-media-audio-0.2.0-alpha.5 against 1.100.0-beta.1 for beta-1.100-2
[INFO] extracting crate rskit-media-audio 0.2.0-alpha.5 into /workspace/builds/worker-6-tc2/source
[INFO] started tweaking crates.io crate rskit-media-audio 0.2.0-alpha.5
[INFO] removed 0 missing tests
[INFO] finished tweaking crates.io crate rskit-media-audio 0.2.0-alpha.5
[INFO] tweaked toml for crates.io crate rskit-media-audio 0.2.0-alpha.5 written to /workspace/builds/worker-6-tc2/source/Cargo.toml
[INFO] validating manifest of crates.io crate rskit-media-audio 0.2.0-alpha.5 on toolchain 1.100.0-beta.1
[INFO] running `Command { std: CARGO_HOME="/workspace/cargo-home" RUSTUP_HOME="/workspace/rustup-home" "/workspace/cargo-home/bin/cargo" "+1.100.0-beta.1" "metadata" "--manifest-path" "Cargo.toml" "--no-deps", kill_on_drop: false }`
[INFO] crate crates.io crate rskit-media-audio 0.2.0-alpha.5 already has a lockfile, it will not be regenerated
[INFO] running `Command { std: CARGO_HOME="/workspace/cargo-home" RUSTUP_HOME="/workspace/rustup-home" "/workspace/cargo-home/bin/cargo" "+1.100.0-beta.1" "fetch" "--manifest-path" "Cargo.toml", kill_on_drop: false }`
[INFO] [stderr] warning: `package.homepage` is redundant with `package.repository`
[INFO] [stderr]   --> Cargo.toml:53:12
[INFO] [stderr]    |
[INFO] [stderr] 53 | homepage = "https://github.com/kbukum/rskit"
[INFO] [stderr]    |            ^^^^^^^^^^^^^^^^^^^^^^^^^^^^^^^^^
[INFO] [stderr] ...
[INFO] [stderr] 58 | repository = "https://github.com/kbukum/rskit"
[INFO] [stderr]    |              ---------------------------------
[INFO] [stderr]    |
[INFO] [stderr]    = note: `cargo::redundant_homepage` is set to `warn` by default
[INFO] [stderr] help: consider removing `package.homepage`
[INFO] [stderr] warning: `rskit-media-audio` (manifest) generated 1 warning
[INFO] running `Command { std: "docker" "create" "-v" "/var/lib/crater-agent-workspace/builds/worker-6-tc2/source:/opt/rustwide/workdir:ro,Z" "-v" "/var/lib/crater-agent-workspace/builds/worker-6-tc2/target:/opt/rustwide/target:rw,Z" "-v" "/var/lib/crater-agent-workspace/cargo-home:/opt/rustwide/cargo-home:ro,Z" "-v" "/var/lib/crater-agent-workspace/rustup-home:/opt/rustwide/rustup-home:ro,Z" "-m" "1610612736" "--network" "none" "ghcr.io/rust-lang/crates-build-env/linux@sha256:3111399a4047eeb3a02b7a90e478d715f38a8c6669b5c4b49d30a17385265909" "sleep" "infinity", kill_on_drop: false }`
[INFO] [stdout] 71576d8893fee083773f9af2a76cddcc2ba3be86dce58b8845a99464c010a2dd
[INFO] running `Command { std: "docker" "start" "71576d8893fee083773f9af2a76cddcc2ba3be86dce58b8845a99464c010a2dd", kill_on_drop: false }`
[INFO] running `Command { std: "docker" "inspect" "71576d8893fee083773f9af2a76cddcc2ba3be86dce58b8845a99464c010a2dd", kill_on_drop: false }`
[INFO] running `Command { std: "docker" "exec" "-e" "SOURCE_DIR=/opt/rustwide/workdir" "-e" "CARGO_HOME=/opt/rustwide/cargo-home" "-e" "RUSTUP_HOME=/opt/rustwide/rustup-home" "-e" "CARGO_TARGET_DIR=/opt/rustwide/target" "-w" "/opt/rustwide/workdir" "--user" "0:0" "71576d8893fee083773f9af2a76cddcc2ba3be86dce58b8845a99464c010a2dd" "/opt/rustwide/cargo-home/bin/cargo" "+1.100.0-beta.1" "metadata" "--no-deps" "--format-version=1", kill_on_drop: false }`
[INFO] running `Command { std: "docker" "inspect" "71576d8893fee083773f9af2a76cddcc2ba3be86dce58b8845a99464c010a2dd", kill_on_drop: false }`
[INFO] running `Command { std: "docker" "exec" "-e" "SOURCE_DIR=/opt/rustwide/workdir" "-e" "CARGO_HOME=/opt/rustwide/cargo-home" "-e" "RUSTUP_HOME=/opt/rustwide/rustup-home" "-e" "CARGO_TARGET_DIR=/opt/rustwide/target" "-e" "CARGO_INCREMENTAL=0" "-e" "RUST_BACKTRACE=full" "-e" "RUSTFLAGS=--cap-lints=warn" "-e" "RUSTDOCFLAGS=--cap-lints=warn" "-w" "/opt/rustwide/workdir" "--user" "0:0" "71576d8893fee083773f9af2a76cddcc2ba3be86dce58b8845a99464c010a2dd" "/opt/rustwide/cargo-home/bin/cargo" "+1.100.0-beta.1" "build" "--frozen" "--message-format=json", kill_on_drop: false }`
[INFO] [stderr] warning: `package.homepage` is redundant with `package.repository`
[INFO] [stderr]   --> Cargo.toml:53:12
[INFO] [stderr]    |
[INFO] [stderr] 53 | homepage = "https://github.com/kbukum/rskit"
[INFO] [stderr]    |            ^^^^^^^^^^^^^^^^^^^^^^^^^^^^^^^^^
[INFO] [stderr] ...
[INFO] [stderr] 58 | repository = "https://github.com/kbukum/rskit"
[INFO] [stderr]    |              ---------------------------------
[INFO] [stderr]    |
[INFO] [stderr]    = note: `cargo::redundant_homepage` is set to `warn` by default
[INFO] [stderr] help: consider removing `package.homepage`
[INFO] [stderr] warning: `rskit-media-audio` (manifest) generated 1 warning
[INFO] [stderr]    Compiling memchr v2.8.1
[INFO] [stderr]    Compiling serde_core v1.0.228
[INFO] [stderr]    Compiling futures-macro v0.3.32
[INFO] [stderr]    Compiling futures-channel v0.3.32
[INFO] [stderr]    Compiling serde_json v1.0.150
[INFO] [stderr]    Compiling parking_lot_core v0.9.12
[INFO] [stderr]    Compiling crossbeam-epoch v0.9.20
[INFO] [stderr]    Compiling mio v1.2.1
[INFO] [stderr]    Compiling socket2 v0.6.4
[INFO] [stderr]    Compiling log v0.4.32
[INFO] [stderr]    Compiling bitflags v2.13.0
[INFO] [stderr]    Compiling http v1.4.1
[INFO] [stderr]    Compiling uuid v1.23.2
[INFO] [stderr]    Compiling tracing v0.1.44
[INFO] [stderr]    Compiling rustix v1.1.4
[INFO] [stderr]    Compiling parking_lot v0.12.5
[INFO] [stderr]    Compiling crossbeam-deque v0.8.6
[INFO] [stderr]    Compiling cfb v0.7.3
[INFO] [stderr]    Compiling aho-corasick v1.1.4
[INFO] [stderr]    Compiling bstr v1.12.3
[INFO] [stderr]    Compiling tokio v1.52.3
[INFO] [stderr]    Compiling futures-util v0.3.32
[INFO] [stderr]    Compiling infer v0.19.0
[INFO] [stderr]    Compiling regex-automata v0.4.14
[INFO] [stderr]    Compiling tempfile v3.27.0
[INFO] [stderr]    Compiling serde v1.0.228
[INFO] [stderr]    Compiling chrono v0.4.45
[INFO] [stderr]    Compiling rskit-errors v0.2.0-alpha.5
[INFO] [stderr]    Compiling globset v0.4.18
[INFO] [stderr]    Compiling futures-executor v0.3.32
[INFO] [stderr]    Compiling futures v0.3.32
[INFO] [stderr]    Compiling ignore v0.4.28
[INFO] [stderr]    Compiling rskit-fs v0.2.0-alpha.8
[INFO] [stderr]    Compiling tokio-util v0.7.18
[INFO] [stderr]    Compiling rskit-storage v0.2.0-alpha.5
[INFO] [stderr]    Compiling rskit-media v0.2.0-alpha.5
[INFO] [stderr]    Compiling rskit-media-audio v0.2.0-alpha.5 (/opt/rustwide/workdir)
[INFO] [stderr]     Finished `dev` profile [unoptimized + debuginfo] target(s) in 17.31s
[INFO] running `Command { std: "docker" "inspect" "71576d8893fee083773f9af2a76cddcc2ba3be86dce58b8845a99464c010a2dd", kill_on_drop: false }`
[INFO] running `Command { std: "docker" "exec" "-e" "SOURCE_DIR=/opt/rustwide/workdir" "-e" "CARGO_HOME=/opt/rustwide/cargo-home" "-e" "RUSTUP_HOME=/opt/rustwide/rustup-home" "-e" "CARGO_TARGET_DIR=/opt/rustwide/target" "-e" "CARGO_INCREMENTAL=0" "-e" "RUST_BACKTRACE=full" "-e" "RUSTFLAGS=--cap-lints=warn" "-e" "RUSTDOCFLAGS=--cap-lints=warn" "-w" "/opt/rustwide/workdir" "--user" "0:0" "71576d8893fee083773f9af2a76cddcc2ba3be86dce58b8845a99464c010a2dd" "/opt/rustwide/cargo-home/bin/cargo" "+1.100.0-beta.1" "test" "--frozen" "--no-run" "--message-format=json", kill_on_drop: false }`
[INFO] [stderr] warning: `package.homepage` is redundant with `package.repository`
[INFO] [stderr]   --> Cargo.toml:53:12
[INFO] [stderr]    |
[INFO] [stderr] 53 | homepage = "https://github.com/kbukum/rskit"
[INFO] [stderr]    |            ^^^^^^^^^^^^^^^^^^^^^^^^^^^^^^^^^
[INFO] [stderr] ...
[INFO] [stderr] 58 | repository = "https://github.com/kbukum/rskit"
[INFO] [stderr]    |              ---------------------------------
[INFO] [stderr]    |
[INFO] [stderr]    = note: `cargo::redundant_homepage` is set to `warn` by default
[INFO] [stderr] help: consider removing `package.homepage`
[INFO] [stderr] warning: `rskit-media-audio` (manifest) generated 1 warning
[INFO] [stderr]    Compiling tokio v1.52.3
[INFO] [stderr]    Compiling pest v2.8.6
[INFO] [stderr]    Compiling console v0.16.3
[INFO] [stderr]    Compiling similar v2.7.0
[INFO] [stderr]    Compiling pest_meta v2.8.6
[INFO] [stderr]    Compiling pest_generator v2.8.6
[INFO] [stderr]    Compiling pest_derive v2.8.6
[INFO] [stderr]    Compiling insta v1.47.2
[INFO] [stderr]    Compiling rskit-fs v0.2.0-alpha.8
[INFO] [stderr]    Compiling tokio-util v0.7.18
[INFO] [stderr]    Compiling rskit-storage v0.2.0-alpha.5
[INFO] [stderr]    Compiling rskit-media v0.2.0-alpha.5
[INFO] [stderr]    Compiling rskit-media-audio v0.2.0-alpha.5 (/opt/rustwide/workdir)
[INFO] [stderr]     Finished `test` profile [unoptimized + debuginfo] target(s) in 22.87s
[INFO] running `Command { std: "docker" "inspect" "71576d8893fee083773f9af2a76cddcc2ba3be86dce58b8845a99464c010a2dd", kill_on_drop: false }`
[INFO] running `Command { std: "docker" "exec" "-e" "SOURCE_DIR=/opt/rustwide/workdir" "-e" "CARGO_HOME=/opt/rustwide/cargo-home" "-e" "RUSTUP_HOME=/opt/rustwide/rustup-home" "-e" "CARGO_TARGET_DIR=/opt/rustwide/target" "-e" "CARGO_INCREMENTAL=0" "-e" "RUST_BACKTRACE=full" "-e" "RUSTFLAGS=--cap-lints=warn" "-e" "RUSTDOCFLAGS=--cap-lints=warn" "-w" "/opt/rustwide/workdir" "--user" "0:0" "71576d8893fee083773f9af2a76cddcc2ba3be86dce58b8845a99464c010a2dd" "/opt/rustwide/cargo-home/bin/cargo" "+1.100.0-beta.1" "test" "--frozen", kill_on_drop: false }`
[INFO] [stderr] warning: `package.homepage` is redundant with `package.repository`
[INFO] [stderr]   --> Cargo.toml:53:12
[INFO] [stderr]    |
[INFO] [stderr] 53 | homepage = "https://github.com/kbukum/rskit"
[INFO] [stderr]    |            ^^^^^^^^^^^^^^^^^^^^^^^^^^^^^^^^^
[INFO] [stderr] ...
[INFO] [stderr] 58 | repository = "https://github.com/kbukum/rskit"
[INFO] [stderr]    |              ---------------------------------
[INFO] [stderr]    |
[INFO] [stderr]    = note: `cargo::redundant_homepage` is set to `warn` by default
[INFO] [stderr] help: consider removing `package.homepage`
[INFO] [stderr] warning: `rskit-media-audio` (manifest) generated 1 warning
[INFO] [stderr]     Finished `test` profile [unoptimized + debuginfo] target(s) in 1.33s
[INFO] [stderr]      Running unittests src/lib.rs (/opt/rustwide/target/debug/build/rskit-media-audio/d5b81f68b8c68022/out/rskit_media_audio-d5b81f68b8c68022)
[INFO] [stdout] 
[INFO] [stdout] running 22 tests
[INFO] [stdout] test loudness::tests::empty_wav ... ok
[INFO] [stdout] test wav::tests::channel_samples_returns_requested_channel_or_empty ... ok
[INFO] [stdout] test tests::read_bounded_rejects_sources_over_limit ... ok
[INFO] [stdout] test tests::unsupported_returns_invalid_input ... ok
[INFO] [stdout] test wav::tests::rejects_invalid_or_unsupported_bits_per_sample ... ok
[INFO] [stdout] test tests::config_builders_and_channel_layouts_are_deterministic ... ok
[INFO] [stdout] test wav::tests::decodes_supported_sample_widths_and_clamps_float ... ok
[INFO] [stdout] test silence::tests::detect_leading_silence ... ok
[INFO] [stdout] test silence::tests::short_silence_ignored ... ok
[INFO] [stdout] test tests::metadata_for_wav_handles_custom_channels_and_empty_waveform ... ok
[INFO] [stdout] test wav::tests::rejects_non_wav ... ok
[INFO] [stdout] test wav::tests::rejects_missing_data_chunk_after_aligned_unknown_chunk ... ok
[INFO] [stdout] test wav::tests::parse_valid_wav ... ok
[INFO] [stdout] test wav::tests::rejects_too_small ... ok
[INFO] [stdout] test silence::tests::no_silence ... ok
[INFO] [stdout] test silence::tests::detect_trailing_silence ... ok
[INFO] [stdout] test wav::tests::duration_calculation ... ok
[INFO] [stdout] test waveform::tests::waveform_silence ... ok
[INFO] [stdout] test waveform::tests::waveform_sine_wave ... ok
[INFO] [stdout] test loudness::tests::silence_loudness ... ok
[INFO] [stdout] test wav::tests::rejects_unsupported_format_and_short_fmt_chunk ... ok
[INFO] [stdout] test loudness::tests::full_scale_sine ... ok
[INFO] [stdout] 
[INFO] [stdout] test result: ok. 22 passed; 0 failed; 0 ignored; 0 measured; 0 filtered out; finished in 0.03s
[INFO] [stdout] 
[INFO] [stderr]      Running tests/golden.rs (/opt/rustwide/target/debug/build/rskit-media-audio/34632b982aac4ded/out/golden-34632b982aac4ded)
[INFO] [stdout] 
[INFO] [stdout] running 3 tests
[INFO] [stdout] test golden_wav_reader_real_voice ... FAILED
[INFO] [stdout] test golden_silence_detection_real_voice ... FAILED
[INFO] [stdout] test golden_wav_reader_ai_generated ... FAILED
[INFO] [stdout] 
[INFO] [stdout] failures:
[INFO] [stdout] 
[INFO] [stdout] ---- golden_wav_reader_real_voice stdout ----
[INFO] [stdout] Error: AppError { code: NotFound, message: "failed to open /tests/fixtures/audio/real-voice.wav: INTERNAL_ERROR: failed to open file '/tests/fixtures/audio/real-voice.wav': No such file or directory (os error 2)", retryable: false, http_status: 404, details: {}, cause: None }
[INFO] [stdout] 
[INFO] [stdout] ---- golden_silence_detection_real_voice stdout ----
[INFO] [stdout] Error: AppError { code: NotFound, message: "failed to open /tests/fixtures/audio/real-voice.wav: INTERNAL_ERROR: failed to open file '/tests/fixtures/audio/real-voice.wav': No such file or directory (os error 2)", retryable: false, http_status: 404, details: {}, cause: None }
[INFO] [stdout] 
[INFO] [stdout] ---- golden_wav_reader_ai_generated stdout ----
[INFO] [stdout] Error: AppError { code: NotFound, message: "failed to open /tests/fixtures/audio/ai-generated.wav: INTERNAL_ERROR: failed to open file '/tests/fixtures/audio/ai-generated.wav': No such file or directory (os error 2)", retryable: false, http_status: 404, details: {}, cause: None }
[INFO] [stdout] 
[INFO] [stdout] 
[INFO] [stdout] failures:
[INFO] [stdout]     golden_silence_detection_real_voice
[INFO] [stdout]     golden_wav_reader_ai_generated
[INFO] [stdout]     golden_wav_reader_real_voice
[INFO] [stdout] 
[INFO] [stdout] test result: FAILED. 0 passed; 3 failed; 0 ignored; 0 measured; 0 filtered out; finished in 0.01s
[INFO] [stdout] 
[INFO] [stderr] error: test failed, to rerun pass `--test golden`
[INFO] running `Command { std: "docker" "inspect" "71576d8893fee083773f9af2a76cddcc2ba3be86dce58b8845a99464c010a2dd", kill_on_drop: false }`
[INFO] running `Command { std: "docker" "rm" "-f" "71576d8893fee083773f9af2a76cddcc2ba3be86dce58b8845a99464c010a2dd", kill_on_drop: false }`
[INFO] [stdout] 71576d8893fee083773f9af2a76cddcc2ba3be86dce58b8845a99464c010a2dd
