[INFO] fetching crate rs-docx 0.2.0...
[INFO] testing rs-docx-0.2.0 against 1.99.0-beta.8 for beta-1.100-2
[INFO] extracting crate rs-docx 0.2.0 into /workspace/builds/worker-0-tc1/source
[INFO] started tweaking crates.io crate rs-docx 0.2.0
[INFO] removed 0 missing examples
[INFO] removed 0 missing tests
[INFO] finished tweaking crates.io crate rs-docx 0.2.0
[INFO] tweaked toml for crates.io crate rs-docx 0.2.0 written to /workspace/builds/worker-0-tc1/source/Cargo.toml
[INFO] validating manifest of crates.io crate rs-docx 0.2.0 on toolchain 1.99.0-beta.8
[INFO] running `Command { std: CARGO_HOME="/workspace/cargo-home" RUSTUP_HOME="/workspace/rustup-home" "/workspace/cargo-home/bin/cargo" "+1.99.0-beta.8" "metadata" "--manifest-path" "Cargo.toml" "--no-deps", kill_on_drop: false }`
[INFO] crate crates.io crate rs-docx 0.2.0 already has a lockfile, it will not be regenerated
[INFO] running `Command { std: CARGO_HOME="/workspace/cargo-home" RUSTUP_HOME="/workspace/rustup-home" "/workspace/cargo-home/bin/cargo" "+1.99.0-beta.8" "fetch" "--manifest-path" "Cargo.toml", kill_on_drop: false }`
[INFO] [stderr]     Updating crates.io index
[INFO] [stderr]  Downloading crates ...
[INFO] [stderr]   Downloaded hard-xml v1.41.0
[INFO] [stderr]   Downloaded xmlparser v0.13.6
[INFO] [stderr]   Downloaded hard-xml-derive v1.41.0
[INFO] [stderr]   Downloaded zip v4.6.1
[INFO] [stderr]   Downloaded jetscii v0.5.3
[INFO] [stderr]   Downloaded jiff-static v0.2.18
[INFO] [stderr]   Downloaded async_zip v0.0.17
[INFO] [stderr]   Downloaded jiff v0.2.18
[INFO] running `Command { std: "docker" "create" "-v" "/var/lib/crater-agent-workspace/builds/worker-0-tc1/source:/opt/rustwide/workdir:ro,Z" "-v" "/var/lib/crater-agent-workspace/builds/worker-0-tc1/target:/opt/rustwide/target:rw,Z" "-v" "/var/lib/crater-agent-workspace/cargo-home:/opt/rustwide/cargo-home:ro,Z" "-v" "/var/lib/crater-agent-workspace/rustup-home:/opt/rustwide/rustup-home:ro,Z" "-m" "1610612736" "--network" "none" "ghcr.io/rust-lang/crates-build-env/linux@sha256:3111399a4047eeb3a02b7a90e478d715f38a8c6669b5c4b49d30a17385265909" "sleep" "infinity", kill_on_drop: false }`
[INFO] [stdout] 880da891bf09a0a7aa34f9594dca930dd2b47f687ff0181d189a383bb756c18e
[INFO] running `Command { std: "docker" "start" "880da891bf09a0a7aa34f9594dca930dd2b47f687ff0181d189a383bb756c18e", kill_on_drop: false }`
[INFO] running `Command { std: "docker" "inspect" "880da891bf09a0a7aa34f9594dca930dd2b47f687ff0181d189a383bb756c18e", kill_on_drop: false }`
[INFO] running `Command { std: "docker" "exec" "-e" "SOURCE_DIR=/opt/rustwide/workdir" "-e" "CARGO_HOME=/opt/rustwide/cargo-home" "-e" "RUSTUP_HOME=/opt/rustwide/rustup-home" "-e" "CARGO_TARGET_DIR=/opt/rustwide/target" "-w" "/opt/rustwide/workdir" "--user" "0:0" "880da891bf09a0a7aa34f9594dca930dd2b47f687ff0181d189a383bb756c18e" "/opt/rustwide/cargo-home/bin/cargo" "+1.99.0-beta.8" "metadata" "--no-deps" "--format-version=1", kill_on_drop: false }`
[INFO] running `Command { std: "docker" "inspect" "880da891bf09a0a7aa34f9594dca930dd2b47f687ff0181d189a383bb756c18e", kill_on_drop: false }`
[INFO] running `Command { std: "docker" "exec" "-e" "SOURCE_DIR=/opt/rustwide/workdir" "-e" "CARGO_HOME=/opt/rustwide/cargo-home" "-e" "RUSTUP_HOME=/opt/rustwide/rustup-home" "-e" "CARGO_TARGET_DIR=/opt/rustwide/target" "-e" "CARGO_INCREMENTAL=0" "-e" "RUST_BACKTRACE=full" "-e" "RUSTFLAGS=--cap-lints=warn" "-e" "RUSTDOCFLAGS=--cap-lints=warn" "-w" "/opt/rustwide/workdir" "--user" "0:0" "880da891bf09a0a7aa34f9594dca930dd2b47f687ff0181d189a383bb756c18e" "/opt/rustwide/cargo-home/bin/cargo" "+1.99.0-beta.8" "build" "--frozen" "--message-format=json", kill_on_drop: false }`
[INFO] [stderr]    Compiling quote v1.0.44
[INFO] [stderr]    Compiling unicode-ident v1.0.22
[INFO] [stderr]    Compiling syn v1.0.109
[INFO] [stderr]    Compiling jetscii v0.5.3
[INFO] [stderr]    Compiling bumpalo v3.19.1
[INFO] [stderr]    Compiling bitflags v2.10.0
[INFO] [stderr]    Compiling simd-adler32 v0.3.8
[INFO] [stderr]    Compiling zlib-rs v0.5.5
[INFO] [stderr]    Compiling proc-macro2 v1.0.106
[INFO] [stderr]    Compiling xmlparser v0.13.6
[INFO] [stderr]    Compiling zopfli v0.8.3
[INFO] [stderr]    Compiling syn v2.0.114
[INFO] [stderr]    Compiling hard-xml-derive v1.41.0
[INFO] [stderr]    Compiling thiserror-impl v1.0.69
[INFO] [stderr]    Compiling derive_more v0.99.20
[INFO] [stderr]    Compiling hard-xml v1.41.0
[INFO] [stderr]    Compiling thiserror v1.0.69
[INFO] [stderr]    Compiling flate2 v1.1.8
[INFO] [stderr]    Compiling zip v4.6.1
[INFO] [stderr]    Compiling rs-docx v0.2.0 (/opt/rustwide/workdir)
[INFO] [stderr]     Finished `dev` profile [unoptimized + debuginfo] target(s) in 29.20s
[INFO] running `Command { std: "docker" "inspect" "880da891bf09a0a7aa34f9594dca930dd2b47f687ff0181d189a383bb756c18e", kill_on_drop: false }`
[INFO] running `Command { std: "docker" "exec" "-e" "SOURCE_DIR=/opt/rustwide/workdir" "-e" "CARGO_HOME=/opt/rustwide/cargo-home" "-e" "RUSTUP_HOME=/opt/rustwide/rustup-home" "-e" "CARGO_TARGET_DIR=/opt/rustwide/target" "-e" "CARGO_INCREMENTAL=0" "-e" "RUST_BACKTRACE=full" "-e" "RUSTFLAGS=--cap-lints=warn" "-e" "RUSTDOCFLAGS=--cap-lints=warn" "-w" "/opt/rustwide/workdir" "--user" "0:0" "880da891bf09a0a7aa34f9594dca930dd2b47f687ff0181d189a383bb756c18e" "/opt/rustwide/cargo-home/bin/cargo" "+1.99.0-beta.8" "test" "--frozen" "--no-run" "--message-format=json", kill_on_drop: false }`
[INFO] [stderr]    Compiling syn v2.0.114
[INFO] [stderr]    Compiling log v0.4.29
[INFO] [stderr]    Compiling aho-corasick v1.1.4
[INFO] [stderr]    Compiling regex-syntax v0.8.8
[INFO] [stderr]    Compiling utf8parse v0.2.2
[INFO] [stderr]    Compiling is_terminal_polyfill v1.70.2
[INFO] [stderr]    Compiling colorchoice v1.0.4
[INFO] [stderr]    Compiling anstyle v1.0.13
[INFO] [stderr]    Compiling anstyle-parse v0.2.7
[INFO] [stderr]    Compiling anstyle-query v1.1.5
[INFO] [stderr]    Compiling bytes v1.11.0
[INFO] [stderr]    Compiling jiff v0.2.18
[INFO] [stderr]    Compiling zopfli v0.8.3
[INFO] [stderr]    Compiling futures-io v0.3.31
[INFO] [stderr]    Compiling anstream v0.6.21
[INFO] [stderr]    Compiling zip v4.6.1
[INFO] [stderr]    Compiling regex-automata v0.4.13
[INFO] [stderr]    Compiling regex v1.12.2
[INFO] [stderr]    Compiling env_filter v0.1.4
[INFO] [stderr]    Compiling thiserror-impl v1.0.69
[INFO] [stderr]    Compiling tokio-macros v2.6.0
[INFO] [stderr]    Compiling derive_more v0.99.20
[INFO] [stderr]    Compiling tokio v1.49.0
[INFO] [stderr]    Compiling env_logger v0.11.8
[INFO] [stderr]    Compiling thiserror v1.0.69
[INFO] [stderr]    Compiling rs-docx v0.2.0 (/opt/rustwide/workdir)
[INFO] [stderr]    Compiling tokio-util v0.7.18
[INFO] [stderr]     Finished `test` profile [unoptimized + debuginfo] target(s) in 1m 03s
[INFO] running `Command { std: "docker" "inspect" "880da891bf09a0a7aa34f9594dca930dd2b47f687ff0181d189a383bb756c18e", kill_on_drop: false }`
[INFO] running `Command { std: "docker" "exec" "-e" "SOURCE_DIR=/opt/rustwide/workdir" "-e" "CARGO_HOME=/opt/rustwide/cargo-home" "-e" "RUSTUP_HOME=/opt/rustwide/rustup-home" "-e" "CARGO_TARGET_DIR=/opt/rustwide/target" "-e" "CARGO_INCREMENTAL=0" "-e" "RUST_BACKTRACE=full" "-e" "RUSTFLAGS=--cap-lints=warn" "-e" "RUSTDOCFLAGS=--cap-lints=warn" "-w" "/opt/rustwide/workdir" "--user" "0:0" "880da891bf09a0a7aa34f9594dca930dd2b47f687ff0181d189a383bb756c18e" "/opt/rustwide/cargo-home/bin/cargo" "+1.99.0-beta.8" "test" "--frozen", kill_on_drop: false }`
[INFO] [stderr]     Finished `test` profile [unoptimized + debuginfo] target(s) in 0.07s
[INFO] [stderr]      Running unittests src/lib.rs (/opt/rustwide/target/debug/deps/rs_docx-aaa35bd4e6a262c9)
[INFO] [stdout] 
[INFO] [stdout] running 76 tests
[INFO] [stdout] test document::body::xml_test_suites ... ok
[INFO] [stdout] test document::bookmark_start::xml_test_suites ... ok
[INFO] [stdout] test document::document::xml_test_suites ... ok
[INFO] [stdout] test document::grid_column::xml_test_suites ... ok
[INFO] [stdout] test document::endnotes::xml_test_suites ... ok
[INFO] [stdout] test document::header::xml_test_suites ... ok
[INFO] [stdout] test document::bookmark_end::xml_test_suites ... ok
[INFO] [stdout] test document::header_footer_reference::xml_test_suites ... ok
[INFO] [stdout] test document::bidir::xml_test_suites ... ok
[INFO] [stdout] test document::footer::xml_test_suites ... ok
[INFO] [stdout] test document::field_char::xml_test_suites ... ok
[INFO] [stdout] test document::numbering::lvl_override_parsing ... ok
[INFO] [stdout] test document::numbering::xml_parsing ... ok
[INFO] [stdout] test document::pict::xml_test_suites ... ok
[INFO] [stdout] test document::paragraph::xml_test_suites ... ok
[INFO] [stdout] test document::numbering::xml_writing ... ok
[INFO] [stdout] test document::hyperlink::xml_test_suites ... ok
[INFO] [stdout] test document::numbering::find_numbering_details ... ok
[INFO] [stdout] test document::r#break::xml_test_suites ... ok
[INFO] [stdout] test document::table_grid::xml_test_suites ... ok
[INFO] [stdout] test document::table_row::xml_test_suites ... ok
[INFO] [stdout] test document::sdt::xml_test_suites ... ok
[INFO] [stdout] test document::table_cell::xml_test_suites ... ok
[INFO] [stdout] test document::run::xml_test_suites ... ok
[INFO] [stdout] test document::table::xml_test_suites ... ok
[INFO] [stdout] test document::text::xml_test_suites ... ok
[INFO] [stdout] test document::track_changes::tests::test_parse_insertion ... ok
[INFO] [stdout] test document::theme::xml_test_suites ... ok
[INFO] [stdout] test font_table::font::xml_test_suites ... ok
[INFO] [stdout] test font_table::xml_test_suites ... ok
[INFO] [stdout] test formatting::bold::xml_test_suites ... ok
[INFO] [stdout] test document::track_changes::tests::test_parse_deletion ... ok
[INFO] [stdout] test formatting::border::between_border::xml_test_suites ... ok
[INFO] [stdout] test formatting::border::bottom_border::xml_test_suites ... ok
[INFO] [stdout] test formatting::border::right_border::xml_test_suites ... ok
[INFO] [stdout] test formatting::border::bar_border::xml_test_suites ... ok
[INFO] [stdout] test formatting::border::inside_horizon_border::xml_test_suites ... ok
[INFO] [stdout] test formatting::border::left_border::xml_test_suites ... ok
[INFO] [stdout] test formatting::border::inside_vertical_border::xml_test_suites ... ok
[INFO] [stdout] test formatting::border::top_border::xml_test_suites ... ok
[INFO] [stdout] test formatting::character_property::xml_test_suites ... ok
[INFO] [stdout] test formatting::color::xml_test_suites ... ok
[INFO] [stdout] test formatting::borders::xml_test_suites ... ok
[INFO] [stdout] test formatting::fonts::xml_test_suites ... ok
[INFO] [stdout] test formatting::italics::xml_test_suites ... ok
[INFO] [stdout] test formatting::justification::xml_test_suites ... ok
[INFO] [stdout] test formatting::lang::xml_test_suites ... ok
[INFO] [stdout] test formatting::numbering_id::xml_test_suites ... ok
[INFO] [stdout] test formatting::dstrike::xml_test_suites ... ok
[INFO] [stdout] test formatting::indent::xml_test_suites ... ok
[INFO] [stdout] test formatting::indent_level::xml_test_suites ... ok
[INFO] [stdout] test formatting::numbering_property::xml_test_suites ... ok
[INFO] [stdout] test formatting::spacing::xml_test_suites ... ok
[INFO] [stdout] test formatting::strike::xml_test_suites ... ok
[INFO] [stdout] test formatting::outline::xml_test_suites ... ok
[INFO] [stdout] test formatting::paragraph_property::xml_test_suites ... ok
[INFO] [stdout] test document::footnotes::xml_test_suites ... ok
[INFO] [stdout] test document::instrtext::xml_test_suites ... ok
[INFO] [stdout] test formatting::size::xml_test_suites ... ok
[INFO] [stdout] test formatting::table_indent::xml_test_suites ... ok
[INFO] [stdout] test formatting::table_justification::xml_test_suites ... ok
[INFO] [stdout] test formatting::table_property::xml_test_suites ... ok
[INFO] [stdout] test formatting::table_row_property::xml_test_suites ... ok
[INFO] [stdout] test formatting::underline::xml_test_suites ... ok
[INFO] [stdout] test formatting::widow_control::xml_test_suites ... ok
[INFO] [stdout] test formatting::table_cell_property::xml_test_suites ... ok
[INFO] [stdout] test formatting::table_borders::xml_test_suites ... ok
[INFO] [stdout] test settings::xml_test_suites ... ok
[INFO] [stdout] test formatting::table_header::xml_test_suites ... ok
[INFO] [stdout] test formatting::table_width::xml_test_suites ... ok
[INFO] [stdout] test styles::xml_test_suites ... ok
[INFO] [stdout] test styles::default_style::xml_test_suites ... ok
[INFO] [stdout] test web_settings::xml_test_suites ... ok
[INFO] [stdout] test styles::style::xml_test_suites ... ok
[INFO] [stdout] test web_settings::alternative_namespace ... ok
[INFO] [stdout] test web_settings::regular_namespace ... ok
[INFO] [stdout] 
[INFO] [stdout] test result: ok. 76 passed; 0 failed; 0 ignored; 0 measured; 0 filtered out; finished in 0.04s
[INFO] [stdout] 
[INFO] [stderr]      Running tests/integration_test.rs (/opt/rustwide/target/debug/deps/integration_test-8a0f220b3a2bc4a6)
[INFO] [stdout] 
[INFO] [stdout] running 6 tests
[INFO] [stdout] test read_external_links ... ok
[INFO] [stdout] test read_list ... ok
[INFO] [stdout] test read_image ... ok
[INFO] [stdout] test replace_text_multiple ... ok
[INFO] [stdout] test read_and_replace ... FAILED
[INFO] [stdout] test read_pandocs ... ok
[INFO] [stdout] 
[INFO] [stdout] failures:
[INFO] [stdout] 
[INFO] [stdout] ---- read_and_replace stdout ----
[INFO] [stdout] 
[INFO] [stdout] thread 'read_and_replace' (1013) panicked at tests/integration_test.rs:20:37:
[INFO] [stdout] called `Result::unwrap()` on an `Err` value: IO(Os { code: 30, kind: ReadOnlyFilesystem, message: "Read-only file system" })
[INFO] [stdout] stack backtrace:
[INFO] [stdout]    0:     0x5b5b35645f21 - std[70759c8f55707aa4]::backtrace_rs::backtrace::libunwind::trace
[INFO] [stdout]                                at /rustc/dfb0accb7f508ae8be965d8629557221c889dd98/library/std/src/../../backtrace/src/backtrace/libunwind.rs:117:9
[INFO] [stdout]    1:     0x5b5b35645f21 - std[70759c8f55707aa4]::backtrace_rs::backtrace::trace_unsynchronized::<std[70759c8f55707aa4]::sys::backtrace::_print_fmt::{closure#1}>
[INFO] [stdout]                                at /rustc/dfb0accb7f508ae8be965d8629557221c889dd98/library/std/src/../../backtrace/src/backtrace/mod.rs:66:14
[INFO] [stdout]    2:     0x5b5b35645f21 - std[70759c8f55707aa4]::sys::backtrace::_print_fmt
[INFO] [stdout]                                at /rustc/dfb0accb7f508ae8be965d8629557221c889dd98/library/std/src/sys/backtrace.rs:74:9
[INFO] [stdout]    3:     0x5b5b35645f21 - <<std[70759c8f55707aa4]::sys::backtrace::BacktraceLock>::print::DisplayBacktrace as core[df12db4294e9bfd3]::fmt::Display>::fmt
[INFO] [stdout]                                at /rustc/dfb0accb7f508ae8be965d8629557221c889dd98/library/std/src/sys/backtrace.rs:44:26
[INFO] [stdout]    4:     0x5b5b3565bc6a - <core[df12db4294e9bfd3]::fmt::rt::Argument>::fmt
[INFO] [stdout]                                at /rustc/dfb0accb7f508ae8be965d8629557221c889dd98/library/core/src/fmt/rt.rs:152:76
[INFO] [stdout]    5:     0x5b5b3565bc6a - core[df12db4294e9bfd3]::fmt::write
[INFO] [stdout]    6:     0x5b5b3564a77c - core[df12db4294e9bfd3]::io::write::default_write_fmt::<alloc[2182bb758b4b3781]::vec::Vec<u8>>
[INFO] [stdout]                                at /rustc/dfb0accb7f508ae8be965d8629557221c889dd98/library/core/src/io/write.rs:402:11
[INFO] [stdout]    7:     0x5b5b3564a77c - <alloc[2182bb758b4b3781]::vec::Vec<u8> as core[df12db4294e9bfd3]::io::write::Write>::write_fmt
[INFO] [stdout]                                at /rustc/dfb0accb7f508ae8be965d8629557221c889dd98/library/core/src/io/write.rs:335:13
[INFO] [stdout]    8:     0x5b5b356216f6 - <std[70759c8f55707aa4]::sys::backtrace::BacktraceLock>::print
[INFO] [stdout]                                at /rustc/dfb0accb7f508ae8be965d8629557221c889dd98/library/std/src/sys/backtrace.rs:47:9
[INFO] [stdout]    9:     0x5b5b356216f6 - std[70759c8f55707aa4]::panicking::default_hook::{closure#0}
[INFO] [stdout]                                at /rustc/dfb0accb7f508ae8be965d8629557221c889dd98/library/std/src/panicking.rs:292:27
[INFO] [stdout]   10:     0x5b5b3563e479 - std[70759c8f55707aa4]::panicking::default_hook
[INFO] [stdout]                                at /rustc/dfb0accb7f508ae8be965d8629557221c889dd98/library/std/src/panicking.rs:316:9
[INFO] [stdout]   11:     0x5b5b352d0440 - <alloc[2182bb758b4b3781]::boxed::Box<dyn for<'a, 'b> core[df12db4294e9bfd3]::ops::function::Fn<(&'a std[70759c8f55707aa4]::panic::PanicHookInfo<'b>,), Output = ()> + core[df12db4294e9bfd3]::marker::Send + core[df12db4294e9bfd3]::marker::Sync> as core[df12db4294e9bfd3]::ops::function::Fn<(&std[70759c8f55707aa4]::panic::PanicHookInfo,)>>::call
[INFO] [stdout]                                at /rustc/dfb0accb7f508ae8be965d8629557221c889dd98/library/alloc/src/boxed.rs:2334:9
[INFO] [stdout]   12:     0x5b5b352d0440 - test[9d35eded1c95d3be]::test_main_inner::<test[9d35eded1c95d3be]::test_main_static::{closure#0}>::{closure#0}
[INFO] [stdout]                                at /rustc/dfb0accb7f508ae8be965d8629557221c889dd98/library/test/src/lib.rs:155:21
[INFO] [stdout]   13:     0x5b5b3563e632 - <alloc[2182bb758b4b3781]::boxed::Box<dyn for<'a, 'b> core[df12db4294e9bfd3]::ops::function::Fn<(&'a std[70759c8f55707aa4]::panic::PanicHookInfo<'b>,), Output = ()> + core[df12db4294e9bfd3]::marker::Send + core[df12db4294e9bfd3]::marker::Sync> as core[df12db4294e9bfd3]::ops::function::Fn<(&std[70759c8f55707aa4]::panic::PanicHookInfo,)>>::call
[INFO] [stdout]                                at /rustc/dfb0accb7f508ae8be965d8629557221c889dd98/library/alloc/src/boxed.rs:2334:9
[INFO] [stdout]   14:     0x5b5b3563e632 - std[70759c8f55707aa4]::panicking::panic_with_hook
[INFO] [stdout]                                at /rustc/dfb0accb7f508ae8be965d8629557221c889dd98/library/std/src/panicking.rs:823:13
[INFO] [stdout]   15:     0x5b5b356217a2 - std[70759c8f55707aa4]::panicking::panic_handler::{closure#0}
[INFO] [stdout]                                at /rustc/dfb0accb7f508ae8be965d8629557221c889dd98/library/std/src/panicking.rs:688:13
[INFO] [stdout]   16:     0x5b5b3561a369 - std[70759c8f55707aa4]::sys::backtrace::__rust_end_short_backtrace::<std[70759c8f55707aa4]::panicking::panic_handler::{closure#0}, !>
[INFO] [stdout]                                at /rustc/dfb0accb7f508ae8be965d8629557221c889dd98/library/std/src/sys/backtrace.rs:182:18
[INFO] [stdout]   17:     0x5b5b3562239d - __rustc[8fa7c3cbc660c2b3]::rust_begin_unwind
[INFO] [stdout]                                at /rustc/dfb0accb7f508ae8be965d8629557221c889dd98/library/std/src/panicking.rs:679:5
[INFO] [stdout]   18:     0x5b5b3565c48c - core[df12db4294e9bfd3]::panicking::panic_fmt
[INFO] [stdout]                                at /rustc/dfb0accb7f508ae8be965d8629557221c889dd98/library/core/src/panicking.rs:80:14
[INFO] [stdout]   19:     0x5b5b3565c1b2 - core[df12db4294e9bfd3]::result::unwrap_failed
[INFO] [stdout]                                at /rustc/dfb0accb7f508ae8be965d8629557221c889dd98/library/core/src/result.rs:1871:5
[INFO] [stdout]   20:     0x5b5b35254c0a - <core[df12db4294e9bfd3]::result::Result<std[70759c8f55707aa4]::fs::File, rs_docx[c7426f2b783f66d]::error::DocxError>>::unwrap
[INFO] [stdout]                                at /rustc/dfb0accb7f508ae8be965d8629557221c889dd98/library/core/src/result.rs:1232:23
[INFO] [stdout]   21:     0x5b5b35254c0a - integration_test[447ba0463a4da48]::read_and_replace
[INFO] [stdout]                                at /opt/rustwide/workdir/tests/integration_test.rs:20:37
[INFO] [stdout]   22:     0x5b5b352524d7 - integration_test[447ba0463a4da48]::read_and_replace::{closure#0}
[INFO] [stdout]                                at /opt/rustwide/workdir/tests/integration_test.rs:12:22
[INFO] [stdout]   23:     0x5b5b352c3566 - <integration_test[447ba0463a4da48]::read_and_replace::{closure#0} as core[df12db4294e9bfd3]::ops::function::FnOnce<()>>::call_once
[INFO] [stdout]                                at /rustc/dfb0accb7f508ae8be965d8629557221c889dd98/library/core/src/ops/function.rs:250:5
[INFO] [stdout]   24:     0x5b5b352c372b - <fn() -> core[df12db4294e9bfd3]::result::Result<(), alloc[2182bb758b4b3781]::string::String> as core[df12db4294e9bfd3]::ops::function::FnOnce<()>>::call_once
[INFO] [stdout]                                at /rustc/dfb0accb7f508ae8be965d8629557221c889dd98/library/core/src/ops/function.rs:250:5
[INFO] [stdout]   25:     0x5b5b352c372b - test[9d35eded1c95d3be]::__rust_begin_short_backtrace::<core[df12db4294e9bfd3]::result::Result<(), alloc[2182bb758b4b3781]::string::String>, fn() -> core[df12db4294e9bfd3]::result::Result<(), alloc[2182bb758b4b3781]::string::String>>
[INFO] [stdout]                                at /rustc/dfb0accb7f508ae8be965d8629557221c889dd98/library/test/src/lib.rs:733:18
[INFO] [stdout]   26:     0x5b5b352d0d95 - test[9d35eded1c95d3be]::run_test_in_process::{closure#0}
[INFO] [stdout]                                at /rustc/dfb0accb7f508ae8be965d8629557221c889dd98/library/test/src/lib.rs:756:74
[INFO] [stdout]   27:     0x5b5b352d0d95 - <core[df12db4294e9bfd3]::panic::unwind_safe::AssertUnwindSafe<test[9d35eded1c95d3be]::run_test_in_process::{closure#0}> as core[df12db4294e9bfd3]::ops::function::FnOnce<()>>::call_once
[INFO] [stdout]                                at /rustc/dfb0accb7f508ae8be965d8629557221c889dd98/library/core/src/panic/unwind_safe.rs:275:9
[INFO] [stdout]   28:     0x5b5b352d0d95 - std[70759c8f55707aa4]::panicking::catch_unwind::do_call::<core[df12db4294e9bfd3]::panic::unwind_safe::AssertUnwindSafe<test[9d35eded1c95d3be]::run_test_in_process::{closure#0}>, core[df12db4294e9bfd3]::result::Result<(), alloc[2182bb758b4b3781]::string::String>>
[INFO] [stdout]                                at /rustc/dfb0accb7f508ae8be965d8629557221c889dd98/library/std/src/panicking.rs:576:43
[INFO] [stdout]   29:     0x5b5b352d0d95 - std[70759c8f55707aa4]::panicking::catch_unwind::<core[df12db4294e9bfd3]::result::Result<(), alloc[2182bb758b4b3781]::string::String>, core[df12db4294e9bfd3]::panic::unwind_safe::AssertUnwindSafe<test[9d35eded1c95d3be]::run_test_in_process::{closure#0}>>
[INFO] [stdout]                                at /rustc/dfb0accb7f508ae8be965d8629557221c889dd98/library/std/src/panicking.rs:544:19
[INFO] [stdout]   30:     0x5b5b352d0d95 - std[70759c8f55707aa4]::panic::catch_unwind::<core[df12db4294e9bfd3]::panic::unwind_safe::AssertUnwindSafe<test[9d35eded1c95d3be]::run_test_in_process::{closure#0}>, core[df12db4294e9bfd3]::result::Result<(), alloc[2182bb758b4b3781]::string::String>>
[INFO] [stdout]                                at /rustc/dfb0accb7f508ae8be965d8629557221c889dd98/library/std/src/panic.rs:359:14
[INFO] [stdout]   31:     0x5b5b352d0d95 - test[9d35eded1c95d3be]::run_test_in_process
[INFO] [stdout]                                at /rustc/dfb0accb7f508ae8be965d8629557221c889dd98/library/test/src/lib.rs:756:27
[INFO] [stdout]   32:     0x5b5b352d0d95 - test[9d35eded1c95d3be]::run_test::{closure#0}
[INFO] [stdout]                                at /rustc/dfb0accb7f508ae8be965d8629557221c889dd98/library/test/src/lib.rs:677:43
[INFO] [stdout]   33:     0x5b5b352ca654 - test[9d35eded1c95d3be]::run_test::{closure#1}
[INFO] [stdout]                                at /rustc/dfb0accb7f508ae8be965d8629557221c889dd98/library/test/src/lib.rs:707:41
[INFO] [stdout]   34:     0x5b5b352ca654 - std[70759c8f55707aa4]::sys::backtrace::__rust_begin_short_backtrace::<test[9d35eded1c95d3be]::run_test::{closure#1}, ()>
[INFO] [stdout]                                at /rustc/dfb0accb7f508ae8be965d8629557221c889dd98/library/std/src/sys/backtrace.rs:166:18
[INFO] [stdout]   35:     0x5b5b352d3ef2 - std[70759c8f55707aa4]::thread::lifecycle::spawn_unchecked::<test[9d35eded1c95d3be]::run_test::{closure#1}, ()>::{closure#1}::{closure#0}
[INFO] [stdout]                                at /rustc/dfb0accb7f508ae8be965d8629557221c889dd98/library/std/src/thread/lifecycle.rs:70:13
[INFO] [stdout]   36:     0x5b5b352d3ef2 - <core[df12db4294e9bfd3]::panic::unwind_safe::AssertUnwindSafe<std[70759c8f55707aa4]::thread::lifecycle::spawn_unchecked<test[9d35eded1c95d3be]::run_test::{closure#1}, ()>::{closure#1}::{closure#0}> as core[df12db4294e9bfd3]::ops::function::FnOnce<()>>::call_once
[INFO] [stdout]                                at /rustc/dfb0accb7f508ae8be965d8629557221c889dd98/library/core/src/panic/unwind_safe.rs:275:9
[INFO] [stdout]   37:     0x5b5b352d3ef2 - std[70759c8f55707aa4]::panicking::catch_unwind::do_call::<core[df12db4294e9bfd3]::panic::unwind_safe::AssertUnwindSafe<std[70759c8f55707aa4]::thread::lifecycle::spawn_unchecked<test[9d35eded1c95d3be]::run_test::{closure#1}, ()>::{closure#1}::{closure#0}>, ()>
[INFO] [stdout]                                at /rustc/dfb0accb7f508ae8be965d8629557221c889dd98/library/std/src/panicking.rs:576:43
[INFO] [stdout]   38:     0x5b5b352d3ef2 - std[70759c8f55707aa4]::panicking::catch_unwind::<(), core[df12db4294e9bfd3]::panic::unwind_safe::AssertUnwindSafe<std[70759c8f55707aa4]::thread::lifecycle::spawn_unchecked<test[9d35eded1c95d3be]::run_test::{closure#1}, ()>::{closure#1}::{closure#0}>>
[INFO] [stdout]                                at /rustc/dfb0accb7f508ae8be965d8629557221c889dd98/library/std/src/panicking.rs:544:19
[INFO] [stdout]   39:     0x5b5b352d3ef2 - std[70759c8f55707aa4]::panic::catch_unwind::<core[df12db4294e9bfd3]::panic::unwind_safe::AssertUnwindSafe<std[70759c8f55707aa4]::thread::lifecycle::spawn_unchecked<test[9d35eded1c95d3be]::run_test::{closure#1}, ()>::{closure#1}::{closure#0}>, ()>
[INFO] [stdout]                                at /rustc/dfb0accb7f508ae8be965d8629557221c889dd98/library/std/src/panic.rs:359:14
[INFO] [stdout]   40:     0x5b5b352d3ef2 - std[70759c8f55707aa4]::thread::lifecycle::spawn_unchecked::<test[9d35eded1c95d3be]::run_test::{closure#1}, ()>::{closure#1}
[INFO] [stdout]                                at /rustc/dfb0accb7f508ae8be965d8629557221c889dd98/library/std/src/thread/lifecycle.rs:68:26
[INFO] [stdout]   41:     0x5b5b352d3ef2 - <std[70759c8f55707aa4]::thread::lifecycle::spawn_unchecked<test[9d35eded1c95d3be]::run_test::{closure#1}, ()>::{closure#1} as core[df12db4294e9bfd3]::ops::function::FnOnce<()>>::call_once::{shim:vtable#0}
[INFO] [stdout]                                at /rustc/dfb0accb7f508ae8be965d8629557221c889dd98/library/core/src/ops/function.rs:250:5
[INFO] [stdout]   42:     0x5b5b356457f9 - <alloc[2182bb758b4b3781]::boxed::Box<dyn core[df12db4294e9bfd3]::ops::function::FnOnce<(), Output = ()> + core[df12db4294e9bfd3]::marker::Send> as core[df12db4294e9bfd3]::ops::function::FnOnce<()>>::call_once
[INFO] [stdout]                                at /rustc/dfb0accb7f508ae8be965d8629557221c889dd98/library/alloc/src/boxed.rs:2320:9
[INFO] [stdout]   43:     0x5b5b356457f9 - <std[70759c8f55707aa4]::sys::thread::unix::Thread>::new::thread_start
[INFO] [stdout]                                at /rustc/dfb0accb7f508ae8be965d8629557221c889dd98/library/std/src/sys/thread/unix.rs:123:17
[INFO] [stdout]   44:     0x7f4ae2881dfa - <unknown>
[INFO] [stdout]   45:     0x7f4ae29153d4 - clone
[INFO] [stdout]   46:                0x0 - <unknown>
[INFO] [stdout] 
[INFO] [stdout] 
[INFO] [stdout] failures:
[INFO] [stdout]     read_and_replace
[INFO] [stdout] 
[INFO] [stdout] test result: FAILED. 5 passed; 1 failed; 0 ignored; 0 measured; 0 filtered out; finished in 0.54s
[INFO] [stdout] 
[INFO] [stderr] error: test failed, to rerun pass `--test integration_test`
[INFO] running `Command { std: "docker" "inspect" "880da891bf09a0a7aa34f9594dca930dd2b47f687ff0181d189a383bb756c18e", kill_on_drop: false }`
[INFO] running `Command { std: "docker" "rm" "-f" "880da891bf09a0a7aa34f9594dca930dd2b47f687ff0181d189a383bb756c18e", kill_on_drop: false }`
[INFO] [stdout] 880da891bf09a0a7aa34f9594dca930dd2b47f687ff0181d189a383bb756c18e
