[INFO] fetching crate rosu-pp-gemini 5.0.4...
[INFO] testing rosu-pp-gemini-5.0.4 against 1.100.0-beta.1 for beta-1.100-2
[INFO] extracting crate rosu-pp-gemini 5.0.4 into /workspace/builds/worker-6-tc2/source
[INFO] started tweaking crates.io crate rosu-pp-gemini 5.0.4
[INFO] removed 0 missing examples
[INFO] removed 0 missing tests
[INFO] finished tweaking crates.io crate rosu-pp-gemini 5.0.4
[INFO] tweaked toml for crates.io crate rosu-pp-gemini 5.0.4 written to /workspace/builds/worker-6-tc2/source/Cargo.toml
[INFO] validating manifest of crates.io crate rosu-pp-gemini 5.0.4 on toolchain 1.100.0-beta.1
[INFO] running `Command { std: CARGO_HOME="/workspace/cargo-home" RUSTUP_HOME="/workspace/rustup-home" "/workspace/cargo-home/bin/cargo" "+1.100.0-beta.1" "metadata" "--manifest-path" "Cargo.toml" "--no-deps", kill_on_drop: false }`
[INFO] crate crates.io crate rosu-pp-gemini 5.0.4 already has a lockfile, it will not be regenerated
[INFO] running `Command { std: CARGO_HOME="/workspace/cargo-home" RUSTUP_HOME="/workspace/rustup-home" "/workspace/cargo-home/bin/cargo" "+1.100.0-beta.1" "fetch" "--manifest-path" "Cargo.toml", kill_on_drop: false }`
[INFO] running `Command { std: "docker" "create" "-v" "/var/lib/crater-agent-workspace/builds/worker-6-tc2/source:/opt/rustwide/workdir:ro,Z" "-v" "/var/lib/crater-agent-workspace/builds/worker-6-tc2/target:/opt/rustwide/target:rw,Z" "-v" "/var/lib/crater-agent-workspace/cargo-home:/opt/rustwide/cargo-home:ro,Z" "-v" "/var/lib/crater-agent-workspace/rustup-home:/opt/rustwide/rustup-home:ro,Z" "-m" "1610612736" "--network" "none" "ghcr.io/rust-lang/crates-build-env/linux@sha256:3111399a4047eeb3a02b7a90e478d715f38a8c6669b5c4b49d30a17385265909" "sleep" "infinity", kill_on_drop: false }`
[INFO] [stdout] 8d10b3f2ffcac69a56806e348fb2af08170a54ea2797f4af2d8548aa88ffa085
[INFO] running `Command { std: "docker" "start" "8d10b3f2ffcac69a56806e348fb2af08170a54ea2797f4af2d8548aa88ffa085", kill_on_drop: false }`
[INFO] running `Command { std: "docker" "inspect" "8d10b3f2ffcac69a56806e348fb2af08170a54ea2797f4af2d8548aa88ffa085", kill_on_drop: false }`
[INFO] running `Command { std: "docker" "exec" "-e" "SOURCE_DIR=/opt/rustwide/workdir" "-e" "CARGO_HOME=/opt/rustwide/cargo-home" "-e" "RUSTUP_HOME=/opt/rustwide/rustup-home" "-e" "CARGO_TARGET_DIR=/opt/rustwide/target" "-w" "/opt/rustwide/workdir" "--user" "0:0" "8d10b3f2ffcac69a56806e348fb2af08170a54ea2797f4af2d8548aa88ffa085" "/opt/rustwide/cargo-home/bin/cargo" "+1.100.0-beta.1" "metadata" "--no-deps" "--format-version=1", kill_on_drop: false }`
[INFO] running `Command { std: "docker" "inspect" "8d10b3f2ffcac69a56806e348fb2af08170a54ea2797f4af2d8548aa88ffa085", kill_on_drop: false }`
[INFO] running `Command { std: "docker" "exec" "-e" "SOURCE_DIR=/opt/rustwide/workdir" "-e" "CARGO_HOME=/opt/rustwide/cargo-home" "-e" "RUSTUP_HOME=/opt/rustwide/rustup-home" "-e" "CARGO_TARGET_DIR=/opt/rustwide/target" "-e" "CARGO_INCREMENTAL=0" "-e" "RUST_BACKTRACE=full" "-e" "RUSTFLAGS=--cap-lints=warn" "-e" "RUSTDOCFLAGS=--cap-lints=warn" "-w" "/opt/rustwide/workdir" "--user" "0:0" "8d10b3f2ffcac69a56806e348fb2af08170a54ea2797f4af2d8548aa88ffa085" "/opt/rustwide/cargo-home/bin/cargo" "+1.100.0-beta.1" "build" "--frozen" "--message-format=json", kill_on_drop: false }`
[INFO] [stderr]    Compiling rosu-map v0.2.1
[INFO] [stderr]    Compiling rosu-mods v0.4.1
[INFO] [stderr]    Compiling rosu-pp-gemini v5.0.4 (/opt/rustwide/workdir)
[INFO] [stderr]     Finished `dev` profile [unoptimized + debuginfo] target(s) in 5.05s
[INFO] running `Command { std: "docker" "inspect" "8d10b3f2ffcac69a56806e348fb2af08170a54ea2797f4af2d8548aa88ffa085", kill_on_drop: false }`
[INFO] running `Command { std: "docker" "exec" "-e" "SOURCE_DIR=/opt/rustwide/workdir" "-e" "CARGO_HOME=/opt/rustwide/cargo-home" "-e" "RUSTUP_HOME=/opt/rustwide/rustup-home" "-e" "CARGO_TARGET_DIR=/opt/rustwide/target" "-e" "CARGO_INCREMENTAL=0" "-e" "RUST_BACKTRACE=full" "-e" "RUSTFLAGS=--cap-lints=warn" "-e" "RUSTDOCFLAGS=--cap-lints=warn" "-w" "/opt/rustwide/workdir" "--user" "0:0" "8d10b3f2ffcac69a56806e348fb2af08170a54ea2797f4af2d8548aa88ffa085" "/opt/rustwide/cargo-home/bin/cargo" "+1.100.0-beta.1" "test" "--frozen" "--no-run" "--message-format=json", kill_on_drop: false }`
[INFO] [stderr]    Compiling libc v0.2.189
[INFO] [stderr]    Compiling rustix v1.1.5
[INFO] [stderr]    Compiling bitflags v2.13.2
[INFO] [stderr]    Compiling quote v1.0.47
[INFO] [stderr]    Compiling unicode-ident v1.0.26
[INFO] [stderr]    Compiling zerocopy v0.8.57
[INFO] [stderr]    Compiling getrandom v0.4.3
[INFO] [stderr]    Compiling fastrand v2.5.0
[INFO] [stderr]    Compiling clap_lex v1.1.1
[INFO] [stderr]    Compiling once_cell v1.21.4
[INFO] [stderr]    Compiling pastey v0.2.3
[INFO] [stderr]    Compiling regex-lite v0.1.9
[INFO] [stderr]    Compiling condtype v1.3.0
[INFO] [stderr]    Compiling proc-macro2 v1.0.107
[INFO] [stderr]    Compiling rosu-mods v0.4.1
[INFO] [stderr]    Compiling syn v2.0.119
[INFO] [stderr]    Compiling rosu-pp-gemini v5.0.4 (/opt/rustwide/workdir)
[INFO] [stderr]    Compiling getrandom v0.3.4
[INFO] [stderr]    Compiling wait-timeout v0.2.1
[INFO] [stderr]    Compiling rand_core v0.9.5
[INFO] [stderr]    Compiling rand v0.9.5
[INFO] [stderr]    Compiling rand_xorshift v0.4.0
[INFO] [stderr]    Compiling terminal_size v0.4.4
[INFO] [stderr]    Compiling tempfile v3.27.0
[INFO] [stderr]    Compiling clap_builder v4.6.7
[INFO] [stderr]    Compiling rusty-fork v0.3.1
[INFO] [stderr]    Compiling divan-macros v0.1.21
[INFO] [stderr]    Compiling clap v4.6.7
[INFO] [stderr]    Compiling divan v0.1.21
[INFO] [stderr]    Compiling ppv-lite86 v0.2.21
[INFO] [stderr]    Compiling rand_chacha v0.9.0
[INFO] [stderr]    Compiling proptest v1.11.0
[INFO] [stdout] warning: unused import: `OsuPerformance`
[INFO] [stdout]  --> tests/performance.rs:7:11
[INFO] [stdout]   |
[INFO] [stdout] 7 |     osu::{OsuPerformance, OsuPerformanceAttributes},
[INFO] [stdout]   |           ^^^^^^^^^^^^^^
[INFO] [stdout]   |
[INFO] [stdout]   = note: `#[warn(unused_imports)]` (part of `#[warn(unused)]`) on by default
[INFO] [stdout] 
[INFO] [stdout] 
[INFO] [stdout] warning: unused import: `Osu`
[INFO] [stdout]  --> tests/difficulty.rs:7:11
[INFO] [stdout]   |
[INFO] [stdout] 7 |     osu::{Osu, OsuDifficultyAttributes},
[INFO] [stdout]   |           ^^^
[INFO] [stdout]   |
[INFO] [stdout]   = note: `#[warn(unused_imports)]` (part of `#[warn(unused)]`) on by default
[INFO] [stdout] 
[INFO] [stdout] 
[INFO] [stdout] warning: constant `TAIKO` is never used
[INFO] [stdout]   --> tests/common.rs:10:15
[INFO] [stdout]    |
[INFO] [stdout] 10 |     pub const TAIKO: &str = "./resources/1028484.osu";
[INFO] [stdout]    |               ^^^^^
[INFO] [stdout]    |
[INFO] [stdout]    = note: `#[warn(dead_code)]` (part of `#[warn(unused)]`) on by default
[INFO] [stdout] 
[INFO] [stdout] 
[INFO] [stderr]     Finished `test` profile [unoptimized + debuginfo] target(s) in 24.25s
[INFO] running `Command { std: "docker" "inspect" "8d10b3f2ffcac69a56806e348fb2af08170a54ea2797f4af2d8548aa88ffa085", kill_on_drop: false }`
[INFO] running `Command { std: "docker" "exec" "-e" "SOURCE_DIR=/opt/rustwide/workdir" "-e" "CARGO_HOME=/opt/rustwide/cargo-home" "-e" "RUSTUP_HOME=/opt/rustwide/rustup-home" "-e" "CARGO_TARGET_DIR=/opt/rustwide/target" "-e" "CARGO_INCREMENTAL=0" "-e" "RUST_BACKTRACE=full" "-e" "RUSTFLAGS=--cap-lints=warn" "-e" "RUSTDOCFLAGS=--cap-lints=warn" "-w" "/opt/rustwide/workdir" "--user" "0:0" "8d10b3f2ffcac69a56806e348fb2af08170a54ea2797f4af2d8548aa88ffa085" "/opt/rustwide/cargo-home/bin/cargo" "+1.100.0-beta.1" "test" "--frozen", kill_on_drop: false }`
[INFO] [stderr] warning: unused import: `Osu`
[INFO] [stderr]  --> tests/difficulty.rs:7:11
[INFO] [stderr]   |
[INFO] [stderr] 7 |     osu::{Osu, OsuDifficultyAttributes},
[INFO] [stderr]   |           ^^^
[INFO] [stderr]   |
[INFO] [stderr]   = note: `#[warn(unused_imports)]` (part of `#[warn(unused)]`) on by default
[INFO] [stderr] 
[INFO] [stderr] warning: constant `TAIKO` is never used
[INFO] [stderr]   --> tests/common.rs:10:15
[INFO] [stderr]    |
[INFO] [stderr] 10 |     pub const TAIKO: &str = "./resources/1028484.osu";
[INFO] [stderr]    |               ^^^^^
[INFO] [stderr]    |
[INFO] [stderr]    = note: `#[warn(dead_code)]` (part of `#[warn(unused)]`) on by default
[INFO] [stderr] 
[INFO] [stderr] warning: unused import: `OsuPerformance`
[INFO] [stderr]  --> tests/performance.rs:7:11
[INFO] [stderr]   |
[INFO] [stderr] 7 |     osu::{OsuPerformance, OsuPerformanceAttributes},
[INFO] [stderr]   |           ^^^^^^^^^^^^^^
[INFO] [stderr]   |
[INFO] [stderr]   = note: `#[warn(unused_imports)]` (part of `#[warn(unused)]`) on by default
[INFO] [stderr] 
[INFO] [stderr] warning: `rosu-pp-gemini` (test "difficulty") generated 2 warnings (run `cargo fix --test "difficulty" -p rosu-pp-gemini` to apply 1 suggestion)
[INFO] [stderr] warning: `rosu-pp-gemini` (test "performance") generated 1 warning (run `cargo fix --test "performance" -p rosu-pp-gemini` to apply 1 suggestion)
[INFO] [stderr]     Finished `test` profile [unoptimized + debuginfo] target(s) in 0.05s
[INFO] [stderr]      Running unittests src/lib.rs (/opt/rustwide/target/debug/build/rosu-pp-gemini/69d4e7e80eb8958e/out/rosu_pp-69d4e7e80eb8958e)
[INFO] [stdout] 
[INFO] [stdout] running 186 tests
[INFO] [stdout] test catch::difficulty::gradual::tests::empty ... ok
[INFO] [stdout] test catch::performance::hitresult_generator::closest::tests::accuracy_requiring_rounding ... ok
[INFO] [stdout] test catch::performance::hitresult_generator::closest::tests::accuracy_very_close_to_one ... ok
[INFO] [stdout] test catch::performance::hitresult_generator::closest::tests::all_values_provided ... ok
[INFO] [stdout] test catch::performance::hitresult_generator::closest::tests::fruits_provided ... ok
[INFO] [stdout] test catch::performance::hitresult_generator::closest::tests::high_accuracy_with_misses ... ok
[INFO] [stdout] test catch::performance::hitresult_generator::closest::tests::large_map ... ok
[INFO] [stdout] test catch::performance::hitresult_generator::closest::tests::low_accuracy ... ok
[INFO] [stdout] test catch::performance::hitresult_generator::closest::tests::medium_accuracy ... ok
[INFO] [stdout] test catch::performance::hitresult_generator::closest::tests::mostly_tiny_droplets ... ok
[INFO] [stdout] test catch::performance::hitresult_generator::closest::tests::perfect_accuracy ... ok
[INFO] [stdout] test catch::performance::hitresult_generator::closest::tests::small_map ... ok
[INFO] [stdout] test catch::performance::hitresult_generator::closest::tests::tiny_droplets_provided ... ok
[INFO] [stdout] test catch::performance::hitresult_generator::closest::tests::droplets_provided ... ok
[INFO] [stdout] test catch::performance::hitresult_generator::fast::tests::high_accuracy_with_misses ... ok
[INFO] [stdout] test catch::performance::hitresult_generator::fast::tests::low_accuracy_many_tiny_droplet_misses ... ok
[INFO] [stdout] test catch::performance::hitresult_generator::fast::tests::all_values_provided ... ok
[INFO] [stdout] test catch::performance::hitresult_generator::closest::tests::zero_accuracy ... ok
[INFO] [stdout] test catch::performance::hitresult_generator::fast::tests::medium_accuracy ... ok
[INFO] [stdout] test catch::performance::hitresult_generator::fast::tests::only_tiny_droplet_misses_missing ... ok
[INFO] [stdout] test catch::performance::hitresult_generator::fast::tests::with_fruits_provided ... ok
[INFO] [stdout] test catch::performance::hitresult_generator::ignore_acc::tests::no_misses ... ok
[INFO] [stdout] test catch::performance::hitresult_generator::ignore_acc::tests::some_provided ... ok
[INFO] [stdout] test mania::difficulty::gradual::tests::empty ... ok
[INFO] [stdout] test any::performance::tests::create ... ok
[INFO] [stdout] test catch::performance::hitresult_generator::fast::tests::misses_clamped_to_fruits_plus_droplets ... ok
[INFO] [stdout] test catch::performance::hitresult_generator::ignore_acc::tests::all_missing ... ok
[INFO] [stdout] test catch::performance::hitresult_generator::ignore_acc::tests::droplets_provided ... ok
[INFO] [stdout] test mania::performance::hitresult_generator::closest::tests::test_all_missing_high_accuracy ... ok
[INFO] [stdout] test catch::performance::hitresult_generator::ignore_acc::tests::excess_values_clamped ... ok
[INFO] [stdout] test mania::performance::hitresult_generator::closest::tests::test_all_missing_low_accuracy ... ok
[INFO] [stdout] test mania::performance::hitresult_generator::closest::tests::test_all_misses ... ok
[INFO] [stdout] test mania::performance::hitresult_generator::closest::tests::test_clamping_when_exceed_remain ... ok
[INFO] [stdout] test catch::performance::hitresult_generator::ignore_acc::tests::missing_objects ... ok
[INFO] [stdout] test catch::performance::hitresult_generator::fast::tests::perfect_accuracy ... ok
[INFO] [stdout] test catch::performance::hitresult_generator::ignore_acc::tests::all_provided ... ok
[INFO] [stdout] test catch::performance::hitresult_generator::fast::tests::zero_accuracy_all_misses ... ok
[INFO] [stdout] test mania::performance::hitresult_generator::closest::tests::test_edge_case_very_high_accuracy ... ok
[INFO] [stdout] test mania::performance::hitresult_generator::closest::tests::test_perfect_accuracy ... ok
[INFO] [stdout] test mania::performance::hitresult_generator::closest::tests::test_one_missing_n50 ... ok
[INFO] [stdout] test mania::performance::hitresult_generator::closest::tests::test_small_map ... ok
[INFO] [stdout] test mania::performance::hitresult_generator::closest::tests::test_two_missing_n100_n50 ... ok
[INFO] [stdout] test mania::performance::hitresult_generator::closest::tests::test_classic_mode ... ok
[INFO] [stdout] test catch::performance::test::create ... ok
[INFO] [stdout] test mania::performance::hitresult_generator::closest::tests::test_two_missing_n320_n300 ... ok
[INFO] [stdout] test mania::performance::hitresult_generator::fast::tests::test_accuracy_difference_classic_vs_non_classic ... ok
[INFO] [stdout] test mania::performance::hitresult_generator::fast::tests::test_all_five_provided ... ok
[INFO] [stdout] test mania::performance::hitresult_generator::closest::tests::test_edge_case_very_low_accuracy ... ok
[INFO] [stdout] test mania::performance::hitresult_generator::closest::tests::test_four_missing ... ok
[INFO] [stdout] test mania::performance::hitresult_generator::closest::tests::test_three_missing ... ok
[INFO] [stdout] test mania::performance::hitresult_generator::closest::tests::test_all_missing_medium_accuracy ... ok
[INFO] [stdout] test mania::performance::hitresult_generator::closest::tests::test_all_provided ... ok
[INFO] [stdout] test mania::performance::hitresult_generator::fast::tests::test_clamping_provided_values_exceed_remain ... ok
[INFO] [stdout] test catch::performance::test::fruits_missing_objects ... ok
[INFO] [stdout] test mania::performance::hitresult_generator::fast::tests::test_four_provided_n320_missing ... ok
[INFO] [stdout] test mania::performance::hitresult_generator::fast::tests::test_four_provided_n50_missing ... ok
[INFO] [stdout] test mania::performance::hitresult_generator::fast::tests::test_high_accuracy_non_classic ... ok
[INFO] [stdout] test mania::performance::hitresult_generator::fast::tests::test_low_accuracy ... ok
[INFO] [stdout] test mania::performance::hitresult_generator::fast::tests::test_medium_accuracy_classic ... ok
[INFO] [stdout] test mania::performance::hitresult_generator::fast::tests::test_one_provided_n320_only ... ok
[INFO] [stdout] test mania::performance::hitresult_generator::fast::tests::test_edge_case_more_misses_than_hits ... ok
[INFO] [stdout] test mania::performance::hitresult_generator::fast::tests::test_perfect_accuracy_non_classic ... ok
[INFO] [stdout] test mania::convert::tests::convert_mania ... ok
[INFO] [stdout] test mania::performance::hitresult_generator::fast::tests::test_perfect_accuracy_classic ... ok
[INFO] [stdout] test mania::performance::hitresult_generator::fast::tests::test_three_provided_n320_n300_missing ... ok
[INFO] [stdout] test mania::performance::hitresult_generator::fast::tests::test_two_provided_n200_n100_n50_missing ... ok
[INFO] [stdout] test mania::performance::hitresult_generator::fast::tests::test_two_provided_n320_n300_n50_missing ... ok
[INFO] [stdout] test mania::performance::hitresult_generator::fast::tests::test_various_accuracies_non_classic ... ok
[INFO] [stdout] test model::beatmap::attributes::tests::ar_mods_ar_with_mods ... ok
[INFO] [stdout] test model::beatmap::attributes::tests::ar_mods_ar_without_mods ... ok
[INFO] [stdout] test model::beatmap::attributes::tests::ar_with_mods ... ok
[INFO] [stdout] test model::beatmap::attributes::tests::default_ar ... ok
[INFO] [stdout] test model::beatmap::attributes::tests::getter_fixed_vs_given ... ok
[INFO] [stdout] test model::beatmap::attributes::tests::ar_without_mods ... ok
[INFO] [stdout] test model::beatmap::attributes::tests::mods_ar ... ok
[INFO] [stdout] test model::beatmap::attributes::tests::same_hit_windows_fixed_vs_given ... ok
[INFO] [stdout] test mania::performance::hitresult_generator::fast::tests::test_all_misses ... ok
[INFO] [stdout] test model::beatmap::attributes::tests::set_od_before_applying_hr ... ok
[INFO] [stdout] test osu::difficulty::gradual::tests::empty ... ok
[INFO] [stdout] test osu::performance::hitresult_generator::closest::tests::test_all_misses ... ok
[INFO] [stdout] test mania::performance::tests::create ... ok
[INFO] [stdout] test osu::performance::hitresult_generator::closest::tests::test_all_missing_medium_accuracy ... ok
[INFO] [stdout] test osu::performance::hitresult_generator::closest::tests::test_all_missing_high_accuracy ... ok
[INFO] [stdout] test osu::performance::hitresult_generator::closest::tests::test_clamping_when_values_exceed_remain ... ok
[INFO] [stdout] test osu::performance::hitresult_generator::closest::tests::test_all_missing_perfect_accuracy ... ok
[INFO] [stdout] test osu::performance::hitresult_generator::closest::tests::test_edge_case_low_accuracy_many_50s ... ok
[INFO] [stdout] test osu::performance::hitresult_generator::closest::tests::test_none_missing_all_provided ... ok
[INFO] [stdout] test osu::performance::hitresult_generator::closest::tests::test_one_missing_n50 ... ok
[INFO] [stdout] test osu::performance::hitresult_generator::closest::tests::test_two_missing_n100_n50_given_n300 ... ok
[INFO] [stdout] test osu::performance::hitresult_generator::closest::tests::test_two_missing_n300_n100_given_n50 ... ok
[INFO] [stdout] test osu::performance::hitresult_generator::closest::tests::test_two_missing_n300_n50_given_n100 ... ok
[INFO] [stdout] test osu::performance::hitresult_generator::fast::tests::all_misses ... ok
[INFO] [stdout] test osu::performance::hitresult_generator::closest::tests::test_without_slider_acc_two_missing ... ok
[INFO] [stdout] test osu::performance::hitresult_generator::fast::tests::high_accuracy_stable ... ok
[INFO] [stdout] test osu::performance::hitresult_generator::fast::tests::all_three_provided ... ok
[INFO] [stdout] test osu::performance::hitresult_generator::fast::tests::medium_accuracy_stable ... ok
[INFO] [stdout] test mania::performance::tests::hitresults_n100_n50_misses_worst ... ok
[INFO] [stdout] test osu::performance::hitresult_generator::fast::tests::n300_missing ... ok
[INFO] [stdout] test osu::performance::hitresult_generator::fast::tests::low_accuracy_many_50s ... ok
[INFO] [stdout] test mania::performance::tests::hitresults_n320_misses_best ... ok
[INFO] [stdout] test osu::performance::hitresult_generator::fast::tests::edge_case_more_misses_than_hits ... ok
[INFO] [stdout] test osu::performance::hitresult_generator::fast::tests::n50_missing ... ok
[INFO] [stdout] test osu::performance::hitresult_generator::fast::tests::all_three_provided_with_clamping ... ok
[INFO] [stdout] test osu::performance::hitresult_generator::fast::tests::n100_provided_n300_n50_missing ... ok
[INFO] [stdout] test osu::performance::hitresult_generator::fast::tests::n300_provided_n100_n50_missing ... ok
[INFO] [stdout] test osu::performance::hitresult_generator::fast::tests::low_accuracy_with_high_n300_provided ... ok
[INFO] [stdout] test osu::performance::hitresult_generator::closest::tests::test_with_slider_acc_all_missing ... ok
[INFO] [stdout] test osu::performance::hitresult_generator::fast::tests::n100_missing ... ok
[INFO] [stdout] test osu::performance::hitresult_generator::fast::tests::with_slider_acc ... ok
[INFO] [stdout] test osu::performance::hitresult_generator::fast::tests::perfect_accuracy_no_misses ... ok
[INFO] [stdout] test osu::performance::hitresult_generator::fast::tests::n50_provided_n300_n100_missing ... ok
[INFO] [stdout] test osu::performance::hitresult_generator::fast::tests::provided_values_fill_all_remain ... ok
[INFO] [stdout] test osu::performance::hitresult_generator::ignore_acc::tests::all_misses ... ok
[INFO] [stdout] test osu::performance::hitresult_generator::ignore_acc::tests::all_specified_exact ... ok
[INFO] [stdout] test osu::performance::hitresult_generator::ignore_acc::tests::all_specified_too_few_best ... ok
[INFO] [stdout] test osu::performance::hitresult_generator::ignore_acc::tests::all_specified_too_few_worst ... ok
[INFO] [stdout] test osu::performance::hitresult_generator::fast::tests::with_slider_acc_n300_provided ... ok
[INFO] [stdout] test osu::performance::hitresult_generator::ignore_acc::tests::all_specified_too_many_best ... ok
[INFO] [stdout] test osu::performance::hitresult_generator::ignore_acc::tests::multiple_specified_exceed_total ... ok
[INFO] [stdout] test osu::performance::hitresult_generator::ignore_acc::tests::n100_and_n50_specified_worst ... ok
[INFO] [stdout] test osu::performance::hitresult_generator::ignore_acc::tests::all_specified_too_many_worst ... ok
[INFO] [stdout] test osu::performance::hitresult_generator::fast::tests::without_slider_acc ... ok
[INFO] [stdout] test osu::performance::hitresult_generator::ignore_acc::tests::n300_and_n100_specified_best ... ok
[INFO] [stdout] test osu::performance::hitresult_generator::ignore_acc::tests::n300_and_n50_specified_best ... ok
[INFO] [stdout] test osu::performance::hitresult_generator::ignore_acc::tests::no_misses ... ok
[INFO] [stdout] test osu::performance::hitresult_generator::ignore_acc::tests::none_specified_best ... ok
[INFO] [stdout] test osu::performance::hitresult_generator::ignore_acc::tests::none_specified_worst ... ok
[INFO] [stdout] test osu::performance::hitresult_generator::ignore_acc::tests::only_n100_specified_worst ... ok
[INFO] [stdout] test osu::performance::hitresult_generator::ignore_acc::tests::only_n100_specified_best ... ok
[INFO] [stdout] test osu::performance::hitresult_generator::ignore_acc::tests::only_n300_specified_best ... ok
[INFO] [stdout] test osu::performance::hitresult_generator::ignore_acc::tests::only_n300_specified_worst ... ok
[INFO] [stdout] test osu::performance::hitresult_generator::ignore_acc::tests::only_n50_specified_best ... ok
[INFO] [stdout] test osu::performance::hitresult_generator::ignore_acc::tests::only_n50_specified_worst ... ok
[INFO] [stdout] test osu::performance::hitresult_generator::ignore_acc::tests::specified_value_exceeds_total_best ... ok
[INFO] [stdout] test taiko::difficulty::gradual::tests::empty ... ok
[INFO] [stdout] test taiko::performance::hitresult_generator::closest::tests::test_all_misses ... ok
[INFO] [stdout] test taiko::performance::hitresult_generator::closest::tests::test_accuracy_closer_than_fast ... ok
[INFO] [stdout] test taiko::performance::hitresult_generator::closest::tests::test_both_missing_exactly_50_percent ... ok
[INFO] [stdout] test taiko::performance::hitresult_generator::closest::tests::test_both_missing_high_accuracy ... ok
[INFO] [stdout] test taiko::performance::hitresult_generator::closest::tests::test_both_missing_medium_accuracy ... ok
[INFO] [stdout] test taiko::performance::hitresult_generator::closest::tests::test_both_missing_low_accuracy ... ok
[INFO] [stdout] test taiko::performance::hitresult_generator::closest::tests::test_both_provided ... ok
[INFO] [stdout] test taiko::performance::hitresult_generator::closest::tests::test_both_missing_perfect_accuracy ... ok
[INFO] [stdout] test taiko::performance::hitresult_generator::closest::tests::test_clamping_when_values_exceed_remain ... ok
[INFO] [stdout] test taiko::performance::hitresult_generator::closest::tests::test_edge_case_more_misses_than_hits ... ok
[INFO] [stdout] test taiko::performance::hitresult_generator::closest::tests::test_n300_provided_n100_missing ... ok
[INFO] [stdout] test taiko::performance::hitresult_generator::closest::tests::test_rounding_edge_case ... ok
[INFO] [stdout] test taiko::performance::hitresult_generator::closest::tests::test_small_total_hits ... ok
[INFO] [stdout] test osu::performance::test::create ... ok
[INFO] [stdout] test taiko::performance::hitresult_generator::closest::tests::test_n100_provided_n300_missing ... ok
[INFO] [stdout] test taiko::performance::hitresult_generator::closest::tests::test_various_accuracies ... ok
[INFO] [stdout] test taiko::performance::hitresult_generator::fast::tests::test_all_misses ... ok
[INFO] [stdout] test taiko::performance::hitresult_generator::fast::tests::test_both_missing_high_accuracy ... ok
[INFO] [stdout] test taiko::performance::hitresult_generator::fast::tests::test_both_missing_low_accuracy ... ok
[INFO] [stdout] test taiko::performance::hitresult_generator::fast::tests::test_both_missing_medium_accuracy ... ok
[INFO] [stdout] test taiko::performance::hitresult_generator::fast::tests::test_both_missing_perfect_accuracy ... ok
[INFO] [stdout] test taiko::performance::hitresult_generator::fast::tests::test_both_provided ... ok
[INFO] [stdout] test taiko::performance::hitresult_generator::fast::tests::test_clamping_n100_exceeds_remain ... ok
[INFO] [stdout] test taiko::performance::hitresult_generator::fast::tests::test_clamping_n300_exceeds_remain ... ok
[INFO] [stdout] test taiko::performance::hitresult_generator::fast::tests::test_edge_case_more_misses_than_hits ... ok
[INFO] [stdout] test taiko::performance::hitresult_generator::fast::tests::test_n100_provided_n300_missing ... ok
[INFO] [stdout] test taiko::performance::hitresult_generator::fast::tests::test_n300_provided_n100_missing ... ok
[INFO] [stdout] test taiko::performance::hitresult_generator::fast::tests::test_small_total_hits ... ok
[INFO] [stdout] test taiko::performance::test::create ... ok
[INFO] [stdout] test osu::performance::test::hitresults_n300_n100_misses_best ... ok
[INFO] [stdout] test osu::performance::test::hitresults_n300_n100_n50_misses_worst ... ok
[INFO] [stdout] test osu::performance::test::hitresults_n300_n50_misses_best ... ok
[INFO] [stdout] test mania::performance::hitresult_generator::closest::tests::test_large_map ... ok
[INFO] [stdout] test osu::performance::test::hitresults_n50_misses_worst ... ok
[INFO] [stdout] test util::limited_queue::test::as_slices ... ok
[INFO] [stdout] test util::limited_queue::test::overfull ... ok
[INFO] [stdout] test util::limited_queue::test::empty ... ok
[INFO] [stdout] test util::limited_queue::test::single_push ... ok
[INFO] [stdout] test taiko::performance::test::hitresults_misses_best ... ok
[INFO] [stdout] test taiko::performance::test::hitresults_n300_misses_best ... ok
[INFO] [stdout] test taiko::performance::hitresult_generator::fast::tests::test_accuracy_calculation_consistency ... ok
[INFO] [stdout] test taiko::performance::hitresult_generator::fast::tests::test_50_percent_accuracy ... ok
[INFO] [stdout] test util::sort::tandem::tests::sort ... ok
[INFO] [stdout] test mania::performance::gradual::tests::next_and_nth ... ok
[INFO] [stdout] test catch::difficulty::gradual::tests::next_and_nth ... ok
[INFO] [stdout] test catch::performance::gradual::tests::next_and_nth ... ok
[INFO] [stdout] test mania::difficulty::gradual::tests::next_and_nth ... ok
[INFO] [stdout] test taiko::difficulty::gradual::tests::next_and_nth ... ok
[INFO] [stdout] test taiko::performance::gradual::tests::next_and_nth ... ok
[INFO] [stdout] test osu::difficulty::gradual::tests::next_and_nth ... ok
[INFO] [stdout] test osu::performance::gradual::tests::next_and_nth ... ok
[INFO] [stdout] 
[INFO] [stdout] test result: ok. 186 passed; 0 failed; 0 ignored; 0 measured; 0 filtered out; finished in 9.07s
[INFO] [stdout] 
[INFO] [stderr]      Running tests/benchmark_maps_check.rs (/opt/rustwide/target/debug/build/rosu-pp-gemini/b8dffea5881ad69c/out/benchmark_maps_check-b8dffea5881ad69c)
[INFO] [stdout] 
[INFO] [stdout] running 1 test
[INFO] [stdout] test test_all_four_benchmark_maps ... ok
[INFO] [stdout] 
[INFO] [stdout] test result: ok. 1 passed; 0 failed; 0 ignored; 0 measured; 0 filtered out; finished in 0.11s
[INFO] [stdout] 
[INFO] [stderr]      Running tests/breakdown.rs (/opt/rustwide/target/debug/build/rosu-pp-gemini/f037102bf81c7107/out/breakdown-f037102bf81c7107)
[INFO] [stdout] 
[INFO] [stdout] running 1 test
[INFO] [stdout] test test_breakdown ... ok
[INFO] [stderr]      Running tests/calc_mods.rs (/opt/rustwide/target/debug/build/rosu-pp-gemini/1281ebb3f3443c36/out/calc_mods-1281ebb3f3443c36)
[INFO] [stdout] 
[INFO] [stdout] test result: ok. 1 passed; 0 failed; 0 ignored; 0 measured; 0 filtered out; finished in 9.73s
[INFO] [stdout] 
[INFO] [stdout] 
[INFO] [stdout] running 1 test
[INFO] [stdout] test test_all_mods ... ok
[INFO] [stdout] 
[INFO] [stdout] test result: ok. 1 passed; 0 failed; 0 ignored; 0 measured; 0 filtered out; finished in 1.34s
[INFO] [stdout] 
[INFO] [stderr]      Running tests/common.rs (/opt/rustwide/target/debug/build/rosu-pp-gemini/420924fae3075ba8/out/common-420924fae3075ba8)
[INFO] [stdout] 
[INFO] [stdout] running 0 tests
[INFO] [stdout] 
[INFO] [stdout] test result: ok. 0 passed; 0 failed; 0 ignored; 0 measured; 0 filtered out; finished in 0.00s
[INFO] [stdout] 
[INFO] [stderr]      Running tests/comparison_bench.rs (/opt/rustwide/target/debug/build/rosu-pp-gemini/b5aeaf5d3a88bef0/out/comparison_bench-b5aeaf5d3a88bef0)
[INFO] [stdout] 
[INFO] [stdout] running 1 test
[INFO] [stdout] test test_bench_comparison ... ok
[INFO] [stdout] 
[INFO] [stdout] test result: ok. 1 passed; 0 failed; 0 ignored; 0 measured; 0 filtered out; finished in 9.95s
[INFO] [stdout] 
[INFO] [stdout] 
[INFO] [stderr]      Running tests/decode.rs (/opt/rustwide/target/debug/build/rosu-pp-gemini/5f7badfa70806692/out/decode-5f7badfa70806692)
[INFO] [stdout] running 8 tests
[INFO] [stdout] test empty_mania ... ok
[INFO] [stdout] test empty_taiko ... ok
[INFO] [stdout] test empty_catch ... ok
[INFO] [stdout] test taiko ... ok
[INFO] [stdout] test catch ... ok
[INFO] [stdout] test mania ... ok
[INFO] [stdout] test osu ... ok
[INFO] [stderr]      Running tests/difficulty.rs (/opt/rustwide/target/debug/build/rosu-pp-gemini/72214af09841a182/out/difficulty-72214af09841a182)
[INFO] [stdout] test empty_osu ... ok
[INFO] [stdout] 
[INFO] [stdout] test result: ok. 8 passed; 0 failed; 0 ignored; 0 measured; 0 filtered out; finished in 0.06s
[INFO] [stdout] 
[INFO] [stdout] 
[INFO] [stdout] running 7 tests
[INFO] [stdout] test basic_taiko ... ok
[INFO] [stdout] test basic_osu ... ok
[INFO] [stdout] test basic_mania ... ok
[INFO] [stdout] test basic_catch ... ok
[INFO] [stdout] test convert_catch ... ok
[INFO] [stdout] test convert_mania ... ok
[INFO] [stdout] test convert_taiko ... ok
[INFO] [stdout] 
[INFO] [stdout] test result: ok. 7 passed; 0 failed; 0 ignored; 0 measured; 0 filtered out; finished in 0.08s
[INFO] [stdout] 
[INFO] [stderr]      Running tests/dump_rosu.rs (/opt/rustwide/target/debug/build/rosu-pp-gemini/85f31d7fa0a9c8a9/out/dump_rosu-85f31d7fa0a9c8a9)
[INFO] [stdout] 
[INFO] [stdout] running 1 test
[INFO] [stdout] test test_dump_rosu_values ... FAILED
[INFO] [stdout] 
[INFO] [stdout] failures:
[INFO] [stdout] 
[INFO] [stdout] ---- test_dump_rosu_values stdout ----
[INFO] [stdout] 
[INFO] [stdout] thread 'test_dump_rosu_values' (1307) panicked at tests/dump_rosu.rs:61:54:
[INFO] [stdout] called `Result::unwrap()` on an `Err` value: Os { code: 30, kind: ReadOnlyFilesystem, message: "Read-only file system" }
[INFO] [stdout] stack backtrace:
[INFO] [stdout]    0:     0x562dde741671 - std[617be2ca0a6fd877]::backtrace_rs::backtrace::libunwind::trace
[INFO] [stdout]                                at /rustc/e3feeb59cd1bdd011a2bfcc0747b55125d9b8527/library/std/src/../../backtrace/src/backtrace/libunwind.rs:117:9
[INFO] [stdout]    1:     0x562dde741671 - std[617be2ca0a6fd877]::backtrace_rs::backtrace::trace_unsynchronized::<std[617be2ca0a6fd877]::sys::backtrace::_print_fmt::{closure#1}>
[INFO] [stdout]                                at /rustc/e3feeb59cd1bdd011a2bfcc0747b55125d9b8527/library/std/src/../../backtrace/src/backtrace/mod.rs:66:14
[INFO] [stdout]    2:     0x562dde741671 - std[617be2ca0a6fd877]::sys::backtrace::_print_fmt
[INFO] [stdout]                                at /rustc/e3feeb59cd1bdd011a2bfcc0747b55125d9b8527/library/std/src/sys/backtrace.rs:74:9
[INFO] [stdout]    3:     0x562dde741671 - <<std[617be2ca0a6fd877]::sys::backtrace::BacktraceLock>::print::DisplayBacktrace as core[a373ad73a504971]::fmt::Display>::fmt
[INFO] [stdout]                                at /rustc/e3feeb59cd1bdd011a2bfcc0747b55125d9b8527/library/std/src/sys/backtrace.rs:44:26
[INFO] [stdout]    4:     0x562dde756eda - <core[a373ad73a504971]::fmt::rt::Argument>::fmt
[INFO] [stdout]                                at /rustc/e3feeb59cd1bdd011a2bfcc0747b55125d9b8527/library/core/src/fmt/rt.rs:152:76
[INFO] [stdout]    5:     0x562dde756eda - core[a373ad73a504971]::fmt::write
[INFO] [stdout]    6:     0x562dde74588c - core[a373ad73a504971]::io::write::default_write_fmt::<alloc[2e1b2a31b91974c5]::vec::Vec<u8>>
[INFO] [stdout]                                at /rustc/e3feeb59cd1bdd011a2bfcc0747b55125d9b8527/library/core/src/io/write.rs:402:11
[INFO] [stdout]    7:     0x562dde74588c - <alloc[2e1b2a31b91974c5]::vec::Vec<u8> as core[a373ad73a504971]::io::write::Write>::write_fmt
[INFO] [stdout]                                at /rustc/e3feeb59cd1bdd011a2bfcc0747b55125d9b8527/library/core/src/io/write.rs:335:13
[INFO] [stdout]    8:     0x562dde71dad6 - <std[617be2ca0a6fd877]::sys::backtrace::BacktraceLock>::print
[INFO] [stdout]                                at /rustc/e3feeb59cd1bdd011a2bfcc0747b55125d9b8527/library/std/src/sys/backtrace.rs:47:9
[INFO] [stdout]    9:     0x562dde71dad6 - std[617be2ca0a6fd877]::panicking::default_hook::{closure#0}
[INFO] [stdout]                                at /rustc/e3feeb59cd1bdd011a2bfcc0747b55125d9b8527/library/std/src/panicking.rs:289:27
[INFO] [stdout]   10:     0x562dde739d09 - std[617be2ca0a6fd877]::panicking::default_hook
[INFO] [stdout]                                at /rustc/e3feeb59cd1bdd011a2bfcc0747b55125d9b8527/library/std/src/panicking.rs:313:9
[INFO] [stdout]   11:     0x562dde5d1850 - <alloc[2e1b2a31b91974c5]::boxed::Box<dyn for<'a, 'b> core[a373ad73a504971]::ops::function::Fn<(&'a std[617be2ca0a6fd877]::panic::PanicHookInfo<'b>,), Output = ()> + core[a373ad73a504971]::marker::Sync + core[a373ad73a504971]::marker::Send> as core[a373ad73a504971]::ops::function::Fn<(&std[617be2ca0a6fd877]::panic::PanicHookInfo,)>>::call
[INFO] [stdout]                                at /rustc/e3feeb59cd1bdd011a2bfcc0747b55125d9b8527/library/alloc/src/boxed.rs:2328:9
[INFO] [stdout]   12:     0x562dde5d1850 - test[aada8e7e76ba119b]::test_main_inner::{closure#0}
[INFO] [stdout]                                at /rustc/e3feeb59cd1bdd011a2bfcc0747b55125d9b8527/library/test/src/lib.rs:137:21
[INFO] [stdout]   13:     0x562dde739ec2 - <alloc[2e1b2a31b91974c5]::boxed::Box<dyn for<'a, 'b> core[a373ad73a504971]::ops::function::Fn<(&'a std[617be2ca0a6fd877]::panic::PanicHookInfo<'b>,), Output = ()> + core[a373ad73a504971]::marker::Sync + core[a373ad73a504971]::marker::Send> as core[a373ad73a504971]::ops::function::Fn<(&std[617be2ca0a6fd877]::panic::PanicHookInfo,)>>::call
[INFO] [stdout]                                at /rustc/e3feeb59cd1bdd011a2bfcc0747b55125d9b8527/library/alloc/src/boxed.rs:2328:9
[INFO] [stdout]   14:     0x562dde739ec2 - std[617be2ca0a6fd877]::panicking::panic_with_hook
[INFO] [stdout]                                at /rustc/e3feeb59cd1bdd011a2bfcc0747b55125d9b8527/library/std/src/panicking.rs:819:13
[INFO] [stdout]   15:     0x562dde71db82 - std[617be2ca0a6fd877]::panicking::panic_handler::{closure#0}
[INFO] [stdout]                                at /rustc/e3feeb59cd1bdd011a2bfcc0747b55125d9b8527/library/std/src/panicking.rs:685:13
[INFO] [stdout]   16:     0x562dde716899 - std[617be2ca0a6fd877]::sys::backtrace::__rust_end_short_backtrace::<std[617be2ca0a6fd877]::panicking::panic_handler::{closure#0}, !>
[INFO] [stdout]                                at /rustc/e3feeb59cd1bdd011a2bfcc0747b55125d9b8527/library/std/src/sys/backtrace.rs:182:18
[INFO] [stdout]   17:     0x562dde71e78d - __rustc[ea4f61d10b84890b]::rust_begin_unwind
[INFO] [stdout]                                at /rustc/e3feeb59cd1bdd011a2bfcc0747b55125d9b8527/library/std/src/panicking.rs:676:5
[INFO] [stdout]   18:     0x562dde7576dc - core[a373ad73a504971]::panicking::panic_fmt
[INFO] [stdout]                                at /rustc/e3feeb59cd1bdd011a2bfcc0747b55125d9b8527/library/core/src/panicking.rs:80:14
[INFO] [stdout]   19:     0x562dde757452 - core[a373ad73a504971]::result::unwrap_failed
[INFO] [stdout]                                at /rustc/e3feeb59cd1bdd011a2bfcc0747b55125d9b8527/library/core/src/result.rs:1870:5
[INFO] [stdout]   20:     0x562dde5c1deb - <core[a373ad73a504971]::result::Result<std[617be2ca0a6fd877]::fs::File, core[a373ad73a504971]::io::error::Error>>::unwrap
[INFO] [stdout]                                at /rustc/e3feeb59cd1bdd011a2bfcc0747b55125d9b8527/library/core/src/result.rs:1232:23
[INFO] [stdout]   21:     0x562dde5c1deb - dump_rosu[1d375247836b6eff]::test_dump_rosu_values
[INFO] [stdout]                                at /opt/rustwide/workdir/tests/dump_rosu.rs:61:54
[INFO] [stdout]   22:     0x562dde5c1427 - dump_rosu[1d375247836b6eff]::test_dump_rosu_values::{closure#0}
[INFO] [stdout]                                at /opt/rustwide/workdir/tests/dump_rosu.rs:6:27
[INFO] [stdout]   23:     0x562dde5c4a46 - <dump_rosu[1d375247836b6eff]::test_dump_rosu_values::{closure#0} as core[a373ad73a504971]::ops::function::FnOnce<()>>::call_once
[INFO] [stdout]                                at /rustc/e3feeb59cd1bdd011a2bfcc0747b55125d9b8527/library/core/src/ops/function.rs:250:5
[INFO] [stdout]   24:     0x562dde5c4c9b - <fn() -> core[a373ad73a504971]::result::Result<(), alloc[2e1b2a31b91974c5]::string::String> as core[a373ad73a504971]::ops::function::FnOnce<()>>::call_once
[INFO] [stdout]                                at /rustc/e3feeb59cd1bdd011a2bfcc0747b55125d9b8527/library/core/src/ops/function.rs:250:5
[INFO] [stdout]   25:     0x562dde5c4c9b - test[aada8e7e76ba119b]::__rust_begin_short_backtrace::<core[a373ad73a504971]::result::Result<(), alloc[2e1b2a31b91974c5]::string::String>, fn() -> core[a373ad73a504971]::result::Result<(), alloc[2e1b2a31b91974c5]::string::String>>
[INFO] [stdout]                                at /rustc/e3feeb59cd1bdd011a2bfcc0747b55125d9b8527/library/test/src/lib.rs:701:18
[INFO] [stdout]   26:     0x562dde5d1e75 - test[aada8e7e76ba119b]::run_test_in_process::{closure#0}
[INFO] [stdout]                                at /rustc/e3feeb59cd1bdd011a2bfcc0747b55125d9b8527/library/test/src/lib.rs:724:74
[INFO] [stdout]   27:     0x562dde5d1e75 - <core[a373ad73a504971]::panic::unwind_safe::AssertUnwindSafe<test[aada8e7e76ba119b]::run_test_in_process::{closure#0}> as core[a373ad73a504971]::ops::function::FnOnce<()>>::call_once
[INFO] [stdout]                                at /rustc/e3feeb59cd1bdd011a2bfcc0747b55125d9b8527/library/core/src/panic/unwind_safe.rs:275:9
[INFO] [stdout]   28:     0x562dde5d1e75 - std[617be2ca0a6fd877]::panicking::catch_unwind::do_call::<core[a373ad73a504971]::panic::unwind_safe::AssertUnwindSafe<test[aada8e7e76ba119b]::run_test_in_process::{closure#0}>, core[a373ad73a504971]::result::Result<(), alloc[2e1b2a31b91974c5]::string::String>>
[INFO] [stdout]                                at /rustc/e3feeb59cd1bdd011a2bfcc0747b55125d9b8527/library/std/src/panicking.rs:573:43
[INFO] [stdout]   29:     0x562dde5d1e75 - std[617be2ca0a6fd877]::panicking::catch_unwind::<core[a373ad73a504971]::result::Result<(), alloc[2e1b2a31b91974c5]::string::String>, core[a373ad73a504971]::panic::unwind_safe::AssertUnwindSafe<test[aada8e7e76ba119b]::run_test_in_process::{closure#0}>>
[INFO] [stdout]                                at /rustc/e3feeb59cd1bdd011a2bfcc0747b55125d9b8527/library/std/src/panicking.rs:541:19
[INFO] [stdout]   30:     0x562dde5d1e75 - std[617be2ca0a6fd877]::panic::catch_unwind::<core[a373ad73a504971]::panic::unwind_safe::AssertUnwindSafe<test[aada8e7e76ba119b]::run_test_in_process::{closure#0}>, core[a373ad73a504971]::result::Result<(), alloc[2e1b2a31b91974c5]::string::String>>
[INFO] [stdout]                                at /rustc/e3feeb59cd1bdd011a2bfcc0747b55125d9b8527/library/std/src/panic.rs:359:14
[INFO] [stdout]   31:     0x562dde5d1e75 - test[aada8e7e76ba119b]::run_test_in_process
[INFO] [stdout]                                at /rustc/e3feeb59cd1bdd011a2bfcc0747b55125d9b8527/library/test/src/lib.rs:724:27
[INFO] [stdout]   32:     0x562dde5d1e75 - test[aada8e7e76ba119b]::run_test::{closure#0}
[INFO] [stdout]                                at /rustc/e3feeb59cd1bdd011a2bfcc0747b55125d9b8527/library/test/src/lib.rs:645:43
[INFO] [stdout]   33:     0x562dde5cb764 - test[aada8e7e76ba119b]::run_test::{closure#1}
[INFO] [stdout]                                at /rustc/e3feeb59cd1bdd011a2bfcc0747b55125d9b8527/library/test/src/lib.rs:675:41
[INFO] [stdout]   34:     0x562dde5cb764 - std[617be2ca0a6fd877]::sys::backtrace::__rust_begin_short_backtrace::<test[aada8e7e76ba119b]::run_test::{closure#1}, ()>
[INFO] [stdout]                                at /rustc/e3feeb59cd1bdd011a2bfcc0747b55125d9b8527/library/std/src/sys/backtrace.rs:166:18
[INFO] [stdout]   35:     0x562dde5d4f02 - std[617be2ca0a6fd877]::thread::lifecycle::spawn_unchecked::<test[aada8e7e76ba119b]::run_test::{closure#1}, ()>::{closure#1}::{closure#0}
[INFO] [stdout]                                at /rustc/e3feeb59cd1bdd011a2bfcc0747b55125d9b8527/library/std/src/thread/lifecycle.rs:70:13
[INFO] [stdout]   36:     0x562dde5d4f02 - <core[a373ad73a504971]::panic::unwind_safe::AssertUnwindSafe<std[617be2ca0a6fd877]::thread::lifecycle::spawn_unchecked<test[aada8e7e76ba119b]::run_test::{closure#1}, ()>::{closure#1}::{closure#0}> as core[a373ad73a504971]::ops::function::FnOnce<()>>::call_once
[INFO] [stdout]                                at /rustc/e3feeb59cd1bdd011a2bfcc0747b55125d9b8527/library/core/src/panic/unwind_safe.rs:275:9
[INFO] [stdout]   37:     0x562dde5d4f02 - std[617be2ca0a6fd877]::panicking::catch_unwind::do_call::<core[a373ad73a504971]::panic::unwind_safe::AssertUnwindSafe<std[617be2ca0a6fd877]::thread::lifecycle::spawn_unchecked<test[aada8e7e76ba119b]::run_test::{closure#1}, ()>::{closure#1}::{closure#0}>, ()>
[INFO] [stdout]                                at /rustc/e3feeb59cd1bdd011a2bfcc0747b55125d9b8527/library/std/src/panicking.rs:573:43
[INFO] [stdout]   38:     0x562dde5d4f02 - std[617be2ca0a6fd877]::panicking::catch_unwind::<(), core[a373ad73a504971]::panic::unwind_safe::AssertUnwindSafe<std[617be2ca0a6fd877]::thread::lifecycle::spawn_unchecked<test[aada8e7e76ba119b]::run_test::{closure#1}, ()>::{closure#1}::{closure#0}>>
[INFO] [stdout]                                at /rustc/e3feeb59cd1bdd011a2bfcc0747b55125d9b8527/library/std/src/panicking.rs:541:19
[INFO] [stdout]   39:     0x562dde5d4f02 - std[617be2ca0a6fd877]::panic::catch_unwind::<core[a373ad73a504971]::panic::unwind_safe::AssertUnwindSafe<std[617be2ca0a6fd877]::thread::lifecycle::spawn_unchecked<test[aada8e7e76ba119b]::run_test::{closure#1}, ()>::{closure#1}::{closure#0}>, ()>
[INFO] [stdout]                                at /rustc/e3feeb59cd1bdd011a2bfcc0747b55125d9b8527/library/std/src/panic.rs:359:14
[INFO] [stdout]   40:     0x562dde5d4f02 - std[617be2ca0a6fd877]::thread::lifecycle::spawn_unchecked::<test[aada8e7e76ba119b]::run_test::{closure#1}, ()>::{closure#1}
[INFO] [stdout]                                at /rustc/e3feeb59cd1bdd011a2bfcc0747b55125d9b8527/library/std/src/thread/lifecycle.rs:68:26
[INFO] [stdout]   41:     0x562dde5d4f02 - <std[617be2ca0a6fd877]::thread::lifecycle::spawn_unchecked<test[aada8e7e76ba119b]::run_test::{closure#1}, ()>::{closure#1} as core[a373ad73a504971]::ops::function::FnOnce<()>>::call_once::{shim:vtable#0}
[INFO] [stdout]                                at /rustc/e3feeb59cd1bdd011a2bfcc0747b55125d9b8527/library/core/src/ops/function.rs:250:5
[INFO] [stdout]   42:     0x562dde740ecf - <alloc[2e1b2a31b91974c5]::boxed::Box<dyn core[a373ad73a504971]::ops::function::FnOnce<(), Output = ()> + core[a373ad73a504971]::marker::Send> as core[a373ad73a504971]::ops::function::FnOnce<()>>::call_once
[INFO] [stdout]                                at /rustc/e3feeb59cd1bdd011a2bfcc0747b55125d9b8527/library/alloc/src/boxed.rs:2314:9
[INFO] [stdout]   43:     0x562dde740ecf - <std[617be2ca0a6fd877]::sys::thread::unix::Thread>::new::thread_start
[INFO] [stdout]                                at /rustc/e3feeb59cd1bdd011a2bfcc0747b55125d9b8527/library/std/src/sys/thread/unix.rs:127:17
[INFO] [stdout]   44:     0x72ed71423dfa - <unknown>
[INFO] [stdout]   45:     0x72ed714b73d4 - clone
[INFO] [stdout]   46:                0x0 - <unknown>
[INFO] [stdout] 
[INFO] [stdout] 
[INFO] [stdout] failures:
[INFO] [stdout]     test_dump_rosu_values
[INFO] [stdout] 
[INFO] [stdout] test result: FAILED. 0 passed; 1 failed; 0 ignored; 0 measured; 0 filtered out; finished in 1.38s
[INFO] [stdout] 
[INFO] [stderr] error: test failed, to rerun pass `--test dump_rosu`
[INFO] running `Command { std: "docker" "inspect" "8d10b3f2ffcac69a56806e348fb2af08170a54ea2797f4af2d8548aa88ffa085", kill_on_drop: false }`
[INFO] running `Command { std: "docker" "rm" "-f" "8d10b3f2ffcac69a56806e348fb2af08170a54ea2797f4af2d8548aa88ffa085", kill_on_drop: false }`
[INFO] [stdout] 8d10b3f2ffcac69a56806e348fb2af08170a54ea2797f4af2d8548aa88ffa085
