[INFO] fetching crate rocketmq-runtime 1.0.0...
[INFO] testing rocketmq-runtime-1.0.0 against 1.99.0-beta.8 for beta-1.100-2
[INFO] extracting crate rocketmq-runtime 1.0.0 into /workspace/builds/worker-0-tc1/source
[INFO] started tweaking crates.io crate rocketmq-runtime 1.0.0
[INFO] removed 0 missing tests
[INFO] finished tweaking crates.io crate rocketmq-runtime 1.0.0
[INFO] tweaked toml for crates.io crate rocketmq-runtime 1.0.0 written to /workspace/builds/worker-0-tc1/source/Cargo.toml
[INFO] validating manifest of crates.io crate rocketmq-runtime 1.0.0 on toolchain 1.99.0-beta.8
[INFO] running `Command { std: CARGO_HOME="/workspace/cargo-home" RUSTUP_HOME="/workspace/rustup-home" "/workspace/cargo-home/bin/cargo" "+1.99.0-beta.8" "metadata" "--manifest-path" "Cargo.toml" "--no-deps", kill_on_drop: false }`
[INFO] crate crates.io crate rocketmq-runtime 1.0.0 already has a lockfile, it will not be regenerated
[INFO] running `Command { std: CARGO_HOME="/workspace/cargo-home" RUSTUP_HOME="/workspace/rustup-home" "/workspace/cargo-home/bin/cargo" "+1.99.0-beta.8" "fetch" "--manifest-path" "Cargo.toml", kill_on_drop: false }`
[INFO] [stderr]     Updating crates.io index
[INFO] [stderr]  Downloading crates ...
[INFO] [stderr]   Downloaded target-tuple v1.0.2
[INFO] [stderr]   Downloaded generator v0.8.9
[INFO] [stderr]   Downloaded trybuild v1.0.121
[INFO] [stderr]   Downloaded multiversion-macros v0.9.0
[INFO] [stderr]   Downloaded multiversion v0.9.0
[INFO] [stderr]   Downloaded rocketmq-error v1.0.0
[INFO] [stderr]   Downloaded loom v0.7.2
[INFO] [stderr]   Downloaded config v0.15.26
[INFO] [stderr]   Downloaded json5 v1.3.1
[INFO] [stderr]   Downloaded cc v1.4.6
[INFO] [stderr]   Downloaded encoding_rs v0.8.41
[INFO] running `Command { std: "docker" "create" "-v" "/var/lib/crater-agent-workspace/builds/worker-0-tc1/source:/opt/rustwide/workdir:ro,Z" "-v" "/var/lib/crater-agent-workspace/builds/worker-0-tc1/target:/opt/rustwide/target:rw,Z" "-v" "/var/lib/crater-agent-workspace/cargo-home:/opt/rustwide/cargo-home:ro,Z" "-v" "/var/lib/crater-agent-workspace/rustup-home:/opt/rustwide/rustup-home:ro,Z" "-m" "1610612736" "--network" "none" "ghcr.io/rust-lang/crates-build-env/linux@sha256:3111399a4047eeb3a02b7a90e478d715f38a8c6669b5c4b49d30a17385265909" "sleep" "infinity", kill_on_drop: false }`
[INFO] [stdout] cac00f438032c5c41176a07483f1ec3e834a5ffc074ec25627250850c92ef58a
[INFO] running `Command { std: "docker" "start" "cac00f438032c5c41176a07483f1ec3e834a5ffc074ec25627250850c92ef58a", kill_on_drop: false }`
[INFO] running `Command { std: "docker" "inspect" "cac00f438032c5c41176a07483f1ec3e834a5ffc074ec25627250850c92ef58a", kill_on_drop: false }`
[INFO] running `Command { std: "docker" "exec" "-e" "SOURCE_DIR=/opt/rustwide/workdir" "-e" "CARGO_HOME=/opt/rustwide/cargo-home" "-e" "RUSTUP_HOME=/opt/rustwide/rustup-home" "-e" "CARGO_TARGET_DIR=/opt/rustwide/target" "-w" "/opt/rustwide/workdir" "--user" "0:0" "cac00f438032c5c41176a07483f1ec3e834a5ffc074ec25627250850c92ef58a" "/opt/rustwide/cargo-home/bin/cargo" "+1.99.0-beta.8" "metadata" "--no-deps" "--format-version=1", kill_on_drop: false }`
[INFO] running `Command { std: "docker" "inspect" "cac00f438032c5c41176a07483f1ec3e834a5ffc074ec25627250850c92ef58a", kill_on_drop: false }`
[INFO] running `Command { std: "docker" "exec" "-e" "SOURCE_DIR=/opt/rustwide/workdir" "-e" "CARGO_HOME=/opt/rustwide/cargo-home" "-e" "RUSTUP_HOME=/opt/rustwide/rustup-home" "-e" "CARGO_TARGET_DIR=/opt/rustwide/target" "-e" "CARGO_INCREMENTAL=0" "-e" "RUST_BACKTRACE=full" "-e" "RUSTFLAGS=--cap-lints=warn" "-e" "RUSTDOCFLAGS=--cap-lints=warn" "-w" "/opt/rustwide/workdir" "--user" "0:0" "cac00f438032c5c41176a07483f1ec3e834a5ffc074ec25627250850c92ef58a" "/opt/rustwide/cargo-home/bin/cargo" "+1.99.0-beta.8" "build" "--frozen" "--message-format=json", kill_on_drop: false }`
[INFO] [stderr]    Compiling unicode-ident v1.0.24
[INFO] [stderr]    Compiling serde_core v1.0.229
[INFO] [stderr]    Compiling libc v0.2.189
[INFO] [stderr]    Compiling futures-channel v0.3.34
[INFO] [stderr]    Compiling encoding_rs v0.8.41
[INFO] [stderr]    Compiling foldhash v0.2.0
[INFO] [stderr]    Compiling hashbrown v0.14.5
[INFO] [stderr]    Compiling erased-serde v0.4.10
[INFO] [stderr]    Compiling proc-macro2 v1.0.107
[INFO] [stderr]    Compiling hashbrown v0.16.1
[INFO] [stderr]    Compiling errno v0.3.14
[INFO] [stderr]    Compiling winnow v1.0.4
[INFO] [stderr]    Compiling thiserror v2.0.21
[INFO] [stderr]    Compiling parking_lot_core v0.9.12
[INFO] [stderr]    Compiling signal-hook-registry v1.4.8
[INFO] [stderr]    Compiling socket2 v0.6.5
[INFO] [stderr]    Compiling mio v1.2.3
[INFO] [stderr]    Compiling quote v1.0.47
[INFO] [stderr]    Compiling ucd-trie v0.1.7
[INFO] [stderr]    Compiling hashlink v0.11.1
[INFO] [stderr]    Compiling syn v3.0.6
[INFO] [stderr]    Compiling syn v2.0.119
[INFO] [stderr]    Compiling convert_case v0.6.0
[INFO] [stderr]    Compiling getrandom v0.4.3
[INFO] [stderr]    Compiling uuid v1.26.1
[INFO] [stderr]    Compiling getrandom v0.2.17
[INFO] [stderr]    Compiling toml_parser v1.1.3+spec-1.1.0
[INFO] [stderr]    Compiling const-random-macro v0.1.16
[INFO] [stderr]    Compiling dashmap v6.2.1
[INFO] [stderr]    Compiling parking_lot v0.12.5
[INFO] [stderr]    Compiling sysinfo v0.39.6
[INFO] [stderr]    Compiling const-random v0.1.18
[INFO] [stderr]    Compiling dlv-list v0.5.2
[INFO] [stderr]    Compiling ordered-multimap v0.7.3
[INFO] [stderr]    Compiling rust-ini v0.21.3
[INFO] [stderr]    Compiling serde_spanned v1.1.1
[INFO] [stderr]    Compiling toml_datetime v1.1.1+spec-1.1.0
[INFO] [stderr]    Compiling bitflags v2.13.2
[INFO] [stderr]    Compiling serde_json v1.0.151
[INFO] [stderr]    Compiling toml v1.1.6+spec-1.1.0
[INFO] [stderr]    Compiling serde-untagged v0.1.9
[INFO] [stderr]    Compiling tracing-attributes v0.1.31
[INFO] [stderr]    Compiling serde_derive v1.0.229
[INFO] [stderr]    Compiling futures-macro v0.3.34
[INFO] [stderr]    Compiling multiversion-macros v0.9.0
[INFO] [stderr]    Compiling tokio-macros v2.7.2
[INFO] [stderr]    Compiling thiserror-impl v2.0.21
[INFO] [stderr]    Compiling async-trait v0.1.92
[INFO] [stderr]    Compiling tokio v1.53.1
[INFO] [stderr]    Compiling tracing v0.1.44
[INFO] [stderr]    Compiling futures-util v0.3.34
[INFO] [stderr]    Compiling multiversion v0.9.0
[INFO] [stderr]    Compiling rocketmq-error v1.0.0
[INFO] [stderr]    Compiling yaml-rust2 v0.11.1
[INFO] [stderr]    Compiling serde v1.0.229
[INFO] [stderr]    Compiling json5 v1.3.1
[INFO] [stderr]    Compiling ron v0.12.2
[INFO] [stderr]    Compiling chrono v0.4.45
[INFO] [stderr]    Compiling futures-executor v0.3.34
[INFO] [stderr]    Compiling futures v0.3.34
[INFO] [stderr]    Compiling config v0.15.26
[INFO] [stderr]    Compiling tokio-util v0.7.19
[INFO] [stderr]    Compiling rocketmq-runtime v1.0.0 (/opt/rustwide/workdir)
[INFO] [stdout] warning: use of deprecated method `std::sync::atomic::Atomic::<usize>::fetch_update`: renamed to `try_update` for consistency
[INFO] [stdout]    --> src/blocking/executor.rs:989:22
[INFO] [stdout]     |
[INFO] [stdout] 989 |                     .fetch_update(Ordering::AcqRel, Ordering::Acquire, |remaining| {
[INFO] [stdout]     |                      ^^^^^^^^^^^^
[INFO] [stdout]     |
[INFO] [stdout]     = note: `#[warn(deprecated)]` on by default
[INFO] [stdout] help: replace the use of the deprecated method
[INFO] [stdout]     |
[INFO] [stdout] 989 -                     .fetch_update(Ordering::AcqRel, Ordering::Acquire, |remaining| {
[INFO] [stdout] 989 +                     .try_update(Ordering::AcqRel, Ordering::Acquire, |remaining| {
[INFO] [stdout]     |
[INFO] [stdout] 
[INFO] [stdout] 
[INFO] [stdout] warning: use of deprecated method `std::sync::atomic::Atomic::<usize>::fetch_update`: renamed to `try_update` for consistency
[INFO] [stdout]    --> src/resource_budget/budget.rs:782:10
[INFO] [stdout]     |
[INFO] [stdout] 782 |         .fetch_update(Ordering::AcqRel, Ordering::Acquire, |current| {
[INFO] [stdout]     |          ^^^^^^^^^^^^
[INFO] [stdout]     |
[INFO] [stdout] help: replace the use of the deprecated method
[INFO] [stdout]     |
[INFO] [stdout] 782 -         .fetch_update(Ordering::AcqRel, Ordering::Acquire, |current| {
[INFO] [stdout] 782 +         .try_update(Ordering::AcqRel, Ordering::Acquire, |current| {
[INFO] [stdout]     |
[INFO] [stdout] 
[INFO] [stdout] 
[INFO] [stdout] warning: use of deprecated method `std::sync::atomic::Atomic::<u64>::fetch_update`: renamed to `try_update` for consistency
[INFO] [stdout]    --> src/scheduled.rs:625:14
[INFO] [stdout]     |
[INFO] [stdout] 625 |             .fetch_update(Ordering::AcqRel, Ordering::Acquire, |pending| pending.checked_sub(1))
[INFO] [stdout]     |              ^^^^^^^^^^^^
[INFO] [stdout]     |
[INFO] [stdout] help: replace the use of the deprecated method
[INFO] [stdout]     |
[INFO] [stdout] 625 -             .fetch_update(Ordering::AcqRel, Ordering::Acquire, |pending| pending.checked_sub(1))
[INFO] [stdout] 625 +             .try_update(Ordering::AcqRel, Ordering::Acquire, |pending| pending.checked_sub(1))
[INFO] [stdout]     |
[INFO] [stdout] 
[INFO] [stdout] 
[INFO] [stdout] warning: use of deprecated method `std::sync::atomic::Atomic::<u64>::fetch_update`: renamed to `try_update` for consistency
[INFO] [stdout]    --> src/task/service_task.rs:156:14
[INFO] [stdout]     |
[INFO] [stdout] 156 |             .fetch_update(Ordering::AcqRel, Ordering::Acquire, |word| {
[INFO] [stdout]     |              ^^^^^^^^^^^^
[INFO] [stdout]     |
[INFO] [stdout] help: replace the use of the deprecated method
[INFO] [stdout]     |
[INFO] [stdout] 156 -             .fetch_update(Ordering::AcqRel, Ordering::Acquire, |word| {
[INFO] [stdout] 156 +             .try_update(Ordering::AcqRel, Ordering::Acquire, |word| {
[INFO] [stdout]     |
[INFO] [stdout] 
[INFO] [stdout] 
[INFO] [stdout] warning: use of deprecated method `std::sync::atomic::Atomic::<u8>::fetch_update`: renamed to `try_update` for consistency
[INFO] [stdout]     --> src/task_group.rs:1090:22
[INFO] [stdout]      |
[INFO] [stdout] 1090 |                     .fetch_update(Ordering::AcqRel, Ordering::Acquire, |state| {
[INFO] [stdout]      |                      ^^^^^^^^^^^^
[INFO] [stdout]      |
[INFO] [stdout] help: replace the use of the deprecated method
[INFO] [stdout]      |
[INFO] [stdout] 1090 -                     .fetch_update(Ordering::AcqRel, Ordering::Acquire, |state| {
[INFO] [stdout] 1090 +                     .try_update(Ordering::AcqRel, Ordering::Acquire, |state| {
[INFO] [stdout]      |
[INFO] [stdout] 
[INFO] [stdout] 
[INFO] [stderr]     Finished `dev` profile [unoptimized + debuginfo] target(s) in 1m 19s
[INFO] running `Command { std: "docker" "inspect" "cac00f438032c5c41176a07483f1ec3e834a5ffc074ec25627250850c92ef58a", kill_on_drop: false }`
[INFO] running `Command { std: "docker" "exec" "-e" "SOURCE_DIR=/opt/rustwide/workdir" "-e" "CARGO_HOME=/opt/rustwide/cargo-home" "-e" "RUSTUP_HOME=/opt/rustwide/rustup-home" "-e" "CARGO_TARGET_DIR=/opt/rustwide/target" "-e" "CARGO_INCREMENTAL=0" "-e" "RUST_BACKTRACE=full" "-e" "RUSTFLAGS=--cap-lints=warn" "-e" "RUSTDOCFLAGS=--cap-lints=warn" "-w" "/opt/rustwide/workdir" "--user" "0:0" "cac00f438032c5c41176a07483f1ec3e834a5ffc074ec25627250850c92ef58a" "/opt/rustwide/cargo-home/bin/cargo" "+1.99.0-beta.8" "test" "--frozen" "--no-run" "--message-format=json", kill_on_drop: false }`
[INFO] [stderr]    Compiling syn v2.0.119
[INFO] [stderr]    Compiling find-msvc-tools v0.1.12
[INFO] [stderr]    Compiling zerocopy v0.8.57
[INFO] [stderr]    Compiling regex-automata v0.4.18
[INFO] [stderr]    Compiling bitflags v2.13.2
[INFO] [stderr]    Compiling toml_parser v1.1.3+spec-1.1.0
[INFO] [stderr]    Compiling serde_spanned v1.1.1
[INFO] [stderr]    Compiling toml_datetime v1.1.1+spec-1.1.0
[INFO] [stderr]    Compiling cc v1.4.6
[INFO] [stderr]    Compiling either v1.18.0
[INFO] [stderr]    Compiling toml_writer v1.1.2+spec-1.1.0
[INFO] [stderr]    Compiling rustix v1.1.4
[INFO] [stderr]    Compiling clap_lex v1.1.1
[INFO] [stderr]    Compiling target-tuple v1.0.2
[INFO] [stderr]    Compiling toml v1.1.6+spec-1.1.0
[INFO] [stderr]    Compiling tokio v1.53.1
[INFO] [stderr]    Compiling itertools v0.13.0
[INFO] [stderr]    Compiling ron v0.12.2
[INFO] [stderr]    Compiling clap_builder v4.6.7
[INFO] [stderr]    Compiling alloca v0.4.0
[INFO] [stderr]    Compiling generator v0.8.9
[INFO] [stderr]    Compiling tracing-log v0.2.0
[INFO] [stderr]    Compiling criterion-plot v0.8.2
[INFO] [stderr]    Compiling config v0.15.26
[INFO] [stderr]    Compiling chrono v0.4.45
[INFO] [stderr]    Compiling matchers v0.2.0
[INFO] [stderr]    Compiling regex v1.13.1
[INFO] [stderr]    Compiling clap v4.6.7
[INFO] [stderr]    Compiling rayon v1.12.0
[INFO] [stderr]    Compiling tinytemplate v1.2.1
[INFO] [stderr]    Compiling trybuild v1.0.121
[INFO] [stderr]    Compiling tokio-util v0.7.19
[INFO] [stderr]    Compiling tempfile v3.27.0
[INFO] [stderr]    Compiling zerocopy-derive v0.8.57
[INFO] [stderr]    Compiling tracing-attributes v0.1.31
[INFO] [stderr]    Compiling tracing v0.1.44
[INFO] [stderr]    Compiling tracing-subscriber v0.3.23
[INFO] [stderr]    Compiling rocketmq-runtime v1.0.0 (/opt/rustwide/workdir)
[INFO] [stdout] warning: use of deprecated method `std::sync::atomic::Atomic::<usize>::fetch_update`: renamed to `try_update` for consistency
[INFO] [stdout]    --> src/blocking/executor.rs:989:22
[INFO] [stdout]     |
[INFO] [stdout] 989 |                     .fetch_update(Ordering::AcqRel, Ordering::Acquire, |remaining| {
[INFO] [stdout]     |                      ^^^^^^^^^^^^
[INFO] [stdout]     |
[INFO] [stdout]     = note: `#[warn(deprecated)]` on by default
[INFO] [stdout] help: replace the use of the deprecated method
[INFO] [stdout]     |
[INFO] [stdout] 989 -                     .fetch_update(Ordering::AcqRel, Ordering::Acquire, |remaining| {
[INFO] [stdout] 989 +                     .try_update(Ordering::AcqRel, Ordering::Acquire, |remaining| {
[INFO] [stdout]     |
[INFO] [stdout] 
[INFO] [stdout] 
[INFO] [stderr]    Compiling loom v0.7.2
[INFO] [stdout] warning: use of deprecated method `std::sync::atomic::Atomic::<usize>::fetch_update`: renamed to `try_update` for consistency
[INFO] [stdout]    --> src/resource_budget/budget.rs:782:10
[INFO] [stdout]     |
[INFO] [stdout] 782 |         .fetch_update(Ordering::AcqRel, Ordering::Acquire, |current| {
[INFO] [stdout]     |          ^^^^^^^^^^^^
[INFO] [stdout]     |
[INFO] [stdout] help: replace the use of the deprecated method
[INFO] [stdout]     |
[INFO] [stdout] 782 -         .fetch_update(Ordering::AcqRel, Ordering::Acquire, |current| {
[INFO] [stdout] 782 +         .try_update(Ordering::AcqRel, Ordering::Acquire, |current| {
[INFO] [stdout]     |
[INFO] [stdout] 
[INFO] [stdout] 
[INFO] [stdout] warning: use of deprecated method `std::sync::atomic::Atomic::<u64>::fetch_update`: renamed to `try_update` for consistency
[INFO] [stdout]    --> src/scheduled.rs:625:14
[INFO] [stdout]     |
[INFO] [stdout] 625 |             .fetch_update(Ordering::AcqRel, Ordering::Acquire, |pending| pending.checked_sub(1))
[INFO] [stdout]     |              ^^^^^^^^^^^^
[INFO] [stdout]     |
[INFO] [stdout] help: replace the use of the deprecated method
[INFO] [stdout]     |
[INFO] [stdout] 625 -             .fetch_update(Ordering::AcqRel, Ordering::Acquire, |pending| pending.checked_sub(1))
[INFO] [stdout] 625 +             .try_update(Ordering::AcqRel, Ordering::Acquire, |pending| pending.checked_sub(1))
[INFO] [stdout]     |
[INFO] [stdout] 
[INFO] [stdout] 
[INFO] [stdout] warning: use of deprecated method `std::sync::atomic::Atomic::<u64>::fetch_update`: renamed to `try_update` for consistency
[INFO] [stdout]    --> src/task/service_task.rs:156:14
[INFO] [stdout]     |
[INFO] [stdout] 156 |             .fetch_update(Ordering::AcqRel, Ordering::Acquire, |word| {
[INFO] [stdout]     |              ^^^^^^^^^^^^
[INFO] [stdout]     |
[INFO] [stdout] help: replace the use of the deprecated method
[INFO] [stdout]     |
[INFO] [stdout] 156 -             .fetch_update(Ordering::AcqRel, Ordering::Acquire, |word| {
[INFO] [stdout] 156 +             .try_update(Ordering::AcqRel, Ordering::Acquire, |word| {
[INFO] [stdout]     |
[INFO] [stdout] 
[INFO] [stdout] 
[INFO] [stdout] warning: use of deprecated method `std::sync::atomic::Atomic::<u8>::fetch_update`: renamed to `try_update` for consistency
[INFO] [stdout]     --> src/task_group.rs:1090:22
[INFO] [stdout]      |
[INFO] [stdout] 1090 |                     .fetch_update(Ordering::AcqRel, Ordering::Acquire, |state| {
[INFO] [stdout]      |                      ^^^^^^^^^^^^
[INFO] [stdout]      |
[INFO] [stdout] help: replace the use of the deprecated method
[INFO] [stdout]      |
[INFO] [stdout] 1090 -                     .fetch_update(Ordering::AcqRel, Ordering::Acquire, |state| {
[INFO] [stdout] 1090 +                     .try_update(Ordering::AcqRel, Ordering::Acquire, |state| {
[INFO] [stdout]      |
[INFO] [stdout] 
[INFO] [stdout] 
[INFO] [stderr]    Compiling half v2.7.1
[INFO] [stderr]    Compiling ciborium-ll v0.2.2
[INFO] [stderr]    Compiling ciborium v0.2.2
[INFO] [stderr]    Compiling criterion v0.8.2
[INFO] [stdout] warning: use of deprecated method `std::sync::atomic::Atomic::<usize>::fetch_update`: renamed to `try_update` for consistency
[INFO] [stdout]    --> src/blocking/executor.rs:989:22
[INFO] [stdout]     |
[INFO] [stdout] 989 |                     .fetch_update(Ordering::AcqRel, Ordering::Acquire, |remaining| {
[INFO] [stdout]     |                      ^^^^^^^^^^^^
[INFO] [stdout]     |
[INFO] [stdout]     = note: `#[warn(deprecated)]` on by default
[INFO] [stdout] help: replace the use of the deprecated method
[INFO] [stdout]     |
[INFO] [stdout] 989 -                     .fetch_update(Ordering::AcqRel, Ordering::Acquire, |remaining| {
[INFO] [stdout] 989 +                     .try_update(Ordering::AcqRel, Ordering::Acquire, |remaining| {
[INFO] [stdout]     |
[INFO] [stdout] 
[INFO] [stdout] 
[INFO] [stdout] warning: use of deprecated method `std::sync::atomic::Atomic::<usize>::fetch_update`: renamed to `try_update` for consistency
[INFO] [stdout]    --> src/resource_budget/budget.rs:782:10
[INFO] [stdout]     |
[INFO] [stdout] 782 |         .fetch_update(Ordering::AcqRel, Ordering::Acquire, |current| {
[INFO] [stdout]     |          ^^^^^^^^^^^^
[INFO] [stdout]     |
[INFO] [stdout] help: replace the use of the deprecated method
[INFO] [stdout]     |
[INFO] [stdout] 782 -         .fetch_update(Ordering::AcqRel, Ordering::Acquire, |current| {
[INFO] [stdout] 782 +         .try_update(Ordering::AcqRel, Ordering::Acquire, |current| {
[INFO] [stdout]     |
[INFO] [stdout] 
[INFO] [stdout] 
[INFO] [stdout] warning: use of deprecated method `std::sync::atomic::Atomic::<u64>::fetch_update`: renamed to `try_update` for consistency
[INFO] [stdout]    --> src/scheduled.rs:625:14
[INFO] [stdout]     |
[INFO] [stdout] 625 |             .fetch_update(Ordering::AcqRel, Ordering::Acquire, |pending| pending.checked_sub(1))
[INFO] [stdout]     |              ^^^^^^^^^^^^
[INFO] [stdout]     |
[INFO] [stdout] help: replace the use of the deprecated method
[INFO] [stdout]     |
[INFO] [stdout] 625 -             .fetch_update(Ordering::AcqRel, Ordering::Acquire, |pending| pending.checked_sub(1))
[INFO] [stdout] 625 +             .try_update(Ordering::AcqRel, Ordering::Acquire, |pending| pending.checked_sub(1))
[INFO] [stdout]     |
[INFO] [stdout] 
[INFO] [stdout] 
[INFO] [stdout] warning: use of deprecated method `std::sync::atomic::Atomic::<usize>::fetch_update`: renamed to `try_update` for consistency
[INFO] [stdout]    --> src/service_lifecycle/probe.rs:489:34
[INFO] [stdout]     |
[INFO] [stdout] 489 | ...                   .fetch_update(Ordering::AcqRel, Ordering::Acquire, |left| left.checked_sub(1))
[INFO] [stdout]     |                        ^^^^^^^^^^^^
[INFO] [stdout]     |
[INFO] [stdout] help: replace the use of the deprecated method
[INFO] [stdout]     |
[INFO] [stdout] 489 -                                 .fetch_update(Ordering::AcqRel, Ordering::Acquire, |left| left.checked_sub(1))
[INFO] [stdout] 489 +                                 .try_update(Ordering::AcqRel, Ordering::Acquire, |left| left.checked_sub(1))
[INFO] [stdout]     |
[INFO] [stdout] 
[INFO] [stdout] 
[INFO] [stdout] warning: use of deprecated method `std::sync::atomic::Atomic::<u64>::fetch_update`: renamed to `try_update` for consistency
[INFO] [stdout]    --> src/task/service_task.rs:156:14
[INFO] [stdout]     |
[INFO] [stdout] 156 |             .fetch_update(Ordering::AcqRel, Ordering::Acquire, |word| {
[INFO] [stdout]     |              ^^^^^^^^^^^^
[INFO] [stdout]     |
[INFO] [stdout] help: replace the use of the deprecated method
[INFO] [stdout]     |
[INFO] [stdout] 156 -             .fetch_update(Ordering::AcqRel, Ordering::Acquire, |word| {
[INFO] [stdout] 156 +             .try_update(Ordering::AcqRel, Ordering::Acquire, |word| {
[INFO] [stdout]     |
[INFO] [stdout] 
[INFO] [stdout] 
[INFO] [stdout] warning: use of deprecated method `std::sync::atomic::Atomic::<u8>::fetch_update`: renamed to `try_update` for consistency
[INFO] [stdout]     --> src/task_group.rs:1090:22
[INFO] [stdout]      |
[INFO] [stdout] 1090 |                     .fetch_update(Ordering::AcqRel, Ordering::Acquire, |state| {
[INFO] [stdout]      |                      ^^^^^^^^^^^^
[INFO] [stdout]      |
[INFO] [stdout] help: replace the use of the deprecated method
[INFO] [stdout]      |
[INFO] [stdout] 1090 -                     .fetch_update(Ordering::AcqRel, Ordering::Acquire, |state| {
[INFO] [stdout] 1090 +                     .try_update(Ordering::AcqRel, Ordering::Acquire, |state| {
[INFO] [stdout]      |
[INFO] [stdout] 
[INFO] [stdout] 
[INFO] [stdout] warning: unused import: `std::error::Error`
[INFO] [stdout]    --> src/error.rs:851:9
[INFO] [stdout]     |
[INFO] [stdout] 851 |     use std::error::Error as _;
[INFO] [stdout]     |         ^^^^^^^^^^^^^^^^^
[INFO] [stdout]     |
[INFO] [stdout]     = note: `#[warn(unused_imports)]` (part of `#[warn(unused)]`) on by default
[INFO] [stdout] 
[INFO] [stdout] 
[INFO] [stderr]     Finished `test` profile [unoptimized + debuginfo] target(s) in 3m 04s
[INFO] running `Command { std: "docker" "inspect" "cac00f438032c5c41176a07483f1ec3e834a5ffc074ec25627250850c92ef58a", kill_on_drop: false }`
[INFO] running `Command { std: "docker" "exec" "-e" "SOURCE_DIR=/opt/rustwide/workdir" "-e" "CARGO_HOME=/opt/rustwide/cargo-home" "-e" "RUSTUP_HOME=/opt/rustwide/rustup-home" "-e" "CARGO_TARGET_DIR=/opt/rustwide/target" "-e" "CARGO_INCREMENTAL=0" "-e" "RUST_BACKTRACE=full" "-e" "RUSTFLAGS=--cap-lints=warn" "-e" "RUSTDOCFLAGS=--cap-lints=warn" "-w" "/opt/rustwide/workdir" "--user" "0:0" "cac00f438032c5c41176a07483f1ec3e834a5ffc074ec25627250850c92ef58a" "/opt/rustwide/cargo-home/bin/cargo" "+1.99.0-beta.8" "test" "--frozen", kill_on_drop: false }`
[INFO] [stderr] warning: use of deprecated method `std::sync::atomic::Atomic::<usize>::fetch_update`: renamed to `try_update` for consistency
[INFO] [stderr]    --> src/blocking/executor.rs:989:22
[INFO] [stderr]     |
[INFO] [stderr] 989 |                     .fetch_update(Ordering::AcqRel, Ordering::Acquire, |remaining| {
[INFO] [stderr]     |                      ^^^^^^^^^^^^
[INFO] [stderr]     |
[INFO] [stderr]     = note: `#[warn(deprecated)]` on by default
[INFO] [stderr] help: replace the use of the deprecated method
[INFO] [stderr]     |
[INFO] [stderr] 989 -                     .fetch_update(Ordering::AcqRel, Ordering::Acquire, |remaining| {
[INFO] [stderr] 989 +                     .try_update(Ordering::AcqRel, Ordering::Acquire, |remaining| {
[INFO] [stderr]     |
[INFO] [stderr] 
[INFO] [stderr] warning: use of deprecated method `std::sync::atomic::Atomic::<usize>::fetch_update`: renamed to `try_update` for consistency
[INFO] [stderr]    --> src/resource_budget/budget.rs:782:10
[INFO] [stderr]     |
[INFO] [stderr] 782 |         .fetch_update(Ordering::AcqRel, Ordering::Acquire, |current| {
[INFO] [stderr]     |          ^^^^^^^^^^^^
[INFO] [stderr]     |
[INFO] [stderr] help: replace the use of the deprecated method
[INFO] [stderr]     |
[INFO] [stderr] 782 -         .fetch_update(Ordering::AcqRel, Ordering::Acquire, |current| {
[INFO] [stderr] 782 +         .try_update(Ordering::AcqRel, Ordering::Acquire, |current| {
[INFO] [stderr]     |
[INFO] [stderr] 
[INFO] [stderr] warning: use of deprecated method `std::sync::atomic::Atomic::<u64>::fetch_update`: renamed to `try_update` for consistency
[INFO] [stderr]    --> src/scheduled.rs:625:14
[INFO] [stderr]     |
[INFO] [stderr] 625 |             .fetch_update(Ordering::AcqRel, Ordering::Acquire, |pending| pending.checked_sub(1))
[INFO] [stderr]     |              ^^^^^^^^^^^^
[INFO] [stderr]     |
[INFO] [stderr] help: replace the use of the deprecated method
[INFO] [stderr]     |
[INFO] [stderr] 625 -             .fetch_update(Ordering::AcqRel, Ordering::Acquire, |pending| pending.checked_sub(1))
[INFO] [stderr] 625 +             .try_update(Ordering::AcqRel, Ordering::Acquire, |pending| pending.checked_sub(1))
[INFO] [stderr]     |
[INFO] [stderr] 
[INFO] [stderr] warning: use of deprecated method `std::sync::atomic::Atomic::<u64>::fetch_update`: renamed to `try_update` for consistency
[INFO] [stderr]    --> src/task/service_task.rs:156:14
[INFO] [stderr]     |
[INFO] [stderr] 156 |             .fetch_update(Ordering::AcqRel, Ordering::Acquire, |word| {
[INFO] [stderr]     |              ^^^^^^^^^^^^
[INFO] [stderr]     |
[INFO] [stderr] help: replace the use of the deprecated method
[INFO] [stderr]     |
[INFO] [stderr] 156 -             .fetch_update(Ordering::AcqRel, Ordering::Acquire, |word| {
[INFO] [stderr] 156 +             .try_update(Ordering::AcqRel, Ordering::Acquire, |word| {
[INFO] [stderr]     |
[INFO] [stderr] 
[INFO] [stderr] warning: use of deprecated method `std::sync::atomic::Atomic::<u8>::fetch_update`: renamed to `try_update` for consistency
[INFO] [stderr]     --> src/task_group.rs:1090:22
[INFO] [stderr]      |
[INFO] [stderr] 1090 |                     .fetch_update(Ordering::AcqRel, Ordering::Acquire, |state| {
[INFO] [stderr]      |                      ^^^^^^^^^^^^
[INFO] [stderr]      |
[INFO] [stderr] help: replace the use of the deprecated method
[INFO] [stderr]      |
[INFO] [stderr] 1090 -                     .fetch_update(Ordering::AcqRel, Ordering::Acquire, |state| {
[INFO] [stderr] 1090 +                     .try_update(Ordering::AcqRel, Ordering::Acquire, |state| {
[INFO] [stderr]      |
[INFO] [stderr] 
[INFO] [stderr] warning: `rocketmq-runtime` (lib) generated 5 warnings (run `cargo fix --lib -p rocketmq-runtime` to apply 5 suggestions)
[INFO] [stderr] warning: use of deprecated method `std::sync::atomic::Atomic::<usize>::fetch_update`: renamed to `try_update` for consistency
[INFO] [stderr]    --> src/service_lifecycle/probe.rs:489:34
[INFO] [stderr]     |
[INFO] [stderr] 489 | ...                   .fetch_update(Ordering::AcqRel, Ordering::Acquire, |left| left.checked_sub(1))
[INFO] [stderr]     |                        ^^^^^^^^^^^^
[INFO] [stderr]     |
[INFO] [stderr] help: replace the use of the deprecated method
[INFO] [stderr]     |
[INFO] [stderr] 489 -                                 .fetch_update(Ordering::AcqRel, Ordering::Acquire, |left| left.checked_sub(1))
[INFO] [stderr] 489 +                                 .try_update(Ordering::AcqRel, Ordering::Acquire, |left| left.checked_sub(1))
[INFO] [stderr]     |
[INFO] [stderr] 
[INFO] [stderr] warning: unused import: `std::error::Error`
[INFO] [stderr]    --> src/error.rs:851:9
[INFO] [stderr]     |
[INFO] [stderr] 851 |     use std::error::Error as _;
[INFO] [stderr]     |         ^^^^^^^^^^^^^^^^^
[INFO] [stderr]     |
[INFO] [stderr]     = note: `#[warn(unused_imports)]` (part of `#[warn(unused)]`) on by default
[INFO] [stderr] 
[INFO] [stderr] warning: `rocketmq-runtime` (lib test) generated 7 warnings (5 duplicates) (run `cargo fix --lib -p rocketmq-runtime --tests` to apply 1 suggestion)
[INFO] [stderr]     Finished `test` profile [unoptimized + debuginfo] target(s) in 0.30s
[INFO] [stderr]      Running unittests src/lib.rs (/opt/rustwide/target/debug/deps/rocketmq_runtime-e90eb020675aa08f)
[INFO] [stdout] 
[INFO] [stdout] running 153 tests
[INFO] [stdout] test blocking::admission::tests::a_dropped_waiter_returns_a_slot_granted_to_it ... ok
[INFO] [stdout] test blocking::admission::tests::a_lane_below_its_reservation_is_served_before_a_borrower ... ok
[INFO] [stdout] test blocking::admission::tests::underserved_lanes_use_each_released_slot_without_mutual_reservation_stall ... ok
[INFO] [stdout] test blocking::admission::tests::waiters_of_one_lane_are_admitted_in_arrival_order ... ok
[INFO] [stdout] test blocking::executor::tests::abandoning_the_ticket_keeps_real_work_tracked_until_exit ... ok
[INFO] [stdout] test blocking::admission::tests::dropping_a_granted_reservation_hands_it_to_the_other_waiting_lane ... ok
[INFO] [stdout] test blocking::admission::tests::one_release_grants_and_wakes_one_waiter ... ok
[INFO] [stdout] test blocking::executor::tests::expired_drain_deadline_prevents_user_closure_from_starting ... ok
[INFO] [stdout] test blocking::admission::tests::a_timed_out_waiter_leaves_the_queue ... ok
[INFO] [stdout] test blocking::executor::tests::dropping_one_wait_does_not_consume_execution_completion ... ok
[INFO] [stdout] test common::file_utils::tests::test_file_to_string_not_found ... ok
[INFO] [stdout] test common::file_utils::tests::test_file_to_string ... ok
[INFO] [stdout] test common::parse_config_file::tests::config_file_deserialization_failure_preserves_the_config_source ... ok
[INFO] [stdout] test blocking::executor::tests::diagnostics_aggregate_tracks_real_blocking_timeout_and_completion ... ok
[INFO] [stdout] test common::parse_config_file::tests::config_file_load_failure_preserves_the_config_source ... ok
[INFO] [stdout] test blocking::executor::tests::expired_observation_retains_capacity_and_the_late_result ... ok
[INFO] [stdout] test common::system_clock::tests::millis_since_epoch_saturates_when_clock_is_before_epoch ... ok
[INFO] [stdout] test common::parse_config_file::tests::safe_config_error_renderer_redacts_malformed_source_lines ... ok
[INFO] [stdout] test common::time_utils::tests::all_timestamps_are_positive ... ok
[INFO] [stdout] test common::time_utils::tests::compute_next_morning_time_millis_returns_non_zero_timestamp ... ok
[INFO] [stdout] test common::parse_config_file::tests::safe_config_error_renderer_redacts_invalid_values ... ok
[INFO] [stdout] test blocking::admission::tests::a_new_request_does_not_pass_a_queued_waiter ... ok
[INFO] [stdout] test common::file_utils::tests::test_string_to_file ... ok
[INFO] [stdout] test common::time_utils::tests::duration_since_unix_epoch_returns_zero_for_before_epoch ... ok
[INFO] [stdout] test common::time_utils::tests::is_it_time_to_do_returns_true_when_current_hour_is_in_input ... ok
[INFO] [stdout] test common::time_utils::tests::java_date_format_constants_parse_java_shapes ... ok
[INFO] [stdout] test common::time_utils::tests::millis_greater_than_secs ... ok
[INFO] [stdout] test common::time_utils::tests::is_it_time_to_do_returns_false_when_current_hour_is_not_in_input ... ok
[INFO] [stdout] test common::time_utils::tests::current_secs_returns_correct_value ... ok
[INFO] [stdout] test common::time_utils::tests::current_millis_returns_correct_value ... ok
[INFO] [stdout] test common::time_utils::tests::current_nano_returns_correct_value ... ok
[INFO] [stdout] test common::time_utils::tests::secs_consistent_with_millis ... ok
[INFO] [stdout] test common::time_utils::tests::test_compute_next_minutes_time_millis ... ok
[INFO] [stdout] test common::time_utils::tests::time_millis_to_human_string2_formats_correctly_with_valid_timestamp ... ok
[INFO] [stdout] test common::time_utils::tests::time_millis_to_human_string3_formats_correctly_with_valid_timestamp ... ok
[INFO] [stdout] test common::time_utils::tests::time_millis_to_human_string_falls_back_to_epoch_for_invalid_timestamp ... ok
[INFO] [stdout] test common::time_utils::tests::time_millis_to_human_string_formats_correctly ... ok
[INFO] [stdout] test config::tests::entrypoint_profiles_derive_bounded_cpu_and_lane_budgets ... ok
[INFO] [stdout] test config::tests::explicit_blocking_limit_has_safe_bounds_and_caps_lanes ... ok
[INFO] [stdout] test diagnostics::tests::lane_identity_survives_partial_and_reordered_inputs_in_both_schemas ... ok
[INFO] [stdout] test common::time_utils::tests::nanos_greater_than_millis ... ok
[INFO] [stdout] test common::time_utils::tests::parse_date_to_millis_uses_local_timezone_like_java_simple_date_format ... ok
[INFO] [stdout] test common::time_utils::tests::timestamps_are_non_decreasing ... ok
[INFO] [stdout] test diagnostics::tests::sanitized_view_does_not_expose_runtime_or_task_names ... ok
[INFO] [stdout] test diagnostics::tests::sanitized_view_exposes_only_bounded_blocking_capacity_and_counts ... ok
[INFO] [stdout] test diagnostics::tests::v2_detail_lists_stay_bounded_and_redacted ... ok
[INFO] [stdout] test diagnostics::tests::every_task_kind_keeps_its_own_population_and_wire_label ... ok
[INFO] [stdout] test diagnostics::tests::v2_detail_scan_budget_also_bounds_the_groups_it_visits ... ok
[INFO] [stdout] test diagnostics::tests::v2_detail_scan_budget_bounds_the_scan_and_not_only_the_output ... ok
[INFO] [stdout] test diagnostics::tests::v2_reports_component_owned_sections_with_their_scope ... ok
[INFO] [stdout] test diagnostics::tests::zero_bounds_produce_an_explicit_truncated_view ... ok
[INFO] [stdout] test diagnostics::tests::v2_view_is_a_snapshot_that_late_completions_cannot_rewrite ... ok
[INFO] [stdout] test error::tests::an_external_operation_reports_its_own_label ... ok
[INFO] [stdout] test error::tests::closed_and_poisoned_keep_the_unavailable_descriptor ... ok
[INFO] [stdout] test error::tests::contract_violations_stay_outside_the_operational_runtime_error_channel ... ok
[INFO] [stdout] test diagnostics::tests::v2_sections_state_their_scope_and_absent_inputs_stay_absent ... ok
[INFO] [stdout] test diagnostics::tests::v2_truncation_reports_what_was_scanned_and_emitted ... ok
[INFO] [stdout] test error::tests::a_relabelled_failure_keeps_its_kind_and_cause ... ok
[INFO] [stdout] test error::tests::operational_runtime_error_preserves_source_and_catalog_metadata_without_rendering_it ... ok
[INFO] [stdout] test common::file_utils::tests::replacing_a_file_keeps_the_previous_content_as_a_backup ... ok
[INFO] [stdout] test error::tests::external_operation_labels_accept_only_bounded_kebab_case ... ok
[INFO] [stdout] test metadata_io::tests::commit_observation_requires_reconciliation_only_for_unconfirmed_outcomes ... ok
[INFO] [stdout] test error::tests::runtime_configuration_facade_uses_corrected_boundary_projection ... ok
[INFO] [stdout] test metadata_io::tests::metadata_io_config_rejects_unbounded_zero_limits ... ok
[INFO] [stdout] test metadata_io::tests::metadata_io_error_retains_the_original_io_source ... ok
[INFO] [stdout] test metadata_target::tests::different_resources_cannot_bind_the_same_target ... ok
[INFO] [stdout] test metadata_io::tests::target_conflict_observation_is_not_a_durability_conclusion ... ok
[INFO] [stdout] test metadata_target::tests::registration_owner_is_released_only_after_every_clone_is_dropped ... ok
[INFO] [stdout] test metadata_target::tests::registration_reports_the_target_reconciliation_fence ... ok
[INFO] [stdout] test metadata_target::tests::retirement_checks_live_authority_and_history_before_reusing_capacity ... ok
[INFO] [stdout] test metadata_target::tests::same_resource_can_switch_targets_after_the_writer_is_released ... ok
[INFO] [stdout] test metadata_target::tests::target_generations_are_allocated_by_the_owner_scoped_registry ... ok
[INFO] [stdout] test metadata_target::tests::target_registry_capacity_is_bounded ... ok
[INFO] [stdout] test metadata_target::tests::unknown_commit_outcome_blocks_re_registration ... ok
[INFO] [stdout] test metadata_target::tests::registration_release_and_durable_generation_outlive_replacement ... ok
[INFO] [stdout] test operation::tests::cancel_and_wait_until_joins_a_cooperative_operation ... ok
[INFO] [stdout] test operation::tests::cancellation_joins_only_operation_tasks ... ok
[INFO] [stdout] test operation::tests::completed_operations_leave_no_registry_history ... ok
[INFO] [stdout] test error::tests::each_constructor_reports_a_matchable_kind ... ok
[INFO] [stdout] test blocking::executor::tests::cancellation_before_execution_releases_captures_capacity_and_registry ... ok
[INFO] [stdout] test blocking::executor::tests::panic_settles_execution_and_destroys_user_resources ... ok
[INFO] [stdout] test operation::tests::owner_shutdown_cancels_operation_tasks ... ok
[INFO] [stdout] test operation::tests::wait_returns_only_after_the_owner_settles_the_tasks ... ok
[INFO] [stdout] test operation::tests::wait_confirms_cancellation_of_an_overrunning_operation ... ok
[INFO] [stdout] test owner::tests::an_unresolvable_memory_policy_fails_the_owner_build ... ok
[INFO] [stdout] test owner::tests::plan_rejects_invalid_configuration_before_resource_discovery ... ok
[INFO] [stdout] test owner::tests::tokio_builder_uses_the_production_build_helper ... ok
[INFO] [stdout] test owner::tests::validated_plan_builds_with_a_supplied_memory_limit ... ok
[INFO] [stdout] test operation::tests::wait_until_returns_at_its_deadline_without_confirming_the_abort ... ok
[INFO] [stdout] test owner::tests::a_memory_policy_bounds_the_process_budget ... ok
[INFO] [stdout] test resource_budget::memory::tests::a_missing_membership_file_yields_no_cgroup_constraint ... ok
[INFO] [stdout] test resource_budget::memory::tests::a_nested_cgroup_limit_is_discovered_through_the_membership_path ... ok
[INFO] [stdout] test resource_budget::memory::tests::a_tighter_ancestor_limit_wins_over_a_leaf_without_a_limit ... ok
[INFO] [stdout] test resource_budget::memory::tests::a_v1_mount_needs_the_memory_controller_and_ignores_the_unlimited_sentinel ... ok
[INFO] [stdout] test resource_budget::memory::tests::an_unrepresentable_managed_memory_policy_is_rejected ... ok
[INFO] [stdout] test resource_budget::memory::tests::escaped_mount_paths_are_decoded ... ok
[INFO] [stdout] test resource_budget::memory::tests::fractions_remain_bounded_without_multiplication_overflow ... ok
[INFO] [stdout] test resource_budget::memory::tests::an_unreadable_constraint_is_an_error_rather_than_a_missing_one ... ok
[INFO] [stdout] test resource_budget::memory::tests::linux_limit_parsers_reject_unbounded_and_accept_finite_values ... ok
[INFO] [stdout] test resource_budget::memory::tests::membership_parsing_records_controllers_and_skips_malformed_lines ... ok
[INFO] [stdout] test resource_budget::memory::tests::headroom_bounds_the_requested_managed_bytes ... ok
[INFO] [stdout] test resource_budget::memory::tests::a_mount_root_other_than_the_hierarchy_root_is_resolved ... ok
[INFO] [stdout] test resource_budget::memory::tests::the_default_policy_charges_the_whole_detected_limit ... ok
[INFO] [stdout] test resource_budget::memory::tests::the_managed_budget_honours_a_ratio_headroom_and_an_explicit_limit ... ok
[INFO] [stdout] test resource_budget::memory::tests::the_visible_paths_include_the_mount_root_and_every_ancestor ... ok
[INFO] [stdout] test resource_budget::memory::tests::platform_memory_detection_returns_a_positive_limit ... ok
[INFO] [stdout] test scheduled::tests::a_controlled_schedule_ends_after_a_stop ... ok
[INFO] [stdout] test scheduled::tests::a_policy_that_contradicts_the_mode_is_rejected ... ok
[INFO] [stdout] test error::tests::a_runtime_constructed_invalid_label_is_rejected - should panic ... ok
[INFO] [stdout] test error::tests::runtime_clone_shares_source_location_and_backtrace ... ok
[INFO] [stdout] test error::tests::operation_debug_output_is_closed_for_sentinel_control_and_unbounded_text ... ok
[INFO] [stdout] test scheduled::tests::operation_cancellation_settles_an_active_scheduled_run ... ok
[INFO] [stdout] test scheduled::tests::a_reserved_run_settles_if_rejected_or_aborted_before_first_poll ... ok
[INFO] [stdout] test service_context::scope_id_tests::dynamic_scope_ids_return_contract_violations ... ok
[INFO] [stdout] test scheduled::tests::a_timed_out_run_releases_its_slot_once_before_the_next_controlled_run ... ok
[INFO] [stdout] test scheduled::tests::coalesced_serial_schedule_never_exceeds_one_active_and_one_pending_run ... ok
[INFO] [stdout] test service_lifecycle::probe::tests::a_request_that_arrives_in_pieces_is_routed ... ok
[INFO] [stdout] test scheduled::tests::overlapping_runs_stay_within_the_policy_bound ... ok
[INFO] [stdout] test service_lifecycle::probe::tests::accept_backoff_grows_to_its_cap_and_then_gives_up ... ok
[INFO] [stdout] test service_lifecycle::probe::tests::accept_errors_are_classified_by_what_they_break ... ok
[INFO] [stdout] test service_lifecycle::probe::tests::drain_accepts_get_after_opt_in ... ok
[INFO] [stdout] test service_lifecycle::probe::tests::drain_methods_parse_only_lists_that_keep_post ... ok
[INFO] [stdout] test service_lifecycle::tests::cancelled_start_attempt_resets_admission_and_cancels_owned_tasks ... ok
[INFO] [stdout] test scheduled::tests::fixed_delay_waits_for_the_first_delay_and_then_for_each_completion ... ok
[INFO] [stdout] test service_lifecycle::probe::tests::drain_accepts_post_and_rejects_get_by_default ... ok
[INFO] [stdout] test service_lifecycle::tests::dependency_recovery_cannot_restore_maintenance_or_shutdown_readiness ... ok
[INFO] [stdout] test service_lifecycle::tests::failed_is_not_overwritten_by_normal_stop_completion ... ok
[INFO] [stdout] test service_lifecycle::probe::tests::idle_connections_do_not_delay_readiness_probes ... ok
[INFO] [stdout] test service_lifecycle::tests::liveness_rejects_stale_progress_and_terminal_states ... ok
[INFO] [stdout] test operation::tests::all_outcomes_are_recorded_once_after_future_destruction ... ok
[INFO] [stdout] test service_lifecycle::probe::tests::resource_exhaustion_on_accept_is_retried_without_failing_the_service ... ok
[INFO] [stdout] test operation::tests::destructor_panic_is_an_operation_failure_and_rejected_work_has_no_outcome ... ok
[INFO] [stdout] test service_lifecycle::tests::repeated_shutdown_requests_reuse_the_first_deadline ... ok
[INFO] [stdout] test shutdown_report::tests::explicit_component_failure_makes_the_report_unhealthy ... ok
[INFO] [stdout] test stack::tests::other_platforms_do_not_report_a_committed_stack ... ok
[INFO] [stdout] test task::service_task::tests::a_replaced_run_sees_itself_stopped ... ok
[INFO] [stdout] test service_lifecycle::tests::probe_server_reports_state_and_pre_stop_starts_drain ... ok
[INFO] [stdout] test task::service_task::tests::interrupt_aborts_the_loop_at_once ... ok
[INFO] [stdout] test task::service_task::tests::lifecycle_moves_through_running_and_stopped ... ok
[INFO] [stdout] test service_lifecycle::tests::maintenance_readiness_is_reversible_until_shutdown_begins ... ok
[INFO] [stdout] test service_lifecycle::tests::failed_probe_bind_rolls_back_owned_tasks_and_allows_retry ... ok
[INFO] [stdout] test service_lifecycle::tests::observers_receive_only_committed_transitions_outside_lifecycle_locks ... ok
[INFO] [stdout] test task::service_task::tests::make_stop_ends_the_loop_without_shutdown ... ok
[INFO] [stdout] test task::service_task::tests::service_runs_under_its_parent_task_group ... ok
[INFO] [stdout] test shutdown_report::tests::remaining_tasks_are_capped_and_the_omission_is_counted ... ok
[INFO] [stdout] test task::service_task::tests::stopped_manager_can_start_again ... ok
[INFO] [stdout] test task_group::tests::a_closing_group_reports_closed_as_soon_as_its_token_is_cancelled ... ok
[INFO] [stdout] test task::service_task::tests::standalone_context_returns_at_once_for_a_pending_wakeup ... ok
[INFO] [stdout] test task::service_task::tests::second_start_while_running_is_ignored ... ok
[INFO] [stdout] test task::service_task::tests::shutdown_deadline_aborts_a_loop_that_does_not_stop ... ok
[INFO] [stdout] test task::service_task::tests::shutdown_follows_the_deadline_installed_by_the_parent_owner ... ok
[INFO] [stdout] test scheduled::tests::every_schedule_entry_settles_construction_and_poll_panics ... ok
[INFO] [stdout] test service_lifecycle::tests::concurrent_shutdown_cannot_overwrite_a_terminal_state ... ok
[INFO] [stdout] 
[INFO] [stdout] test result: ok. 153 passed; 0 failed; 0 ignored; 0 measured; 0 filtered out; finished in 0.54s
[INFO] [stdout] 
[INFO] [stderr]      Running tests/arc_mut_replacement_loom.rs (/opt/rustwide/target/debug/deps/arc_mut_replacement_loom-b3790f6abd396288)
[INFO] [stdout] 
[INFO] [stdout] running 2 tests
[INFO] [stdout] test replacement_releases_worker_owners_before_root_unwrap ... ok
[INFO] [stdout] test guarded_replacement_serializes_concurrent_writers ... ok
[INFO] [stderr]      Running tests/blocking_ownership.rs (/opt/rustwide/target/debug/deps/blocking_ownership-71f3da7948d8e17f)
[INFO] [stdout] 
[INFO] [stdout] test result: ok. 2 passed; 0 failed; 0 ignored; 0 measured; 0 filtered out; finished in 0.02s
[INFO] [stdout] 
[INFO] [stdout] 
[INFO] [stdout] running 5 tests
[INFO] [stdout] test a_retained_executor_cannot_execute_on_another_runtime_after_its_owner_is_destroyed ... ok
[INFO] [stdout] test managed_lanes_execute_on_the_owner_when_called_from_a_foreign_runtime ... ok
[INFO] [stdout] test isolated_executor_uses_the_supplied_group_even_when_constructed_outside_tokio ... ok
[INFO] [stdout] test a_runtime_context_report_counts_its_isolated_executors ... ok
[INFO] [stdout] test the_owner_report_counts_a_closure_still_running_on_an_isolated_executor ... ok
[INFO] [stderr]      Running tests/blocking_scope_admission.rs (/opt/rustwide/target/debug/deps/blocking_scope_admission-31fc17bff326c561)
[INFO] [stdout] 
[INFO] [stdout] test result: ok. 5 passed; 0 failed; 0 ignored; 0 measured; 0 filtered out; finished in 0.06s
[INFO] [stdout] 
[INFO] [stdout] 
[INFO] [stdout] running 9 tests
[INFO] [stdout] test finalization_submission_cannot_extend_slot_deadline ... ok
[INFO] [stdout] test drain_lease_never_extends_its_original_deadline ... ok
[INFO] [stdout] test root_shutdown_deadline_bounds_a_preaccepted_finalization_slot ... ok
[INFO] [stdout] test root_cancellation_closes_normal_scopes_but_preserves_preaccepted_finalization ... ok
[INFO] [stdout] test closing_one_scope_rejects_normal_work_without_stopping_a_sibling ... ok
[INFO] [stdout] test cancellation_wakes_an_admission_waiter_before_the_lane_deadline ... ok
[INFO] [stdout] test drain_lease_allowance_is_shared_across_concurrent_submissions ... ok
[INFO] [stdout] test finalization_slot_waits_for_queue_capacity_released_by_closing_scope ... ok
[INFO] [stderr]      Running tests/critical_failure.rs (/opt/rustwide/target/debug/deps/critical_failure-11748e8dbe70fe38)
[INFO] [stdout] test preaccepted_drain_lease_allows_only_its_bounded_finalization_io ... ok
[INFO] [stdout] 
[INFO] [stdout] test result: ok. 9 passed; 0 failed; 0 ignored; 0 measured; 0 filtered out; finished in 0.02s
[INFO] [stdout] 
[INFO] [stdout] 
[INFO] [stdout] running 7 tests
[INFO] [stdout] test a_full_notification_channel_does_not_lose_the_failure ... ok
[INFO] [stdout] test an_early_service_return_is_an_unexpected_exit_but_cancellation_is_not ... ok
[INFO] [stdout] test the_handling_policy_decides_the_lifecycle_outcome ... ok
[INFO] [stdout] test idle_monitor_shutdown_is_cooperative_and_preserves_unhandled_failures ... ok
[INFO] [stdout] test competing_monitors_handle_each_taken_record_once ... ok
[INFO] [stdout] test a_critical_service_panic_reaches_the_owner_and_revokes_readiness ... ok
[INFO] [stdout] test a_non_service_critical_task_records_panics_only ... ok
[INFO] [stdout] 
[INFO] [stdout] test result: ok. 7 passed; 0 failed; 0 ignored; 0 measured; 0 filtered out; finished in 0.27s
[INFO] [stdout] 
[INFO] [stderr]      Running tests/isolated_executor_shutdown.rs (/opt/rustwide/target/debug/deps/isolated_executor_shutdown-ac496bebc0fd2918)
[INFO] [stdout] 
[INFO] [stdout] running 3 tests
[INFO] [stdout] test managed_lanes_cannot_be_closed_through_an_executor_handle ... ok
[INFO] [stdout] test shutdown_wakes_queued_work_and_waits_for_the_actual_closure_without_closing_siblings ... ok
[INFO] [stdout] test panicking_closures_release_independent_tracking ... ok
[INFO] [stdout] 
[INFO] [stdout] test result: ok. 3 passed; 0 failed; 0 ignored; 0 measured; 0 filtered out; finished in 0.47s
[INFO] [stdout] 
[INFO] [stderr]      Running tests/metadata_io_actor.rs (/opt/rustwide/target/debug/deps/metadata_io_actor-043947d3870657c5)
[INFO] [stdout] 
[INFO] [stdout] running 38 tests
[INFO] [stdout] test commit_outcome_distinguishes_unknown_durability ... ok
[INFO] [stdout] test concurrent_writes_are_bounded_by_the_plan ... ok
[INFO] [stdout] test concurrent_writes_let_other_resources_pass_a_slow_write ... ok
[INFO] [stdout] test a_running_snapshot_keeps_its_charge_after_the_actor_and_coordinator_are_dropped ... ok
[INFO] [stdout] test expired_absolute_deadline_rejects_admission_without_side_effects ... ok
[INFO] [stdout] test diagnostic_observer_does_not_retain_metadata_ownership ... ok
[INFO] [stdout] test effective_profile_reports_the_lane_as_the_owner_of_blocking_limits ... ok
[INFO] [stdout] test generations_are_unique_across_actors_sharing_one_owner ... ok
[INFO] [stdout] test hot_resource_yields_to_other_pending_resources ... ok
[INFO] [stdout] test late_success_preserves_write_order_after_observer_and_lane_deadlines ... ok
[INFO] [stdout] test metadata_actors_of_one_owner_share_the_process_budget ... ok
[INFO] [stdout] test observation_timeout_does_not_publish_a_generation_for_a_late_failure ... ok
[INFO] [stdout] test local_filesystem_atomically_replaces_target_and_cleans_temporary_file ... ok
[INFO] [stdout] test observation_timeout_reports_the_unobserved_generation_and_late_success_stays_authoritative ... ok
[INFO] [stdout] test observed_submission_classifies_every_settled_conclusion ... ok
[INFO] [stdout] test older_generation_cannot_overwrite_a_newer_in_flight_snapshot ... ok
[INFO] [stdout] test planned_write_concurrency_is_capped_by_the_metadata_lane ... ok
[INFO] [stdout] test pending_resource_target_conflict_returns_the_original_request ... ok
[INFO] [stdout] test cancelled_actor_retains_target_until_the_real_closure_exits ... ok
[INFO] [stdout] test queue_and_retained_bytes_are_bounded_independently ... ok
[INFO] [stdout] test queued_generations_coalesce_without_losing_waiters ... ok
[INFO] [stdout] test late_failure_preserves_write_order_after_observer_and_lane_deadlines ... ok
[INFO] [stdout] test retirement_churn_cannot_grow_an_open_actors_history_cache ... ok
[INFO] [stdout] test queued_snapshots_replace_at_the_process_limit_and_roll_back_failed_growth ... ok
[INFO] [stdout] test retirement_rejects_queued_work_and_actual_blocking_authority ... ok
[INFO] [stdout] test shutdown_stops_admission_and_reports_unfinished_generations ... ok
[INFO] [stdout] test retirement_keeps_unknown_outcome_fenced_and_old_actor_cannot_rebind_a_retired_history ... ok
[INFO] [stdout] test target_binding_is_process_local_and_rejects_a_second_resource ... ok
[INFO] [stdout] test waiter_admission_is_bounded_per_actor ... ok
[INFO] [stdout] test unconfirmed_commit_fences_a_target_that_still_has_queued_work ... ok
[INFO] [stdout] test write_rename_and_disk_failures_do_not_publish_generation ... ok
[INFO] [stdout] test retained_snapshots_are_charged_to_the_process_budget_until_they_finish ... ok
[INFO] [stdout] test a_request_lane_deadline_tightens_the_shared_lane_budget ... ok
[INFO] [stdout] test a_request_lane_deadline_cannot_widen_the_lane_budget ... ok
[INFO] [stdout] test small_target_capacity_supports_explicit_retirement_and_read_only_old_receipts ... ok
[INFO] [stdout] test a_published_generation_releases_the_target_for_the_next_write ... ok
[INFO] [stdout] test late_panic_preserves_write_order_after_observer_and_lane_deadlines ... ok
[INFO] [stdout] test worker_panic_is_typed_and_does_not_leak_capacity ... ok
[INFO] [stdout] 
[INFO] [stdout] test result: ok. 38 passed; 0 failed; 0 ignored; 0 measured; 0 filtered out; finished in 0.66s
[INFO] [stdout] 
[INFO] [stderr]      Running tests/operation_wait_policy.rs (/opt/rustwide/target/debug/deps/operation_wait_policy-296d6b8c3b734a50)
[INFO] [stdout] 
[INFO] [stdout] running 3 tests
[INFO] [stdout] test graceful_completion_closes_admission_and_confirms_owner_settlement ... ok
[INFO] [stdout] test earlier_confirmation_deadline_tightens_grace_and_reports_unconfirmed_work ... ok
[INFO] [stdout] test abort_confirmation_is_distinct_from_graceful_completion ... ok
[INFO] [stdout] 
[INFO] [stdout] test result: ok. 3 passed; 0 failed; 0 ignored; 0 measured; 0 filtered out; finished in 0.02s
[INFO] [stdout] 
[INFO] [stderr]      Running tests/resource_budget_loom.rs (/opt/rustwide/target/debug/deps/resource_budget_loom-27ee61905985ee93)
[INFO] [stdout] 
[INFO] [stdout] running 4 tests
[INFO] [stdout] test dynamic_gate_serializes_escaped_admission_with_close_and_retirement ... ok
[INFO] [stdout] test queue_waiter_owner_cancellation_and_close_preserve_permit_conservation ... ok
[INFO] [stdout] test task_completion_and_cancellation_release_every_permit ... ok
[INFO] [stdout] test atomic_chain_reservation_never_exceeds_a_level_and_conserves_capacity ... ok
[INFO] [stdout] 
[INFO] [stdout] test result: ok. 4 passed; 0 failed; 0 ignored; 0 measured; 0 filtered out; finished in 22.37s
[INFO] [stdout] 
[INFO] [stderr]      Running tests/resource_budget_tree.rs (/opt/rustwide/target/debug/deps/resource_budget_tree-dbecde2b51b2e488)
[INFO] [stdout] 
[INFO] [stdout] running 45 tests
[INFO] [stdout] test budgeted_push_charges_the_shared_ancestor_exactly_once ... ok
[INFO] [stdout] test budgeted_push_reports_a_rejection_without_retaining_a_charge ... ok
[INFO] [stdout] test budgeted_push_returns_a_foreign_permit_unchanged ... ok
[INFO] [stdout] test child_permit_reserves_every_ancestor_and_releases_on_drop ... ok
[INFO] [stdout] test aborted_owner_releases_raii_permit ... ok
[INFO] [stdout] test close_slow_consumer_policy_closes_when_oldest_item_exceeds_max_age ... ok
[INFO] [stdout] test closure_does_not_run_destructive_queue_policies_or_retain_rejected_permits ... ok
[INFO] [stdout] test coalesce_latest_preserves_pending_state_when_an_ancestor_is_exhausted ... ok
[INFO] [stdout] test coalesce_latest_preserves_pending_state_when_replacement_cannot_fit ... ok
[INFO] [stdout] test coalesce_latest_replaces_pending_state_and_releases_old_permits ... ok
[INFO] [stdout] test budgeted_push_rebinds_a_permit_acquired_from_an_ancestor ... ok
[INFO] [stdout] test a_retired_key_reports_outstanding_work_and_keeps_its_name_reserved ... ok
[INFO] [stdout] test coalesced_item_destructors_can_close_the_dynamic_key_after_admission_unlocks ... ok
[INFO] [stdout] test control_reserve_survives_data_plane_overload ... ok
[INFO] [stdout] test deep_child_permit_preserves_ancestors_beyond_inline_storage ... ok
[INFO] [stdout] test dynamic_close_wakes_queue_waiters_and_receivers_without_deadline_expiry ... ok
[INFO] [stdout] test failed_rebind_keeps_the_source_permit_valid ... ok
[INFO] [stdout] test parent_budget_bounds_the_sum_of_independent_children ... ok
[INFO] [stdout] test promoting_a_permit_releases_data_reserve_without_releasing_total_capacity ... ok
[INFO] [stdout] test drop_stale_policy_uses_virtual_time_and_reports_oldest_age ... ok
[INFO] [stdout] test rate_limit_uses_injected_monotonic_time_and_preserves_control_tokens ... ok
[INFO] [stdout] test rebind_between_siblings_preserves_common_ancestor_accounting ... ok
[INFO] [stdout] test rebind_rejects_a_target_from_another_tree ... ok
[INFO] [stdout] test reject_policy_keeps_depth_and_bytes_bounded_at_two_times_overload ... ok
[INFO] [stdout] test reject_policy_never_discards_aged_work_silently ... ok
[INFO] [stdout] test resizing_a_rebound_permit_observes_the_new_dynamic_gate ... ok
[INFO] [stdout] test resizing_preserves_control_reserves_and_supports_growth_after_rebind ... ok
[INFO] [stdout] test resizing_a_permit_reserves_only_bytes_and_rolls_back_a_child_rejection ... ok
[INFO] [stdout] test child_limits_cannot_escape_parent_hard_limits ... ok
[INFO] [stdout] test retain_preserves_order_and_releases_removed_item_permits ... ok
[INFO] [stdout] test slow_consumer_policy_closes_and_drains_the_queue ... ok
[INFO] [stdout] test retired_generation_closes_escaped_budgets_descendants_and_rebinds ... ok
[INFO] [stdout] test a_closed_dynamic_key_refuses_new_admissions ... ok
[INFO] [stdout] test wait_until_deadline_observes_byte_capacity_release ... ok
[INFO] [stdout] test wait_until_deadline_observes_item_capacity_release ... ok
[INFO] [stdout] test the_dynamic_key_registry_is_bounded ... ok
[INFO] [stdout] test ancestor_release_wakes_waiting_child ... ok
[INFO] [stdout] test retiring_a_dynamic_key_waits_for_the_real_reservation ... ok
[INFO] [stdout] test wait_until_deadline_oversized_item_fails_without_waiting ... ok
[INFO] [stdout] test wait_until_deadline_rejects_item_that_cannot_fit_ancestor_data_reserve ... ok
[INFO] [stdout] test wait_until_deadline_returns_rate_exhaustion_without_capacity_wait ... ok
[INFO] [stdout] test wait_until_deadline_close_wakes_waiter_and_returns_original_item ... ok
[INFO] [stdout] test wait_until_deadline_returns_original_item_when_deadline_wins ... ok
[INFO] [stdout] test concurrent_close_and_escaped_acquisition_cannot_escape_retirement_accounting ... ok
[INFO] [stdout] test cancelled_waiter_and_panicking_owner_restore_metrics_and_permits ... ok
[INFO] [stdout] 
[INFO] [stdout] test result: ok. 45 passed; 0 failed; 0 ignored; 0 measured; 0 filtered out; finished in 0.33s
[INFO] [stdout] 
[INFO] [stderr]      Running tests/runtime_diagnostics_bounds.rs (/opt/rustwide/target/debug/deps/runtime_diagnostics_bounds-9aea2f455d5ac080)
[INFO] [stdout] 
[INFO] [stdout] running 3 tests
[INFO] [stdout] test empty_wide_trees_charge_enumeration_before_materializing_children ... ok
[INFO] [stdout] test task_details_remain_bounded_and_settle_after_task_table_churn ... ok
[INFO] [stderr]      Running tests/runtime_migration_fixture.rs (/opt/rustwide/target/debug/deps/runtime_migration_fixture-2d183170a7902574)
[INFO] [stdout] test deep_tree_sampling_is_iterative_and_does_not_disclose_task_names ... ok
[INFO] [stdout] 
[INFO] [stdout] test result: ok. 3 passed; 0 failed; 0 ignored; 0 measured; 0 filtered out; finished in 0.34s
[INFO] [stdout] 
[INFO] [stdout] 
[INFO] [stdout] running 1 test
[INFO] [stdout] test migration_fixture_owns_scheduled_child_work_and_reports_shutdown ... ok
[INFO] [stdout] 
[INFO] [stdout] test result: ok. 1 passed; 0 failed; 0 ignored; 0 measured; 0 filtered out; finished in 0.02s
[INFO] [stdout] 
[INFO] [stderr]      Running tests/runtime_model.rs (/opt/rustwide/target/debug/deps/runtime_model-c87753173e6f83e9)
[INFO] [stdout] 
[INFO] [stdout] running 51 tests
[INFO] [stdout] test blocking_executor_rejects_expired_deadline_before_running_operation ... ok
[INFO] [stdout] test a_component_requested_while_closing_is_noted_in_the_shutdown_report ... ok
[INFO] [stdout] test blocking_executor_rejects_long_running_spawn_blocking ... ok
[INFO] [stdout] test blocking_global_budget_rejects_capacity_without_one_reservation_per_lane ... ok
[INFO] [stdout] test cancellable_service_apis_exit_on_owner_cancellation_without_abort ... ok
[INFO] [stdout] test cancelling_queued_blocking_work_removes_its_task_entry ... ok
[INFO] [stdout] test canonical_runtime_diagnostics_compile_from_the_crate_root ... ok
[INFO] [stdout] test blocking_executor_rejects_work_when_bounded_queue_is_full ... ok
[INFO] [stdout] test cancelling_running_blocking_work_hands_its_join_to_the_reaper ... ok
[INFO] [stdout] test child_cancel_does_not_cancel_parent_or_sibling ... ok
[INFO] [stdout] test blocking_lanes_share_one_global_budget_and_preserve_waiting_lane_reservations ... ok
[INFO] [stdout] test child_creation_fails_after_parent_closing ... ok
[INFO] [stdout] test last_child_drop_unregisters_component ... ok
[INFO] [stdout] test draining_operation_survives_owner_cancellation_until_release ... ok
[INFO] [stdout] test namesrv_runtime_config_uses_namesrv_thread_name ... ok
[INFO] [stdout] test diagnostics_snapshot_reports_runtime_state ... ok
[INFO] [stdout] test blocking_executor_reports_timeout_until_reaper_cleans_late_exit ... ok
[INFO] [stdout] test component_groups_with_same_name_keep_distinct_identity ... ok
[INFO] [stdout] test parent_cancel_propagates_to_children ... ok
[INFO] [stdout] test parent_context_shutdown_cancels_and_joins_descendant_tasks ... ok
[INFO] [stdout] test rejected_submissions_report_why_they_were_rejected ... ok
[INFO] [stdout] test runtime_owner_drop_shutdowns_root_group_when_not_explicitly_closed ... ok
[INFO] [stdout] test runtime_owner_shutdown_background_closes_root_group_without_drop_fallback ... ok
[INFO] [stdout] test scheduled_duplicate_is_an_outcome_without_replacing_driver_or_metrics ... ok
[INFO] [stdout] test scheduled_fixed_delay_controlled_stops_when_task_requests_stop ... ok
[INFO] [stdout] test runtime_owner_uses_configured_blocking_policy_in_shutdown_report ... ok
[INFO] [stdout] test scheduled_spawn_failure_rolls_back_registered_metrics ... ok
[INFO] [stdout] test server_runtime_config_supports_optional_thread_stack_size ... ok
[INFO] [stdout] test service_context_component_preserves_parent_runtime_and_blocking_executor ... ok
[INFO] [stdout] test blocking_executor_limits_concurrency ... ok
[INFO] [stdout] test service_context_rejects_component_work_after_shutdown ... ok
[INFO] [stdout] test task_capability_source_does_not_expose_raw_runtime_or_detached_spawn ... ok
[INFO] [stdout] test task_capability_spawns_only_parent_owned_work ... ok
[INFO] [stdout] test task_group_abort_task_removes_metadata_and_reports_abort ... ok
[INFO] [stdout] test shared_shutdown_deadline_bounds_sequential_group_shutdown ... ok
[INFO] [stdout] test scheduled_no_overlap_skips_while_previous_run_is_active ... ok
[INFO] [stdout] test task_group_exposes_the_earliest_installed_shutdown_deadline ... ok
[INFO] [stdout] test task_group_concurrent_spawn_shutdown_leaves_no_metadata ... ok
[INFO] [stdout] test task_group_shutdown_now_aborts_without_async_wait ... ok
[INFO] [stdout] test scheduled_fixed_rate_allows_overlap_and_reports_overlap_metrics ... ok
[INFO] [stdout] test task_group_shutdown_starts_components_concurrently ... ok
[INFO] [stdout] test task_group_shutdown_waits_for_completed_tasks ... ok
[INFO] [stdout] test task_group_spawn_service_with_handle_remains_tracked ... ok
[INFO] [stdout] test namesrv_entrypoint_uses_runtime_owner_and_service_context ... FAILED
[INFO] [stdout] test broker_entrypoint_uses_runtime_owner_and_service_context ... FAILED
[INFO] [stdout] test owned_runtime_entrypoints_use_runtime_owner ... FAILED
[INFO] [stdout] test task_group_wait_task_observes_completion_without_shutdown ... ok
[INFO] [stdout] test task_group_shutdown_aborts_after_timeout_without_leak ... ok
[INFO] [stdout] test blocking_executor_absolute_deadline_bounds_running_task_and_reaps_it ... ok
[INFO] [stdout] test task_group_enters_poisoned_state_after_task_panic_and_rejects_new_work ... ok
[INFO] [stdout] test task_group_shutdown_reports_panics ... ok
[INFO] [stdout] 
[INFO] [stdout] failures:
[INFO] [stdout] 
[INFO] [stdout] ---- namesrv_entrypoint_uses_runtime_owner_and_service_context stdout ----
[INFO] [stdout] 
[INFO] [stdout] thread 'namesrv_entrypoint_uses_runtime_owner_and_service_context' (2849) panicked at tests/runtime_model.rs:152:33:
[INFO] [stdout] failed to read rocketmq-namesrv/src/bin/namesrv_bootstrap_server.rs: No such file or directory (os error 2)
[INFO] [stdout] stack backtrace:
[INFO] [stdout]    0:     0x5d863f41b6d1 - std[70759c8f55707aa4]::backtrace_rs::backtrace::libunwind::trace
[INFO] [stdout]                                at /rustc/dfb0accb7f508ae8be965d8629557221c889dd98/library/std/src/../../backtrace/src/backtrace/libunwind.rs:117:9
[INFO] [stdout]    1:     0x5d863f41b6d1 - std[70759c8f55707aa4]::backtrace_rs::backtrace::trace_unsynchronized::<std[70759c8f55707aa4]::sys::backtrace::_print_fmt::{closure#1}>
[INFO] [stdout]                                at /rustc/dfb0accb7f508ae8be965d8629557221c889dd98/library/std/src/../../backtrace/src/backtrace/mod.rs:66:14
[INFO] [stdout]    2:     0x5d863f41b6d1 - std[70759c8f55707aa4]::sys::backtrace::_print_fmt
[INFO] [stdout]                                at /rustc/dfb0accb7f508ae8be965d8629557221c889dd98/library/std/src/sys/backtrace.rs:74:9
[INFO] [stdout]    3:     0x5d863f41b6d1 - <<std[70759c8f55707aa4]::sys::backtrace::BacktraceLock>::print::DisplayBacktrace as core[df12db4294e9bfd3]::fmt::Display>::fmt
[INFO] [stdout]                                at /rustc/dfb0accb7f508ae8be965d8629557221c889dd98/library/std/src/sys/backtrace.rs:44:26
[INFO] [stdout]    4:     0x5d863f43115a - <core[df12db4294e9bfd3]::fmt::rt::Argument>::fmt
[INFO] [stdout]                                at /rustc/dfb0accb7f508ae8be965d8629557221c889dd98/library/core/src/fmt/rt.rs:152:76
[INFO] [stdout]    5:     0x5d863f43115a - core[df12db4294e9bfd3]::fmt::write
[INFO] [stdout]    6:     0x5d863f42017c - core[df12db4294e9bfd3]::io::write::default_write_fmt::<alloc[2182bb758b4b3781]::vec::Vec<u8>>
[INFO] [stdout]                                at /rustc/dfb0accb7f508ae8be965d8629557221c889dd98/library/core/src/io/write.rs:402:11
[INFO] [stdout]    7:     0x5d863f42017c - <alloc[2182bb758b4b3781]::vec::Vec<u8> as core[df12db4294e9bfd3]::io::write::Write>::write_fmt
[INFO] [stdout]                                at /rustc/dfb0accb7f508ae8be965d8629557221c889dd98/library/core/src/io/write.rs:335:13
[INFO] [stdout]    8:     0x5d863f3f6186 - <std[70759c8f55707aa4]::sys::backtrace::BacktraceLock>::print
[INFO] [stdout]                                at /rustc/dfb0accb7f508ae8be965d8629557221c889dd98/library/std/src/sys/backtrace.rs:47:9
[INFO] [stdout]    9:     0x5d863f3f6186 - std[70759c8f55707aa4]::panicking::default_hook::{closure#0}
[INFO] [stdout]                                at /rustc/dfb0accb7f508ae8be965d8629557221c889dd98/library/std/src/panicking.rs:292:27
[INFO] [stdout]   10:     0x5d863f4133b9 - std[70759c8f55707aa4]::panicking::default_hook
[INFO] [stdout]                                at /rustc/dfb0accb7f508ae8be965d8629557221c889dd98/library/std/src/panicking.rs:316:9
[INFO] [stdout]   11:     0x5d863f105ab0 - <alloc[2182bb758b4b3781]::boxed::Box<dyn for<'a, 'b> core[df12db4294e9bfd3]::ops::function::Fn<(&'a std[70759c8f55707aa4]::panic::PanicHookInfo<'b>,), Output = ()> + core[df12db4294e9bfd3]::marker::Send + core[df12db4294e9bfd3]::marker::Sync> as core[df12db4294e9bfd3]::ops::function::Fn<(&std[70759c8f55707aa4]::panic::PanicHookInfo,)>>::call
[INFO] [stdout]                                at /rustc/dfb0accb7f508ae8be965d8629557221c889dd98/library/alloc/src/boxed.rs:2334:9
[INFO] [stdout]   12:     0x5d863f105ab0 - test[9d35eded1c95d3be]::test_main_inner::<test[9d35eded1c95d3be]::test_main_static::{closure#0}>::{closure#0}
[INFO] [stdout]                                at /rustc/dfb0accb7f508ae8be965d8629557221c889dd98/library/test/src/lib.rs:155:21
[INFO] [stdout]   13:     0x5d863f4136e2 - <alloc[2182bb758b4b3781]::boxed::Box<dyn for<'a, 'b> core[df12db4294e9bfd3]::ops::function::Fn<(&'a std[70759c8f55707aa4]::panic::PanicHookInfo<'b>,), Output = ()> + core[df12db4294e9bfd3]::marker::Send + core[df12db4294e9bfd3]::marker::Sync> as core[df12db4294e9bfd3]::ops::function::Fn<(&std[70759c8f55707aa4]::panic::PanicHookInfo,)>>::call
[INFO] [stdout]                                at /rustc/dfb0accb7f508ae8be965d8629557221c889dd98/library/alloc/src/boxed.rs:2334:9
[INFO] [stdout]   14:     0x5d863f4136e2 - std[70759c8f55707aa4]::panicking::panic_with_hook
[INFO] [stdout]                                at /rustc/dfb0accb7f508ae8be965d8629557221c889dd98/library/std/src/panicking.rs:823:13
[INFO] [stdout]   15:     0x5d863f3f6232 - std[70759c8f55707aa4]::panicking::panic_handler::{closure#0}
[INFO] [stdout]                                at /rustc/dfb0accb7f508ae8be965d8629557221c889dd98/library/std/src/panicking.rs:688:13
[INFO] [stdout]   16:     0x5d863f3eec39 - std[70759c8f55707aa4]::sys::backtrace::__rust_end_short_backtrace::<std[70759c8f55707aa4]::panicking::panic_handler::{closure#0}, !>
[INFO] [stdout]                                at /rustc/dfb0accb7f508ae8be965d8629557221c889dd98/library/std/src/sys/backtrace.rs:182:18
[INFO] [stdout]   17:     0x5d863f3f6e3d - __rustc[8fa7c3cbc660c2b3]::rust_begin_unwind
[INFO] [stdout]                                at /rustc/dfb0accb7f508ae8be965d8629557221c889dd98/library/std/src/panicking.rs:679:5
[INFO] [stdout]   18:     0x5d863f43197c - core[df12db4294e9bfd3]::panicking::panic_fmt
[INFO] [stdout]                                at /rustc/dfb0accb7f508ae8be965d8629557221c889dd98/library/core/src/panicking.rs:80:14
[INFO] [stdout]   19:     0x5d863efc56e3 - runtime_model[dd969cfd8a33479f]::namesrv_entrypoint_uses_runtime_owner_and_service_context::{closure#0}
[INFO] [stdout]                                at /opt/rustwide/workdir/tests/runtime_model.rs:152:33
[INFO] [stdout]   20:     0x5d863f05cf31 - <core[df12db4294e9bfd3]::result::Result<alloc[2182bb758b4b3781]::string::String, core[df12db4294e9bfd3]::io::error::Error>>::unwrap_or_else::<runtime_model[dd969cfd8a33479f]::namesrv_entrypoint_uses_runtime_owner_and_service_context::{closure#0}>
[INFO] [stdout]                                at /rustc/dfb0accb7f508ae8be965d8629557221c889dd98/library/core/src/result.rs:1621:23
[INFO] [stdout]   21:     0x5d863efdc8a9 - runtime_model[dd969cfd8a33479f]::namesrv_entrypoint_uses_runtime_owner_and_service_context
[INFO] [stdout]                                at /opt/rustwide/workdir/tests/runtime_model.rs:152:10
[INFO] [stdout]   22:     0x5d863efb3587 - runtime_model[dd969cfd8a33479f]::namesrv_entrypoint_uses_runtime_owner_and_service_context::{closure#0}
[INFO] [stdout]                                at /opt/rustwide/workdir/tests/runtime_model.rs:146:63
[INFO] [stdout]   23:     0x5d863ed9b5d6 - <runtime_model[dd969cfd8a33479f]::namesrv_entrypoint_uses_runtime_owner_and_service_context::{closure#0} as core[df12db4294e9bfd3]::ops::function::FnOnce<()>>::call_once
[INFO] [stdout]                                at /rustc/dfb0accb7f508ae8be965d8629557221c889dd98/library/core/src/ops/function.rs:250:5
[INFO] [stdout]   24:     0x5d863f0f8d9b - <fn() -> core[df12db4294e9bfd3]::result::Result<(), alloc[2182bb758b4b3781]::string::String> as core[df12db4294e9bfd3]::ops::function::FnOnce<()>>::call_once
[INFO] [stdout]                                at /rustc/dfb0accb7f508ae8be965d8629557221c889dd98/library/core/src/ops/function.rs:250:5
[INFO] [stdout]   25:     0x5d863f0f8d9b - test[9d35eded1c95d3be]::__rust_begin_short_backtrace::<core[df12db4294e9bfd3]::result::Result<(), alloc[2182bb758b4b3781]::string::String>, fn() -> core[df12db4294e9bfd3]::result::Result<(), alloc[2182bb758b4b3781]::string::String>>
[INFO] [stdout]                                at /rustc/dfb0accb7f508ae8be965d8629557221c889dd98/library/test/src/lib.rs:733:18
[INFO] [stdout]   26:     0x5d863f106405 - test[9d35eded1c95d3be]::run_test_in_process::{closure#0}
[INFO] [stdout]                                at /rustc/dfb0accb7f508ae8be965d8629557221c889dd98/library/test/src/lib.rs:756:74
[INFO] [stdout]   27:     0x5d863f106405 - <core[df12db4294e9bfd3]::panic::unwind_safe::AssertUnwindSafe<test[9d35eded1c95d3be]::run_test_in_process::{closure#0}> as core[df12db4294e9bfd3]::ops::function::FnOnce<()>>::call_once
[INFO] [stdout]                                at /rustc/dfb0accb7f508ae8be965d8629557221c889dd98/library/core/src/panic/unwind_safe.rs:275:9
[INFO] [stdout]   28:     0x5d863f106405 - std[70759c8f55707aa4]::panicking::catch_unwind::do_call::<core[df12db4294e9bfd3]::panic::unwind_safe::AssertUnwindSafe<test[9d35eded1c95d3be]::run_test_in_process::{closure#0}>, core[df12db4294e9bfd3]::result::Result<(), alloc[2182bb758b4b3781]::string::String>>
[INFO] [stdout]                                at /rustc/dfb0accb7f508ae8be965d8629557221c889dd98/library/std/src/panicking.rs:576:43
[INFO] [stdout]   29:     0x5d863f106405 - std[70759c8f55707aa4]::panicking::catch_unwind::<core[df12db4294e9bfd3]::result::Result<(), alloc[2182bb758b4b3781]::string::String>, core[df12db4294e9bfd3]::panic::unwind_safe::AssertUnwindSafe<test[9d35eded1c95d3be]::run_test_in_process::{closure#0}>>
[INFO] [stdout]                                at /rustc/dfb0accb7f508ae8be965d8629557221c889dd98/library/std/src/panicking.rs:544:19
[INFO] [stdout]   30:     0x5d863f106405 - std[70759c8f55707aa4]::panic::catch_unwind::<core[df12db4294e9bfd3]::panic::unwind_safe::AssertUnwindSafe<test[9d35eded1c95d3be]::run_test_in_process::{closure#0}>, core[df12db4294e9bfd3]::result::Result<(), alloc[2182bb758b4b3781]::string::String>>
[INFO] [stdout]                                at /rustc/dfb0accb7f508ae8be965d8629557221c889dd98/library/std/src/panic.rs:359:14
[INFO] [stdout]   31:     0x5d863f106405 - test[9d35eded1c95d3be]::run_test_in_process
[INFO] [stdout]                                at /rustc/dfb0accb7f508ae8be965d8629557221c889dd98/library/test/src/lib.rs:756:27
[INFO] [stdout]   32:     0x5d863f106405 - test[9d35eded1c95d3be]::run_test::{closure#0}
[INFO] [stdout]                                at /rustc/dfb0accb7f508ae8be965d8629557221c889dd98/library/test/src/lib.rs:677:43
[INFO] [stdout]   33:     0x5d863f0ffcc4 - test[9d35eded1c95d3be]::run_test::{closure#1}
[INFO] [stdout]                                at /rustc/dfb0accb7f508ae8be965d8629557221c889dd98/library/test/src/lib.rs:707:41
[INFO] [stdout]   34:     0x5d863f0ffcc4 - std[70759c8f55707aa4]::sys::backtrace::__rust_begin_short_backtrace::<test[9d35eded1c95d3be]::run_test::{closure#1}, ()>
[INFO] [stdout]                                at /rustc/dfb0accb7f508ae8be965d8629557221c889dd98/library/std/src/sys/backtrace.rs:166:18
[INFO] [stdout]   35:     0x5d863f109562 - std[70759c8f55707aa4]::thread::lifecycle::spawn_unchecked::<test[9d35eded1c95d3be]::run_test::{closure#1}, ()>::{closure#1}::{closure#0}
[INFO] [stdout]                                at /rustc/dfb0accb7f508ae8be965d8629557221c889dd98/library/std/src/thread/lifecycle.rs:70:13
[INFO] [stdout]   36:     0x5d863f109562 - <core[df12db4294e9bfd3]::panic::unwind_safe::AssertUnwindSafe<std[70759c8f55707aa4]::thread::lifecycle::spawn_unchecked<test[9d35eded1c95d3be]::run_test::{closure#1}, ()>::{closure#1}::{closure#0}> as core[df12db4294e9bfd3]::ops::function::FnOnce<()>>::call_once
[INFO] [stdout]                                at /rustc/dfb0accb7f508ae8be965d8629557221c889dd98/library/core/src/panic/unwind_safe.rs:275:9
[INFO] [stdout]   37:     0x5d863f109562 - std[70759c8f55707aa4]::panicking::catch_unwind::do_call::<core[df12db4294e9bfd3]::panic::unwind_safe::AssertUnwindSafe<std[70759c8f55707aa4]::thread::lifecycle::spawn_unchecked<test[9d35eded1c95d3be]::run_test::{closure#1}, ()>::{closure#1}::{closure#0}>, ()>
[INFO] [stdout]                                at /rustc/dfb0accb7f508ae8be965d8629557221c889dd98/library/std/src/panicking.rs:576:43
[INFO] [stdout]   38:     0x5d863f109562 - std[70759c8f55707aa4]::panicking::catch_unwind::<(), core[df12db4294e9bfd3]::panic::unwind_safe::AssertUnwindSafe<std[70759c8f55707aa4]::thread::lifecycle::spawn_unchecked<test[9d35eded1c95d3be]::run_test::{closure#1}, ()>::{closure#1}::{closure#0}>>
[INFO] [stdout]                                at /rustc/dfb0accb7f508ae8be965d8629557221c889dd98/library/std/src/panicking.rs:544:19
[INFO] [stdout]   39:     0x5d863f109562 - std[70759c8f55707aa4]::panic::catch_unwind::<core[df12db4294e9bfd3]::panic::unwind_safe::AssertUnwindSafe<std[70759c8f55707aa4]::thread::lifecycle::spawn_unchecked<test[9d35eded1c95d3be]::run_test::{closure#1}, ()>::{closure#1}::{closure#0}>, ()>
[INFO] [stdout]                                at /rustc/dfb0accb7f508ae8be965d8629557221c889dd98/library/std/src/panic.rs:359:14
[INFO] [stdout]   40:     0x5d863f109562 - std[70759c8f55707aa4]::thread::lifecycle::spawn_unchecked::<test[9d35eded1c95d3be]::run_test::{closure#1}, ()>::{closure#1}
[INFO] [stdout]                                at /rustc/dfb0accb7f508ae8be965d8629557221c889dd98/library/std/src/thread/lifecycle.rs:68:26
[INFO] [stdout]   41:     0x5d863f109562 - <std[70759c8f55707aa4]::thread::lifecycle::spawn_unchecked<test[9d35eded1c95d3be]::run_test::{closure#1}, ()>::{closure#1} as core[df12db4294e9bfd3]::ops::function::FnOnce<()>>::call_once::{shim:vtable#0}
[INFO] [stdout]                                at /rustc/dfb0accb7f508ae8be965d8629557221c889dd98/library/core/src/ops/function.rs:250:5
[INFO] [stdout]   42:     0x5d863f41abf9 - <alloc[2182bb758b4b3781]::boxed::Box<dyn core[df12db4294e9bfd3]::ops::function::FnOnce<(), Output = ()> + core[df12db4294e9bfd3]::marker::Send> as core[df12db4294e9bfd3]::ops::function::FnOnce<()>>::call_once
[INFO] [stdout]                                at /rustc/dfb0accb7f508ae8be965d8629557221c889dd98/library/alloc/src/boxed.rs:2320:9
[INFO] [stdout]   43:     0x5d863f41abf9 - <std[70759c8f55707aa4]::sys::thread::unix::Thread>::new::thread_start
[INFO] [stdout]                                at /rustc/dfb0accb7f508ae8be965d8629557221c889dd98/library/std/src/sys/thread/unix.rs:123:17
[INFO] [stdout]   44:     0x76bb42653dfa - <unknown>
[INFO] [stdout]   45:     0x76bb426e73d4 - clone
[INFO] [stdout]   46:                0x0 - <unknown>
[INFO] [stdout] 
[INFO] [stdout] ---- broker_entrypoint_uses_runtime_owner_and_service_context stdout ----
[INFO] [stdout] 
[INFO] [stdout] thread 'broker_entrypoint_uses_runtime_owner_and_service_context' (2814) panicked at tests/runtime_model.rs:125:33:
[INFO] [stdout] failed to read rocketmq-broker/src/bin/broker_bootstrap_server.rs: No such file or directory (os error 2)
[INFO] [stdout] stack backtrace:
[INFO] [stdout]    0:     0x5d863f41b6d1 - std[70759c8f55707aa4]::backtrace_rs::backtrace::libunwind::trace
[INFO] [stdout]                                at /rustc/dfb0accb7f508ae8be965d8629557221c889dd98/library/std/src/../../backtrace/src/backtrace/libunwind.rs:117:9
[INFO] [stdout]    1:     0x5d863f41b6d1 - std[70759c8f55707aa4]::backtrace_rs::backtrace::trace_unsynchronized::<std[70759c8f55707aa4]::sys::backtrace::_print_fmt::{closure#1}>
[INFO] [stdout]                                at /rustc/dfb0accb7f508ae8be965d8629557221c889dd98/library/std/src/../../backtrace/src/backtrace/mod.rs:66:14
[INFO] [stdout]    2:     0x5d863f41b6d1 - std[70759c8f55707aa4]::sys::backtrace::_print_fmt
[INFO] [stdout]                                at /rustc/dfb0accb7f508ae8be965d8629557221c889dd98/library/std/src/sys/backtrace.rs:74:9
[INFO] [stdout]    3:     0x5d863f41b6d1 - <<std[70759c8f55707aa4]::sys::backtrace::BacktraceLock>::print::DisplayBacktrace as core[df12db4294e9bfd3]::fmt::Display>::fmt
[INFO] [stdout]                                at /rustc/dfb0accb7f508ae8be965d8629557221c889dd98/library/std/src/sys/backtrace.rs:44:26
[INFO] [stdout]    4:     0x5d863f43115a - <core[df12db4294e9bfd3]::fmt::rt::Argument>::fmt
[INFO] [stdout]                                at /rustc/dfb0accb7f508ae8be965d8629557221c889dd98/library/core/src/fmt/rt.rs:152:76
[INFO] [stdout]    5:     0x5d863f43115a - core[df12db4294e9bfd3]::fmt::write
[INFO] [stdout]    6:     0x5d863f42017c - core[df12db4294e9bfd3]::io::write::default_write_fmt::<alloc[2182bb758b4b3781]::vec::Vec<u8>>
[INFO] [stdout]                                at /rustc/dfb0accb7f508ae8be965d8629557221c889dd98/library/core/src/io/write.rs:402:11
[INFO] [stdout]    7:     0x5d863f42017c - <alloc[2182bb758b4b3781]::vec::Vec<u8> as core[df12db4294e9bfd3]::io::write::Write>::write_fmt
[INFO] [stdout]                                at /rustc/dfb0accb7f508ae8be965d8629557221c889dd98/library/core/src/io/write.rs:335:13
[INFO] [stdout]    8:     0x5d863f3f6186 - <std[70759c8f55707aa4]::sys::backtrace::BacktraceLock>::print
[INFO] [stdout]                                at /rustc/dfb0accb7f508ae8be965d8629557221c889dd98/library/std/src/sys/backtrace.rs:47:9
[INFO] [stdout]    9:     0x5d863f3f6186 - std[70759c8f55707aa4]::panicking::default_hook::{closure#0}
[INFO] [stdout]                                at /rustc/dfb0accb7f508ae8be965d8629557221c889dd98/library/std/src/panicking.rs:292:27
[INFO] [stdout]   10:     0x5d863f4133b9 - std[70759c8f55707aa4]::panicking::default_hook
[INFO] [stdout]                                at /rustc/dfb0accb7f508ae8be965d8629557221c889dd98/library/std/src/panicking.rs:316:9
[INFO] [stdout]   11:     0x5d863f105ab0 - <alloc[2182bb758b4b3781]::boxed::Box<dyn for<'a, 'b> core[df12db4294e9bfd3]::ops::function::Fn<(&'a std[70759c8f55707aa4]::panic::PanicHookInfo<'b>,), Output = ()> + core[df12db4294e9bfd3]::marker::Send + core[df12db4294e9bfd3]::marker::Sync> as core[df12db4294e9bfd3]::ops::function::Fn<(&std[70759c8f55707aa4]::panic::PanicHookInfo,)>>::call
[INFO] [stdout]                                at /rustc/dfb0accb7f508ae8be965d8629557221c889dd98/library/alloc/src/boxed.rs:2334:9
[INFO] [stdout]   12:     0x5d863f105ab0 - test[9d35eded1c95d3be]::test_main_inner::<test[9d35eded1c95d3be]::test_main_static::{closure#0}>::{closure#0}
[INFO] [stdout]                                at /rustc/dfb0accb7f508ae8be965d8629557221c889dd98/library/test/src/lib.rs:155:21
[INFO] [stdout]   13:     0x5d863f4136e2 - <alloc[2182bb758b4b3781]::boxed::Box<dyn for<'a, 'b> core[df12db4294e9bfd3]::ops::function::Fn<(&'a std[70759c8f55707aa4]::panic::PanicHookInfo<'b>,), Output = ()> + core[df12db4294e9bfd3]::marker::Send + core[df12db4294e9bfd3]::marker::Sync> as core[df12db4294e9bfd3]::ops::function::Fn<(&std[70759c8f55707aa4]::panic::PanicHookInfo,)>>::call
[INFO] [stdout]                                at /rustc/dfb0accb7f508ae8be965d8629557221c889dd98/library/alloc/src/boxed.rs:2334:9
[INFO] [stdout]   14:     0x5d863f4136e2 - std[70759c8f55707aa4]::panicking::panic_with_hook
[INFO] [stdout]                                at /rustc/dfb0accb7f508ae8be965d8629557221c889dd98/library/std/src/panicking.rs:823:13
[INFO] [stdout]   15:     0x5d863f3f6232 - std[70759c8f55707aa4]::panicking::panic_handler::{closure#0}
[INFO] [stdout]                                at /rustc/dfb0accb7f508ae8be965d8629557221c889dd98/library/std/src/panicking.rs:688:13
[INFO] [stdout]   16:     0x5d863f3eec39 - std[70759c8f55707aa4]::sys::backtrace::__rust_end_short_backtrace::<std[70759c8f55707aa4]::panicking::panic_handler::{closure#0}, !>
[INFO] [stdout]                                at /rustc/dfb0accb7f508ae8be965d8629557221c889dd98/library/std/src/sys/backtrace.rs:182:18
[INFO] [stdout]   17:     0x5d863f3f6e3d - __rustc[8fa7c3cbc660c2b3]::rust_begin_unwind
[INFO] [stdout]                                at /rustc/dfb0accb7f508ae8be965d8629557221c889dd98/library/std/src/panicking.rs:679:5
[INFO] [stdout]   18:     0x5d863f43197c - core[df12db4294e9bfd3]::panicking::panic_fmt
[INFO] [stdout]                                at /rustc/dfb0accb7f508ae8be965d8629557221c889dd98/library/core/src/panicking.rs:80:14
[INFO] [stdout]   19:     0x5d863efc3203 - runtime_model[dd969cfd8a33479f]::broker_entrypoint_uses_runtime_owner_and_service_context::{closure#0}
[INFO] [stdout]                                at /opt/rustwide/workdir/tests/runtime_model.rs:125:33
[INFO] [stdout]   20:     0x5d863f05ceb1 - <core[df12db4294e9bfd3]::result::Result<alloc[2182bb758b4b3781]::string::String, core[df12db4294e9bfd3]::io::error::Error>>::unwrap_or_else::<runtime_model[dd969cfd8a33479f]::broker_entrypoint_uses_runtime_owner_and_service_context::{closure#0}>
[INFO] [stdout]                                at /rustc/dfb0accb7f508ae8be965d8629557221c889dd98/library/core/src/result.rs:1621:23
[INFO] [stdout]   21:     0x5d863efdc089 - runtime_model[dd969cfd8a33479f]::broker_entrypoint_uses_runtime_owner_and_service_context
[INFO] [stdout]                                at /opt/rustwide/workdir/tests/runtime_model.rs:125:10
[INFO] [stdout]   22:     0x5d863efb34c7 - runtime_model[dd969cfd8a33479f]::broker_entrypoint_uses_runtime_owner_and_service_context::{closure#0}
[INFO] [stdout]                                at /opt/rustwide/workdir/tests/runtime_model.rs:119:62
[INFO] [stdout]   23:     0x5d863ed9b556 - <runtime_model[dd969cfd8a33479f]::broker_entrypoint_uses_runtime_owner_and_service_context::{closure#0} as core[df12db4294e9bfd3]::ops::function::FnOnce<()>>::call_once
[INFO] [stdout]                                at /rustc/dfb0accb7f508ae8be965d8629557221c889dd98/library/core/src/ops/function.rs:250:5
[INFO] [stdout]   24:     0x5d863f0f8d9b - <fn() -> core[df12db4294e9bfd3]::result::Result<(), alloc[2182bb758b4b3781]::string::String> as core[df12db4294e9bfd3]::ops::function::FnOnce<()>>::call_once
[INFO] [stdout]                                at /rustc/dfb0accb7f508ae8be965d8629557221c889dd98/library/core/src/ops/function.rs:250:5
[INFO] [stdout]   25:     0x5d863f0f8d9b - test[9d35eded1c95d3be]::__rust_begin_short_backtrace::<core[df12db4294e9bfd3]::result::Result<(), alloc[2182bb758b4b3781]::string::String>, fn() -> core[df12db4294e9bfd3]::result::Result<(), alloc[2182bb758b4b3781]::string::String>>
[INFO] [stdout]                                at /rustc/dfb0accb7f508ae8be965d8629557221c889dd98/library/test/src/lib.rs:733:18
[INFO] [stdout]   26:     0x5d863f106405 - test[9d35eded1c95d3be]::run_test_in_process::{closure#0}
[INFO] [stdout]                                at /rustc/dfb0accb7f508ae8be965d8629557221c889dd98/library/test/src/lib.rs:756:74
[INFO] [stdout]   27:     0x5d863f106405 - <core[df12db4294e9bfd3]::panic::unwind_safe::AssertUnwindSafe<test[9d35eded1c95d3be]::run_test_in_process::{closure#0}> as core[df12db4294e9bfd3]::ops::function::FnOnce<()>>::call_once
[INFO] [stdout]                                at /rustc/dfb0accb7f508ae8be965d8629557221c889dd98/library/core/src/panic/unwind_safe.rs:275:9
[INFO] [stdout]   28:     0x5d863f106405 - std[70759c8f55707aa4]::panicking::catch_unwind::do_call::<core[df12db4294e9bfd3]::panic::unwind_safe::AssertUnwindSafe<test[9d35eded1c95d3be]::run_test_in_process::{closure#0}>, core[df12db4294e9bfd3]::result::Result<(), alloc[2182bb758b4b3781]::string::String>>
[INFO] [stdout]                                at /rustc/dfb0accb7f508ae8be965d8629557221c889dd98/library/std/src/panicking.rs:576:43
[INFO] [stdout]   29:     0x5d863f106405 - std[70759c8f55707aa4]::panicking::catch_unwind::<core[df12db4294e9bfd3]::result::Result<(), alloc[2182bb758b4b3781]::string::String>, core[df12db4294e9bfd3]::panic::unwind_safe::AssertUnwindSafe<test[9d35eded1c95d3be]::run_test_in_process::{closure#0}>>
[INFO] [stdout]                                at /rustc/dfb0accb7f508ae8be965d8629557221c889dd98/library/std/src/panicking.rs:544:19
[INFO] [stdout]   30:     0x5d863f106405 - std[70759c8f55707aa4]::panic::catch_unwind::<core[df12db4294e9bfd3]::panic::unwind_safe::AssertUnwindSafe<test[9d35eded1c95d3be]::run_test_in_process::{closure#0}>, core[df12db4294e9bfd3]::result::Result<(), alloc[2182bb758b4b3781]::string::String>>
[INFO] [stdout]                                at /rustc/dfb0accb7f508ae8be965d8629557221c889dd98/library/std/src/panic.rs:359:14
[INFO] [stdout]   31:     0x5d863f106405 - test[9d35eded1c95d3be]::run_test_in_process
[INFO] [stdout]                                at /rustc/dfb0accb7f508ae8be965d8629557221c889dd98/library/test/src/lib.rs:756:27
[INFO] [stdout]   32:     0x5d863f106405 - test[9d35eded1c95d3be]::run_test::{closure#0}
[INFO] [stdout]                                at /rustc/dfb0accb7f508ae8be965d8629557221c889dd98/library/test/src/lib.rs:677:43
[INFO] [stdout]   33:     0x5d863f0ffcc4 - test[9d35eded1c95d3be]::run_test::{closure#1}
[INFO] [stdout]                                at /rustc/dfb0accb7f508ae8be965d8629557221c889dd98/library/test/src/lib.rs:707:41
[INFO] [stdout]   34:     0x5d863f0ffcc4 - std[70759c8f55707aa4]::sys::backtrace::__rust_begin_short_backtrace::<test[9d35eded1c95d3be]::run_test::{closure#1}, ()>
[INFO] [stdout]                                at /rustc/dfb0accb7f508ae8be965d8629557221c889dd98/library/std/src/sys/backtrace.rs:166:18
[INFO] [stdout]   35:     0x5d863f109562 - std[70759c8f55707aa4]::thread::lifecycle::spawn_unchecked::<test[9d35eded1c95d3be]::run_test::{closure#1}, ()>::{closure#1}::{closure#0}
[INFO] [stdout]                                at /rustc/dfb0accb7f508ae8be965d8629557221c889dd98/library/std/src/thread/lifecycle.rs:70:13
[INFO] [stdout]   36:     0x5d863f109562 - <core[df12db4294e9bfd3]::panic::unwind_safe::AssertUnwindSafe<std[70759c8f55707aa4]::thread::lifecycle::spawn_unchecked<test[9d35eded1c95d3be]::run_test::{closure#1}, ()>::{closure#1}::{closure#0}> as core[df12db4294e9bfd3]::ops::function::FnOnce<()>>::call_once
[INFO] [stdout]                                at /rustc/dfb0accb7f508ae8be965d8629557221c889dd98/library/core/src/panic/unwind_safe.rs:275:9
[INFO] [stdout]   37:     0x5d863f109562 - std[70759c8f55707aa4]::panicking::catch_unwind::do_call::<core[df12db4294e9bfd3]::panic::unwind_safe::AssertUnwindSafe<std[70759c8f55707aa4]::thread::lifecycle::spawn_unchecked<test[9d35eded1c95d3be]::run_test::{closure#1}, ()>::{closure#1}::{closure#0}>, ()>
[INFO] [stdout]                                at /rustc/dfb0accb7f508ae8be965d8629557221c889dd98/library/std/src/panicking.rs:576:43
[INFO] [stdout]   38:     0x5d863f109562 - std[70759c8f55707aa4]::panicking::catch_unwind::<(), core[df12db4294e9bfd3]::panic::unwind_safe::AssertUnwindSafe<std[70759c8f55707aa4]::thread::lifecycle::spawn_unchecked<test[9d35eded1c95d3be]::run_test::{closure#1}, ()>::{closure#1}::{closure#0}>>
[INFO] [stdout]                                at /rustc/dfb0accb7f508ae8be965d8629557221c889dd98/library/std/src/panicking.rs:544:19
[INFO] [stdout]   39:     0x5d863f109562 - std[70759c8f55707aa4]::panic::catch_unwind::<core[df12db4294e9bfd3]::panic::unwind_safe::AssertUnwindSafe<std[70759c8f55707aa4]::thread::lifecycle::spawn_unchecked<test[9d35eded1c95d3be]::run_test::{closure#1}, ()>::{closure#1}::{closure#0}>, ()>
[INFO] [stdout]                                at /rustc/dfb0accb7f508ae8be965d8629557221c889dd98/library/std/src/panic.rs:359:14
[INFO] [stdout]   40:     0x5d863f109562 - std[70759c8f55707aa4]::thread::lifecycle::spawn_unchecked::<test[9d35eded1c95d3be]::run_test::{closure#1}, ()>::{closure#1}
[INFO] [stdout]                                at /rustc/dfb0accb7f508ae8be965d8629557221c889dd98/library/std/src/thread/lifecycle.rs:68:26
[INFO] [stdout]   41:     0x5d863f109562 - <std[70759c8f55707aa4]::thread::lifecycle::spawn_unchecked<test[9d35eded1c95d3be]::run_test::{closure#1}, ()>::{closure#1} as core[df12db4294e9bfd3]::ops::function::FnOnce<()>>::call_once::{shim:vtable#0}
[INFO] [stdout]                                at /rustc/dfb0accb7f508ae8be965d8629557221c889dd98/library/core/src/ops/function.rs:250:5
[INFO] [stdout]   42:     0x5d863f41abf9 - <alloc[2182bb758b4b3781]::boxed::Box<dyn core[df12db4294e9bfd3]::ops::function::FnOnce<(), Output = ()> + core[df12db4294e9bfd3]::marker::Send> as core[df12db4294e9bfd3]::ops::function::FnOnce<()>>::call_once
[INFO] [stdout]                                at /rustc/dfb0accb7f508ae8be965d8629557221c889dd98/library/alloc/src/boxed.rs:2320:9
[INFO] [stdout]   43:     0x5d863f41abf9 - <std[70759c8f55707aa4]::sys::thread::unix::Thread>::new::thread_start
[INFO] [stdout]                                at /rustc/dfb0accb7f508ae8be965d8629557221c889dd98/library/std/src/sys/thread/unix.rs:123:17
[INFO] [stdout]   44:     0x76bb42653dfa - <unknown>
[INFO] [stdout]   45:     0x76bb426e73d4 - clone
[INFO] [stdout]   46:                0x0 - <unknown>
[INFO] [stdout] 
[INFO] [stdout] ---- owned_runtime_entrypoints_use_runtime_owner stdout ----
[INFO] [stdout] 
[INFO] [stdout] thread 'owned_runtime_entrypoints_use_runtime_owner' (2851) panicked at tests/runtime_model.rs:106:37:
[INFO] [stdout] failed to read rocketmq-broker/src/bin/broker_bootstrap_server.rs: No such file or directory (os error 2)
[INFO] [stdout] stack backtrace:
[INFO] [stdout]    0:     0x5d863f41b6d1 - std[70759c8f55707aa4]::backtrace_rs::backtrace::libunwind::trace
[INFO] [stdout]                                at /rustc/dfb0accb7f508ae8be965d8629557221c889dd98/library/std/src/../../backtrace/src/backtrace/libunwind.rs:117:9
[INFO] [stdout]    1:     0x5d863f41b6d1 - std[70759c8f55707aa4]::backtrace_rs::backtrace::trace_unsynchronized::<std[70759c8f55707aa4]::sys::backtrace::_print_fmt::{closure#1}>
[INFO] [stdout]                                at /rustc/dfb0accb7f508ae8be965d8629557221c889dd98/library/std/src/../../backtrace/src/backtrace/mod.rs:66:14
[INFO] [stdout]    2:     0x5d863f41b6d1 - std[70759c8f55707aa4]::sys::backtrace::_print_fmt
[INFO] [stdout]                                at /rustc/dfb0accb7f508ae8be965d8629557221c889dd98/library/std/src/sys/backtrace.rs:74:9
[INFO] [stdout]    3:     0x5d863f41b6d1 - <<std[70759c8f55707aa4]::sys::backtrace::BacktraceLock>::print::DisplayBacktrace as core[df12db4294e9bfd3]::fmt::Display>::fmt
[INFO] [stdout]                                at /rustc/dfb0accb7f508ae8be965d8629557221c889dd98/library/std/src/sys/backtrace.rs:44:26
[INFO] [stdout]    4:     0x5d863f43115a - <core[df12db4294e9bfd3]::fmt::rt::Argument>::fmt
[INFO] [stdout]                                at /rustc/dfb0accb7f508ae8be965d8629557221c889dd98/library/core/src/fmt/rt.rs:152:76
[INFO] [stdout]    5:     0x5d863f43115a - core[df12db4294e9bfd3]::fmt::write
[INFO] [stdout]    6:     0x5d863f42017c - core[df12db4294e9bfd3]::io::write::default_write_fmt::<alloc[2182bb758b4b3781]::vec::Vec<u8>>
[INFO] [stdout]                                at /rustc/dfb0accb7f508ae8be965d8629557221c889dd98/library/core/src/io/write.rs:402:11
[INFO] [stdout]    7:     0x5d863f42017c - <alloc[2182bb758b4b3781]::vec::Vec<u8> as core[df12db4294e9bfd3]::io::write::Write>::write_fmt
[INFO] [stdout]                                at /rustc/dfb0accb7f508ae8be965d8629557221c889dd98/library/core/src/io/write.rs:335:13
[INFO] [stdout]    8:     0x5d863f3f6186 - <std[70759c8f55707aa4]::sys::backtrace::BacktraceLock>::print
[INFO] [stdout]                                at /rustc/dfb0accb7f508ae8be965d8629557221c889dd98/library/std/src/sys/backtrace.rs:47:9
[INFO] [stdout]    9:     0x5d863f3f6186 - std[70759c8f55707aa4]::panicking::default_hook::{closure#0}
[INFO] [stdout]                                at /rustc/dfb0accb7f508ae8be965d8629557221c889dd98/library/std/src/panicking.rs:292:27
[INFO] [stdout]   10:     0x5d863f4133b9 - std[70759c8f55707aa4]::panicking::default_hook
[INFO] [stdout]                                at /rustc/dfb0accb7f508ae8be965d8629557221c889dd98/library/std/src/panicking.rs:316:9
[INFO] [stdout]   11:     0x5d863f105ab0 - <alloc[2182bb758b4b3781]::boxed::Box<dyn for<'a, 'b> core[df12db4294e9bfd3]::ops::function::Fn<(&'a std[70759c8f55707aa4]::panic::PanicHookInfo<'b>,), Output = ()> + core[df12db4294e9bfd3]::marker::Send + core[df12db4294e9bfd3]::marker::Sync> as core[df12db4294e9bfd3]::ops::function::Fn<(&std[70759c8f55707aa4]::panic::PanicHookInfo,)>>::call
[INFO] [stdout]                                at /rustc/dfb0accb7f508ae8be965d8629557221c889dd98/library/alloc/src/boxed.rs:2334:9
[INFO] [stdout]   12:     0x5d863f105ab0 - test[9d35eded1c95d3be]::test_main_inner::<test[9d35eded1c95d3be]::test_main_static::{closure#0}>::{closure#0}
[INFO] [stdout]                                at /rustc/dfb0accb7f508ae8be965d8629557221c889dd98/library/test/src/lib.rs:155:21
[INFO] [stdout]   13:     0x5d863f4136e2 - <alloc[2182bb758b4b3781]::boxed::Box<dyn for<'a, 'b> core[df12db4294e9bfd3]::ops::function::Fn<(&'a std[70759c8f55707aa4]::panic::PanicHookInfo<'b>,), Output = ()> + core[df12db4294e9bfd3]::marker::Send + core[df12db4294e9bfd3]::marker::Sync> as core[df12db4294e9bfd3]::ops::function::Fn<(&std[70759c8f55707aa4]::panic::PanicHookInfo,)>>::call
[INFO] [stdout]                                at /rustc/dfb0accb7f508ae8be965d8629557221c889dd98/library/alloc/src/boxed.rs:2334:9
[INFO] [stdout]   14:     0x5d863f4136e2 - std[70759c8f55707aa4]::panicking::panic_with_hook
[INFO] [stdout]                                at /rustc/dfb0accb7f508ae8be965d8629557221c889dd98/library/std/src/panicking.rs:823:13
[INFO] [stdout]   15:     0x5d863f3f6232 - std[70759c8f55707aa4]::panicking::panic_handler::{closure#0}
[INFO] [stdout]                                at /rustc/dfb0accb7f508ae8be965d8629557221c889dd98/library/std/src/panicking.rs:688:13
[INFO] [stdout]   16:     0x5d863f3eec39 - std[70759c8f55707aa4]::sys::backtrace::__rust_end_short_backtrace::<std[70759c8f55707aa4]::panicking::panic_handler::{closure#0}, !>
[INFO] [stdout]                                at /rustc/dfb0accb7f508ae8be965d8629557221c889dd98/library/std/src/sys/backtrace.rs:182:18
[INFO] [stdout]   17:     0x5d863f3f6e3d - __rustc[8fa7c3cbc660c2b3]::rust_begin_unwind
[INFO] [stdout]                                at /rustc/dfb0accb7f508ae8be965d8629557221c889dd98/library/std/src/panicking.rs:679:5
[INFO] [stdout]   18:     0x5d863f43197c - core[df12db4294e9bfd3]::panicking::panic_fmt
[INFO] [stdout]                                at /rustc/dfb0accb7f508ae8be965d8629557221c889dd98/library/core/src/panicking.rs:80:14
[INFO] [stdout]   19:     0x5d863efb7f83 - runtime_model[dd969cfd8a33479f]::owned_runtime_entrypoints_use_runtime_owner::{closure#0}
[INFO] [stdout]                                at /opt/rustwide/workdir/tests/runtime_model.rs:106:37
[INFO] [stdout]   20:     0x5d863f05ce31 - <core[df12db4294e9bfd3]::result::Result<alloc[2182bb758b4b3781]::string::String, core[df12db4294e9bfd3]::io::error::Error>>::unwrap_or_else::<runtime_model[dd969cfd8a33479f]::owned_runtime_entrypoints_use_runtime_owner::{closure#0}>
[INFO] [stdout]                                at /rustc/dfb0accb7f508ae8be965d8629557221c889dd98/library/core/src/result.rs:1621:23
[INFO] [stdout]   21:     0x5d863efda1ce - runtime_model[dd969cfd8a33479f]::owned_runtime_entrypoints_use_runtime_owner
[INFO] [stdout]                                at /opt/rustwide/workdir/tests/runtime_model.rs:106:14
[INFO] [stdout]   22:     0x5d863efb3197 - runtime_model[dd969cfd8a33479f]::owned_runtime_entrypoints_use_runtime_owner::{closure#0}
[INFO] [stdout]                                at /opt/rustwide/workdir/tests/runtime_model.rs:67:49
[INFO] [stdout]   23:     0x5d863ed9b336 - <runtime_model[dd969cfd8a33479f]::owned_runtime_entrypoints_use_runtime_owner::{closure#0} as core[df12db4294e9bfd3]::ops::function::FnOnce<()>>::call_once
[INFO] [stdout]                                at /rustc/dfb0accb7f508ae8be965d8629557221c889dd98/library/core/src/ops/function.rs:250:5
[INFO] [stdout]   24:     0x5d863f0f8d9b - <fn() -> core[df12db4294e9bfd3]::result::Result<(), alloc[2182bb758b4b3781]::string::String> as core[df12db4294e9bfd3]::ops::function::FnOnce<()>>::call_once
[INFO] [stdout]                                at /rustc/dfb0accb7f508ae8be965d8629557221c889dd98/library/core/src/ops/function.rs:250:5
[INFO] [stdout]   25:     0x5d863f0f8d9b - test[9d35eded1c95d3be]::__rust_begin_short_backtrace::<core[df12db4294e9bfd3]::result::Result<(), alloc[2182bb758b4b3781]::string::String>, fn() -> core[df12db4294e9bfd3]::result::Result<(), alloc[2182bb758b4b3781]::string::String>>
[INFO] [stdout]                                at /rustc/dfb0accb7f508ae8be965d8629557221c889dd98/library/test/src/lib.rs:733:18
[INFO] [stdout]   26:     0x5d863f106405 - test[9d35eded1c95d3be]::run_test_in_process::{closure#0}
[INFO] [stdout]                                at /rustc/dfb0accb7f508ae8be965d8629557221c889dd98/library/test/src/lib.rs:756:74
[INFO] [stdout]   27:     0x5d863f106405 - <core[df12db4294e9bfd3]::panic::unwind_safe::AssertUnwindSafe<test[9d35eded1c95d3be]::run_test_in_process::{closure#0}> as core[df12db4294e9bfd3]::ops::function::FnOnce<()>>::call_once
[INFO] [stdout]                                at /rustc/dfb0accb7f508ae8be965d8629557221c889dd98/library/core/src/panic/unwind_safe.rs:275:9
[INFO] [stdout]   28:     0x5d863f106405 - std[70759c8f55707aa4]::panicking::catch_unwind::do_call::<core[df12db4294e9bfd3]::panic::unwind_safe::AssertUnwindSafe<test[9d35eded1c95d3be]::run_test_in_process::{closure#0}>, core[df12db4294e9bfd3]::result::Result<(), alloc[2182bb758b4b3781]::string::String>>
[INFO] [stdout]                                at /rustc/dfb0accb7f508ae8be965d8629557221c889dd98/library/std/src/panicking.rs:576:43
[INFO] [stdout]   29:     0x5d863f106405 - std[70759c8f55707aa4]::panicking::catch_unwind::<core[df12db4294e9bfd3]::result::Result<(), alloc[2182bb758b4b3781]::string::String>, core[df12db4294e9bfd3]::panic::unwind_safe::AssertUnwindSafe<test[9d35eded1c95d3be]::run_test_in_process::{closure#0}>>
[INFO] [stdout]                                at /rustc/dfb0accb7f508ae8be965d8629557221c889dd98/library/std/src/panicking.rs:544:19
[INFO] [stdout]   30:     0x5d863f106405 - std[70759c8f55707aa4]::panic::catch_unwind::<core[df12db4294e9bfd3]::panic::unwind_safe::AssertUnwindSafe<test[9d35eded1c95d3be]::run_test_in_process::{closure#0}>, core[df12db4294e9bfd3]::result::Result<(), alloc[2182bb758b4b3781]::string::String>>
[INFO] [stdout]                                at /rustc/dfb0accb7f508ae8be965d8629557221c889dd98/library/std/src/panic.rs:359:14
[INFO] [stdout]   31:     0x5d863f106405 - test[9d35eded1c95d3be]::run_test_in_process
[INFO] [stdout]                                at /rustc/dfb0accb7f508ae8be965d8629557221c889dd98/library/test/src/lib.rs:756:27
[INFO] [stdout]   32:     0x5d863f106405 - test[9d35eded1c95d3be]::run_test::{closure#0}
[INFO] [stdout]                                at /rustc/dfb0accb7f508ae8be965d8629557221c889dd98/library/test/src/lib.rs:677:43
[INFO] [stdout]   33:     0x5d863f0ffcc4 - test[9d35eded1c95d3be]::run_test::{closure#1}
[INFO] [stdout]                                at /rustc/dfb0accb7f508ae8be965d8629557221c889dd98/library/test/src/lib.rs:707:41
[INFO] [stdout]   34:     0x5d863f0ffcc4 - std[70759c8f55707aa4]::sys::backtrace::__rust_begin_short_backtrace::<test[9d35eded1c95d3be]::run_test::{closure#1}, ()>
[INFO] [stdout]                                at /rustc/dfb0accb7f508ae8be965d8629557221c889dd98/library/std/src/sys/backtrace.rs:166:18
[INFO] [stdout]   35:     0x5d863f109562 - std[70759c8f55707aa4]::thread::lifecycle::spawn_unchecked::<test[9d35eded1c95d3be]::run_test::{closure#1}, ()>::{closure#1}::{closure#0}
[INFO] [stdout]                                at /rustc/dfb0accb7f508ae8be965d8629557221c889dd98/library/std/src/thread/lifecycle.rs:70:13
[INFO] [stdout]   36:     0x5d863f109562 - <core[df12db4294e9bfd3]::panic::unwind_safe::AssertUnwindSafe<std[70759c8f55707aa4]::thread::lifecycle::spawn_unchecked<test[9d35eded1c95d3be]::run_test::{closure#1}, ()>::{closure#1}::{closure#0}> as core[df12db4294e9bfd3]::ops::function::FnOnce<()>>::call_once
[INFO] [stdout]                                at /rustc/dfb0accb7f508ae8be965d8629557221c889dd98/library/core/src/panic/unwind_safe.rs:275:9
[INFO] [stdout]   37:     0x5d863f109562 - std[70759c8f55707aa4]::panicking::catch_unwind::do_call::<core[df12db4294e9bfd3]::panic::unwind_safe::AssertUnwindSafe<std[70759c8f55707aa4]::thread::lifecycle::spawn_unchecked<test[9d35eded1c95d3be]::run_test::{closure#1}, ()>::{closure#1}::{closure#0}>, ()>
[INFO] [stdout]                                at /rustc/dfb0accb7f508ae8be965d8629557221c889dd98/library/std/src/panicking.rs:576:43
[INFO] [stdout]   38:     0x5d863f109562 - std[70759c8f55707aa4]::panicking::catch_unwind::<(), core[df12db4294e9bfd3]::panic::unwind_safe::AssertUnwindSafe<std[70759c8f55707aa4]::thread::lifecycle::spawn_unchecked<test[9d35eded1c95d3be]::run_test::{closure#1}, ()>::{closure#1}::{closure#0}>>
[INFO] [stdout]                                at /rustc/dfb0accb7f508ae8be965d8629557221c889dd98/library/std/src/panicking.rs:544:19
[INFO] [stdout]   39:     0x5d863f109562 - std[70759c8f55707aa4]::panic::catch_unwind::<core[df12db4294e9bfd3]::panic::unwind_safe::AssertUnwindSafe<std[70759c8f55707aa4]::thread::lifecycle::spawn_unchecked<test[9d35eded1c95d3be]::run_test::{closure#1}, ()>::{closure#1}::{closure#0}>, ()>
[INFO] [stdout]                                at /rustc/dfb0accb7f508ae8be965d8629557221c889dd98/library/std/src/panic.rs:359:14
[INFO] [stdout]   40:     0x5d863f109562 - std[70759c8f55707aa4]::thread::lifecycle::spawn_unchecked::<test[9d35eded1c95d3be]::run_test::{closure#1}, ()>::{closure#1}
[INFO] [stdout]                                at /rustc/dfb0accb7f508ae8be965d8629557221c889dd98/library/std/src/thread/lifecycle.rs:68:26
[INFO] [stdout]   41:     0x5d863f109562 - <std[70759c8f55707aa4]::thread::lifecycle::spawn_unchecked<test[9d35eded1c95d3be]::run_test::{closure#1}, ()>::{closure#1} as core[df12db4294e9bfd3]::ops::function::FnOnce<()>>::call_once::{shim:vtable#0}
[INFO] [stdout]                                at /rustc/dfb0accb7f508ae8be965d8629557221c889dd98/library/core/src/ops/function.rs:250:5
[INFO] [stdout]   42:     0x5d863f41abf9 - <alloc[2182bb758b4b3781]::boxed::Box<dyn core[df12db4294e9bfd3]::ops::function::FnOnce<(), Output = ()> + core[df12db4294e9bfd3]::marker::Send> as core[df12db4294e9bfd3]::ops::function::FnOnce<()>>::call_once
[INFO] [stdout]                                at /rustc/dfb0accb7f508ae8be965d8629557221c889dd98/library/alloc/src/boxed.rs:2320:9
[INFO] [stdout]   43:     0x5d863f41abf9 - <std[70759c8f55707aa4]::sys::thread::unix::Thread>::new::thread_start
[INFO] [stdout]                                at /rustc/dfb0accb7f508ae8be965d8629557221c889dd98/library/std/src/sys/thread/unix.rs:123:17
[INFO] [stdout]   44:     0x76bb42653dfa - <unknown>
[INFO] [stdout]   45:     0x76bb426e73d4 - clone
[INFO] [stdout]   46:                0x0 - <unknown>
[INFO] [stdout] 
[INFO] [stdout] 
[INFO] [stdout] failures:
[INFO] [stdout]     broker_entrypoint_uses_runtime_owner_and_service_context
[INFO] [stdout]     namesrv_entrypoint_uses_runtime_owner_and_service_context
[INFO] [stdout]     owned_runtime_entrypoints_use_runtime_owner
[INFO] [stdout] 
[INFO] [stdout] test result: FAILED. 48 passed; 3 failed; 0 ignored; 0 measured; 0 filtered out; finished in 0.34s
[INFO] [stdout] 
[INFO] [stderr] error: test failed, to rerun pass `--test runtime_model`
[INFO] running `Command { std: "docker" "inspect" "cac00f438032c5c41176a07483f1ec3e834a5ffc074ec25627250850c92ef58a", kill_on_drop: false }`
[INFO] running `Command { std: "docker" "rm" "-f" "cac00f438032c5c41176a07483f1ec3e834a5ffc074ec25627250850c92ef58a", kill_on_drop: false }`
[INFO] [stdout] cac00f438032c5c41176a07483f1ec3e834a5ffc074ec25627250850c92ef58a
