[INFO] fetching crate robotech-macros 1.16.0...
[INFO] testing robotech-macros-1.16.0 against 1.100.0-beta.1 for beta-1.100-2
[INFO] extracting crate robotech-macros 1.16.0 into /workspace/builds/worker-2-tc2/source
[INFO] started tweaking crates.io crate robotech-macros 1.16.0
[INFO] finished tweaking crates.io crate robotech-macros 1.16.0
[INFO] tweaked toml for crates.io crate robotech-macros 1.16.0 written to /workspace/builds/worker-2-tc2/source/Cargo.toml
[INFO] validating manifest of crates.io crate robotech-macros 1.16.0 on toolchain 1.100.0-beta.1
[INFO] running `Command { std: CARGO_HOME="/workspace/cargo-home" RUSTUP_HOME="/workspace/rustup-home" "/workspace/cargo-home/bin/cargo" "+1.100.0-beta.1" "metadata" "--manifest-path" "Cargo.toml" "--no-deps", kill_on_drop: false }`
[INFO] crate crates.io crate robotech-macros 1.16.0 already has a lockfile, it will not be regenerated
[INFO] running `Command { std: CARGO_HOME="/workspace/cargo-home" RUSTUP_HOME="/workspace/rustup-home" "/workspace/cargo-home/bin/cargo" "+1.100.0-beta.1" "fetch" "--manifest-path" "Cargo.toml", kill_on_drop: false }`
[INFO] [stderr] warning: `package.homepage` is redundant with `package.repository`
[INFO] [stderr]   --> Cargo.toml:30:12
[INFO] [stderr]    |
[INFO] [stderr] 30 | homepage = "https://github.com/rusthing/robotech-rs"
[INFO] [stderr]    |            ^^^^^^^^^^^^^^^^^^^^^^^^^^^^^^^^^^^^^^^^^
[INFO] [stderr] ...
[INFO] [stderr] 35 | repository = "https://github.com/rusthing/robotech-rs"
[INFO] [stderr]    |              -----------------------------------------
[INFO] [stderr]    |
[INFO] [stderr]    = note: `cargo::redundant_homepage` is set to `warn` by default
[INFO] [stderr] help: consider removing `package.homepage`
[INFO] [stderr] warning: `robotech-macros` (manifest) generated 1 warning
[INFO] running `Command { std: "docker" "create" "-v" "/var/lib/crater-agent-workspace/builds/worker-2-tc2/source:/opt/rustwide/workdir:ro,Z" "-v" "/var/lib/crater-agent-workspace/builds/worker-2-tc2/target:/opt/rustwide/target:rw,Z" "-v" "/var/lib/crater-agent-workspace/cargo-home:/opt/rustwide/cargo-home:ro,Z" "-v" "/var/lib/crater-agent-workspace/rustup-home:/opt/rustwide/rustup-home:ro,Z" "-m" "1610612736" "--network" "none" "ghcr.io/rust-lang/crates-build-env/linux@sha256:3111399a4047eeb3a02b7a90e478d715f38a8c6669b5c4b49d30a17385265909" "sleep" "infinity", kill_on_drop: false }`
[INFO] [stdout] 14cf1b5acf48936e3ac28aa9471e0cbe6286480c62a8e0b6ed194df40902f83a
[INFO] running `Command { std: "docker" "start" "14cf1b5acf48936e3ac28aa9471e0cbe6286480c62a8e0b6ed194df40902f83a", kill_on_drop: false }`
[INFO] running `Command { std: "docker" "inspect" "14cf1b5acf48936e3ac28aa9471e0cbe6286480c62a8e0b6ed194df40902f83a", kill_on_drop: false }`
[INFO] running `Command { std: "docker" "exec" "-e" "SOURCE_DIR=/opt/rustwide/workdir" "-e" "CARGO_HOME=/opt/rustwide/cargo-home" "-e" "RUSTUP_HOME=/opt/rustwide/rustup-home" "-e" "CARGO_TARGET_DIR=/opt/rustwide/target" "-w" "/opt/rustwide/workdir" "--user" "0:0" "14cf1b5acf48936e3ac28aa9471e0cbe6286480c62a8e0b6ed194df40902f83a" "/opt/rustwide/cargo-home/bin/cargo" "+1.100.0-beta.1" "metadata" "--no-deps" "--format-version=1", kill_on_drop: false }`
[INFO] running `Command { std: "docker" "inspect" "14cf1b5acf48936e3ac28aa9471e0cbe6286480c62a8e0b6ed194df40902f83a", kill_on_drop: false }`
[INFO] running `Command { std: "docker" "exec" "-e" "SOURCE_DIR=/opt/rustwide/workdir" "-e" "CARGO_HOME=/opt/rustwide/cargo-home" "-e" "RUSTUP_HOME=/opt/rustwide/rustup-home" "-e" "CARGO_TARGET_DIR=/opt/rustwide/target" "-e" "CARGO_INCREMENTAL=0" "-e" "RUST_BACKTRACE=full" "-e" "RUSTFLAGS=--cap-lints=warn" "-e" "RUSTDOCFLAGS=--cap-lints=warn" "-w" "/opt/rustwide/workdir" "--user" "0:0" "14cf1b5acf48936e3ac28aa9471e0cbe6286480c62a8e0b6ed194df40902f83a" "/opt/rustwide/cargo-home/bin/cargo" "+1.100.0-beta.1" "build" "--frozen" "--message-format=json", kill_on_drop: false }`
[INFO] [stderr] warning: `package.homepage` is redundant with `package.repository`
[INFO] [stderr]   --> Cargo.toml:30:12
[INFO] [stderr]    |
[INFO] [stderr] 30 | homepage = "https://github.com/rusthing/robotech-rs"
[INFO] [stderr]    |            ^^^^^^^^^^^^^^^^^^^^^^^^^^^^^^^^^^^^^^^^^
[INFO] [stderr] ...
[INFO] [stderr] 35 | repository = "https://github.com/rusthing/robotech-rs"
[INFO] [stderr]    |              -----------------------------------------
[INFO] [stderr]    |
[INFO] [stderr]    = note: `cargo::redundant_homepage` is set to `warn` by default
[INFO] [stderr] help: consider removing `package.homepage`
[INFO] [stderr] warning: `robotech-macros` (manifest) generated 1 warning
[INFO] [stderr]    Compiling cfg-if v1.0.4
[INFO] [stderr]    Compiling serde_core v1.0.229
[INFO] [stderr]    Compiling portable-atomic v1.14.0
[INFO] [stderr]    Compiling stable_deref_trait v1.2.1
[INFO] [stderr]    Compiling critical-section v1.2.0
[INFO] [stderr]    Compiling serde v1.0.229
[INFO] [stderr]    Compiling smallvec v1.15.2
[INFO] [stderr]    Compiling litemap v0.8.2
[INFO] [stderr]    Compiling writeable v0.6.3
[INFO] [stderr]    Compiling memchr v2.8.2
[INFO] [stderr]    Compiling libc v0.2.186
[INFO] [stderr]    Compiling crunchy v0.2.4
[INFO] [stderr]    Compiling icu_properties_data v2.2.0
[INFO] [stderr]    Compiling icu_normalizer_data v2.2.0
[INFO] [stderr]    Compiling rand_core v0.10.1
[INFO] [stderr]    Compiling syn v2.0.118
[INFO] [stderr]    Compiling syn v3.0.5
[INFO] [stderr]    Compiling tiny-keccak v2.0.2
[INFO] [stderr]    Compiling getrandom v0.4.3
[INFO] [stderr]    Compiling crossbeam-utils v0.8.21
[INFO] [stderr]    Compiling num-traits v0.2.19
[INFO] [stderr]    Compiling ucd-trie v0.1.7
[INFO] [stderr]    Compiling cpufeatures v0.3.0
[INFO] [stderr]    Compiling typeid v1.0.3
[INFO] [stderr]    Compiling pin-project-lite v0.2.17
[INFO] [stderr]    Compiling thiserror v2.0.20
[INFO] [stderr]    Compiling log v0.4.34
[INFO] [stderr]    Compiling typenum v1.20.1
[INFO] [stderr]    Compiling percent-encoding v2.3.2
[INFO] [stderr]    Compiling parking_lot_core v0.9.12
[INFO] [stderr]    Compiling chacha20 v0.10.1
[INFO] [stderr]    Compiling tinyvec_macros v0.1.1
[INFO] [stderr]    Compiling either v1.16.0
[INFO] [stderr]    Compiling futures-core v0.3.32
[INFO] [stderr]    Compiling form_urlencoded v1.2.2
[INFO] [stderr]    Compiling erased-serde v0.4.10
[INFO] [stderr]    Compiling scopeguard v1.2.0
[INFO] [stderr]    Compiling crossbeam-epoch v0.9.20
[INFO] [stderr]    Compiling foldhash v0.2.0
[INFO] [stderr]    Compiling lock_api v0.4.14
[INFO] [stderr]    Compiling crossbeam-channel v0.5.15
[INFO] [stderr]    Compiling zmij v1.0.21
[INFO] [stderr]    Compiling tinyvec v1.11.0
[INFO] [stderr]    Compiling hashbrown v0.16.1
[INFO] [stderr]    Compiling memoffset v0.9.1
[INFO] [stderr]    Compiling winnow v1.0.3
[INFO] [stderr]    Compiling slab v0.4.12
[INFO] [stderr]    Compiling data-encoding v2.11.0
[INFO] [stderr]    Compiling pest v2.8.6
[INFO] [stderr]    Compiling hashbrown v0.14.5
[INFO] [stderr]    Compiling lazy_static v1.5.0
[INFO] [stderr]    Compiling futures-task v0.3.32
[INFO] [stderr]    Compiling bytes v1.12.1
[INFO] [stderr]    Compiling sharded-slab v0.1.7
[INFO] [stderr]    Compiling serde_json v1.0.151
[INFO] [stderr]    Compiling aho-corasick v1.1.4
[INFO] [stderr]    Compiling nix v0.31.3
[INFO] [stderr]    Compiling once_cell v1.21.4
[INFO] [stderr]    Compiling tracing-core v0.1.36
[INFO] [stderr]    Compiling hybrid-array v0.4.13
[INFO] [stderr]    Compiling hashlink v0.11.1
[INFO] [stderr]    Compiling futures-channel v0.3.32
[INFO] [stderr]    Compiling thread_local v1.1.9
[INFO] [stderr]    Compiling encoding_rs v0.8.35
[INFO] [stderr]    Compiling time-core v0.1.9
[INFO] [stderr]    Compiling unicode-segmentation v1.13.3
[INFO] [stderr]    Compiling libc v1.0.0-alpha.4
[INFO] [stderr]    Compiling num-conv v0.2.2
[INFO] [stderr]    Compiling getrandom v0.2.17
[INFO] [stderr]    Compiling socket2 v0.6.5
[INFO] [stderr]    Compiling errno v0.3.14
[INFO] [stderr]    Compiling const-random-macro v0.1.16
[INFO] [stderr]    Compiling mio v1.2.1
[INFO] [stderr]    Compiling signal-hook-registry v1.4.8
[INFO] [stderr]    Compiling rand v0.10.1
[INFO] [stderr]    Compiling const-random v0.1.18
[INFO] [stderr]    Compiling dlv-list v0.5.2
[INFO] [stderr]    Compiling uuid v1.26.1
[INFO] [stderr]    Compiling inotify-sys v0.1.5
[INFO] [stderr]    Compiling parking_lot v0.12.5
[INFO] [stderr]    Compiling toml_parser v1.1.2+spec-1.1.0
[INFO] [stderr]    Compiling block-buffer v0.12.1
[INFO] [stderr]    Compiling crypto-common v0.2.2
[INFO] [stderr]    Compiling pest_meta v2.8.6
[INFO] [stderr]    Compiling powerfmt v0.2.0
[INFO] [stderr]    Compiling ordered-multimap v0.7.3
[INFO] [stderr]    Compiling arraydeque v0.5.1
[INFO] [stderr]    Compiling tagptr v0.2.0
[INFO] [stderr]    Compiling const-oid v0.10.2
[INFO] [stderr]    Compiling futures-io v0.3.32
[INFO] [stderr]    Compiling itoa v1.0.18
[INFO] [stderr]    Compiling same-file v1.0.6
[INFO] [stderr]    Compiling deranged v0.5.8
[INFO] [stderr]    Compiling regex-syntax v0.8.11
[INFO] [stderr]    Compiling moka v0.12.15
[INFO] [stderr]    Compiling rust-ini v0.21.3
[INFO] [stderr]    Compiling anyhow v1.0.104
[INFO] [stderr]    Compiling convert_case v0.6.0
[INFO] [stderr]    Compiling tracing-subscriber v0.3.23
[INFO] [stderr]    Compiling walkdir v2.5.0
[INFO] [stderr]    Compiling resolv-conf v0.7.6
[INFO] [stderr]    Compiling symlink v0.1.0
[INFO] [stderr]    Compiling pathdiff v0.2.3
[INFO] [stderr]    Compiling iana-time-zone v0.1.65
[INFO] [stderr]    Compiling bitflags v2.13.0
[INFO] [stderr]    Compiling serde_spanned v1.1.1
[INFO] [stderr]    Compiling toml_datetime v1.1.1+spec-1.1.0
[INFO] [stderr]    Compiling yaml-rust2 v0.11.0
[INFO] [stderr]    Compiling chrono v0.4.45
[INFO] [stderr]    Compiling notify-types v2.1.0
[INFO] [stderr]    Compiling digest v0.11.3
[INFO] [stderr]    Compiling toml v1.1.2+spec-1.1.0
[INFO] [stderr]    Compiling serde-untagged v0.1.9
[INFO] [stderr]    Compiling inotify v0.11.2
[INFO] [stderr]    Compiling sha2 v0.11.0
[INFO] [stderr]    Compiling time v0.3.51
[INFO] [stderr]    Compiling notify v8.2.0
[INFO] [stderr]    Compiling dns-lookup v4.0.1
[INFO] [stderr]    Compiling humantime v2.4.0
[INFO] [stderr]    Compiling hex v0.4.3
[INFO] [stderr]    Compiling serde_derive v1.0.229
[INFO] [stderr]    Compiling thiserror-impl v2.0.20
[INFO] [stderr]    Compiling async-trait v0.1.92
[INFO] [stderr]    Compiling regex-automata v0.4.16
[INFO] [stderr]    Compiling synstructure v0.13.2
[INFO] [stderr]    Compiling pest_generator v2.8.6
[INFO] [stderr]    Compiling tracing-appender v0.2.5
[INFO] [stderr]    Compiling zerovec-derive v0.11.3
[INFO] [stderr]    Compiling displaydoc v0.2.6
[INFO] [stderr]    Compiling tracing-attributes v0.1.31
[INFO] [stderr]    Compiling tokio-macros v2.7.0
[INFO] [stderr]    Compiling futures-macro v0.3.32
[INFO] [stderr]    Compiling zerofrom-derive v0.1.7
[INFO] [stderr]    Compiling yoke-derive v0.8.2
[INFO] [stderr]    Compiling tokio v1.53.1
[INFO] [stderr]    Compiling pest_derive v2.8.6
[INFO] [stderr]    Compiling zerofrom v0.1.8
[INFO] [stderr]    Compiling futures-util v0.3.32
[INFO] [stderr]    Compiling yoke v0.8.3
[INFO] [stderr]    Compiling zerotrie v0.2.4
[INFO] [stderr]    Compiling tracing v0.1.44
[INFO] [stderr]    Compiling zerovec v0.11.6
[INFO] [stderr]    Compiling tinystr v0.8.3
[INFO] [stderr]    Compiling potential_utf v0.1.5
[INFO] [stderr]    Compiling icu_collections v2.2.0
[INFO] [stderr]    Compiling icu_locale_core v2.2.0
[INFO] [stderr]    Compiling regex v1.13.1
[INFO] [stderr]    Compiling ipnet v2.12.2
[INFO] [stderr]    Compiling json5 v0.4.1
[INFO] [stderr]    Compiling ron v0.12.2
[INFO] [stderr]    Compiling prefix-trie v0.8.4
[INFO] [stderr]    Compiling icu_provider v2.2.0
[INFO] [stderr]    Compiling icu_properties v2.2.0
[INFO] [stderr]    Compiling icu_normalizer v2.2.0
[INFO] [stderr]    Compiling config v0.15.25
[INFO] [stderr]    Compiling idna_adapter v1.2.2
[INFO] [stderr]    Compiling idna v1.1.0
[INFO] [stderr]    Compiling url v2.5.8
[INFO] [stderr]    Compiling hickory-proto v0.26.3
[INFO] [stderr]    Compiling hickory-net v0.26.3
[INFO] [stderr]    Compiling hickory-resolver v0.26.3
[INFO] [stderr]    Compiling wheel-rs v1.12.0
[INFO] [stderr]    Compiling robotech-macros v1.16.0 (/opt/rustwide/workdir)
[INFO] [stderr]     Finished `dev` profile [unoptimized + debuginfo] target(s) in 1m 06s
[INFO] [stderr] warning: the following packages contain code that will be rejected by a future version of Rust: nix v0.31.3
[INFO] [stderr] note: to see what the problems were, use the option `--future-incompat-report`, or run `cargo report future-incompatibilities --id 2`
[INFO] running `Command { std: "docker" "inspect" "14cf1b5acf48936e3ac28aa9471e0cbe6286480c62a8e0b6ed194df40902f83a", kill_on_drop: false }`
[INFO] running `Command { std: "docker" "exec" "-e" "SOURCE_DIR=/opt/rustwide/workdir" "-e" "CARGO_HOME=/opt/rustwide/cargo-home" "-e" "RUSTUP_HOME=/opt/rustwide/rustup-home" "-e" "CARGO_TARGET_DIR=/opt/rustwide/target" "-e" "CARGO_INCREMENTAL=0" "-e" "RUST_BACKTRACE=full" "-e" "RUSTFLAGS=--cap-lints=warn" "-e" "RUSTDOCFLAGS=--cap-lints=warn" "-w" "/opt/rustwide/workdir" "--user" "0:0" "14cf1b5acf48936e3ac28aa9471e0cbe6286480c62a8e0b6ed194df40902f83a" "/opt/rustwide/cargo-home/bin/cargo" "+1.100.0-beta.1" "test" "--frozen" "--no-run" "--message-format=json", kill_on_drop: false }`
[INFO] [stderr] warning: `package.homepage` is redundant with `package.repository`
[INFO] [stderr]   --> Cargo.toml:30:12
[INFO] [stderr]    |
[INFO] [stderr] 30 | homepage = "https://github.com/rusthing/robotech-rs"
[INFO] [stderr]    |            ^^^^^^^^^^^^^^^^^^^^^^^^^^^^^^^^^^^^^^^^^
[INFO] [stderr] ...
[INFO] [stderr] 35 | repository = "https://github.com/rusthing/robotech-rs"
[INFO] [stderr]    |              -----------------------------------------
[INFO] [stderr]    |
[INFO] [stderr]    = note: `cargo::redundant_homepage` is set to `warn` by default
[INFO] [stderr] help: consider removing `package.homepage`
[INFO] [stderr] warning: `robotech-macros` (manifest) generated 1 warning
[INFO] [stderr]    Compiling robotech-macros v1.16.0 (/opt/rustwide/workdir)
[INFO] [stderr]     Finished `test` profile [unoptimized + debuginfo] target(s) in 4.17s
[INFO] [stderr] warning: the following packages contain code that will be rejected by a future version of Rust: nix v0.31.3
[INFO] [stderr] note: to see what the problems were, use the option `--future-incompat-report`, or run `cargo report future-incompatibilities --id 2`
[INFO] running `Command { std: "docker" "inspect" "14cf1b5acf48936e3ac28aa9471e0cbe6286480c62a8e0b6ed194df40902f83a", kill_on_drop: false }`
[INFO] running `Command { std: "docker" "exec" "-e" "SOURCE_DIR=/opt/rustwide/workdir" "-e" "CARGO_HOME=/opt/rustwide/cargo-home" "-e" "RUSTUP_HOME=/opt/rustwide/rustup-home" "-e" "CARGO_TARGET_DIR=/opt/rustwide/target" "-e" "CARGO_INCREMENTAL=0" "-e" "RUST_BACKTRACE=full" "-e" "RUSTFLAGS=--cap-lints=warn" "-e" "RUSTDOCFLAGS=--cap-lints=warn" "-w" "/opt/rustwide/workdir" "--user" "0:0" "14cf1b5acf48936e3ac28aa9471e0cbe6286480c62a8e0b6ed194df40902f83a" "/opt/rustwide/cargo-home/bin/cargo" "+1.100.0-beta.1" "test" "--frozen", kill_on_drop: false }`
[INFO] [stderr] warning: `package.homepage` is redundant with `package.repository`
[INFO] [stderr]   --> Cargo.toml:30:12
[INFO] [stderr]    |
[INFO] [stderr] 30 | homepage = "https://github.com/rusthing/robotech-rs"
[INFO] [stderr]    |            ^^^^^^^^^^^^^^^^^^^^^^^^^^^^^^^^^^^^^^^^^
[INFO] [stderr] ...
[INFO] [stderr] 35 | repository = "https://github.com/rusthing/robotech-rs"
[INFO] [stderr]    |              -----------------------------------------
[INFO] [stderr]    |
[INFO] [stderr]    = note: `cargo::redundant_homepage` is set to `warn` by default
[INFO] [stderr] help: consider removing `package.homepage`
[INFO] [stderr] warning: `robotech-macros` (manifest) generated 1 warning
[INFO] [stderr]     Finished `test` profile [unoptimized + debuginfo] target(s) in 0.38s
[INFO] [stderr] warning: the following packages contain code that will be rejected by a future version of Rust: nix v0.31.3
[INFO] [stderr] note: to see what the problems were, use the option `--future-incompat-report`, or run `cargo report future-incompatibilities --id 2`
[INFO] [stderr]      Running unittests src/lib.rs (/opt/rustwide/target/debug/build/robotech-macros/b04eac5aebdb026f/out/robotech_macros-b04eac5aebdb026f)
[INFO] [stdout] 
[INFO] [stdout] running 0 tests
[INFO] [stdout] 
[INFO] [stdout] test result: ok. 0 passed; 0 failed; 0 ignored; 0 measured; 0 filtered out; finished in 0.00s
[INFO] [stdout] 
[INFO] [stderr]    Doc-tests robotech_macros
[INFO] [stdout] 
[INFO] [stdout] running 14 tests
[INFO] [stdout] test src/lib.rs - vo (line 109) ... FAILED
[INFO] [stdout] test src/lib.rs - log_call (line 24) ... FAILED
[INFO] [stdout] test src/lib.rs - router (line 257) ... FAILED
[INFO] [stdout] test src/lib.rs - vo (line 122) ... FAILED
[INFO] [stdout] test src/lib.rs - api_doc (line 278) ... FAILED
[INFO] [stdout] test src/lib.rs - feign (line 295) ... FAILED
[INFO] [stdout] test src/lib.rs - dao (line 149) ... FAILED
[INFO] [stdout] test src/lib.rs - ctrl (line 235) ... FAILED
[INFO] [stdout] test src/lib.rs - crud_dto (line 74) ... FAILED
[INFO] [stdout] test src/lib.rs - svc (line 213) ... FAILED
[INFO] [stdout] test src/lib.rs - feign (line 305) ... FAILED
[INFO] [stdout] test src/lib.rs - db_unwrap (line 181) ... FAILED
[INFO] [stdout] test src/db/mod.rs - db::db_migrate_macro (line 23) ... FAILED
[INFO] [stdout] test src/lib.rs - db_migrate (line 59) ... FAILED
[INFO] [stdout] 
[INFO] [stdout] failures:
[INFO] [stdout] 
[INFO] [stdout] ---- src/lib.rs - vo (line 109) stdout ----
[INFO] [stdout] error: cannot find attribute `vo` in this scope
[INFO] [stdout]    --> src/lib.rs:110:3
[INFO] [stdout]     |
[INFO] [stdout] 110 | #[vo]
[INFO] [stdout]     |   ^^
[INFO] [stdout] 
[INFO] [stdout] error: aborting due to 1 previous error
[INFO] [stdout] 
[INFO] [stdout] Couldn't compile the test.
[INFO] [stdout] ---- src/lib.rs - log_call (line 24) stdout ----
[INFO] [stdout] error: cannot find attribute `log_call` in this scope
[INFO] [stdout]   --> src/lib.rs:37:3
[INFO] [stdout]    |
[INFO] [stdout] 37 | #[log_call(level = warn)]
[INFO] [stdout]    |   ^^^^^^^^
[INFO] [stdout] 
[INFO] [stdout] error: cannot find attribute `log_call` in this scope
[INFO] [stdout]   --> src/lib.rs:32:3
[INFO] [stdout]    |
[INFO] [stdout] 32 | #[log_call(level = info)]
[INFO] [stdout]    |   ^^^^^^^^
[INFO] [stdout] 
[INFO] [stdout] error: cannot find attribute `log_call` in this scope
[INFO] [stdout]   --> src/lib.rs:26:3
[INFO] [stdout]    |
[INFO] [stdout] 26 | #[log_call]
[INFO] [stdout]    |   ^^^^^^^^
[INFO] [stdout] 
[INFO] [stdout] error: aborting due to 3 previous errors
[INFO] [stdout] 
[INFO] [stdout] Couldn't compile the test.
[INFO] [stdout] ---- src/lib.rs - router (line 257) stdout ----
[INFO] [stdout] error: cannot find attribute `router` in this scope
[INFO] [stdout]    --> src/lib.rs:258:3
[INFO] [stdout]     |
[INFO] [stdout] 258 | #[router(crud, routes = [("/hello", get(hello))])]
[INFO] [stdout]     |   ^^^^^^
[INFO] [stdout] 
[INFO] [stdout] error: aborting due to 1 previous error
[INFO] [stdout] 
[INFO] [stdout] Couldn't compile the test.
[INFO] [stdout] ---- src/lib.rs - vo (line 122) stdout ----
[INFO] [stdout] error: cannot find attribute `skip_serializing_none` in this scope
[INFO] [stdout]    --> src/lib.rs:123:3
[INFO] [stdout]     |
[INFO] [stdout] 123 | #[skip_serializing_none]
[INFO] [stdout]     |   ^^^^^^^^^^^^^^^^^^^^^
[INFO] [stdout] 
[INFO] [stdout] error: cannot find derive macro `o2o` in this scope
[INFO] [stdout]    --> src/lib.rs:124:10
[INFO] [stdout]     |
[INFO] [stdout] 124 | #[derive(o2o, ToSchema, Debug, Serialize, Clone)]
[INFO] [stdout]     |          ^^^
[INFO] [stdout] 
[INFO] [stdout] error: cannot find derive macro `ToSchema` in this scope
[INFO] [stdout]    --> src/lib.rs:124:15
[INFO] [stdout]     |
[INFO] [stdout] 124 | #[derive(o2o, ToSchema, Debug, Serialize, Clone)]
[INFO] [stdout]     |               ^^^^^^^^
[INFO] [stdout] 
[INFO] [stdout] error: cannot find derive macro `Serialize` in this scope
[INFO] [stdout]    --> src/lib.rs:124:32
[INFO] [stdout]     |
[INFO] [stdout] 124 | #[derive(o2o, ToSchema, Debug, Serialize, Clone)]
[INFO] [stdout]     |                                ^^^^^^^^^
[INFO] [stdout] 
[INFO] [stdout] error: cannot find attribute `from_owned` in this scope
[INFO] [stdout]    --> src/lib.rs:125:3
[INFO] [stdout]     |
[INFO] [stdout] 125 | #[from_owned(Model)]
[INFO] [stdout]     |   ^^^^^^^^^^
[INFO] [stdout] 
[INFO] [stdout] error: cannot find attribute `serde` in this scope
[INFO] [stdout]    --> src/lib.rs:126:3
[INFO] [stdout]     |
[INFO] [stdout] 126 | #[serde(rename_all = "camelCase")]
[INFO] [stdout]     |   ^^^^^
[INFO] [stdout] 
[INFO] [stdout] error: cannot find attribute `serde_as` in this scope
[INFO] [stdout]    --> src/lib.rs:127:3
[INFO] [stdout]     |
[INFO] [stdout] 127 | #[serde_as]
[INFO] [stdout]     |   ^^^^^^^^
[INFO] [stdout] 
[INFO] [stdout] error: cannot find attribute `from` in this scope
[INFO] [stdout]    --> src/lib.rs:130:7
[INFO] [stdout]     |
[INFO] [stdout] 130 |     #[from(~ as u64)]
[INFO] [stdout]     |       ^^^^
[INFO] [stdout] 
[INFO] [stdout] error: cannot find attribute `serde_as` in this scope
[INFO] [stdout]    --> src/lib.rs:131:7
[INFO] [stdout]     |
[INFO] [stdout] 131 |     #[serde_as(as = "String")]
[INFO] [stdout]     |       ^^^^^^^^
[INFO] [stdout] 
[INFO] [stdout] error: aborting due to 9 previous errors
[INFO] [stdout] 
[INFO] [stdout] Couldn't compile the test.
[INFO] [stdout] ---- src/lib.rs - api_doc (line 278) stdout ----
[INFO] [stdout] error: cannot find attribute `api_doc` in this scope
[INFO] [stdout]    --> src/lib.rs:279:3
[INFO] [stdout]     |
[INFO] [stdout] 279 | #[api_doc(add, modify, get_by_id, page_by_query_dto)]
[INFO] [stdout]     |   ^^^^^^^
[INFO] [stdout] 
[INFO] [stdout] error: aborting due to 1 previous error
[INFO] [stdout] 
[INFO] [stdout] Couldn't compile the test.
[INFO] [stdout] ---- src/lib.rs - feign (line 295) stdout ----
[INFO] [stdout] error[E0433]: cannot find module or crate `robotech` in this scope
[INFO] [stdout]    --> src/lib.rs:296:5
[INFO] [stdout]     |
[INFO] [stdout] 296 | use robotech::macros::feign_client;
[INFO] [stdout]     |     ^^^^^^^^ use of unresolved module or unlinked crate `robotech`
[INFO] [stdout]     |
[INFO] [stdout]     = help: if you wanted to use a crate named `robotech`, use `cargo add robotech` to add it to your `Cargo.toml`
[INFO] [stdout] 
[INFO] [stdout] error[E0425]: cannot find type `FeignApiClient` in this scope
[INFO] [stdout]    --> src/lib.rs:300:13
[INFO] [stdout]     |
[INFO] [stdout] 300 |     client: FeignApiClient,
[INFO] [stdout]     |             ^^^^^^^^^^^^^^ not found in this scope
[INFO] [stdout] 
[INFO] [stdout] error: aborting due to 2 previous errors
[INFO] [stdout] 
[INFO] [stdout] Some errors have detailed explanations: E0425, E0433.
[INFO] [stdout] For more information about an error, try `rustc --explain E0425`.
[INFO] [stdout] Couldn't compile the test.
[INFO] [stdout] ---- src/lib.rs - dao (line 149) stdout ----
[INFO] [stdout] error[E0428]: the name `MyDao` is defined multiple times
[INFO] [stdout]    --> src/lib.rs:160:1
[INFO] [stdout]     |
[INFO] [stdout] 156 | pub struct MyDao;
[INFO] [stdout]     | ----------------- previous definition of the type `MyDao` here
[INFO] [stdout] ...
[INFO] [stdout] 160 | pub struct MyDao;
[INFO] [stdout]     | ^^^^^^^^^^^^^^^^^ `MyDao` redefined here
[INFO] [stdout]     |
[INFO] [stdout]     = note: `MyDao` must be defined only once in the type namespace of this block
[INFO] [stdout] 
[INFO] [stdout] error: cannot find attribute `dao` in this scope
[INFO] [stdout]    --> src/lib.rs:159:3
[INFO] [stdout]     |
[INFO] [stdout] 159 | #[dao(get_by_id)]
[INFO] [stdout]     |   ^^^
[INFO] [stdout] 
[INFO] [stdout] error: cannot find attribute `dao` in this scope
[INFO] [stdout]    --> src/lib.rs:155:3
[INFO] [stdout]     |
[INFO] [stdout] 155 | #[dao(insert, update, get_by_id)]
[INFO] [stdout]     |   ^^^
[INFO] [stdout] 
[INFO] [stdout] error: cannot find attribute `dao` in this scope
[INFO] [stdout]    --> src/lib.rs:151:3
[INFO] [stdout]     |
[INFO] [stdout] 151 | #[dao(all)]
[INFO] [stdout]     |   ^^^
[INFO] [stdout] 
[INFO] [stdout] error: aborting due to 4 previous errors
[INFO] [stdout] 
[INFO] [stdout] For more information about this error, try `rustc --explain E0428`.
[INFO] [stdout] Couldn't compile the test.
[INFO] [stdout] ---- src/lib.rs - ctrl (line 235) stdout ----
[INFO] [stdout] error: cannot find attribute `ctrl` in this scope
[INFO] [stdout]    --> src/lib.rs:236:3
[INFO] [stdout]     |
[INFO] [stdout] 236 | #[ctrl]
[INFO] [stdout]     |   ^^^^
[INFO] [stdout] 
[INFO] [stdout] error: aborting due to 1 previous error
[INFO] [stdout] 
[INFO] [stdout] Couldn't compile the test.
[INFO] [stdout] ---- src/lib.rs - crud_dto (line 74) stdout ----
[INFO] [stdout] error: cannot find attribute `crud_dto` in this scope
[INFO] [stdout]   --> src/lib.rs:75:3
[INFO] [stdout]    |
[INFO] [stdout] 75 | #[crud_dto]
[INFO] [stdout]    |   ^^^^^^^^
[INFO] [stdout] 
[INFO] [stdout] error: aborting due to 1 previous error
[INFO] [stdout] 
[INFO] [stdout] Couldn't compile the test.
[INFO] [stdout] ---- src/lib.rs - svc (line 213) stdout ----
[INFO] [stdout] error: cannot find attribute `svc` in this scope
[INFO] [stdout]    --> src/lib.rs:214:3
[INFO] [stdout]     |
[INFO] [stdout] 214 | #[svc]
[INFO] [stdout]     |   ^^^
[INFO] [stdout] 
[INFO] [stdout] error: aborting due to 1 previous error
[INFO] [stdout] 
[INFO] [stdout] Couldn't compile the test.
[INFO] [stdout] ---- src/lib.rs - feign (line 305) stdout ----
[INFO] [stdout] error[E0425]: cannot find type `OssFileApiClient` in this scope
[INFO] [stdout]    --> src/lib.rs:306:6
[INFO] [stdout]     |
[INFO] [stdout] 306 | impl OssFileApiClient {
[INFO] [stdout]     |      ^^^^^^^^^^^^^^^^ not found in this scope
[INFO] [stdout] 
[INFO] [stdout] error[E0425]: cannot find type `HeaderMap` in this scope
[INFO] [stdout]    --> src/lib.rs:309:17
[INFO] [stdout]     |
[INFO] [stdout] 309 |     ) -> Result<HeaderMap, ApiClientError> {
[INFO] [stdout]     |                 ^^^^^^^^^ not found in this scope
[INFO] [stdout]     |
[INFO] [stdout] help: you might be missing a type parameter
[INFO] [stdout]     |
[INFO] [stdout] 306 | impl<HeaderMap> OssFileApiClient {
[INFO] [stdout]     |     +++++++++++
[INFO] [stdout] 
[INFO] [stdout] error[E0425]: cannot find type `ApiClientError` in this scope
[INFO] [stdout]    --> src/lib.rs:309:28
[INFO] [stdout]     |
[INFO] [stdout] 309 |     ) -> Result<HeaderMap, ApiClientError> {
[INFO] [stdout]     |                            ^^^^^^^^^^^^^^ not found in this scope
[INFO] [stdout]     |
[INFO] [stdout] help: you might be missing a type parameter
[INFO] [stdout]     |
[INFO] [stdout] 306 | impl<ApiClientError> OssFileApiClient {
[INFO] [stdout]     |     ++++++++++++++++
[INFO] [stdout] 
[INFO] [stdout] error: aborting due to 3 previous errors
[INFO] [stdout] 
[INFO] [stdout] For more information about this error, try `rustc --explain E0425`.
[INFO] [stdout] Couldn't compile the test.
[INFO] [stdout] ---- src/lib.rs - db_unwrap (line 181) stdout ----
[INFO] [stdout] error: cannot find attribute `db_unwrap` in this scope
[INFO] [stdout]    --> src/lib.rs:182:3
[INFO] [stdout]     |
[INFO] [stdout] 182 | #[db_unwrap]
[INFO] [stdout]     |   ^^^^^^^^^
[INFO] [stdout] 
[INFO] [stdout] error[E0405]: cannot find trait `ConnectionTrait` in this scope
[INFO] [stdout]    --> src/lib.rs:185:8
[INFO] [stdout]     |
[INFO] [stdout] 185 |     C: ConnectionTrait,
[INFO] [stdout]     |        ^^^^^^^^^^^^^^^ not found in this scope
[INFO] [stdout] 
[INFO] [stdout] error[E0425]: cannot find type `Ro` in this scope
[INFO] [stdout]    --> src/lib.rs:183:67
[INFO] [stdout]     |
[INFO] [stdout] 183 | pub async fn get_by_name<C>(name: &str, db: Option<&C>) -> Result<Ro<OssBucketVo>, SvcError>
[INFO] [stdout]     |                                                                   ^^ not found in this scope
[INFO] [stdout] 
[INFO] [stdout] error[E0425]: cannot find type `OssBucketVo` in this scope
[INFO] [stdout]    --> src/lib.rs:183:70
[INFO] [stdout]     |
[INFO] [stdout] 183 | pub async fn get_by_name<C>(name: &str, db: Option<&C>) -> Result<Ro<OssBucketVo>, SvcError>
[INFO] [stdout]     |                                                                      ^^^^^^^^^^^ not found in this scope
[INFO] [stdout]     |
[INFO] [stdout] help: you might be missing a type parameter
[INFO] [stdout]     |
[INFO] [stdout] 183 | pub async fn get_by_name<C, OssBucketVo>(name: &str, db: Option<&C>) -> Result<Ro<OssBucketVo>, SvcError>
[INFO] [stdout]     |                           +++++++++++++
[INFO] [stdout] 
[INFO] [stdout] error[E0425]: cannot find type `SvcError` in this scope
[INFO] [stdout]    --> src/lib.rs:183:84
[INFO] [stdout]     |
[INFO] [stdout] 183 | pub async fn get_by_name<C>(name: &str, db: Option<&C>) -> Result<Ro<OssBucketVo>, SvcError>
[INFO] [stdout]     |                                                                                    ^^^^^^^^ not found in this scope
[INFO] [stdout]     |
[INFO] [stdout] help: you might be missing a type parameter
[INFO] [stdout]     |
[INFO] [stdout] 183 | pub async fn get_by_name<C, SvcError>(name: &str, db: Option<&C>) -> Result<Ro<OssBucketVo>, SvcError>
[INFO] [stdout]     |                           ++++++++++
[INFO] [stdout] 
[INFO] [stdout] error[E0433]: cannot find type `OssBucketDao` in this scope
[INFO] [stdout]    --> src/lib.rs:187:15
[INFO] [stdout]     |
[INFO] [stdout] 187 |     let one = OssBucketDao::get_by_name(name, db).await?;
[INFO] [stdout]     |               ^^^^^^^^^^^^ use of undeclared type `OssBucketDao`
[INFO] [stdout] 
[INFO] [stdout] error[E0433]: cannot find type `Ro` in this scope
[INFO] [stdout]    --> src/lib.rs:189:9
[INFO] [stdout]     |
[INFO] [stdout] 189 |         Ro::success("查询成功".to_string())
[INFO] [stdout]     |         ^^ use of undeclared type `Ro`
[INFO] [stdout] 
[INFO] [stdout] error[E0433]: cannot find type `OssBucketVo` in this scope
[INFO] [stdout]    --> src/lib.rs:190:36
[INFO] [stdout]     |
[INFO] [stdout] 190 |             .extra(one.map(|value| OssBucketVo::from(value))),
[INFO] [stdout]     |                                    ^^^^^^^^^^^ use of undeclared type `OssBucketVo`
[INFO] [stdout] 
[INFO] [stdout] error: aborting due to 8 previous errors
[INFO] [stdout] 
[INFO] [stdout] Some errors have detailed explanations: E0405, E0425, E0433.
[INFO] [stdout] For more information about an error, try `rustc --explain E0405`.
[INFO] [stdout] Couldn't compile the test.
[INFO] [stdout] ---- src/db/mod.rs - db::db_migrate_macro (line 23) stdout ----
[INFO] [stdout] error: cannot find macro `db_migrate` in this scope
[INFO] [stdout]   --> src/db/mod.rs:32:1
[INFO] [stdout]    |
[INFO] [stdout] 32 | db_migrate!(migrate_db, "migrations");
[INFO] [stdout]    | ^^^^^^^^^^
[INFO] [stdout] 
[INFO] [stdout] error: cannot find macro `db_migrate` in this scope
[INFO] [stdout]   --> src/db/mod.rs:29:1
[INFO] [stdout]    |
[INFO] [stdout] 29 | db_migrate!(migrate_db);
[INFO] [stdout]    | ^^^^^^^^^^
[INFO] [stdout] 
[INFO] [stdout] error: cannot find macro `db_migrate` in this scope
[INFO] [stdout]   --> src/db/mod.rs:25:1
[INFO] [stdout]    |
[INFO] [stdout] 25 | db_migrate!();
[INFO] [stdout]    | ^^^^^^^^^^
[INFO] [stdout] 
[INFO] [stdout] error: aborting due to 3 previous errors
[INFO] [stdout] 
[INFO] [stdout] Couldn't compile the test.
[INFO] [stdout] ---- src/lib.rs - db_migrate (line 59) stdout ----
[INFO] [stdout] error: cannot find macro `db_migrate` in this scope
[INFO] [stdout]   --> src/lib.rs:61:5
[INFO] [stdout]    |
[INFO] [stdout] 61 |     db_migrate!(db_url);
[INFO] [stdout]    |     ^^^^^^^^^^
[INFO] [stdout] 
[INFO] [stdout] error[E0433]: cannot find module or crate `anyhow` in this scope
[INFO] [stdout]   --> src/lib.rs:60:40
[INFO] [stdout]    |
[INFO] [stdout] 60 | async fn migrate_db(db_url: String) -> anyhow::Result<()> {
[INFO] [stdout]    |                                        ^^^^^^ use of unresolved module or unlinked crate `anyhow`
[INFO] [stdout]    |
[INFO] [stdout]    = help: if you wanted to use a crate named `anyhow`, use `cargo add anyhow` to add it to your `Cargo.toml`
[INFO] [stdout] 
[INFO] [stdout] error: aborting due to 2 previous errors
[INFO] [stdout] 
[INFO] [stdout] For more information about this error, try `rustc --explain E0433`.
[INFO] [stdout] Couldn't compile the test.
[INFO] [stdout] 
[INFO] [stdout] failures:
[INFO] [stdout]     src/db/mod.rs - db::db_migrate_macro (line 23)
[INFO] [stdout]     src/lib.rs - api_doc (line 278)
[INFO] [stdout]     src/lib.rs - crud_dto (line 74)
[INFO] [stdout]     src/lib.rs - ctrl (line 235)
[INFO] [stdout]     src/lib.rs - dao (line 149)
[INFO] [stdout]     src/lib.rs - db_migrate (line 59)
[INFO] [stdout]     src/lib.rs - db_unwrap (line 181)
[INFO] [stdout]     src/lib.rs - feign (line 295)
[INFO] [stdout]     src/lib.rs - feign (line 305)
[INFO] [stdout]     src/lib.rs - log_call (line 24)
[INFO] [stdout]     src/lib.rs - router (line 257)
[INFO] [stdout]     src/lib.rs - svc (line 213)
[INFO] [stdout]     src/lib.rs - vo (line 109)
[INFO] [stdout]     src/lib.rs - vo (line 122)
[INFO] [stdout] 
[INFO] [stdout] test result: FAILED. 0 passed; 14 failed; 0 ignored; 0 measured; 0 filtered out; finished in 0.66s
[INFO] [stdout] 
[INFO] [stdout] all doctests ran in 1.03s; merged doctests compilation took 0.36s
[INFO] [stderr] error: doctest failed, to rerun pass `--doc`
[INFO] running `Command { std: "docker" "inspect" "14cf1b5acf48936e3ac28aa9471e0cbe6286480c62a8e0b6ed194df40902f83a", kill_on_drop: false }`
[INFO] running `Command { std: "docker" "rm" "-f" "14cf1b5acf48936e3ac28aa9471e0cbe6286480c62a8e0b6ed194df40902f83a", kill_on_drop: false }`
[INFO] [stdout] 14cf1b5acf48936e3ac28aa9471e0cbe6286480c62a8e0b6ed194df40902f83a
