[INFO] fetching crate rmk-config 0.8.0...
[INFO] testing rmk-config-0.8.0 against 1.99.0-beta.8 for beta-1.100-2
[INFO] extracting crate rmk-config 0.8.0 into /workspace/builds/worker-4-tc1/source
[INFO] started tweaking crates.io crate rmk-config 0.8.0
[INFO] removed 0 missing tests
[INFO] finished tweaking crates.io crate rmk-config 0.8.0
[INFO] tweaked toml for crates.io crate rmk-config 0.8.0 written to /workspace/builds/worker-4-tc1/source/Cargo.toml
[INFO] validating manifest of crates.io crate rmk-config 0.8.0 on toolchain 1.99.0-beta.8
[INFO] running `Command { std: CARGO_HOME="/workspace/cargo-home" RUSTUP_HOME="/workspace/rustup-home" "/workspace/cargo-home/bin/cargo" "+1.99.0-beta.8" "metadata" "--manifest-path" "Cargo.toml" "--no-deps", kill_on_drop: false }`
[INFO] crate crates.io crate rmk-config 0.8.0 already has a lockfile, it will not be regenerated
[INFO] running `Command { std: CARGO_HOME="/workspace/cargo-home" RUSTUP_HOME="/workspace/rustup-home" "/workspace/cargo-home/bin/cargo" "+1.99.0-beta.8" "fetch" "--manifest-path" "Cargo.toml", kill_on_drop: false }`
[INFO] [stderr]     Updating crates.io index
[INFO] [stderr]  Downloading crates ...
[INFO] [stderr]   Downloaded tsify-macros v0.5.8
[INFO] [stderr]   Downloaded serde-wasm-bindgen v0.6.5
[INFO] [stderr]   Downloaded serde-inline-default v1.0.2
[INFO] [stderr]   Downloaded tsify v0.5.8
[INFO] running `Command { std: "docker" "create" "-v" "/var/lib/crater-agent-workspace/builds/worker-4-tc1/source:/opt/rustwide/workdir:ro,Z" "-v" "/var/lib/crater-agent-workspace/builds/worker-4-tc1/target:/opt/rustwide/target:rw,Z" "-v" "/var/lib/crater-agent-workspace/cargo-home:/opt/rustwide/cargo-home:ro,Z" "-v" "/var/lib/crater-agent-workspace/rustup-home:/opt/rustwide/rustup-home:ro,Z" "-m" "1610612736" "--network" "none" "ghcr.io/rust-lang/crates-build-env/linux@sha256:3111399a4047eeb3a02b7a90e478d715f38a8c6669b5c4b49d30a17385265909" "sleep" "infinity", kill_on_drop: false }`
[INFO] [stdout] 7be8ff5c8b3fed7cdc3259096d7c4a8d2bd28f9b4bac2f3a5b929bd5fd55da0e
[INFO] running `Command { std: "docker" "start" "7be8ff5c8b3fed7cdc3259096d7c4a8d2bd28f9b4bac2f3a5b929bd5fd55da0e", kill_on_drop: false }`
[INFO] running `Command { std: "docker" "inspect" "7be8ff5c8b3fed7cdc3259096d7c4a8d2bd28f9b4bac2f3a5b929bd5fd55da0e", kill_on_drop: false }`
[INFO] running `Command { std: "docker" "exec" "-e" "SOURCE_DIR=/opt/rustwide/workdir" "-e" "CARGO_HOME=/opt/rustwide/cargo-home" "-e" "RUSTUP_HOME=/opt/rustwide/rustup-home" "-e" "CARGO_TARGET_DIR=/opt/rustwide/target" "-w" "/opt/rustwide/workdir" "--user" "0:0" "7be8ff5c8b3fed7cdc3259096d7c4a8d2bd28f9b4bac2f3a5b929bd5fd55da0e" "/opt/rustwide/cargo-home/bin/cargo" "+1.99.0-beta.8" "metadata" "--no-deps" "--format-version=1", kill_on_drop: false }`
[INFO] running `Command { std: "docker" "inspect" "7be8ff5c8b3fed7cdc3259096d7c4a8d2bd28f9b4bac2f3a5b929bd5fd55da0e", kill_on_drop: false }`
[INFO] running `Command { std: "docker" "exec" "-e" "SOURCE_DIR=/opt/rustwide/workdir" "-e" "CARGO_HOME=/opt/rustwide/cargo-home" "-e" "RUSTUP_HOME=/opt/rustwide/rustup-home" "-e" "CARGO_TARGET_DIR=/opt/rustwide/target" "-e" "CARGO_INCREMENTAL=0" "-e" "RUST_BACKTRACE=full" "-e" "RUSTFLAGS=--cap-lints=warn" "-e" "RUSTDOCFLAGS=--cap-lints=warn" "-w" "/opt/rustwide/workdir" "--user" "0:0" "7be8ff5c8b3fed7cdc3259096d7c4a8d2bd28f9b4bac2f3a5b929bd5fd55da0e" "/opt/rustwide/cargo-home/bin/cargo" "+1.99.0-beta.8" "build" "--frozen" "--message-format=json", kill_on_drop: false }`
[INFO] [stderr]    Compiling serde_core v1.0.229
[INFO] [stderr]    Compiling syn v3.0.4
[INFO] [stderr]    Compiling crunchy v0.2.4
[INFO] [stderr]    Compiling libc v0.2.189
[INFO] [stderr]    Compiling serde v1.0.229
[INFO] [stderr]    Compiling ucd-trie v0.1.7
[INFO] [stderr]    Compiling once_cell v1.21.4
[INFO] [stderr]    Compiling syn v2.0.119
[INFO] [stderr]    Compiling foldhash v0.2.0
[INFO] [stderr]    Compiling tiny-keccak v2.0.2
[INFO] [stderr]    Compiling pest v2.9.0
[INFO] [stderr]    Compiling thiserror v2.0.20
[INFO] [stderr]    Compiling hashbrown v0.16.1
[INFO] [stderr]    Compiling winnow v1.0.4
[INFO] [stderr]    Compiling arraydeque v0.5.1
[INFO] [stderr]    Compiling toml_writer v1.1.2+spec-1.1.0
[INFO] [stderr]    Compiling convert_case v0.6.0
[INFO] [stderr]    Compiling hashlink v0.11.1
[INFO] [stderr]    Compiling pathdiff v0.2.3
[INFO] [stderr]    Compiling yaml-rust2 v0.11.1
[INFO] [stderr]    Compiling miniz_oxide v0.9.1
[INFO] [stderr]    Compiling getrandom v0.2.17
[INFO] [stderr]    Compiling toml_parser v1.1.3+spec-1.1.0
[INFO] [stderr]    Compiling const-random-macro v0.1.16
[INFO] [stderr]    Compiling const-random v0.1.18
[INFO] [stderr]    Compiling pest_meta v2.9.0
[INFO] [stderr]    Compiling dlv-list v0.5.2
[INFO] [stderr]    Compiling ordered-multimap v0.7.3
[INFO] [stderr]    Compiling rust-ini v0.21.3
[INFO] [stderr]    Compiling pest_generator v2.9.0
[INFO] [stderr]    Compiling erased-serde v0.4.10
[INFO] [stderr]    Compiling toml_datetime v1.1.1+spec-1.1.0
[INFO] [stderr]    Compiling bitflags v2.13.1
[INFO] [stderr]    Compiling serde_spanned v1.1.1
[INFO] [stderr]    Compiling serde_json v1.0.151
[INFO] [stderr]    Compiling toml v1.1.4+spec-1.1.0
[INFO] [stderr]    Compiling serde-untagged v0.1.9
[INFO] [stderr]    Compiling pest_derive v2.9.0
[INFO] [stderr]    Compiling serde_derive v1.0.229
[INFO] [stderr]    Compiling thiserror-impl v2.0.20
[INFO] [stderr]    Compiling async-trait v0.1.92
[INFO] [stderr]    Compiling serde-inline-default v1.0.2
[INFO] [stderr]    Compiling cobs v0.3.0
[INFO] [stderr]    Compiling json5 v0.4.1
[INFO] [stderr]    Compiling ron v0.12.2
[INFO] [stderr]    Compiling postcard v1.1.3
[INFO] [stderr]    Compiling config v0.15.25
[INFO] [stderr]    Compiling rmk-config v0.8.0 (/opt/rustwide/workdir)
[INFO] [stderr]     Finished `dev` profile [unoptimized + debuginfo] target(s) in 46.67s
[INFO] running `Command { std: "docker" "inspect" "7be8ff5c8b3fed7cdc3259096d7c4a8d2bd28f9b4bac2f3a5b929bd5fd55da0e", kill_on_drop: false }`
[INFO] running `Command { std: "docker" "exec" "-e" "SOURCE_DIR=/opt/rustwide/workdir" "-e" "CARGO_HOME=/opt/rustwide/cargo-home" "-e" "RUSTUP_HOME=/opt/rustwide/rustup-home" "-e" "CARGO_TARGET_DIR=/opt/rustwide/target" "-e" "CARGO_INCREMENTAL=0" "-e" "RUST_BACKTRACE=full" "-e" "RUSTFLAGS=--cap-lints=warn" "-e" "RUSTDOCFLAGS=--cap-lints=warn" "-w" "/opt/rustwide/workdir" "--user" "0:0" "7be8ff5c8b3fed7cdc3259096d7c4a8d2bd28f9b4bac2f3a5b929bd5fd55da0e" "/opt/rustwide/cargo-home/bin/cargo" "+1.99.0-beta.8" "test" "--frozen" "--no-run" "--message-format=json", kill_on_drop: false }`
[INFO] [stderr]    Compiling rmk-config v0.8.0 (/opt/rustwide/workdir)
[INFO] [stderr]     Finished `test` profile [unoptimized + debuginfo] target(s) in 18.55s
[INFO] running `Command { std: "docker" "inspect" "7be8ff5c8b3fed7cdc3259096d7c4a8d2bd28f9b4bac2f3a5b929bd5fd55da0e", kill_on_drop: false }`
[INFO] running `Command { std: "docker" "exec" "-e" "SOURCE_DIR=/opt/rustwide/workdir" "-e" "CARGO_HOME=/opt/rustwide/cargo-home" "-e" "RUSTUP_HOME=/opt/rustwide/rustup-home" "-e" "CARGO_TARGET_DIR=/opt/rustwide/target" "-e" "CARGO_INCREMENTAL=0" "-e" "RUST_BACKTRACE=full" "-e" "RUSTFLAGS=--cap-lints=warn" "-e" "RUSTDOCFLAGS=--cap-lints=warn" "-w" "/opt/rustwide/workdir" "--user" "0:0" "7be8ff5c8b3fed7cdc3259096d7c4a8d2bd28f9b4bac2f3a5b929bd5fd55da0e" "/opt/rustwide/cargo-home/bin/cargo" "+1.99.0-beta.8" "test" "--frozen", kill_on_drop: false }`
[INFO] [stderr]     Finished `test` profile [unoptimized + debuginfo] target(s) in 0.16s
[INFO] [stderr]      Running unittests src/lib.rs (/opt/rustwide/target/debug/deps/rmk_config-b63619dd69a098fd)
[INFO] [stdout] 
[INFO] [stdout] running 96 tests
[INFO] [stdout] test board::tests::serial_ports_must_cover_peripherals ... ok
[INFO] [stdout] test board::tests::ble_split_without_addr_is_valid ... ok
[INFO] [stdout] test board::tests::normal_matrix_dims_must_match_pins ... ok
[INFO] [stdout] test board::tests::overlapping_regions_are_rejected ... ok
[INFO] [stdout] test board::tests::peripheral_needs_exactly_one_serial_port ... ok
[INFO] [stdout] test board::tests::regions_must_fit_layout ... ok
[INFO] [stdout] test board::tests::direct_pin_dims_must_match_grid ... ok
[INFO] [stdout] test keymap::tests::alias_recursion_depth_is_bounded ... ok
[INFO] [stdout] test keymap::tests::alias_ends_at_delimiters ... ok
[INFO] [stdout] test board::tests::transport_must_match_connection ... ok
[INFO] [stdout] test keymap::tests::bare_at_is_literal ... ok
[INFO] [stdout] test keymap::tests::encoders_resolve_without_a_board ... ok
[INFO] [stdout] test keymap::tests::double_slash_is_not_a_comment ... ok
[INFO] [stdout] test keymap::tests::layer_with_all_encoders_is_accepted ... ok
[INFO] [stdout] test keymap::tests::empty_keymap_is_rejected ... ok
[INFO] [stdout] test keymap::tests::explicit_layers_below_block_count_is_rejected ... ok
[INFO] [stdout] test keymap::tests::explicit_layers_reserves_extra_transparent_layers ... ok
[INFO] [stdout] test keymap::tests::layer_with_no_encoders_is_accepted ... ok
[INFO] [stdout] test board::tests::direct_pin_rejects_jagged_rows ... ok
[INFO] [stdout] test keymap::tests::explicit_zero_layers_is_rejected ... ok
[INFO] [stdout] test keymap::tests::layer_with_more_encoders_than_hardware_is_rejected ... ok
[INFO] [stdout] test keymap::tests::layers_defaults_to_block_count ... ok
[INFO] [stdout] test keymap::tests::malformed_layer_returns_err_not_panic ... ok
[INFO] [stdout] test keymap::tests::layer_with_partial_encoders_is_rejected ... ok
[INFO] [stdout] test keymap::tests::numeric_layer_reference_must_be_in_range ... ok
[INFO] [stdout] test keymap::tests::test_composite_actions_rejected_in_slots ... ok
[INFO] [stdout] test keymap::tests::test_held_modifier_action_parsing ... ok
[INFO] [stdout] test keymap::tests::test_macro_grammar ... ok
[INFO] [stdout] test keymap::tests::test_keymap_parser_with_comma_alias ... ok
[INFO] [stdout] test keymap::tests::test_comma_separator_compatibility_in_multi_arg_actions ... ok
[INFO] [stdout] test keymap::tests::test_keymap_parser_with_no_actions ... ok
[INFO] [stdout] test keymap::tests::test_morse_action_parsing ... ok
[INFO] [stdout] test keymap::tests::test_no_action_parsing ... ok
[INFO] [stdout] test keymap::tests::test_single_key_arg_actions_accept_symbol_comma ... ok
[INFO] [stdout] test keymap::tests::undefined_alias_reports_bare_name ... ok
[INFO] [stdout] test keymap::tests::under_filled_layer_is_rejected ... ok
[INFO] [stdout] test keymap::tests::test_layer_name_resolution_nested ... ok
[INFO] [stdout] test keymap::tests::test_morse_action_grammar ... ok
[INFO] [stdout] test keymap::tests::test_multi_arg_actions_reject_symbol_comma_as_key_argument ... ok
[INFO] [stdout] test keymap::tests::test_no_vs_no_prefixed_keycodes ... ok
[INFO] [stdout] test keymap::tests::test_macro_trigger_action_parsing ... ok
[INFO] [stdout] test keymap::tests::test_nested_actions_in_tap_hold_slots ... ok
[INFO] [stdout] test layout::tests::duplicate_coord_is_rejected ... ok
[INFO] [stdout] test layout::tests::empty_blob_decodes_to_empty_layout ... ok
[INFO] [stdout] test layout::tests::bare_keys_make_a_unit_grid ... ok
[INFO] [stdout] test layout::tests::corne_worked_example ... ok
[INFO] [stdout] test layout::tests::blob_round_trips_through_compression ... ok
[INFO] [stdout] test layout::tests::encoder_count_must_match_board ... ok
[INFO] [stdout] test layout::tests::encoder_ids_must_be_unique_and_dense ... ok
[INFO] [stdout] test layout::tests::encoder_shape_is_rejected ... ok
[INFO] [stdout] test layout::tests::encoders_reflow_per_variant ... ok
[INFO] [stdout] test layout::tests::hidden_keys_reflow_inside_a_rotation_region ... ok
[INFO] [stdout] test layout::tests::iso_variant_reflows_to_match_ansi ... ok
[INFO] [stdout] test layout::tests::example_nrf52840_numpad_layout ... ok
[INFO] [stdout] test layout::tests::multi_variant_60_blob_is_small ... ok
[INFO] [stdout] test layout::tests::rotation_is_rigid_across_rows ... ok
[INFO] [stdout] test layout::tests::multi_variant_60_percent ... ok
[INFO] [stdout] test layout::tests::rotation_without_pivot_is_rejected ... ok
[INFO] [stdout] test layout::tests::out_of_bounds_coord_is_rejected ... ok
[INFO] [stdout] test layout::tests::non_finite_shape_is_rejected ... ok
[INFO] [stdout] test layout::tests::pivot_metadata_mirrors_the_active_region ... ok
[INFO] [stdout] test layout::tests::rotation_composes_with_shape_r_and_swings_encoders ... ok
[INFO] [stdout] test layout::tests::rotation_region_swings_keys_about_the_pivot ... ok
[INFO] [stdout] test layout::tests::blob_sizes_stay_firmware_friendly ... ok
[INFO] [stdout] test layout::tests::rotation_zero_ends_the_region ... ok
[INFO] [stdout] test layout::tests::stock_width_moves_the_cursor ... ok
[INFO] [stdout] test layout::tests::leading_y_step_is_dropped ... ok
[INFO] [stdout] test layout::tests::y_step_shifts_every_row_below ... ok
[INFO] [stdout] test layout::tests::unknown_default_variant_falls_back_to_zero ... ok
[INFO] [stdout] test layout::tests::variant_target_must_be_a_real_key ... ok
[INFO] [stdout] test layout::tests::y_step_is_one_shot_and_lazy ... ok
[INFO] [stdout] test layout::tests::split_corne_36_key_variant ... ok
[INFO] [stdout] test resolved::build_constants::tests::auto_mouse_layer_max_num_explicitly_too_small_is_rejected ... ok
[INFO] [stdout] test resolved::behavior::tests::morse_profile_enable_flow_tap_resolves_as_override ... ok
[INFO] [stdout] test resolved::behavior::tests::morse_profiles_overflowing_morse_profile_max_num_is_an_error ... ok
[INFO] [stdout] test layout::tests::stock_iso_enter_is_a_true_l ... ok
[INFO] [stdout] test resolved::build_constants::tests::auto_mouse_layer_within_capacity_is_accepted ... ok
[INFO] [stdout] test resolved::build_constants::tests::ble_reserves_advertising_timeout_wake_subscribers ... ok
[INFO] [stdout] test resolved::build_constants::tests::configless_split_has_no_battery_peripheral_ids ... ok
[INFO] [stdout] test resolved::build_constants::tests::rejects_peripheral_battery_user_description_without_adc_pin ... ok
[INFO] [stdout] test resolved::build_constants::tests::deactivate_on_key_without_action_subs_is_rejected ... ok
[INFO] [stdout] test resolved::build_constants::tests::deactivate_on_key_with_action_subs_set_is_accepted ... ok
[INFO] [stdout] test resolved::build_constants::tests::reserves_led_subscribers_for_display_split_and_dual_rynk_sessions ... ok
[INFO] [stdout] test resolved::build_constants::tests::non_split_does_not_reserve_peripheral_battery_subscriber ... ok
[INFO] [stdout] test resolved::build_constants::tests::resolves_custom_battery_user_descriptions ... ok
[INFO] [stdout] test resolved::build_constants::tests::split_without_battery_ids_does_not_reserve_peripheral_battery_subscriber ... ok
[INFO] [stdout] test resolved::build_constants::tests::split_with_battery_ids_uses_zero_based_peripheral_ids ... ok
[INFO] [stdout] test resolved::build_constants::tests::resolves_split_battery_peripheral_ids ... ok
[INFO] [stdout] test resolved::build_constants::tests::uses_default_timeout ... ok
[INFO] [stdout] test resolved::build_constants::tests::split_ble_reserves_peripheral_battery_subscriber_only_with_battery_ids ... ok
[INFO] [stdout] test resolved::build_constants::tests::validates_passkey_timeout ... ok
[INFO] [stdout] test resolved::build_constants::tests::validates_capability_wire_widths ... ok
[INFO] [stdout] test tests::test_event_config_default_values ... ok
[INFO] [stdout] test tests::rmk_count_limits_fit_u8_capability_fields ... ok
[INFO] [stdout] test tests::test_event_config_partial_override_with_event_defaults_loader ... ok
[INFO] [stdout] test tests::test_event_config_user_override ... ok
[INFO] [stdout] 
[INFO] [stdout] test result: ok. 96 passed; 0 failed; 0 ignored; 0 measured; 0 filtered out; finished in 0.09s
[INFO] [stdout] 
[INFO] [stderr]      Running tests/keyboard_toml_validation.rs (/opt/rustwide/target/debug/deps/keyboard_toml_validation-af8b2cefe6ecb942)
[INFO] [stdout] 
[INFO] [stdout] running 8 tests
[INFO] [stdout] test alias_keys_reject_delimiter_characters ... ok
[INFO] [stdout] test dfu_storage_conflict_absent_without_user_storage ... ok
[INFO] [stdout] test dfu_unlock_keys_reject_positions_outside_layout ... ok
[INFO] [stdout] test dfu_unlock_keys_reject_too_many_entries ... ok
[INFO] [stdout] test dfu_storage_conflict_reports_explicit_storage_keys ... ok
[INFO] [stdout] test all_use_config_examples_resolve ... FAILED
[INFO] [stdout] test host_unlock_keys_reject_too_many_entries ... ok
[INFO] [stdout] test unknown_keys_are_rejected ... ok
[INFO] [stdout] 
[INFO] [stdout] failures:
[INFO] [stdout] 
[INFO] [stdout] ---- all_use_config_examples_resolve stdout ----
[INFO] [stdout] 
[INFO] [stdout] thread 'all_use_config_examples_resolve' (940) panicked at tests/keyboard_toml_validation.rs:55:10:
[INFO] [stdout] read examples/use_config: Os { code: 2, kind: NotFound, message: "No such file or directory" }
[INFO] [stdout] stack backtrace:
[INFO] [stdout]    0:     0x56878ecf7721 - std[70759c8f55707aa4]::backtrace_rs::backtrace::libunwind::trace
[INFO] [stdout]                                at /rustc/dfb0accb7f508ae8be965d8629557221c889dd98/library/std/src/../../backtrace/src/backtrace/libunwind.rs:117:9
[INFO] [stdout]    1:     0x56878ecf7721 - std[70759c8f55707aa4]::backtrace_rs::backtrace::trace_unsynchronized::<std[70759c8f55707aa4]::sys::backtrace::_print_fmt::{closure#1}>
[INFO] [stdout]                                at /rustc/dfb0accb7f508ae8be965d8629557221c889dd98/library/std/src/../../backtrace/src/backtrace/mod.rs:66:14
[INFO] [stdout]    2:     0x56878ecf7721 - std[70759c8f55707aa4]::sys::backtrace::_print_fmt
[INFO] [stdout]                                at /rustc/dfb0accb7f508ae8be965d8629557221c889dd98/library/std/src/sys/backtrace.rs:74:9
[INFO] [stdout]    3:     0x56878ecf7721 - <<std[70759c8f55707aa4]::sys::backtrace::BacktraceLock>::print::DisplayBacktrace as core[df12db4294e9bfd3]::fmt::Display>::fmt
[INFO] [stdout]                                at /rustc/dfb0accb7f508ae8be965d8629557221c889dd98/library/std/src/sys/backtrace.rs:44:26
[INFO] [stdout]    4:     0x56878ed0f21a - <core[df12db4294e9bfd3]::fmt::rt::Argument>::fmt
[INFO] [stdout]                                at /rustc/dfb0accb7f508ae8be965d8629557221c889dd98/library/core/src/fmt/rt.rs:152:76
[INFO] [stdout]    5:     0x56878ed0f21a - core[df12db4294e9bfd3]::fmt::write
[INFO] [stdout]    6:     0x56878ecfbe8c - core[df12db4294e9bfd3]::io::write::default_write_fmt::<alloc[2182bb758b4b3781]::vec::Vec<u8>>
[INFO] [stdout]                                at /rustc/dfb0accb7f508ae8be965d8629557221c889dd98/library/core/src/io/write.rs:402:11
[INFO] [stdout]    7:     0x56878ecfbe8c - <alloc[2182bb758b4b3781]::vec::Vec<u8> as core[df12db4294e9bfd3]::io::write::Write>::write_fmt
[INFO] [stdout]                                at /rustc/dfb0accb7f508ae8be965d8629557221c889dd98/library/core/src/io/write.rs:335:13
[INFO] [stdout]    8:     0x56878ecd2a76 - <std[70759c8f55707aa4]::sys::backtrace::BacktraceLock>::print
[INFO] [stdout]                                at /rustc/dfb0accb7f508ae8be965d8629557221c889dd98/library/std/src/sys/backtrace.rs:47:9
[INFO] [stdout]    9:     0x56878ecd2a76 - std[70759c8f55707aa4]::panicking::default_hook::{closure#0}
[INFO] [stdout]                                at /rustc/dfb0accb7f508ae8be965d8629557221c889dd98/library/std/src/panicking.rs:292:27
[INFO] [stdout]   10:     0x56878ecef4e9 - std[70759c8f55707aa4]::panicking::default_hook
[INFO] [stdout]                                at /rustc/dfb0accb7f508ae8be965d8629557221c889dd98/library/std/src/panicking.rs:316:9
[INFO] [stdout]   11:     0x56878e8ed290 - <alloc[2182bb758b4b3781]::boxed::Box<dyn for<'a, 'b> core[df12db4294e9bfd3]::ops::function::Fn<(&'a std[70759c8f55707aa4]::panic::PanicHookInfo<'b>,), Output = ()> + core[df12db4294e9bfd3]::marker::Send + core[df12db4294e9bfd3]::marker::Sync> as core[df12db4294e9bfd3]::ops::function::Fn<(&std[70759c8f55707aa4]::panic::PanicHookInfo,)>>::call
[INFO] [stdout]                                at /rustc/dfb0accb7f508ae8be965d8629557221c889dd98/library/alloc/src/boxed.rs:2334:9
[INFO] [stdout]   12:     0x56878e8ed290 - test[9d35eded1c95d3be]::test_main_inner::<test[9d35eded1c95d3be]::test_main_static::{closure#0}>::{closure#0}
[INFO] [stdout]                                at /rustc/dfb0accb7f508ae8be965d8629557221c889dd98/library/test/src/lib.rs:155:21
[INFO] [stdout]   13:     0x56878ecef6a2 - <alloc[2182bb758b4b3781]::boxed::Box<dyn for<'a, 'b> core[df12db4294e9bfd3]::ops::function::Fn<(&'a std[70759c8f55707aa4]::panic::PanicHookInfo<'b>,), Output = ()> + core[df12db4294e9bfd3]::marker::Send + core[df12db4294e9bfd3]::marker::Sync> as core[df12db4294e9bfd3]::ops::function::Fn<(&std[70759c8f55707aa4]::panic::PanicHookInfo,)>>::call
[INFO] [stdout]                                at /rustc/dfb0accb7f508ae8be965d8629557221c889dd98/library/alloc/src/boxed.rs:2334:9
[INFO] [stdout]   14:     0x56878ecef6a2 - std[70759c8f55707aa4]::panicking::panic_with_hook
[INFO] [stdout]                                at /rustc/dfb0accb7f508ae8be965d8629557221c889dd98/library/std/src/panicking.rs:823:13
[INFO] [stdout]   15:     0x56878ecd2b22 - std[70759c8f55707aa4]::panicking::panic_handler::{closure#0}
[INFO] [stdout]                                at /rustc/dfb0accb7f508ae8be965d8629557221c889dd98/library/std/src/panicking.rs:688:13
[INFO] [stdout]   16:     0x56878eccb5c9 - std[70759c8f55707aa4]::sys::backtrace::__rust_end_short_backtrace::<std[70759c8f55707aa4]::panicking::panic_handler::{closure#0}, !>
[INFO] [stdout]                                at /rustc/dfb0accb7f508ae8be965d8629557221c889dd98/library/std/src/sys/backtrace.rs:182:18
[INFO] [stdout]   17:     0x56878ecd371d - __rustc[8fa7c3cbc660c2b3]::rust_begin_unwind
[INFO] [stdout]                                at /rustc/dfb0accb7f508ae8be965d8629557221c889dd98/library/std/src/panicking.rs:679:5
[INFO] [stdout]   18:     0x56878ed0fa8c - core[df12db4294e9bfd3]::panicking::panic_fmt
[INFO] [stdout]                                at /rustc/dfb0accb7f508ae8be965d8629557221c889dd98/library/core/src/panicking.rs:80:14
[INFO] [stdout]   19:     0x56878ed0f7e2 - core[df12db4294e9bfd3]::result::unwrap_failed
[INFO] [stdout]                                at /rustc/dfb0accb7f508ae8be965d8629557221c889dd98/library/core/src/result.rs:1871:5
[INFO] [stdout]   20:     0x56878e85ff88 - <core[df12db4294e9bfd3]::result::Result<std[70759c8f55707aa4]::fs::ReadDir, core[df12db4294e9bfd3]::io::error::Error>>::expect
[INFO] [stdout]                                at /rustc/dfb0accb7f508ae8be965d8629557221c889dd98/library/core/src/result.rs:1184:23
[INFO] [stdout]   21:     0x56878e8d38c4 - keyboard_toml_validation[499e9e82e5d5818b]::all_use_config_examples_resolve
[INFO] [stdout]                                at /opt/rustwide/workdir/tests/keyboard_toml_validation.rs:55:10
[INFO] [stdout]   22:     0x56878e8d20a7 - keyboard_toml_validation[499e9e82e5d5818b]::all_use_config_examples_resolve::{closure#0}
[INFO] [stdout]                                at /opt/rustwide/workdir/tests/keyboard_toml_validation.rs:51:37
[INFO] [stdout]   23:     0x56878e8c3b46 - <keyboard_toml_validation[499e9e82e5d5818b]::all_use_config_examples_resolve::{closure#0} as core[df12db4294e9bfd3]::ops::function::FnOnce<()>>::call_once
[INFO] [stdout]                                at /rustc/dfb0accb7f508ae8be965d8629557221c889dd98/library/core/src/ops/function.rs:250:5
[INFO] [stdout]   24:     0x56878e8e057b - <fn() -> core[df12db4294e9bfd3]::result::Result<(), alloc[2182bb758b4b3781]::string::String> as core[df12db4294e9bfd3]::ops::function::FnOnce<()>>::call_once
[INFO] [stdout]                                at /rustc/dfb0accb7f508ae8be965d8629557221c889dd98/library/core/src/ops/function.rs:250:5
[INFO] [stdout]   25:     0x56878e8e057b - test[9d35eded1c95d3be]::__rust_begin_short_backtrace::<core[df12db4294e9bfd3]::result::Result<(), alloc[2182bb758b4b3781]::string::String>, fn() -> core[df12db4294e9bfd3]::result::Result<(), alloc[2182bb758b4b3781]::string::String>>
[INFO] [stdout]                                at /rustc/dfb0accb7f508ae8be965d8629557221c889dd98/library/test/src/lib.rs:733:18
[INFO] [stdout]   26:     0x56878e8edbe5 - test[9d35eded1c95d3be]::run_test_in_process::{closure#0}
[INFO] [stdout]                                at /rustc/dfb0accb7f508ae8be965d8629557221c889dd98/library/test/src/lib.rs:756:74
[INFO] [stdout]   27:     0x56878e8edbe5 - <core[df12db4294e9bfd3]::panic::unwind_safe::AssertUnwindSafe<test[9d35eded1c95d3be]::run_test_in_process::{closure#0}> as core[df12db4294e9bfd3]::ops::function::FnOnce<()>>::call_once
[INFO] [stdout]                                at /rustc/dfb0accb7f508ae8be965d8629557221c889dd98/library/core/src/panic/unwind_safe.rs:275:9
[INFO] [stdout]   28:     0x56878e8edbe5 - std[70759c8f55707aa4]::panicking::catch_unwind::do_call::<core[df12db4294e9bfd3]::panic::unwind_safe::AssertUnwindSafe<test[9d35eded1c95d3be]::run_test_in_process::{closure#0}>, core[df12db4294e9bfd3]::result::Result<(), alloc[2182bb758b4b3781]::string::String>>
[INFO] [stdout]                                at /rustc/dfb0accb7f508ae8be965d8629557221c889dd98/library/std/src/panicking.rs:576:43
[INFO] [stdout]   29:     0x56878e8edbe5 - std[70759c8f55707aa4]::panicking::catch_unwind::<core[df12db4294e9bfd3]::result::Result<(), alloc[2182bb758b4b3781]::string::String>, core[df12db4294e9bfd3]::panic::unwind_safe::AssertUnwindSafe<test[9d35eded1c95d3be]::run_test_in_process::{closure#0}>>
[INFO] [stdout]                                at /rustc/dfb0accb7f508ae8be965d8629557221c889dd98/library/std/src/panicking.rs:544:19
[INFO] [stdout]   30:     0x56878e8edbe5 - std[70759c8f55707aa4]::panic::catch_unwind::<core[df12db4294e9bfd3]::panic::unwind_safe::AssertUnwindSafe<test[9d35eded1c95d3be]::run_test_in_process::{closure#0}>, core[df12db4294e9bfd3]::result::Result<(), alloc[2182bb758b4b3781]::string::String>>
[INFO] [stdout]                                at /rustc/dfb0accb7f508ae8be965d8629557221c889dd98/library/std/src/panic.rs:359:14
[INFO] [stdout]   31:     0x56878e8edbe5 - test[9d35eded1c95d3be]::run_test_in_process
[INFO] [stdout]                                at /rustc/dfb0accb7f508ae8be965d8629557221c889dd98/library/test/src/lib.rs:756:27
[INFO] [stdout]   32:     0x56878e8edbe5 - test[9d35eded1c95d3be]::run_test::{closure#0}
[INFO] [stdout]                                at /rustc/dfb0accb7f508ae8be965d8629557221c889dd98/library/test/src/lib.rs:677:43
[INFO] [stdout]   33:     0x56878e8e74a4 - test[9d35eded1c95d3be]::run_test::{closure#1}
[INFO] [stdout]                                at /rustc/dfb0accb7f508ae8be965d8629557221c889dd98/library/test/src/lib.rs:707:41
[INFO] [stdout]   34:     0x56878e8e74a4 - std[70759c8f55707aa4]::sys::backtrace::__rust_begin_short_backtrace::<test[9d35eded1c95d3be]::run_test::{closure#1}, ()>
[INFO] [stdout]                                at /rustc/dfb0accb7f508ae8be965d8629557221c889dd98/library/std/src/sys/backtrace.rs:166:18
[INFO] [stdout]   35:     0x56878e8f0d42 - std[70759c8f55707aa4]::thread::lifecycle::spawn_unchecked::<test[9d35eded1c95d3be]::run_test::{closure#1}, ()>::{closure#1}::{closure#0}
[INFO] [stdout]                                at /rustc/dfb0accb7f508ae8be965d8629557221c889dd98/library/std/src/thread/lifecycle.rs:70:13
[INFO] [stdout]   36:     0x56878e8f0d42 - <core[df12db4294e9bfd3]::panic::unwind_safe::AssertUnwindSafe<std[70759c8f55707aa4]::thread::lifecycle::spawn_unchecked<test[9d35eded1c95d3be]::run_test::{closure#1}, ()>::{closure#1}::{closure#0}> as core[df12db4294e9bfd3]::ops::function::FnOnce<()>>::call_once
[INFO] [stdout]                                at /rustc/dfb0accb7f508ae8be965d8629557221c889dd98/library/core/src/panic/unwind_safe.rs:275:9
[INFO] [stdout]   37:     0x56878e8f0d42 - std[70759c8f55707aa4]::panicking::catch_unwind::do_call::<core[df12db4294e9bfd3]::panic::unwind_safe::AssertUnwindSafe<std[70759c8f55707aa4]::thread::lifecycle::spawn_unchecked<test[9d35eded1c95d3be]::run_test::{closure#1}, ()>::{closure#1}::{closure#0}>, ()>
[INFO] [stdout]                                at /rustc/dfb0accb7f508ae8be965d8629557221c889dd98/library/std/src/panicking.rs:576:43
[INFO] [stdout]   38:     0x56878e8f0d42 - std[70759c8f55707aa4]::panicking::catch_unwind::<(), core[df12db4294e9bfd3]::panic::unwind_safe::AssertUnwindSafe<std[70759c8f55707aa4]::thread::lifecycle::spawn_unchecked<test[9d35eded1c95d3be]::run_test::{closure#1}, ()>::{closure#1}::{closure#0}>>
[INFO] [stdout]                                at /rustc/dfb0accb7f508ae8be965d8629557221c889dd98/library/std/src/panicking.rs:544:19
[INFO] [stdout]   39:     0x56878e8f0d42 - std[70759c8f55707aa4]::panic::catch_unwind::<core[df12db4294e9bfd3]::panic::unwind_safe::AssertUnwindSafe<std[70759c8f55707aa4]::thread::lifecycle::spawn_unchecked<test[9d35eded1c95d3be]::run_test::{closure#1}, ()>::{closure#1}::{closure#0}>, ()>
[INFO] [stdout]                                at /rustc/dfb0accb7f508ae8be965d8629557221c889dd98/library/std/src/panic.rs:359:14
[INFO] [stdout]   40:     0x56878e8f0d42 - std[70759c8f55707aa4]::thread::lifecycle::spawn_unchecked::<test[9d35eded1c95d3be]::run_test::{closure#1}, ()>::{closure#1}
[INFO] [stdout]                                at /rustc/dfb0accb7f508ae8be965d8629557221c889dd98/library/std/src/thread/lifecycle.rs:68:26
[INFO] [stdout]   41:     0x56878e8f0d42 - <std[70759c8f55707aa4]::thread::lifecycle::spawn_unchecked<test[9d35eded1c95d3be]::run_test::{closure#1}, ()>::{closure#1} as core[df12db4294e9bfd3]::ops::function::FnOnce<()>>::call_once::{shim:vtable#0}
[INFO] [stdout]                                at /rustc/dfb0accb7f508ae8be965d8629557221c889dd98/library/core/src/ops/function.rs:250:5
[INFO] [stdout]   42:     0x56878ecf6ab9 - <alloc[2182bb758b4b3781]::boxed::Box<dyn core[df12db4294e9bfd3]::ops::function::FnOnce<(), Output = ()> + core[df12db4294e9bfd3]::marker::Send> as core[df12db4294e9bfd3]::ops::function::FnOnce<()>>::call_once
[INFO] [stdout]                                at /rustc/dfb0accb7f508ae8be965d8629557221c889dd98/library/alloc/src/boxed.rs:2320:9
[INFO] [stdout]   43:     0x56878ecf6ab9 - <std[70759c8f55707aa4]::sys::thread::unix::Thread>::new::thread_start
[INFO] [stdout]                                at /rustc/dfb0accb7f508ae8be965d8629557221c889dd98/library/std/src/sys/thread/unix.rs:123:17
[INFO] [stdout]   44:     0x72831dc8edfa - <unknown>
[INFO] [stdout]   45:     0x72831dd223d4 - clone
[INFO] [stdout]   46:                0x0 - <unknown>
[INFO] [stdout] 
[INFO] [stdout] 
[INFO] [stdout] failures:
[INFO] [stdout]     all_use_config_examples_resolve
[INFO] [stdout] 
[INFO] [stdout] test result: FAILED. 7 passed; 1 failed; 0 ignored; 0 measured; 0 filtered out; finished in 0.17s
[INFO] [stdout] 
[INFO] [stderr] error: test failed, to rerun pass `--test keyboard_toml_validation`
[INFO] running `Command { std: "docker" "inspect" "7be8ff5c8b3fed7cdc3259096d7c4a8d2bd28f9b4bac2f3a5b929bd5fd55da0e", kill_on_drop: false }`
[INFO] running `Command { std: "docker" "rm" "-f" "7be8ff5c8b3fed7cdc3259096d7c4a8d2bd28f9b4bac2f3a5b929bd5fd55da0e", kill_on_drop: false }`
[INFO] [stdout] 7be8ff5c8b3fed7cdc3259096d7c4a8d2bd28f9b4bac2f3a5b929bd5fd55da0e
