[INFO] fetching crate rigger 0.26.0...
[INFO] testing rigger-0.26.0 against 1.99.0-beta.8 for beta-1.100-2
[INFO] extracting crate rigger 0.26.0 into /workspace/builds/worker-7-tc1/source
[INFO] started tweaking crates.io crate rigger 0.26.0
[INFO] removed 0 missing tests
[INFO] finished tweaking crates.io crate rigger 0.26.0
[INFO] tweaked toml for crates.io crate rigger 0.26.0 written to /workspace/builds/worker-7-tc1/source/Cargo.toml
[INFO] validating manifest of crates.io crate rigger 0.26.0 on toolchain 1.99.0-beta.8
[INFO] running `Command { std: CARGO_HOME="/workspace/cargo-home" RUSTUP_HOME="/workspace/rustup-home" "/workspace/cargo-home/bin/cargo" "+1.99.0-beta.8" "metadata" "--manifest-path" "Cargo.toml" "--no-deps", kill_on_drop: false }`
[INFO] crate crates.io crate rigger 0.26.0 already has a lockfile, it will not be regenerated
[INFO] running `Command { std: CARGO_HOME="/workspace/cargo-home" RUSTUP_HOME="/workspace/rustup-home" "/workspace/cargo-home/bin/cargo" "+1.99.0-beta.8" "fetch" "--manifest-path" "Cargo.toml", kill_on_drop: false }`
[INFO] [stderr]     Updating crates.io index
[INFO] [stderr]     Blocking waiting for file lock on package cache
[INFO] [stderr]  Downloading crates ...
[INFO] [stderr]   Downloaded toml_parser v1.1.3+spec-1.1.0
[INFO] [stderr]   Downloaded toml_writer v1.1.2+spec-1.1.0
[INFO] [stderr]   Downloaded float-cmp v0.10.0
[INFO] [stderr]   Downloaded normalize-line-endings v0.3.0
[INFO] [stderr]   Downloaded difflib v0.4.0
[INFO] [stderr]   Downloaded defmt-parser v1.0.0
[INFO] [stderr]   Downloaded nonempty v0.12.0
[INFO] [stderr]   Downloaded gix-config-value v0.19.1
[INFO] [stderr]   Downloaded toml v1.1.6+spec-1.1.0
[INFO] [stderr]   Downloaded defmt-macros v1.1.1
[INFO] [stderr]   Downloaded gix-zlib v0.1.0
[INFO] [stderr]   Downloaded gix-worktree-stream v0.36.1
[INFO] [stderr]   Downloaded winresource v0.1.31
[INFO] [stderr]   Downloaded defmt v1.1.1
[INFO] [stderr]   Downloaded winnow v1.0.4
[INFO] [stderr]   Downloaded jiff-tzdb-platform v0.1.3
[INFO] [stderr]   Downloaded unicode-bom v2.0.3
[INFO] [stderr]   Downloaded multiversion_no_op v1.0.0
[INFO] [stderr]   Downloaded gix-note v0.1.1
[INFO] [stderr]   Downloaded multiversion v0.9.0
[INFO] [stderr]   Downloaded gix-submodule v0.34.0
[INFO] [stderr]   Downloaded indexmap v2.14.2
[INFO] [stderr]   Downloaded sha1 v0.10.7
[INFO] [stderr]   Downloaded gix-lock v24.0.0
[INFO] [stderr]   Downloaded gix-ignore v0.22.1
[INFO] [stderr]   Downloaded clap_lex v1.1.1
[INFO] [stderr]   Downloaded faster-hex v0.10.0
[INFO] [stderr]   Downloaded gix-quote v0.8.0
[INFO] [stderr]   Downloaded gix-sec v0.14.2
[INFO] [stderr]   Downloaded gix-shallow v0.13.0
[INFO] [stderr]   Downloaded gix-macros v0.1.6
[INFO] [stderr]   Downloaded gix-chunk v0.8.0
[INFO] [stderr]   Downloaded gix-bitmap v0.4.0
[INFO] [stderr]   Downloaded libredox v0.1.25
[INFO] [stderr]   Downloaded jiff-static v0.2.37
[INFO] [stderr]   Downloaded gix-validate v0.11.4
[INFO] [stderr]   Downloaded gix-utils v0.3.6
[INFO] [stderr]   Downloaded gix-hashtable v0.16.0
[INFO] [stderr]   Downloaded gix-trace v0.1.21
[INFO] [stderr]   Downloaded gix-glob v0.27.1
[INFO] [stderr]   Downloaded multiversion-macros v0.9.0
[INFO] [stderr]   Downloaded core_detect v1.0.0
[INFO] [stderr]   Downloaded gix-refspec v0.45.1
[INFO] [stderr]   Downloaded uluru v3.1.0
[INFO] [stderr]   Downloaded gix-discover v0.55.0
[INFO] [stderr]   Downloaded redox_users v0.5.3
[INFO] [stderr]   Downloaded rsqlite-vfs v0.1.1
[INFO] [stderr]   Downloaded gix-traverse v0.61.0
[INFO] [stderr]   Downloaded gix-revwalk v0.35.0
[INFO] [stderr]   Downloaded gix-tempfile v24.0.0
[INFO] [stderr]   Downloaded gix-fs v0.22.1
[INFO] [stderr]   Downloaded gix-path v0.12.6
[INFO] [stderr]   Downloaded gix-features v0.49.1
[INFO] [stderr]   Downloaded gix-date v0.16.0
[INFO] [stderr]   Downloaded gix-command v0.10.1
[INFO] [stderr]   Downloaded gix-actor v0.42.0
[INFO] [stderr]   Downloaded gix-commitgraph v0.39.0
[INFO] [stderr]   Downloaded gix-packetline v0.22.2
[INFO] [stderr]   Downloaded gix-attributes v0.35.0
[INFO] [stderr]   Downloaded gix-worktree v0.56.0
[INFO] [stderr]   Downloaded gix-index v0.55.0
[INFO] [stderr]   Downloaded gix-url v0.38.0
[INFO] [stderr]   Downloaded gix-pathspec v0.20.0
[INFO] [stderr]   Downloaded gix-revision v0.49.1
[INFO] [stderr]   Downloaded clru v0.6.3
[INFO] [stderr]   Downloaded arc-swap v1.9.2
[INFO] [stderr]   Downloaded gix-imara-diff v0.2.5
[INFO] [stderr]   Downloaded directories v6.0.0
[INFO] [stderr]   Downloaded assert_cmd v2.2.2
[INFO] [stderr]   Downloaded smallvec v1.16.1
[INFO] [stderr]   Downloaded hashlink v0.12.2
[INFO] [stderr]   Downloaded gix-hash v0.26.2
[INFO] [stderr]   Downloaded gix-error v0.3.2
[INFO] [stderr]   Downloaded memmap2 v0.9.11
[INFO] [stderr]   Downloaded gix-filter v0.34.0
[INFO] [stderr]   Downloaded gix-protocol v0.65.1
[INFO] [stderr]   Downloaded gix-odb v0.84.0
[INFO] [stderr]   Downloaded gix-diff v0.67.1
[INFO] [stderr]   Downloaded portable-atomic-util v0.2.8
[INFO] [stderr]   Downloaded jiff-tzdb v0.1.8
[INFO] [stderr]   Downloaded crc32fast v1.5.2
[INFO] [stderr]   Downloaded heapless v0.8.0
[INFO] [stderr]   Downloaded gix-ref v0.67.1
[INFO] [stderr]   Downloaded gix-transport v0.59.2
[INFO] [stderr]   Downloaded jiff-core v0.1.1
[INFO] [stderr]   Downloaded gix-object v0.64.1
[INFO] [stderr]   Downloaded prodash v31.0.0
[INFO] [stderr]   Downloaded crossbeam-channel v0.5.17
[INFO] [stderr]   Downloaded gix-config v0.60.0
[INFO] [stderr]   Downloaded zlib-rs v0.6.8
[INFO] [stderr]   Downloaded js-sys v0.3.105
[INFO] [stderr]   Downloaded gix-pack v0.74.2
[INFO] [stderr]   Downloaded rusqlite v0.40.2
[INFO] [stderr]   Downloaded gix v0.87.1
[INFO] [stderr]   Downloaded encoding_rs v0.8.41
[INFO] [stderr]   Downloaded jiff v0.2.37
[INFO] [stderr]   Downloaded sha1-checked v0.10.0
[INFO] [stderr]   Downloaded libsqlite3-sys v0.38.2
[INFO] [stderr]   Downloaded sqlite-wasm-rs v0.5.5
[INFO] running `Command { std: "docker" "create" "-v" "/var/lib/crater-agent-workspace/builds/worker-7-tc1/source:/opt/rustwide/workdir:ro,Z" "-v" "/var/lib/crater-agent-workspace/builds/worker-7-tc1/target:/opt/rustwide/target:rw,Z" "-v" "/var/lib/crater-agent-workspace/cargo-home:/opt/rustwide/cargo-home:ro,Z" "-v" "/var/lib/crater-agent-workspace/rustup-home:/opt/rustwide/rustup-home:ro,Z" "-m" "1610612736" "--network" "none" "ghcr.io/rust-lang/crates-build-env/linux@sha256:3111399a4047eeb3a02b7a90e478d715f38a8c6669b5c4b49d30a17385265909" "sleep" "infinity", kill_on_drop: false }`
[INFO] [stdout] d9e9faed8eead9bf4d75f52c8d43e57ce410edc502bc6f8375c255ad3d633632
[INFO] running `Command { std: "docker" "start" "d9e9faed8eead9bf4d75f52c8d43e57ce410edc502bc6f8375c255ad3d633632", kill_on_drop: false }`
[INFO] running `Command { std: "docker" "inspect" "d9e9faed8eead9bf4d75f52c8d43e57ce410edc502bc6f8375c255ad3d633632", kill_on_drop: false }`
[INFO] running `Command { std: "docker" "exec" "-e" "SOURCE_DIR=/opt/rustwide/workdir" "-e" "CARGO_HOME=/opt/rustwide/cargo-home" "-e" "RUSTUP_HOME=/opt/rustwide/rustup-home" "-e" "CARGO_TARGET_DIR=/opt/rustwide/target" "-w" "/opt/rustwide/workdir" "--user" "0:0" "d9e9faed8eead9bf4d75f52c8d43e57ce410edc502bc6f8375c255ad3d633632" "/opt/rustwide/cargo-home/bin/cargo" "+1.99.0-beta.8" "metadata" "--no-deps" "--format-version=1", kill_on_drop: false }`
[INFO] running `Command { std: "docker" "inspect" "d9e9faed8eead9bf4d75f52c8d43e57ce410edc502bc6f8375c255ad3d633632", kill_on_drop: false }`
[INFO] running `Command { std: "docker" "exec" "-e" "SOURCE_DIR=/opt/rustwide/workdir" "-e" "CARGO_HOME=/opt/rustwide/cargo-home" "-e" "RUSTUP_HOME=/opt/rustwide/rustup-home" "-e" "CARGO_TARGET_DIR=/opt/rustwide/target" "-e" "CARGO_INCREMENTAL=0" "-e" "RUST_BACKTRACE=full" "-e" "RUSTFLAGS=--cap-lints=warn" "-e" "RUSTDOCFLAGS=--cap-lints=warn" "-w" "/opt/rustwide/workdir" "--user" "0:0" "d9e9faed8eead9bf4d75f52c8d43e57ce410edc502bc6f8375c255ad3d633632" "/opt/rustwide/cargo-home/bin/cargo" "+1.99.0-beta.8" "build" "--frozen" "--message-format=json", kill_on_drop: false }`
[INFO] [stderr]    Compiling proc-macro2 v1.0.107
[INFO] [stderr]    Compiling unicode-ident v1.0.26
[INFO] [stderr]    Compiling quote v1.0.47
[INFO] [stderr]    Compiling libc v0.2.189
[INFO] [stderr]    Compiling memchr v2.8.3
[INFO] [stderr]    Compiling regex-automata v0.4.18
[INFO] [stderr]    Compiling cfg-if v1.0.5
[INFO] [stderr]    Compiling thiserror v2.0.20
[INFO] [stderr]    Compiling crossbeam-utils v0.8.23
[INFO] [stderr]    Compiling fastrand v2.5.0
[INFO] [stderr]    Compiling smallvec v1.16.1
[INFO] [stderr]    Compiling scopeguard v1.2.0
[INFO] [stderr]    Compiling gix-trace v0.1.21
[INFO] [stderr]    Compiling tinyvec v1.13.3
[INFO] [stderr]    Compiling getrandom v0.4.3
[INFO] [stderr]    Compiling parking_lot_core v0.9.12
[INFO] [stderr]    Compiling lock_api v0.4.14
[INFO] [stderr]    Compiling once_cell v1.21.4
[INFO] [stderr]    Compiling crc32fast v1.5.2
[INFO] [stderr]    Compiling same-file v1.0.6
[INFO] [stderr]    Compiling bitflags v2.13.2
[INFO] [stderr]    Compiling generic-array v0.14.7
[INFO] [stderr]    Compiling walkdir v2.5.0
[INFO] [stderr]    Compiling typenum v1.20.1
[INFO] [stderr]    Compiling byteorder v1.5.0
[INFO] [stderr]    Compiling heapless v0.8.0
[INFO] [stderr]    Compiling stable_deref_trait v1.2.1
[INFO] [stderr]    Compiling allocator-api2 v0.2.21
[INFO] [stderr]    Compiling unicode-normalization v0.1.25
[INFO] [stderr]    Compiling cpufeatures v0.2.17
[INFO] [stderr]    Compiling foldhash v0.2.0
[INFO] [stderr]    Compiling equivalent v1.0.2
[INFO] [stderr]    Compiling rustix v1.1.5
[INFO] [stderr]    Compiling linux-raw-sys v0.12.1
[INFO] [stderr]    Compiling hash32 v0.3.1
[INFO] [stderr]    Compiling hashbrown v0.14.5
[INFO] [stderr]    Compiling jiff-core v0.1.1
[INFO] [stderr]    Compiling itoa v1.0.18
[INFO] [stderr]    Compiling rustversion v1.0.23
[INFO] [stderr]    Compiling nonempty v0.12.0
[INFO] [stderr]    Compiling hashbrown v0.17.1
[INFO] [stderr]    Compiling unicode-bom v2.0.3
[INFO] [stderr]    Compiling serde_core v1.0.229
[INFO] [stderr]    Compiling crossbeam-epoch v0.9.21
[INFO] [stderr]    Compiling find-msvc-tools v0.1.13
[INFO] [stderr]    Compiling percent-encoding v2.3.2
[INFO] [stderr]    Compiling crossbeam-channel v0.5.17
[INFO] [stderr]    Compiling cc v1.4.7
[INFO] [stderr]    Compiling crossbeam-deque v0.8.8
[INFO] [stderr]    Compiling hashbrown v0.16.1
[INFO] [stderr]    Compiling zlib-rs v0.6.8
[INFO] [stderr]    Compiling encoding_rs v0.8.41
[INFO] [stderr]    Compiling fnv v1.0.7
[INFO] [stderr]    Compiling syn v3.0.6
[INFO] [stderr]    Compiling faster-hex v0.10.0
[INFO] [stderr]    Compiling utf8parse v0.2.2
[INFO] [stderr]    Compiling core_detect v1.0.0
[INFO] [stderr]    Compiling arrayvec v0.7.8
[INFO] [stderr]    Compiling simdutf8 v0.1.5
[INFO] [stderr]    Compiling bstr v1.13.1
[INFO] [stderr]    Compiling pkg-config v0.3.34
[INFO] [stderr]    Compiling multiversion_no_op v1.0.0
[INFO] [stderr]    Compiling uluru v3.1.0
[INFO] [stderr]    Compiling anstyle-parse v1.0.0
[INFO] [stderr]    Compiling syn v2.0.119
[INFO] [stderr]    Compiling anstyle-query v1.1.5
[INFO] [stderr]    Compiling colorchoice v1.0.5
[INFO] [stderr]    Compiling anstyle v1.0.14
[INFO] [stderr]    Compiling zmij v1.0.23
[INFO] [stderr]    Compiling is_terminal_polyfill v1.70.2
[INFO] [stderr]    Compiling arc-swap v1.9.2
[INFO] [stderr]    Compiling strsim v0.11.1
[INFO] [stderr]    Compiling jiff v0.2.37
[INFO] [stderr]    Compiling memmap2 v0.9.11
[INFO] [stderr]    Compiling gix-sec v0.14.2
[INFO] [stderr]    Compiling block-buffer v0.10.4
[INFO] [stderr]    Compiling crypto-common v0.1.7
[INFO] [stderr]    Compiling filetime v0.2.29
[INFO] [stderr]    Compiling gix-validate v0.11.4
[INFO] [stderr]    Compiling gix-utils v0.3.6
[INFO] [stderr]    Compiling parking_lot v0.12.5
[INFO] [stderr]    Compiling gix-error v0.3.2
[INFO] [stderr]    Compiling digest v0.10.7
[INFO] [stderr]    Compiling dashmap v6.2.1
[INFO] [stderr]    Compiling clru v0.6.3
[INFO] [stderr]    Compiling gix-imara-diff v0.2.5
[INFO] [stderr]    Compiling anstream v1.0.0
[INFO] [stderr]    Compiling option-ext v0.2.0
[INFO] [stderr]    Compiling heck v0.5.0
[INFO] [stderr]    Compiling sha1 v0.10.7
[INFO] [stderr]    Compiling clap_lex v1.1.1
[INFO] [stderr]    Compiling serde v1.0.229
[INFO] [stderr]    Compiling anyhow v1.0.104
[INFO] [stderr]    Compiling prodash v31.0.0
[INFO] [stderr]    Compiling sha1-checked v0.10.0
[INFO] [stderr]    Compiling gix-quote v0.8.0
[INFO] [stderr]    Compiling gix-chunk v0.8.0
[INFO] [stderr]    Compiling gix-bitmap v0.4.0
[INFO] [stderr]    Compiling serde_json v1.0.151
[INFO] [stderr]    Compiling winnow v1.0.4
[INFO] [stderr]    Compiling clap_builder v4.6.7
[INFO] [stderr]    Compiling dirs-sys v0.5.0
[INFO] [stderr]    Compiling hashlink v0.12.2
[INFO] [stderr]    Compiling toml_writer v1.1.2+spec-1.1.0
[INFO] [stderr]    Compiling fallible-streaming-iterator v0.1.9
[INFO] [stderr]    Compiling fallible-iterator v0.3.0
[INFO] [stderr]    Compiling rigger v0.26.0 (/opt/rustwide/workdir)
[INFO] [stderr]    Compiling directories v6.0.0
[INFO] [stderr]    Compiling toml_parser v1.1.3+spec-1.1.0
[INFO] [stderr]    Compiling dunce v1.0.5
[INFO] [stderr]    Compiling libsqlite3-sys v0.38.2
[INFO] [stderr]    Compiling tempfile v3.27.0
[INFO] [stderr]    Compiling toml_datetime v1.1.1+spec-1.1.0
[INFO] [stderr]    Compiling serde_spanned v1.1.1
[INFO] [stderr]    Compiling toml v1.1.6+spec-1.1.0
[INFO] [stderr]    Compiling gix-macros v0.1.6
[INFO] [stderr]    Compiling gix-date v0.16.0
[INFO] [stderr]    Compiling thiserror-impl v2.0.20
[INFO] [stderr]    Compiling multiversion-macros v0.9.0
[INFO] [stderr]    Compiling clap_derive v4.6.7
[INFO] [stderr]    Compiling serde_derive v1.0.229
[INFO] [stderr]    Compiling gix-actor v0.42.0
[INFO] [stderr]    Compiling gix-path v0.12.6
[INFO] [stderr]    Compiling gix-packetline v0.22.2
[INFO] [stderr]    Compiling gix-zlib v0.1.0
[INFO] [stderr]    Compiling multiversion v0.9.0
[INFO] [stderr]    Compiling gix-features v0.49.1
[INFO] [stderr]    Compiling gix-command v0.10.1
[INFO] [stderr]    Compiling gix-url v0.38.0
[INFO] [stderr]    Compiling gix-config-value v0.19.1
[INFO] [stderr]    Compiling clap v4.6.7
[INFO] [stderr]    Compiling gix-hash v0.26.2
[INFO] [stderr]    Compiling gix-fs v0.22.1
[INFO] [stderr]    Compiling gix-glob v0.27.1
[INFO] [stderr]    Compiling gix-transport v0.59.2
[INFO] [stderr]    Compiling gix-tempfile v24.0.0
[INFO] [stderr]    Compiling gix-lock v24.0.0
[INFO] [stderr]    Compiling gix-attributes v0.35.0
[INFO] [stderr]    Compiling gix-ignore v0.22.1
[INFO] [stderr]    Compiling gix-hashtable v0.16.0
[INFO] [stderr]    Compiling gix-commitgraph v0.39.0
[INFO] [stderr]    Compiling gix-refspec v0.45.1
[INFO] [stderr]    Compiling gix-shallow v0.13.0
[INFO] [stderr]    Compiling gix-object v0.64.1
[INFO] [stderr]    Compiling gix-pathspec v0.20.0
[INFO] [stderr]    Compiling gix-revwalk v0.35.0
[INFO] [stderr]    Compiling gix-ref v0.67.1
[INFO] [stderr]    Compiling gix-pack v0.74.2
[INFO] [stderr]    Compiling gix-filter v0.34.0
[INFO] [stderr]    Compiling gix-traverse v0.61.0
[INFO] [stderr]    Compiling gix-revision v0.49.1
[INFO] [stderr]    Compiling gix-index v0.55.0
[INFO] [stderr]    Compiling gix-config v0.60.0
[INFO] [stderr]    Compiling gix-discover v0.55.0
[INFO] [stderr]    Compiling gix-protocol v0.65.1
[INFO] [stderr]    Compiling gix-worktree v0.56.0
[INFO] [stderr]    Compiling gix-odb v0.84.0
[INFO] [stderr]    Compiling gix-diff v0.67.1
[INFO] [stderr]    Compiling gix-submodule v0.34.0
[INFO] [stderr]    Compiling gix v0.87.1
[INFO] [stderr]    Compiling rusqlite v0.40.2
[INFO] [stderr]     Finished `dev` profile [unoptimized + debuginfo] target(s) in 1m 03s
[INFO] running `Command { std: "docker" "inspect" "d9e9faed8eead9bf4d75f52c8d43e57ce410edc502bc6f8375c255ad3d633632", kill_on_drop: false }`
[INFO] running `Command { std: "docker" "exec" "-e" "SOURCE_DIR=/opt/rustwide/workdir" "-e" "CARGO_HOME=/opt/rustwide/cargo-home" "-e" "RUSTUP_HOME=/opt/rustwide/rustup-home" "-e" "CARGO_TARGET_DIR=/opt/rustwide/target" "-e" "CARGO_INCREMENTAL=0" "-e" "RUST_BACKTRACE=full" "-e" "RUSTFLAGS=--cap-lints=warn" "-e" "RUSTDOCFLAGS=--cap-lints=warn" "-w" "/opt/rustwide/workdir" "--user" "0:0" "d9e9faed8eead9bf4d75f52c8d43e57ce410edc502bc6f8375c255ad3d633632" "/opt/rustwide/cargo-home/bin/cargo" "+1.99.0-beta.8" "test" "--frozen" "--no-run" "--message-format=json", kill_on_drop: false }`
[INFO] [stderr]    Compiling aho-corasick v1.1.5
[INFO] [stderr]    Compiling regex-syntax v0.8.11
[INFO] [stderr]    Compiling num-traits v0.2.19
[INFO] [stderr]    Compiling predicates-core v1.0.10
[INFO] [stderr]    Compiling normalize-line-endings v0.3.0
[INFO] [stderr]    Compiling difflib v0.4.0
[INFO] [stderr]    Compiling assert_cmd v2.2.2
[INFO] [stderr]    Compiling termtree v0.5.1
[INFO] [stderr]    Compiling wait-timeout v0.2.1
[INFO] [stderr]    Compiling predicates-tree v1.0.13
[INFO] [stderr]    Compiling float-cmp v0.10.0
[INFO] [stderr]    Compiling regex-automata v0.4.18
[INFO] [stderr]    Compiling bstr v1.13.1
[INFO] [stderr]    Compiling regex v1.13.1
[INFO] [stderr]    Compiling predicates v3.1.4
[INFO] [stderr]    Compiling gix-validate v0.11.4
[INFO] [stderr]    Compiling gix-utils v0.3.6
[INFO] [stderr]    Compiling gix-error v0.3.2
[INFO] [stderr]    Compiling gix-packetline v0.22.2
[INFO] [stderr]    Compiling gix-imara-diff v0.2.5
[INFO] [stderr]    Compiling gix-path v0.12.6
[INFO] [stderr]    Compiling gix-quote v0.8.0
[INFO] [stderr]    Compiling gix-date v0.16.0
[INFO] [stderr]    Compiling gix-chunk v0.8.0
[INFO] [stderr]    Compiling gix-bitmap v0.4.0
[INFO] [stderr]    Compiling gix-actor v0.42.0
[INFO] [stderr]    Compiling gix-features v0.49.1
[INFO] [stderr]    Compiling gix-command v0.10.1
[INFO] [stderr]    Compiling gix-url v0.38.0
[INFO] [stderr]    Compiling gix-config-value v0.19.1
[INFO] [stderr]    Compiling gix-hash v0.26.2
[INFO] [stderr]    Compiling gix-fs v0.22.1
[INFO] [stderr]    Compiling gix-glob v0.27.1
[INFO] [stderr]    Compiling gix-tempfile v24.0.0
[INFO] [stderr]    Compiling gix-transport v0.59.2
[INFO] [stderr]    Compiling gix-attributes v0.35.0
[INFO] [stderr]    Compiling gix-ignore v0.22.1
[INFO] [stderr]    Compiling gix-hashtable v0.16.0
[INFO] [stderr]    Compiling gix-commitgraph v0.39.0
[INFO] [stderr]    Compiling gix-refspec v0.45.1
[INFO] [stderr]    Compiling gix-pathspec v0.20.0
[INFO] [stderr]    Compiling gix-object v0.64.1
[INFO] [stderr]    Compiling gix-lock v24.0.0
[INFO] [stderr]    Compiling gix-shallow v0.13.0
[INFO] [stderr]    Compiling gix-revwalk v0.35.0
[INFO] [stderr]    Compiling gix-ref v0.67.1
[INFO] [stderr]    Compiling gix-pack v0.74.2
[INFO] [stderr]    Compiling gix-filter v0.34.0
[INFO] [stderr]    Compiling gix-traverse v0.61.0
[INFO] [stderr]    Compiling gix-revision v0.49.1
[INFO] [stderr]    Compiling gix-index v0.55.0
[INFO] [stderr]    Compiling gix-config v0.60.0
[INFO] [stderr]    Compiling gix-discover v0.55.0
[INFO] [stderr]    Compiling gix-protocol v0.65.1
[INFO] [stderr]    Compiling gix-worktree v0.56.0
[INFO] [stderr]    Compiling gix-odb v0.84.0
[INFO] [stderr]    Compiling gix-diff v0.67.1
[INFO] [stderr]    Compiling gix-submodule v0.34.0
[INFO] [stderr]    Compiling gix v0.87.1
[INFO] [stderr]    Compiling rigger v0.26.0 (/opt/rustwide/workdir)
[INFO] [stderr]     Finished `test` profile [unoptimized + debuginfo] target(s) in 46.27s
[INFO] running `Command { std: "docker" "inspect" "d9e9faed8eead9bf4d75f52c8d43e57ce410edc502bc6f8375c255ad3d633632", kill_on_drop: false }`
[INFO] running `Command { std: "docker" "exec" "-e" "SOURCE_DIR=/opt/rustwide/workdir" "-e" "CARGO_HOME=/opt/rustwide/cargo-home" "-e" "RUSTUP_HOME=/opt/rustwide/rustup-home" "-e" "CARGO_TARGET_DIR=/opt/rustwide/target" "-e" "CARGO_INCREMENTAL=0" "-e" "RUST_BACKTRACE=full" "-e" "RUSTFLAGS=--cap-lints=warn" "-e" "RUSTDOCFLAGS=--cap-lints=warn" "-w" "/opt/rustwide/workdir" "--user" "0:0" "d9e9faed8eead9bf4d75f52c8d43e57ce410edc502bc6f8375c255ad3d633632" "/opt/rustwide/cargo-home/bin/cargo" "+1.99.0-beta.8" "test" "--frozen", kill_on_drop: false }`
[INFO] [stderr]     Finished `test` profile [unoptimized + debuginfo] target(s) in 0.34s
[INFO] [stderr]      Running unittests src/main.rs (/opt/rustwide/target/debug/deps/rigger-04e1082f4c3ce73b)
[INFO] [stdout] 
[INFO] [stdout] running 244 tests
[INFO] [stdout] test activity::tests::an_alias_is_a_needle_only_when_it_is_an_id ... ok
[INFO] [stdout] test activity::tests::a_name_is_found_as_a_whole_word_in_any_case ... ok
[INFO] [stdout] test activity::tests::days_are_whole_and_never_negative ... ok
[INFO] [stdout] test adopt::tests::a_hub_is_a_directory_with_hub_files_in_it ... ok
[INFO] [stdout] test answers::tests::a_questionnaire_with_no_name_still_cites_itself ... ok
[INFO] [stdout] test calendar::tests::a_single_digit_week_is_accepted_and_padded ... ok
[INFO] [stdout] test calendar::tests::a_tier_is_read_case_insensitively_and_carries_a_default_rhythm ... ok
[INFO] [stdout] test calendar::tests::a_lapsed_rhythm_is_measured_against_the_tier ... ok
[INFO] [stdout] test answers::tests::the_events_are_dated_by_the_day_it_was_answered ... ok
[INFO] [stdout] test calendar::tests::a_week_is_written_and_read_the_same_way ... ok
[INFO] [stdout] test answers::tests::a_fork_records_what_it_was_decided_against ... ok
[INFO] [stdout] test calendar::tests::nonsense_is_refused_rather_than_stored ... ok
[INFO] [stdout] test calendar::tests::a_shipped_version_sits_in_the_week_its_tag_is_in ... ok
[INFO] [stdout] test calendar::tests::slip_is_the_difference_between_the_plan_and_the_tag ... ok
[INFO] [stdout] test calendar::tests::a_recorded_date_is_read_with_or_without_a_time ... ok
[INFO] [stdout] test calendar::tests::a_week_knows_its_monday_and_its_friday ... ok
[INFO] [stdout] test calendar::tests::adding_weeks_crosses_the_year_without_losing_one ... ok
[INFO] [stdout] test calendar::tests::distance_between_weeks_is_signed ... ok
[INFO] [stdout] test calendar::tests::overdue_starts_after_the_planned_week_has_passed ... ok
[INFO] [stdout] test answers::tests::a_taken_idea_is_a_wish_and_an_untaken_one_is_a_decision ... ok
[INFO] [stdout] test answers::tests::an_idea_without_a_tick_is_not_taken ... ok
[INFO] [stdout] test card::tests::a_customer_number_lifts_a_card ... ok
[INFO] [stdout] test adopt::tests::only_checkouts_one_level_down_are_found ... ok
[INFO] [stdout] test commit::tests::only_changes_to_the_product_are_recorded ... ok
[INFO] [stdout] test calendar::tests::the_turn_of_the_year_follows_iso_not_the_calendar_year ... ok
[INFO] [stdout] test commit::tests::the_type_is_read_case_insensitively ... ok
[INFO] [stdout] test card::tests::an_id_is_a_certain_match_even_when_the_title_moved ... ok
[INFO] [stdout] test commit::tests::a_break_is_marked_either_way ... ok
[INFO] [stdout] test commit::tests::a_breaking_commit_is_recorded_whatever_its_type ... ok
[INFO] [stdout] test card::tests::a_middling_match_asks ... ok
[INFO] [stdout] test card::tests::a_line_breaks_into_ids_numbers_and_text ... ok
[INFO] [stdout] test card::tests::normalisation_folds_case_yo_and_punctuation ... ok
[INFO] [stdout] test commit::tests::a_type_and_a_summary_are_enough ... ok
[INFO] [stdout] test commit::tests::a_message_that_does_not_follow_the_convention_is_not_a_fact ... ok
[INFO] [stdout] test commit::tests::a_scope_travels_with_the_type ... ok
[INFO] [stdout] test card::tests::a_title_close_enough_is_taken_and_a_far_one_is_new ... ok
[INFO] [stdout] test context::tests::a_short_event_is_kept_whole_without_a_pointer ... ok
[INFO] [stdout] test context::tests::a_long_body_is_cut_at_a_word_boundary ... ok
[INFO] [stdout] test context::tests::a_short_body_is_left_alone ... ok
[INFO] [stdout] test context::tests::a_summary_keeps_the_heading_and_the_first_sentence_of_the_reason ... ok
[INFO] [stdout] test db::tests::a_suffix_after_the_digits_is_ignored ... ok
[INFO] [stdout] test context::tests::tokens_are_counted_in_characters_not_bytes ... ok
[INFO] [stdout] test db::tests::a_backup_name_gives_back_the_moment_it_was_taken ... ok
[INFO] [stdout] test context::tests::a_version_number_does_not_end_a_sentence ... ok
[INFO] [stdout] test delivery::tests::a_remote_names_its_repository_in_either_spelling ... ok
[INFO] [stdout] test doc::tests::the_owners_choice_wins_over_everything ... ok
[INFO] [stdout] test db::tests::a_day_is_read_the_way_a_person_writes_it ... ok
[INFO] [stdout] test db::tests::a_name_that_is_not_a_moment_gives_no_moment ... ok
[INFO] [stdout] test export::tests::a_stage_keeps_its_prose_and_its_tasks ... ok
[INFO] [stdout] test export::tests::a_generated_file_says_so_at_the_top ... ok
[INFO] [stdout] test export::tests::a_diary_entry_keeps_its_date_and_heading ... ok
[INFO] [stdout] test export::tests::prose_around_the_queue_keeps_its_side ... ok
[INFO] [stdout] test export::tests::a_stage_keeps_prose_on_both_sides_of_its_list ... ok
[INFO] [stdout] test export::tests::stages_are_written_even_without_any_prose ... ok
[INFO] [stdout] test delivery::tests::a_tag_must_name_a_version ... ok
[INFO] [stdout] test doc::tests::a_kind_outside_the_vocabulary_is_refused_with_the_list ... ok
[INFO] [stdout] test db::tests::a_title_becomes_an_address_that_can_be_typed ... ok
[INFO] [stdout] test db::tests::an_unparseable_name_sorts_lowest_rather_than_panicking ... ok
[INFO] [stdout] test export::tests::stages_follow_the_prose_that_framed_them ... ok
[INFO] [stdout] test export::tests::the_owners_questions_are_written_under_their_heading ... ok
[INFO] [stdout] test export::tests::the_queue_keeps_the_shape_the_hub_wrote_it_in ... ok
[INFO] [stdout] test export::tests::the_same_record_writes_the_same_bytes ... ok
[INFO] [stdout] test gate::tests::a_duration_is_said_the_way_a_person_would ... ok
[INFO] [stdout] test gate::tests::a_green_run_reads_back_as_green_and_a_red_one_does_not ... ok
[INFO] [stdout] test gate::tests::a_run_that_never_finished_is_red ... ok
[INFO] [stdout] test handoff::tests::a_blank_form_is_refused_and_names_what_is_empty ... ok
[INFO] [stdout] test handoff::tests::a_long_text_needs_a_tldr ... ok
[INFO] [stdout] test handoff::tests::a_name_is_made_fit_for_a_file ... ok
[INFO] [stdout] test handoff::tests::both_texts_say_the_same_in_their_own_markup ... ok
[INFO] [stdout] test db::tests::a_two_part_number_is_a_version_too ... ok
[INFO] [stdout] test hub::tests::a_deeper_heading_does_not_end_a_stage ... ok
[INFO] [stdout] test db::tests::ten_sorts_above_nine ... ok
[INFO] [stdout] test doc::tests::a_new_document_starts_from_the_questions_its_kind_exists_to_answer ... ok
[INFO] [stdout] test hub::tests::a_bold_sentence_is_not_the_date_of_a_state_line ... ok
[INFO] [stdout] test delivery::tests::only_the_publish_run_decides_publication ... ok
[INFO] [stdout] test delivery::tests::every_state_reads_back_as_itself ... ok
[INFO] [stdout] test hub::tests::a_heading_at_or_above_the_stage_level_ends_it ... ok
[INFO] [stdout] test db::tests::the_day_itself_is_not_past ... ok
[INFO] [stdout] test export::tests::a_file_ends_with_exactly_one_newline ... ok
[INFO] [stdout] test hub::tests::a_hash_inside_a_fence_is_not_a_heading ... ok
[INFO] [stdout] test delivery::tests::the_engine_is_read_by_what_it_did ... ok
[INFO] [stdout] test handoff::tests::an_example_is_pasted_as_it_is ... ok
[INFO] [stdout] test handoff::tests::markdown_becomes_jira_markup ... ok
[INFO] [stdout] test handoff::tests::the_form_and_the_material_stay_out_of_the_text ... ok
[INFO] [stdout] test hub::tests::a_bare_major_in_prose_is_not_a_version ... ok
[INFO] [stdout] test hub::tests::a_stage_without_a_separate_release_keeps_its_own_number ... ok
[INFO] [stdout] test hub::tests::a_missing_file_is_a_warning_not_a_failure ... ok
[INFO] [stdout] test hub::tests::a_heading_inside_a_stage_belongs_to_the_stage ... ok
[INFO] [stdout] test hub::tests::a_state_line_keeps_the_gap_that_followed_it ... ok
[INFO] [stdout] test hub::tests::a_stage_keeps_the_gap_its_hub_left_after_it ... ok
[INFO] [stdout] test hub::tests::an_undated_heading_is_not_a_decision ... ok
[INFO] [stdout] test hub::tests::a_stage_keeps_the_prose_that_followed_its_tasks ... ok
[INFO] [stdout] test hub::tests::a_stage_takes_the_number_it_shipped_as ... ok
[INFO] [stdout] test hub::tests::a_version_heading_starts_a_stage_at_any_level ... ok
[INFO] [stdout] test hub::tests::decisions_keep_their_prose ... ok
[INFO] [stdout] test hub::tests::diary_entries_keep_the_place_they_had ... ok
[INFO] [stdout] test hub::tests::headings_without_a_version_are_not_stages ... ok
[INFO] [stdout] test hub::tests::questions_are_read_until_the_next_heading ... ok
[INFO] [stdout] test hub::tests::every_wording_of_a_closed_stage_yields_its_date ... ok
[INFO] [stdout] test hub::tests::stages_of_one_block_keep_the_order_they_were_written_in ... ok
[INFO] [stdout] test hub::tests::the_gap_after_a_rule_is_the_one_the_diary_wrote ... ok
[INFO] [stdout] test hub::tests::the_placeholder_is_not_a_question ... ok
[INFO] [stdout] test hub::tests::the_release_note_is_not_part_of_the_title ... ok
[INFO] [stdout] test hub::tests::a_version_written_up_twice_is_warned_about ... ok
[INFO] [stdout] test hub::tests::an_open_stage_has_no_date ... ok
[INFO] [stdout] test line::tests::a_public_registry_passes ... ok
[INFO] [stdout] test kasl::tests::the_facts_say_where_a_ticket_went ... ok
[INFO] [stdout] test line::tests::a_product_without_a_mark_is_still_published ... ok
[INFO] [stdout] test ics::tests::text_is_escaped_and_long_lines_fold_between_characters ... ok
[INFO] [stdout] test kasl::tests::an_issue_needs_a_key_and_a_summary_and_nothing_else ... ok
[INFO] [stdout] test line::tests::a_path_on_a_machine_is_refused_however_it_got_in ... ok
[INFO] [stdout] test link::tests::a_link_without_versions_says_nothing_about_drift ... ok
[INFO] [stdout] test link::tests::a_kind_pads_to_the_width_it_is_given ... ok
[INFO] [stdout] test link::tests::a_pair_that_shipped_both_halves_is_the_pair_working ... ok
[INFO] [stdout] test link::tests::one_version_ahead_is_not_yet_drift ... ok
[INFO] [stdout] test line::tests::a_repository_that_is_not_an_address_is_refused ... ok
[INFO] [stdout] test link::tests::one_anchored_end_is_not_a_comparison ... ok
[INFO] [stdout] test link::tests::a_directed_kind_reads_as_its_opposite_from_the_far_end ... ok
[INFO] [stdout] test ics::tests::a_focus_spans_the_working_week ... ok
[INFO] [stdout] test link::tests::the_side_a_pair_was_recorded_from_does_not_change_what_it_says ... ok
[INFO] [stdout] test link::tests::a_half_that_shipped_without_the_other_is_the_loudest_signal ... ok
[INFO] [stdout] test ics::tests::a_release_is_a_whole_day_on_its_friday ... ok
[INFO] [stdout] test hub::tests::versions_written_once_raise_nothing ... ok
[INFO] [stdout] test link::tests::a_consumer_running_ahead_is_not_reported ... ok
[INFO] [stdout] test link::tests::two_versions_ahead_is_reported_with_the_number ... ok
[INFO] [stdout] test mcp::tests::a_resource_uri_names_a_project ... ok
[INFO] [stdout] test link::tests::the_far_end_can_be_the_one_that_ran_ahead ... ok
[INFO] [stdout] test link::tests::the_shipped_half_outranks_the_widest_gap ... ok
[INFO] [stdout] test mcp::tests::close_task_takes_an_id_because_a_title_is_not_a_name ... ok
[INFO] [stdout] test mcp::tests::every_tool_declares_the_shape_of_its_arguments ... ok
[INFO] [stdout] test mcp::tests::initialize_names_the_protocol_and_the_build ... ok
[INFO] [stdout] test open::tests::an_explicit_path_is_launched_as_written ... ok
[INFO] [stdout] test open::tests::the_default_assistant_is_claude ... ok
[INFO] [stdout] test open::tests::the_first_message_tells_the_assistant_what_the_packet_is ... ok
[INFO] [stdout] test mcp::tests::the_stage_lists_every_tool_the_plan_promised ... ok
[INFO] [stdout] test open::tests::a_missing_directory_is_reported_as_such ... ok
[INFO] [stdout] test open::tests::flags_travel_with_the_command ... ok
[INFO] [stdout] test owner::tests::a_question_without_a_heading_still_has_a_subject ... ok
[INFO] [stdout] test owner::tests::a_bold_heading_is_the_subject ... ok
[INFO] [stdout] test owner::tests::a_digest_is_five_lines_at_most ... ok
[INFO] [stdout] test owner::tests::a_single_release_is_named_rather_than_counted ... ok
[INFO] [stdout] test owner::tests::a_signal_leads_the_digest_and_displaces_the_silence ... ok
[INFO] [stdout] test owner::tests::a_stage_name_drops_the_hub_aside ... ok
[INFO] [stdout] test owner::tests::counts_agree_with_their_nouns ... ok
[INFO] [stdout] test owner::tests::a_digest_with_a_signal_is_still_five_lines_at_most ... ok
[INFO] [stdout] test owner::tests::a_leading_blank_line_does_not_swallow_the_subject ... ok
[INFO] [stdout] test owner::tests::the_most_shared_question_comes_first ... ok
[INFO] [stdout] test owner::tests::one_project_asking_twice_is_not_a_group ... ok
[INFO] [stdout] test profile::tests::the_first_name_of_the_trays_is_read_and_written_back_as_trays ... ok
[INFO] [stdout] test profile::tests::a_ticket_profile_keeps_its_fields ... ok
[INFO] [stdout] test owner::tests::questions_spelt_alike_across_projects_are_grouped ... ok
[INFO] [stdout] test owner::tests::silence_is_reported_as_a_fact ... ok
[INFO] [stdout] test profile::tests::the_default_config_has_the_line_profile_and_round_trips_through_toml ... ok
[INFO] [stdout] test line::tests::the_shapes_of_a_mark_are_checked_rather_than_trusted ... ok
[INFO] [stdout] test kasl::tests::a_session_is_named_by_its_stage ... ok
[INFO] [stdout] test ics::tests::a_uid_is_made_of_what_the_event_is_about ... ok
[INFO] [stdout] test retro::tests::a_missed_release_is_measured_against_the_window_not_the_clock ... ok
[INFO] [stdout] test retro::tests::a_project_out_of_the_rotation_is_never_a_misfit ... ok
[INFO] [stdout] test retro::tests::a_project_out_of_the_rotation_stays_out ... ok
[INFO] [stdout] test repo::tests::about_falls_back_to_package_json_then_to_nothing ... ok
[INFO] [stdout] test repo::tests::no_git_means_no_remote ... ok
[INFO] [stdout] test repo::tests::remote_is_read_from_the_origin_section_only ... ok
[INFO] [stdout] test repo::tests::the_name_is_the_directory_name_whatever_the_manifest_says ... ok
[INFO] [stdout] test repo::tests::about_comes_from_the_package_section_only ... ok
[INFO] [stdout] test kasl::tests::a_snooze_in_the_past_is_not_sleep ... ok
[INFO] [stdout] test repo::tests::a_workspace_is_described_by_the_member_that_is_the_product ... ok
[INFO] [stdout] test repo::tests::a_workspace_with_one_described_member_means_that_one ... ok
[INFO] [stdout] test repo::tests::a_worktree_pointer_file_is_followed ... ok
[INFO] [stdout] test repo::tests::the_crate_that_ships_wins_over_the_library_it_sits_on ... ok
[INFO] [stdout] test commit::tests::an_unclosed_scope_is_not_a_fact ... ok
[INFO] [stdout] test retro::tests::a_quiet_window_summarises_without_inventing_numbers ... ok
[INFO] [stdout] test retro::tests::every_release_is_on_time_slipped_or_unplanned ... ok
[INFO] [stdout] test retro::tests::an_untiered_project_is_read_from_its_pace ... ok
[INFO] [stdout] test retro::tests::outgrowing_the_top_tier_asks_for_a_shorter_rhythm ... ok
[INFO] [stdout] test search::tests::a_bare_word_becomes_a_prefix_search ... ok
[INFO] [stdout] test retro::tests::the_summary_says_the_numbers_a_retro_is_read_for ... ok
[INFO] [stdout] test retro::tests::a_tier_that_no_longer_describes_the_project_is_named ... ok
[INFO] [stdout] test search::tests::a_leading_blank_line_does_not_produce_an_empty_result ... ok
[INFO] [stdout] test search::tests::an_event_is_one_line_however_long_the_body ... ok
[INFO] [stdout] test search::tests::nothing_found_says_where_it_looked ... ok
[INFO] [stdout] test retro::tests::a_window_holds_only_what_happened_inside_it ... ok
[INFO] [stdout] test search::tests::the_first_line_is_what_identifies_an_event ... ok
[INFO] [stdout] test session::tests::a_diary_entry_without_a_heading_still_names_its_day ... ok
[INFO] [stdout] test session::tests::the_chronicle_from_git_is_not_what_a_session_did ... ok
[INFO] [stdout] test session::tests::a_session_that_only_decided_is_not_asked_why ... ok
[INFO] [stdout] test session::tests::a_session_that_recorded_nothing_says_so ... ok
[INFO] [stdout] test session::tests::the_diary_entry_is_the_sessions_own_sentences ... ok
[INFO] [stdout] test session::tests::events_are_sorted_by_what_they_are ... ok
[INFO] [stdout] test session::tests::the_end_names_what_the_ritual_asks_for_and_did_not_get ... ok
[INFO] [stdout] test session::tests::what_was_done_is_said_once ... ok
[INFO] [stdout] test search::tests::truncation_counts_characters_not_bytes ... ok
[INFO] [stdout] test show::tests::a_long_title_is_cut_and_says_it_was ... ok
[INFO] [stdout] test show::tests::a_project_that_has_shipped_nothing_says_so_rather_than_nothing ... ok
[INFO] [stdout] test retro::tests::a_tier_is_suggested_from_what_shipped ... ok
[INFO] [stdout] test retro::tests::the_two_directions_of_a_misfit_are_told_apart ... ok
[INFO] [stdout] test search::tests::a_query_that_uses_the_syntax_is_left_alone ... ok
[INFO] [stdout] test show::tests::one_commit_since_the_tag_is_not_pluralised ... ok
[INFO] [stdout] test show::tests::a_wish_from_a_neighbour_names_the_neighbour_and_its_id ... ok
[INFO] [stdout] test show::tests::a_document_carries_the_command_that_opens_it ... ok
[INFO] [stdout] test show::tests::a_project_with_no_ties_says_nothing_about_them ... ok
[INFO] [stdout] test show::tests::the_neighbours_are_told_apart_by_what_the_tie_is ... ok
[INFO] [stdout] test skill::tests::an_unknown_placeholder_is_an_error_not_a_hole ... ok
[INFO] [stdout] test show::tests::the_screen_opens_with_what_the_project_is ... ok
[INFO] [stdout] test skill::tests::angle_brackets_are_refused_because_they_break_the_whole_catalogue ... ok
[INFO] [stdout] test skill::tests::a_description_over_the_limit_is_refused_rather_than_written ... ok
[INFO] [stdout] test skill::tests::the_line_template_knows_its_own_placeholders_and_no_others ... ok
[INFO] [stdout] test skill::tests::the_mark_lands_after_the_front_matter ... ok
[INFO] [stdout] test skill::tests::a_hub_file_is_included_and_a_missing_one_is_noted ... ok
[INFO] [stdout] test skill::tests::a_pipe_in_a_description_does_not_end_the_cell_it_sits_in ... ok
[INFO] [stdout] test skill::tests::the_built_in_line_template_renders_and_fits ... ok
[INFO] [stdout] test sync::tests::a_timestamp_becomes_the_day_it_fell_on_in_utc ... ok
[INFO] [stdout] test sync::tests::only_tags_that_name_a_version_are_releases ... ok
[INFO] [stdout] test toast::tests::an_encoded_command_is_utf16_in_base64 ... ok
[INFO] [stdout] test tray::tests::a_window_is_read_in_its_unit_and_a_bare_number_is_hours ... ok
[INFO] [stdout] test tray::tests::only_the_links_section_names_sources ... ok
[INFO] [stdout] test tray::tests::a_key_that_a_path_cannot_hold_is_made_one ... ok
[INFO] [stdout] test toast::tests::the_owners_words_cannot_break_the_script ... ok
[INFO] [stdout] test week::tests::a_carrying_product_that_never_shipped_is_behind_from_the_start ... ok
[INFO] [stdout] test week::tests::a_planned_version_without_a_tag_is_the_queue ... ok
[INFO] [stdout] test tray::tests::the_blank_form_is_not_filled_and_one_answer_fills_it ... ok
[INFO] [stdout] test week::tests::a_project_out_of_the_rotation_raises_nothing ... ok
[INFO] [stdout] test week::tests::a_span_runs_from_the_lowest_version_to_the_highest ... ok
[INFO] [stdout] test tray::tests::a_taken_name_gets_a_number ... ok
[INFO] [stdout] test week::tests::a_tag_earlier_in_the_week_is_one_that_should_have_queued ... ok
[INFO] [stdout] test week::tests::a_tag_on_the_friday_is_the_rule_being_kept ... ok
[INFO] [stdout] test week::tests::a_week_past_its_one_slot_says_by_how_much ... ok
[INFO] [stdout] test week::tests::one_declared_product_at_a_time_raises_nothing ... ok
[INFO] [stdout] test week::tests::tier_a_fires_on_the_second_missed_cycle_not_the_first ... ok
[INFO] [stdout] test week::tests::tier_b_is_measured_by_the_last_turn_not_the_last_tag ... ok
[INFO] [stdout] test week::tests::the_worst_tier_is_listed_first ... ok
[INFO] [stdout] test week::tests::tier_c_names_the_second_start_and_the_one_it_should_have_waited_for ... ok
[INFO] [stdout] test skill::tests::every_field_is_filled ... ok
[INFO] [stdout] test skill::tests::the_built_in_template_renders ... ok
[INFO] [stdout] test skill::tests::without_front_matter_the_mark_comes_first ... ok
[INFO] [stdout] test week::tests::a_busy_week_folds_into_days_rather_than_a_line_each ... ok
[INFO] [stdout] test retro::tests::a_rhythm_asks_for_whole_releases_over_a_window ... ok
[INFO] [stdout] test week::tests::a_declared_product_nobody_has_started_is_not_a_second_start ... ok
[INFO] [stdout] test skill::tests::a_line_too_long_to_name_keeps_the_description_within_the_limit ... ok
[INFO] [stdout] test skill::tests::a_line_with_no_projects_says_so_rather_than_printing_an_empty_table ... ok
[INFO] [stdout] test retro::tests::the_planned_share_says_whether_planning_happened_at_all ... ok
[INFO] [stdout] test mcp::tests::a_tool_that_fails_answers_the_model_rather_than_the_client ... ok
[INFO] [stdout] test mcp::tests::a_notification_is_not_answered ... ok
[INFO] [stdout] test mcp::tests::an_unknown_method_is_a_protocol_error_not_a_crash ... ok
[INFO] [stdout] test mcp::tests::an_empty_record_is_refused ... ok
[INFO] [stdout] 
[INFO] [stdout] test result: ok. 244 passed; 0 failed; 0 ignored; 0 measured; 0 filtered out; finished in 0.63s
[INFO] [stdout] 
[INFO] [stderr]      Running tests/adopt.rs (/opt/rustwide/target/debug/deps/adopt-2529dda66339faff)
[INFO] [stdout] 
[INFO] [stdout] running 7 tests
[INFO] [stdout] test a_directory_without_checkouts_is_an_error_that_says_what_a_checkout_is ... ok
[INFO] [stdout] test check_writes_nothing ... ok
[INFO] [stdout] test without_a_hubs_directory_every_checkout_is_recorded ... ok
[INFO] [stdout] test a_name_already_taken_by_another_path_is_skipped_and_said ... ok
[INFO] [stdout] test json_carries_the_same_report ... ok
[INFO] [stdout] test a_checkout_with_a_hub_is_recorded_and_its_hub_and_tags_read ... ok
[INFO] [stderr]      Running tests/answers.rs (/opt/rustwide/target/debug/deps/answers-720557b0a54a9453)
[INFO] [stdout] test running_it_again_records_nothing_twice ... ok
[INFO] [stdout] 
[INFO] [stdout] test result: ok. 7 passed; 0 failed; 0 ignored; 0 measured; 0 filtered out; finished in 1.45s
[INFO] [stdout] 
[INFO] [stdout] 
[INFO] [stdout] running 8 tests
[INFO] [stdout] test a_file_that_is_not_a_questionnaire_is_refused_by_name ... ok
[INFO] [stdout] test a_hub_and_a_questionnaire_are_not_asked_for_together ... ok
[INFO] [stdout] test a_file_that_answers_nothing_is_refused ... ok
[INFO] [stdout] test check_says_what_it_would_take_and_records_nothing ... ok
[INFO] [stdout] test a_taken_idea_is_a_wish_and_an_untaken_one_is_a_decision ... ok
[INFO] [stdout] test the_events_carry_the_day_it_was_answered ... ok
[INFO] [stderr]      Running tests/calendar.rs (/opt/rustwide/target/debug/deps/calendar-0f28d4bcac6bd7b8)
[INFO] [stdout] test a_fork_becomes_a_decision_that_names_what_it_beat ... ok
[INFO] [stdout] test reading_the_same_answers_twice_records_them_once ... ok
[INFO] [stdout] 
[INFO] [stdout] test result: ok. 8 passed; 0 failed; 0 ignored; 0 measured; 0 filtered out; finished in 1.00s
[INFO] [stdout] 
[INFO] [stdout] 
[INFO] [stdout] running 18 tests
[INFO] [stdout] test an_empty_span_is_refused_rather_than_printed_blank ... ok
[INFO] [stdout] test a_tier_survives_being_written_and_is_shown_again ... ok
[INFO] [stdout] test a_release_that_landed_in_its_week_is_not_called_slipped ... ok
[INFO] [stdout] test an_empty_week_says_so_rather_than_printing_nothing ... ok
[INFO] [stdout] test a_tier_carries_a_rhythm_without_being_asked_for_one ... ok
[INFO] [stdout] test a_release_that_landed_late_is_shown_where_it_landed ... ok
[INFO] [stdout] test a_release_nobody_planned_still_appears ... ok
[INFO] [stdout] test a_project_that_never_shipped_is_behind_from_the_start ... ok
[INFO] [stdout] test next_shows_what_is_aimed_at_the_week_and_what_is_past_it ... ok
[INFO] [stdout] test only_a_version_the_record_holds_can_be_planned ... ok
[INFO] [stdout] test planning_the_same_week_twice_changes_nothing ... ok
[INFO] [stdout] test both_screens_answer_as_json ... ok
[INFO] [stdout] test a_project_behind_its_rhythm_is_named ... ok
[INFO] [stdout] test a_counted_week_shows_its_worst_standing ... ok
[INFO] [stdout] test the_current_week_is_not_late ... ok
[INFO] [stdout] test the_grid_names_the_week_being_read_from ... ok
[INFO] [stdout] test a_project_out_of_the_rotation_is_not_nagged ... ok
[INFO] [stdout] test a_week_full_of_releases_is_counted_rather_than_listed ... ok
[INFO] [stderr]      Running tests/card.rs (/opt/rustwide/target/debug/deps/card-0c64806187190601)
[INFO] [stdout] 
[INFO] [stdout] test result: ok. 18 passed; 0 failed; 0 ignored; 0 measured; 0 filtered out; finished in 2.58s
[INFO] [stdout] 
[INFO] [stdout] 
[INFO] [stdout] running 5 tests
[INFO] [stdout] test over_mcp_a_card_is_found_read_and_written_against ... ok
[INFO] [stdout] test find_says_take_ask_or_new ... ok
[INFO] [stdout] test a_renamed_card_is_found_by_its_old_id_and_by_a_mention ... ok
[INFO] [stdout] test a_card_is_made_with_a_ticket_id_or_a_local_key ... ok
[INFO] [stdout] test a_card_is_opened_written_against_and_closed ... ok
[INFO] [stderr]      Running tests/card_activity.rs (/opt/rustwide/target/debug/deps/card_activity-49860d2a31b42e8f)
[INFO] [stdout] 
[INFO] [stdout] test result: ok. 5 passed; 0 failed; 0 ignored; 0 measured; 0 filtered out; finished in 1.39s
[INFO] [stdout] 
[INFO] [stdout] 
[INFO] [stdout] running 7 tests
[INFO] [stdout] test an_id_that_names_no_card_makes_none ... ok
[INFO] [stdout] test an_old_key_kept_as_an_alias_still_finds_the_work ... ok
[INFO] [stdout] test a_deleted_branch_leaves_the_card_and_its_commits_stay ... ok
[INFO] [stdout] test a_branch_named_by_hand_is_not_overwritten_by_git ... ok
[INFO] [stdout] test task_show_json_is_the_documented_contract ... FAILED
[INFO] [stdout] test a_branch_only_on_the_remote_says_which_remote ... ok
[INFO] [stdout] test a_branch_and_a_commit_that_carry_the_key_tie_the_card_to_the_repository ... ok
[INFO] [stdout] 
[INFO] [stdout] failures:
[INFO] [stdout] 
[INFO] [stdout] ---- task_show_json_is_the_documented_contract stdout ----
[INFO] [stdout] 
[INFO] [stdout] thread 'task_show_json_is_the_documented_contract' (5359) panicked at tests/card_activity.rs:194:127:
[INFO] [stdout] called `Result::unwrap()` on an `Err` value: Os { code: 2, kind: NotFound, message: "No such file or directory" }
[INFO] [stdout] stack backtrace:
[INFO] [stdout]    0:     0x57603dd21e21 - std[70759c8f55707aa4]::backtrace_rs::backtrace::libunwind::trace
[INFO] [stdout]                                at /rustc/dfb0accb7f508ae8be965d8629557221c889dd98/library/std/src/../../backtrace/src/backtrace/libunwind.rs:117:9
[INFO] [stdout]    1:     0x57603dd21e21 - std[70759c8f55707aa4]::backtrace_rs::backtrace::trace_unsynchronized::<std[70759c8f55707aa4]::sys::backtrace::_print_fmt::{closure#1}>
[INFO] [stdout]                                at /rustc/dfb0accb7f508ae8be965d8629557221c889dd98/library/std/src/../../backtrace/src/backtrace/mod.rs:66:14
[INFO] [stdout]    2:     0x57603dd21e21 - std[70759c8f55707aa4]::sys::backtrace::_print_fmt
[INFO] [stdout]                                at /rustc/dfb0accb7f508ae8be965d8629557221c889dd98/library/std/src/sys/backtrace.rs:74:9
[INFO] [stdout]    3:     0x57603dd21e21 - <<std[70759c8f55707aa4]::sys::backtrace::BacktraceLock>::print::DisplayBacktrace as core[df12db4294e9bfd3]::fmt::Display>::fmt
[INFO] [stdout]                                at /rustc/dfb0accb7f508ae8be965d8629557221c889dd98/library/std/src/sys/backtrace.rs:44:26
[INFO] [stdout]    4:     0x57603dd38d1a - <core[df12db4294e9bfd3]::fmt::rt::Argument>::fmt
[INFO] [stdout]                                at /rustc/dfb0accb7f508ae8be965d8629557221c889dd98/library/core/src/fmt/rt.rs:152:76
[INFO] [stdout]    5:     0x57603dd38d1a - core[df12db4294e9bfd3]::fmt::write
[INFO] [stdout]    6:     0x57603dd2799c - core[df12db4294e9bfd3]::io::write::default_write_fmt::<alloc[2182bb758b4b3781]::vec::Vec<u8>>
[INFO] [stdout]                                at /rustc/dfb0accb7f508ae8be965d8629557221c889dd98/library/core/src/io/write.rs:402:11
[INFO] [stdout]    7:     0x57603dd2799c - <alloc[2182bb758b4b3781]::vec::Vec<u8> as core[df12db4294e9bfd3]::io::write::Write>::write_fmt
[INFO] [stdout]                                at /rustc/dfb0accb7f508ae8be965d8629557221c889dd98/library/core/src/io/write.rs:335:13
[INFO] [stdout]    8:     0x57603dcfc1b6 - <std[70759c8f55707aa4]::sys::backtrace::BacktraceLock>::print
[INFO] [stdout]                                at /rustc/dfb0accb7f508ae8be965d8629557221c889dd98/library/std/src/sys/backtrace.rs:47:9
[INFO] [stdout]    9:     0x57603dcfc1b6 - std[70759c8f55707aa4]::panicking::default_hook::{closure#0}
[INFO] [stdout]                                at /rustc/dfb0accb7f508ae8be965d8629557221c889dd98/library/std/src/panicking.rs:292:27
[INFO] [stdout]   10:     0x57603dd197d9 - std[70759c8f55707aa4]::panicking::default_hook
[INFO] [stdout]                                at /rustc/dfb0accb7f508ae8be965d8629557221c889dd98/library/std/src/panicking.rs:316:9
[INFO] [stdout]   11:     0x57603dc78ee0 - <alloc[2182bb758b4b3781]::boxed::Box<dyn for<'a, 'b> core[df12db4294e9bfd3]::ops::function::Fn<(&'a std[70759c8f55707aa4]::panic::PanicHookInfo<'b>,), Output = ()> + core[df12db4294e9bfd3]::marker::Send + core[df12db4294e9bfd3]::marker::Sync> as core[df12db4294e9bfd3]::ops::function::Fn<(&std[70759c8f55707aa4]::panic::PanicHookInfo,)>>::call
[INFO] [stdout]                                at /rustc/dfb0accb7f508ae8be965d8629557221c889dd98/library/alloc/src/boxed.rs:2334:9
[INFO] [stdout]   12:     0x57603dc78ee0 - test[9d35eded1c95d3be]::test_main_inner::<test[9d35eded1c95d3be]::test_main_static::{closure#0}>::{closure#0}
[INFO] [stdout]                                at /rustc/dfb0accb7f508ae8be965d8629557221c889dd98/library/test/src/lib.rs:155:21
[INFO] [stdout]   13:     0x57603dd19992 - <alloc[2182bb758b4b3781]::boxed::Box<dyn for<'a, 'b> core[df12db4294e9bfd3]::ops::function::Fn<(&'a std[70759c8f55707aa4]::panic::PanicHookInfo<'b>,), Output = ()> + core[df12db4294e9bfd3]::marker::Send + core[df12db4294e9bfd3]::marker::Sync> as core[df12db4294e9bfd3]::ops::function::Fn<(&std[70759c8f55707aa4]::panic::PanicHookInfo,)>>::call
[INFO] [stdout]                                at /rustc/dfb0accb7f508ae8be965d8629557221c889dd98/library/alloc/src/boxed.rs:2334:9
[INFO] [stdout]   14:     0x57603dd19992 - std[70759c8f55707aa4]::panicking::panic_with_hook
[INFO] [stdout]                                at /rustc/dfb0accb7f508ae8be965d8629557221c889dd98/library/std/src/panicking.rs:823:13
[INFO] [stdout]   15:     0x57603dcfc262 - std[70759c8f55707aa4]::panicking::panic_handler::{closure#0}
[INFO] [stdout]                                at /rustc/dfb0accb7f508ae8be965d8629557221c889dd98/library/std/src/panicking.rs:688:13
[INFO] [stdout]   16:     0x57603dcf4d39 - std[70759c8f55707aa4]::sys::backtrace::__rust_end_short_backtrace::<std[70759c8f55707aa4]::panicking::panic_handler::{closure#0}, !>
[INFO] [stdout]                                at /rustc/dfb0accb7f508ae8be965d8629557221c889dd98/library/std/src/sys/backtrace.rs:182:18
[INFO] [stdout]   17:     0x57603dcfce5d - __rustc[8fa7c3cbc660c2b3]::rust_begin_unwind
[INFO] [stdout]                                at /rustc/dfb0accb7f508ae8be965d8629557221c889dd98/library/std/src/panicking.rs:679:5
[INFO] [stdout]   18:     0x57603dd3958c - core[df12db4294e9bfd3]::panicking::panic_fmt
[INFO] [stdout]                                at /rustc/dfb0accb7f508ae8be965d8629557221c889dd98/library/core/src/panicking.rs:80:14
[INFO] [stdout]   19:     0x57603dd392e2 - core[df12db4294e9bfd3]::result::unwrap_failed
[INFO] [stdout]                                at /rustc/dfb0accb7f508ae8be965d8629557221c889dd98/library/core/src/result.rs:1871:5
[INFO] [stdout]   20:     0x57603dc454de - <core[df12db4294e9bfd3]::result::Result<alloc[2182bb758b4b3781]::string::String, core[df12db4294e9bfd3]::io::error::Error>>::unwrap
[INFO] [stdout]                                at /rustc/dfb0accb7f508ae8be965d8629557221c889dd98/library/core/src/result.rs:1232:23
[INFO] [stdout]   21:     0x57603dc454de - card_activity[e44de0beb048696]::task_show_json_is_the_documented_contract
[INFO] [stdout]                                at /opt/rustwide/workdir/tests/card_activity.rs:194:127
[INFO] [stdout]   22:     0x57603dc436d3 - card_activity[e44de0beb048696]::task_show_json_is_the_documented_contract::{closure#0}
[INFO] [stdout]                                at /opt/rustwide/workdir/tests/card_activity.rs:189:47
[INFO] [stdout]   23:     0x57603dc4a0f6 - <card_activity[e44de0beb048696]::task_show_json_is_the_documented_contract::{closure#0} as core[df12db4294e9bfd3]::ops::function::FnOnce<()>>::call_once
[INFO] [stdout]                                at /rustc/dfb0accb7f508ae8be965d8629557221c889dd98/library/core/src/ops/function.rs:250:5
[INFO] [stdout]   24:     0x57603dc6c1cb - <fn() -> core[df12db4294e9bfd3]::result::Result<(), alloc[2182bb758b4b3781]::string::String> as core[df12db4294e9bfd3]::ops::function::FnOnce<()>>::call_once
[INFO] [stdout]                                at /rustc/dfb0accb7f508ae8be965d8629557221c889dd98/library/core/src/ops/function.rs:250:5
[INFO] [stdout]   25:     0x57603dc6c1cb - test[9d35eded1c95d3be]::__rust_begin_short_backtrace::<core[df12db4294e9bfd3]::result::Result<(), alloc[2182bb758b4b3781]::string::String>, fn() -> core[df12db4294e9bfd3]::result::Result<(), alloc[2182bb758b4b3781]::string::String>>
[INFO] [stdout]                                at /rustc/dfb0accb7f508ae8be965d8629557221c889dd98/library/test/src/lib.rs:733:18
[INFO] [stdout]   26:     0x57603dc79835 - test[9d35eded1c95d3be]::run_test_in_process::{closure#0}
[INFO] [stdout]                                at /rustc/dfb0accb7f508ae8be965d8629557221c889dd98/library/test/src/lib.rs:756:74
[INFO] [stdout]   27:     0x57603dc79835 - <core[df12db4294e9bfd3]::panic::unwind_safe::AssertUnwindSafe<test[9d35eded1c95d3be]::run_test_in_process::{closure#0}> as core[df12db4294e9bfd3]::ops::function::FnOnce<()>>::call_once
[INFO] [stdout]                                at /rustc/dfb0accb7f508ae8be965d8629557221c889dd98/library/core/src/panic/unwind_safe.rs:275:9
[INFO] [stdout]   28:     0x57603dc79835 - std[70759c8f55707aa4]::panicking::catch_unwind::do_call::<core[df12db4294e9bfd3]::panic::unwind_safe::AssertUnwindSafe<test[9d35eded1c95d3be]::run_test_in_process::{closure#0}>, core[df12db4294e9bfd3]::result::Result<(), alloc[2182bb758b4b3781]::string::String>>
[INFO] [stdout]                                at /rustc/dfb0accb7f508ae8be965d8629557221c889dd98/library/std/src/panicking.rs:576:43
[INFO] [stdout]   29:     0x57603dc79835 - std[70759c8f55707aa4]::panicking::catch_unwind::<core[df12db4294e9bfd3]::result::Result<(), alloc[2182bb758b4b3781]::string::String>, core[df12db4294e9bfd3]::panic::unwind_safe::AssertUnwindSafe<test[9d35eded1c95d3be]::run_test_in_process::{closure#0}>>
[INFO] [stdout]                                at /rustc/dfb0accb7f508ae8be965d8629557221c889dd98/library/std/src/panicking.rs:544:19
[INFO] [stdout]   30:     0x57603dc79835 - std[70759c8f55707aa4]::panic::catch_unwind::<core[df12db4294e9bfd3]::panic::unwind_safe::AssertUnwindSafe<test[9d35eded1c95d3be]::run_test_in_process::{closure#0}>, core[df12db4294e9bfd3]::result::Result<(), alloc[2182bb758b4b3781]::string::String>>
[INFO] [stdout]                                at /rustc/dfb0accb7f508ae8be965d8629557221c889dd98/library/std/src/panic.rs:359:14
[INFO] [stdout]   31:     0x57603dc79835 - test[9d35eded1c95d3be]::run_test_in_process
[INFO] [stdout]                                at /rustc/dfb0accb7f508ae8be965d8629557221c889dd98/library/test/src/lib.rs:756:27
[INFO] [stdout]   32:     0x57603dc79835 - test[9d35eded1c95d3be]::run_test::{closure#0}
[INFO] [stdout]                                at /rustc/dfb0accb7f508ae8be965d8629557221c889dd98/library/test/src/lib.rs:677:43
[INFO] [stdout]   33:     0x57603dc730f4 - test[9d35eded1c95d3be]::run_test::{closure#1}
[INFO] [stdout]                                at /rustc/dfb0accb7f508ae8be965d8629557221c889dd98/library/test/src/lib.rs:707:41
[INFO] [stdout]   34:     0x57603dc730f4 - std[70759c8f55707aa4]::sys::backtrace::__rust_begin_short_backtrace::<test[9d35eded1c95d3be]::run_test::{closure#1}, ()>
[INFO] [stdout]                                at /rustc/dfb0accb7f508ae8be965d8629557221c889dd98/library/std/src/sys/backtrace.rs:166:18
[INFO] [stdout]   35:     0x57603dc7c992 - std[70759c8f55707aa4]::thread::lifecycle::spawn_unchecked::<test[9d35eded1c95d3be]::run_test::{closure#1}, ()>::{closure#1}::{closure#0}
[INFO] [stdout]                                at /rustc/dfb0accb7f508ae8be965d8629557221c889dd98/library/std/src/thread/lifecycle.rs:70:13
[INFO] [stdout]   36:     0x57603dc7c992 - <core[df12db4294e9bfd3]::panic::unwind_safe::AssertUnwindSafe<std[70759c8f55707aa4]::thread::lifecycle::spawn_unchecked<test[9d35eded1c95d3be]::run_test::{closure#1}, ()>::{closure#1}::{closure#0}> as core[df12db4294e9bfd3]::ops::function::FnOnce<()>>::call_once
[INFO] [stdout]                                at /rustc/dfb0accb7f508ae8be965d8629557221c889dd98/library/core/src/panic/unwind_safe.rs:275:9
[INFO] [stdout]   37:     0x57603dc7c992 - std[70759c8f55707aa4]::panicking::catch_unwind::do_call::<core[df12db4294e9bfd3]::panic::unwind_safe::AssertUnwindSafe<std[70759c8f55707aa4]::thread::lifecycle::spawn_unchecked<test[9d35eded1c95d3be]::run_test::{closure#1}, ()>::{closure#1}::{closure#0}>, ()>
[INFO] [stdout]                                at /rustc/dfb0accb7f508ae8be965d8629557221c889dd98/library/std/src/panicking.rs:576:43
[INFO] [stdout]   38:     0x57603dc7c992 - std[70759c8f55707aa4]::panicking::catch_unwind::<(), core[df12db4294e9bfd3]::panic::unwind_safe::AssertUnwindSafe<std[70759c8f55707aa4]::thread::lifecycle::spawn_unchecked<test[9d35eded1c95d3be]::run_test::{closure#1}, ()>::{closure#1}::{closure#0}>>
[INFO] [stdout]                                at /rustc/dfb0accb7f508ae8be965d8629557221c889dd98/library/std/src/panicking.rs:544:19
[INFO] [stdout]   39:     0x57603dc7c992 - std[70759c8f55707aa4]::panic::catch_unwind::<core[df12db4294e9bfd3]::panic::unwind_safe::AssertUnwindSafe<std[70759c8f55707aa4]::thread::lifecycle::spawn_unchecked<test[9d35eded1c95d3be]::run_test::{closure#1}, ()>::{closure#1}::{closure#0}>, ()>
[INFO] [stdout]                                at /rustc/dfb0accb7f508ae8be965d8629557221c889dd98/library/std/src/panic.rs:359:14
[INFO] [stdout]   40:     0x57603dc7c992 - std[70759c8f55707aa4]::thread::lifecycle::spawn_unchecked::<test[9d35eded1c95d3be]::run_test::{closure#1}, ()>::{closure#1}
[INFO] [stdout]                                at /rustc/dfb0accb7f508ae8be965d8629557221c889dd98/library/std/src/thread/lifecycle.rs:68:26
[INFO] [stdout]   41:     0x57603dc7c992 - <std[70759c8f55707aa4]::thread::lifecycle::spawn_unchecked<test[9d35eded1c95d3be]::run_test::{closure#1}, ()>::{closure#1} as core[df12db4294e9bfd3]::ops::function::FnOnce<()>>::call_once::{shim:vtable#0}
[INFO] [stdout]                                at /rustc/dfb0accb7f508ae8be965d8629557221c889dd98/library/core/src/ops/function.rs:250:5
[INFO] [stdout]   42:     0x57603dd21119 - <alloc[2182bb758b4b3781]::boxed::Box<dyn core[df12db4294e9bfd3]::ops::function::FnOnce<(), Output = ()> + core[df12db4294e9bfd3]::marker::Send> as core[df12db4294e9bfd3]::ops::function::FnOnce<()>>::call_once
[INFO] [stdout]                                at /rustc/dfb0accb7f508ae8be965d8629557221c889dd98/library/alloc/src/boxed.rs:2320:9
[INFO] [stdout]   43:     0x57603dd21119 - <std[70759c8f55707aa4]::sys::thread::unix::Thread>::new::thread_start
[INFO] [stdout]                                at /rustc/dfb0accb7f508ae8be965d8629557221c889dd98/library/std/src/sys/thread/unix.rs:123:17
[INFO] [stdout]   44:     0x7d7018265dfa - <unknown>
[INFO] [stdout]   45:     0x7d70182f93d4 - clone
[INFO] [stdout]   46:                0x0 - <unknown>
[INFO] [stdout] 
[INFO] [stdout] 
[INFO] [stdout] failures:
[INFO] [stdout]     task_show_json_is_the_documented_contract
[INFO] [stdout] 
[INFO] [stdout] test result: FAILED. 6 passed; 1 failed; 0 ignored; 0 measured; 0 filtered out; finished in 1.38s
[INFO] [stdout] 
[INFO] [stderr] error: test failed, to rerun pass `--test card_activity`
[INFO] running `Command { std: "docker" "inspect" "d9e9faed8eead9bf4d75f52c8d43e57ce410edc502bc6f8375c255ad3d633632", kill_on_drop: false }`
[INFO] running `Command { std: "docker" "rm" "-f" "d9e9faed8eead9bf4d75f52c8d43e57ce410edc502bc6f8375c255ad3d633632", kill_on_drop: false }`
[INFO] [stdout] d9e9faed8eead9bf4d75f52c8d43e57ce410edc502bc6f8375c255ad3d633632
