[INFO] fetching crate rho-agent-tools 1.6.0...
[INFO] testing rho-agent-tools-1.6.0 against 1.99.0-beta.8 for beta-1.100-2
[INFO] extracting crate rho-agent-tools 1.6.0 into /workspace/builds/worker-6-tc1/source
[INFO] started tweaking crates.io crate rho-agent-tools 1.6.0
[INFO] finished tweaking crates.io crate rho-agent-tools 1.6.0
[INFO] tweaked toml for crates.io crate rho-agent-tools 1.6.0 written to /workspace/builds/worker-6-tc1/source/Cargo.toml
[INFO] validating manifest of crates.io crate rho-agent-tools 1.6.0 on toolchain 1.99.0-beta.8
[INFO] running `Command { std: CARGO_HOME="/workspace/cargo-home" RUSTUP_HOME="/workspace/rustup-home" "/workspace/cargo-home/bin/cargo" "+1.99.0-beta.8" "metadata" "--manifest-path" "Cargo.toml" "--no-deps", kill_on_drop: false }`
[INFO] crate crates.io crate rho-agent-tools 1.6.0 already has a lockfile, it will not be regenerated
[INFO] running `Command { std: CARGO_HOME="/workspace/cargo-home" RUSTUP_HOME="/workspace/rustup-home" "/workspace/cargo-home/bin/cargo" "+1.99.0-beta.8" "fetch" "--manifest-path" "Cargo.toml", kill_on_drop: false }`
[INFO] [stderr]     Updating crates.io index
[INFO] [stderr]  Downloading crates ...
[INFO] [stderr]   Downloaded typed-path v0.12.3
[INFO] [stderr]   Downloaded include_dir v0.7.4
[INFO] [stderr]   Downloaded alloc-no-stdlib v2.0.4
[INFO] [stderr]   Downloaded crypto-common v0.2.2
[INFO] [stderr]   Downloaded include_dir_macros v0.7.4
[INFO] [stderr]   Downloaded block-padding v0.4.2
[INFO] [stderr]   Downloaded cpubits v0.1.1
[INFO] [stderr]   Downloaded jiff-static v0.2.35
[INFO] [stderr]   Downloaded codepage v0.1.2
[INFO] [stderr]   Downloaded block-buffer v0.12.1
[INFO] [stderr]   Downloaded inout v0.2.2
[INFO] [stderr]   Downloaded alloc-stdlib v0.2.4
[INFO] [stderr]   Downloaded quick-error v2.0.1
[INFO] [stderr]   Downloaded debug_unsafe v0.1.4
[INFO] [stderr]   Downloaded env_logger v0.11.11
[INFO] [stderr]   Downloaded env_filter v2.0.0
[INFO] [stderr]   Downloaded zune-core v0.5.1
[INFO] [stderr]   Downloaded atoi_simd v0.18.1
[INFO] [stderr]   Downloaded md-5 v0.11.0
[INFO] [stderr]   Downloaded ecb v0.2.1
[INFO] [stderr]   Downloaded cbc v0.2.1
[INFO] [stderr]   Downloaded hybrid-array v0.4.15
[INFO] [stderr]   Downloaded cipher v0.5.2
[INFO] [stderr]   Downloaded weezl v0.1.12
[INFO] [stderr]   Downloaded zopfli v0.8.3
[INFO] [stderr]   Downloaded gif v0.14.2
[INFO] [stderr]   Downloaded rangemap v1.7.1
[INFO] [stderr]   Downloaded fast-float2 v0.2.3
[INFO] [stderr]   Downloaded image-webp v0.2.4
[INFO] [stderr]   Downloaded similar v3.2.0
[INFO] [stderr]   Downloaded weezl v0.2.1
[INFO] [stderr]   Downloaded zune-jpeg v0.5.15
[INFO] [stderr]   Downloaded cc v1.2.65
[INFO] [stderr]   Downloaded zip v8.6.0
[INFO] [stderr]   Downloaded jiff-core v0.1.0
[INFO] [stderr]   Downloaded aes v0.9.3
[INFO] [stderr]   Downloaded calamine v0.36.1
[INFO] [stderr]   Downloaded brotli-decompressor v5.0.3
[INFO] [stderr]   Downloaded quick-xml v0.42.0
[INFO] [stderr]   Downloaded rho-sdk v5.6.0
[INFO] [stderr]   Downloaded lopdf v0.45.0
[INFO] [stderr]   Downloaded bstr v1.12.3
[INFO] [stderr]   Downloaded jiff v0.2.35
[INFO] [stderr]   Downloaded pxfm v0.1.30
[INFO] [stderr]   Downloaded pdf-inspector v1.25.0
[INFO] running `Command { std: "docker" "create" "-v" "/var/lib/crater-agent-workspace/builds/worker-6-tc1/source:/opt/rustwide/workdir:ro,Z" "-v" "/var/lib/crater-agent-workspace/builds/worker-6-tc1/target:/opt/rustwide/target:rw,Z" "-v" "/var/lib/crater-agent-workspace/cargo-home:/opt/rustwide/cargo-home:ro,Z" "-v" "/var/lib/crater-agent-workspace/rustup-home:/opt/rustwide/rustup-home:ro,Z" "-m" "1610612736" "--network" "none" "ghcr.io/rust-lang/crates-build-env/linux@sha256:3111399a4047eeb3a02b7a90e478d715f38a8c6669b5c4b49d30a17385265909" "sleep" "infinity", kill_on_drop: false }`
[INFO] [stdout] 9731a1a76346a81212f31fa78e9c3bf1a7c1689ba88497abb62173357bd6fa16
[INFO] running `Command { std: "docker" "start" "9731a1a76346a81212f31fa78e9c3bf1a7c1689ba88497abb62173357bd6fa16", kill_on_drop: false }`
[INFO] running `Command { std: "docker" "inspect" "9731a1a76346a81212f31fa78e9c3bf1a7c1689ba88497abb62173357bd6fa16", kill_on_drop: false }`
[INFO] running `Command { std: "docker" "exec" "-e" "SOURCE_DIR=/opt/rustwide/workdir" "-e" "CARGO_HOME=/opt/rustwide/cargo-home" "-e" "RUSTUP_HOME=/opt/rustwide/rustup-home" "-e" "CARGO_TARGET_DIR=/opt/rustwide/target" "-w" "/opt/rustwide/workdir" "--user" "0:0" "9731a1a76346a81212f31fa78e9c3bf1a7c1689ba88497abb62173357bd6fa16" "/opt/rustwide/cargo-home/bin/cargo" "+1.99.0-beta.8" "metadata" "--no-deps" "--format-version=1", kill_on_drop: false }`
[INFO] running `Command { std: "docker" "inspect" "9731a1a76346a81212f31fa78e9c3bf1a7c1689ba88497abb62173357bd6fa16", kill_on_drop: false }`
[INFO] running `Command { std: "docker" "exec" "-e" "SOURCE_DIR=/opt/rustwide/workdir" "-e" "CARGO_HOME=/opt/rustwide/cargo-home" "-e" "RUSTUP_HOME=/opt/rustwide/rustup-home" "-e" "CARGO_TARGET_DIR=/opt/rustwide/target" "-e" "CARGO_INCREMENTAL=0" "-e" "RUST_BACKTRACE=full" "-e" "RUSTFLAGS=--cap-lints=warn" "-e" "RUSTDOCFLAGS=--cap-lints=warn" "-w" "/opt/rustwide/workdir" "--user" "0:0" "9731a1a76346a81212f31fa78e9c3bf1a7c1689ba88497abb62173357bd6fa16" "/opt/rustwide/cargo-home/bin/cargo" "+1.99.0-beta.8" "build" "--frozen" "--message-format=json", kill_on_drop: false }`
[INFO] [stderr]    Compiling syn v2.0.118
[INFO] [stderr]    Compiling memchr v2.8.3
[INFO] [stderr]    Compiling libc v0.2.189
[INFO] [stderr]    Compiling typenum v1.20.1
[INFO] [stderr]    Compiling simd-adler32 v0.3.10
[INFO] [stderr]    Compiling crc32fast v1.5.0
[INFO] [stderr]    Compiling log v0.4.33
[INFO] [stderr]    Compiling adler2 v2.0.1
[INFO] [stderr]    Compiling crossbeam-utils v0.8.21
[INFO] [stderr]    Compiling smallvec v1.15.2
[INFO] [stderr]    Compiling crossbeam-epoch v0.9.20
[INFO] [stderr]    Compiling miniz_oxide v0.9.1
[INFO] [stderr]    Compiling num-traits v0.2.19
[INFO] [stderr]    Compiling rand_core v0.10.1
[INFO] [stderr]    Compiling zlib-rs v0.6.6
[INFO] [stderr]    Compiling crossbeam-deque v0.8.7
[INFO] [stderr]    Compiling getrandom v0.4.3
[INFO] [stderr]    Compiling serde_core v1.0.229
[INFO] [stderr]    Compiling aho-corasick v1.1.4
[INFO] [stderr]    Compiling hybrid-array v0.4.15
[INFO] [stderr]    Compiling rayon-core v1.13.0
[INFO] [stderr]    Compiling tinyvec_macros v0.1.1
[INFO] [stderr]    Compiling thiserror v2.0.20
[INFO] [stderr]    Compiling tinyvec v1.12.0
[INFO] [stderr]    Compiling thiserror-impl v2.0.20
[INFO] [stderr]    Compiling alloc-no-stdlib v2.0.4
[INFO] [stderr]    Compiling bitflags v2.13.0
[INFO] [stderr]    Compiling crypto-common v0.2.2
[INFO] [stderr]    Compiling block-padding v0.4.2
[INFO] [stderr]    Compiling block-buffer v0.12.1
[INFO] [stderr]    Compiling inout v0.2.2
[INFO] [stderr]    Compiling serde v1.0.229
[INFO] [stderr]    Compiling unicode-normalization v0.1.25
[INFO] [stderr]    Compiling alloc-stdlib v0.2.4
[INFO] [stderr]    Compiling regex-automata v0.4.18
[INFO] [stderr]    Compiling cipher v0.5.2
[INFO] [stderr]    Compiling digest v0.11.3
[INFO] [stderr]    Compiling parking_lot_core v0.9.12
[INFO] [stderr]    Compiling errno v0.3.14
[INFO] [stderr]    Compiling chacha20 v0.10.1
[INFO] [stderr]    Compiling serde_derive v1.0.229
[INFO] [stderr]    Compiling cpubits v0.1.1
[INFO] [stderr]    Compiling either v1.16.0
[INFO] [stderr]    Compiling unicode-bidi v0.3.18
[INFO] [stderr]    Compiling serde_json v1.0.151
[INFO] [stderr]    Compiling unicode-properties v0.1.4
[INFO] [stderr]    Compiling bumpalo v3.20.3
[INFO] [stderr]    Compiling jiff-core v0.1.0
[INFO] [stderr]    Compiling synstructure v0.13.2
[INFO] [stderr]    Compiling zopfli v0.8.3
[INFO] [stderr]    Compiling stringprep v0.1.5
[INFO] [stderr]    Compiling regex v1.13.1
[INFO] [stderr]    Compiling chrono v0.4.45
[INFO] [stderr]    Compiling flate2 v1.1.10
[INFO] [stderr]    Compiling jiff v0.2.35
[INFO] [stderr]    Compiling env_filter v2.0.0
[INFO] [stderr]    Compiling anstream v1.0.0
[INFO] [stderr]    Compiling rayon v1.12.0
[INFO] [stderr]    Compiling zerofrom-derive v0.1.7
[INFO] [stderr]    Compiling yoke-derive v0.8.2
[INFO] [stderr]    Compiling zerovec-derive v0.11.3
[INFO] [stderr]    Compiling displaydoc v0.2.6
[INFO] [stderr]    Compiling tokio-macros v2.7.0
[INFO] [stderr]    Compiling zerofrom v0.1.8
[INFO] [stderr]    Compiling tracing-attributes v0.1.31
[INFO] [stderr]    Compiling yoke v0.8.3
[INFO] [stderr]    Compiling aes v0.9.3
[INFO] [stderr]    Compiling zerovec v0.11.6
[INFO] [stderr]    Compiling zerotrie v0.2.4
[INFO] [stderr]    Compiling parking_lot v0.12.5
[INFO] [stderr]    Compiling rand v0.10.2
[INFO] [stderr]    Compiling signal-hook-registry v1.4.8
[INFO] [stderr]    Compiling ecb v0.2.1
[INFO] [stderr]    Compiling tinystr v0.8.3
[INFO] [stderr]    Compiling potential_utf v0.1.5
[INFO] [stderr]    Compiling icu_locale_core v2.2.0
[INFO] [stderr]    Compiling icu_collections v2.2.0
[INFO] [stderr]    Compiling cbc v0.2.1
[INFO] [stderr]    Compiling md-5 v0.11.0
[INFO] [stderr]    Compiling sha2 v0.11.0
[INFO] [stderr]    Compiling brotli-decompressor v5.0.3
[INFO] [stderr]    Compiling socket2 v0.6.4
[INFO] [stderr]    Compiling mio v1.2.1
[INFO] [stderr]    Compiling nom v8.0.0
[INFO] [stderr]    Compiling bstr v1.12.3
[INFO] [stderr]    Compiling miniz_oxide v0.8.9
[INFO] [stderr]    Compiling fdeflate v0.3.7
[INFO] [stderr]    Compiling icu_provider v2.2.0
[INFO] [stderr]    Compiling include_dir_macros v0.7.4
[INFO] [stderr]    Compiling icu_properties v2.2.0
[INFO] [stderr]    Compiling icu_normalizer v2.2.0
[INFO] [stderr]    Compiling typed-path v0.12.3
[INFO] [stderr]    Compiling debug_unsafe v0.1.4
[INFO] [stderr]    Compiling weezl v0.2.1
[INFO] [stderr]    Compiling byteorder-lite v0.1.0
[INFO] [stderr]    Compiling pxfm v0.1.30
[INFO] [stderr]    Compiling quick-error v2.0.1
[INFO] [stderr]    Compiling same-file v1.0.6
[INFO] [stderr]    Compiling weezl v0.1.12
[INFO] [stderr]    Compiling zune-core v0.5.1
[INFO] [stderr]    Compiling rangemap v1.7.1
[INFO] [stderr]    Compiling color_quant v1.1.0
[INFO] [stderr]    Compiling tokio v1.53.1
[INFO] [stderr]    Compiling gif v0.14.2
[INFO] [stderr]    Compiling zune-jpeg v0.5.15
[INFO] [stderr]    Compiling walkdir v2.5.0
[INFO] [stderr]    Compiling zip v8.6.0
[INFO] [stderr]    Compiling idna_adapter v1.2.2
[INFO] [stderr]    Compiling idna v1.1.0
[INFO] [stderr]    Compiling image-webp v0.2.4
[INFO] [stderr]    Compiling atoi_simd v0.18.1
[INFO] [stderr]    Compiling include_dir v0.7.4
[INFO] [stderr]    Compiling url v2.5.8
[INFO] [stderr]    Compiling png v0.18.1
[INFO] [stderr]    Compiling globset v0.4.20
[INFO] [stderr]    Compiling moxcms v0.8.1
[INFO] [stderr]    Compiling lopdf v0.45.0
[INFO] [stderr]    Compiling env_logger v0.11.11
[INFO] [stderr]    Compiling tracing v0.1.44
[INFO] [stderr]    Compiling uuid v1.26.1
[INFO] [stderr]    Compiling quick-xml v0.41.0
[INFO] [stderr]    Compiling codepage v0.1.2
[INFO] [stderr]    Compiling ttf-parser v0.25.1
[INFO] [stderr]    Compiling fast-float2 v0.2.3
[INFO] [stderr]    Compiling byteorder v1.5.0
[INFO] [stderr]    Compiling bytemuck v1.25.1
[INFO] [stderr]    Compiling ignore v0.4.33
[INFO] [stderr]    Compiling calamine v0.36.1
[INFO] [stderr]    Compiling quick-xml v0.42.0
[INFO] [stderr]    Compiling base64 v0.23.1
[INFO] [stderr]    Compiling similar v3.2.0
[INFO] [stderr]    Compiling rho-sdk v5.6.0
[INFO] [stderr]    Compiling image v0.25.10
[INFO] [stderr]    Compiling pdf-inspector v1.25.0
[INFO] [stderr]    Compiling rho-agent-tools v1.6.0 (/opt/rustwide/workdir)
[INFO] [stderr]     Finished `dev` profile [unoptimized + debuginfo] target(s) in 3m 32s
[INFO] running `Command { std: "docker" "inspect" "9731a1a76346a81212f31fa78e9c3bf1a7c1689ba88497abb62173357bd6fa16", kill_on_drop: false }`
[INFO] running `Command { std: "docker" "exec" "-e" "SOURCE_DIR=/opt/rustwide/workdir" "-e" "CARGO_HOME=/opt/rustwide/cargo-home" "-e" "RUSTUP_HOME=/opt/rustwide/rustup-home" "-e" "CARGO_TARGET_DIR=/opt/rustwide/target" "-e" "CARGO_INCREMENTAL=0" "-e" "RUST_BACKTRACE=full" "-e" "RUSTFLAGS=--cap-lints=warn" "-e" "RUSTDOCFLAGS=--cap-lints=warn" "-w" "/opt/rustwide/workdir" "--user" "0:0" "9731a1a76346a81212f31fa78e9c3bf1a7c1689ba88497abb62173357bd6fa16" "/opt/rustwide/cargo-home/bin/cargo" "+1.99.0-beta.8" "test" "--frozen" "--no-run" "--message-format=json", kill_on_drop: false }`
[INFO] [stderr]    Compiling lopdf v0.45.0
[INFO] [stderr]    Compiling png v0.18.1
[INFO] [stderr]    Compiling yansi v1.0.1
[INFO] [stderr]    Compiling diff v0.1.13
[INFO] [stderr]    Compiling tempfile v3.27.0
[INFO] [stderr]    Compiling pretty_assertions v1.4.1
[INFO] [stderr]    Compiling image v0.25.10
[INFO] [stderr]    Compiling pdf-inspector v1.25.0
[INFO] [stderr]    Compiling rho-agent-tools v1.6.0 (/opt/rustwide/workdir)
[INFO] [stderr]     Finished `test` profile [unoptimized + debuginfo] target(s) in 1m 35s
[INFO] running `Command { std: "docker" "inspect" "9731a1a76346a81212f31fa78e9c3bf1a7c1689ba88497abb62173357bd6fa16", kill_on_drop: false }`
[INFO] running `Command { std: "docker" "exec" "-e" "SOURCE_DIR=/opt/rustwide/workdir" "-e" "CARGO_HOME=/opt/rustwide/cargo-home" "-e" "RUSTUP_HOME=/opt/rustwide/rustup-home" "-e" "CARGO_TARGET_DIR=/opt/rustwide/target" "-e" "CARGO_INCREMENTAL=0" "-e" "RUST_BACKTRACE=full" "-e" "RUSTFLAGS=--cap-lints=warn" "-e" "RUSTDOCFLAGS=--cap-lints=warn" "-w" "/opt/rustwide/workdir" "--user" "0:0" "9731a1a76346a81212f31fa78e9c3bf1a7c1689ba88497abb62173357bd6fa16" "/opt/rustwide/cargo-home/bin/cargo" "+1.99.0-beta.8" "test" "--frozen", kill_on_drop: false }`
[INFO] [stderr]     Finished `test` profile [unoptimized + debuginfo] target(s) in 0.60s
[INFO] [stderr]      Running unittests src/lib.rs (/opt/rustwide/target/debug/deps/rho_agent_tools-7cc15cd89f466803)
[INFO] [stdout] 
[INFO] [stdout] running 219 tests
[INFO] [stdout] test apply_patch::seek_sequence::tests::matches_context_by_normalization_rule ... ok
[INFO] [stdout] test apply_patch::tests::extracts_affected_paths_including_moves ... ok
[INFO] [stdout] test apply_patch::tests::parses_whitespace_only_context_lines ... ok
[INFO] [stdout] test apply_patch::tests::fails_closed_when_a_planned_file_changes ... ok
[INFO] [stdout] test apply_patch::tests::preserves_untouched_ending_before_deleted_final_line ... ok
[INFO] [stdout] test apply_patch::tests::projects_partial_and_moved_diffs_leniently ... ok
[INFO] [stdout] test apply_patch::tests::moves_report_both_affected_paths ... ok
[INFO] [stdout] test apply_patch::tests::applies_mixed_operations_with_numbered_snapshots ... ok
[INFO] [stdout] test apply_patch::tests::rejects_add_for_an_existing_file ... ok
[INFO] [stdout] test apply_patch::tests::rejects_malformed_patch_documents ... ok
[INFO] [stdout] test apply_patch::tests::rejects_existing_move_destination ... ok
[INFO] [stdout] test apply_patch::tests::move_preserves_mode_and_delete_rejects_symlink_leaf ... ok
[INFO] [stdout] test apply_patch::tests::rejects_delete_and_move_of_same_source ... ok
[INFO] [stdout] test apply_patch::tests::rejects_reverse_chunk_contexts_without_mutation ... ok
[INFO] [stdout] test apply_patch::tests::rollback_preserves_a_concurrent_external_change ... ok
[INFO] [stdout] test apply_patch::tests::preserves_untouched_line_endings_during_mixed_eol_update ... ok
[INFO] [stdout] test apply_patch::tests::applies_ordered_chunks_with_repeated_contexts ... ok
[INFO] [stdout] test apply_patch::tests::hard_link_staging_cleanup_failure_is_tracked_and_rolled_back ... ok
[INFO] [stdout] test apply_patch::tests::restoration_failure_reports_unrecovered_dirty_path ... ok
[INFO] [stdout] test apply_patch::tests::staging_failure_under_existing_parent_does_not_claim_rollback ... ok
[INFO] [stdout] test apply_patch::tests::staging_failure_removes_owned_parent_directories ... ok
[INFO] [stdout] test cancellation::tests::cancellation_wakes_current_and_future_waiters ... ok
[INFO] [stdout] test diff::tests::omits_diff_for_large_files ... ok
[INFO] [stdout] test document::tests::accepts_pdf_stream_payload_containing_endstream_marker ... ok
[INFO] [stdout] test apply_patch::tests::replacement_write_failure_restores_full_filesystem_shape ... ok
[INFO] [stdout] test apply_patch::tests::rollback_reports_created_directory_kept_for_concurrent_contents ... ok
[INFO] [stdout] test document::tests::bounds_warnings_while_collecting_them ... ok
[INFO] [stdout] test document::tests::detects_text_extensions_and_pdf_magic ... ok
[INFO] [stdout] test document::tests::extracts_docx_paragraphs_and_tables ... ok
[INFO] [stdout] test bash::tests::command_receives_eof_on_stdin ... ok
[INFO] [stdout] test bash::tests::returns_lossy_output_for_non_utf8_bytes ... ok
[INFO] [stdout] test bash::tests::inherit_except_scrubs_named_credentials_from_child_env ... ok
[INFO] [stdout] test document::tests::ignores_pdf_object_tokens_outside_object_syntax ... ok
[INFO] [stdout] test bash::output_tests::returns_after_shell_exits_with_background_pipe_holder ... ok
[INFO] [stdout] test document::tests::preserves_outer_cell_context_after_nested_tables ... ok
[INFO] [stdout] test document::tests::rejects_excessive_pdf_object_nesting_before_extraction ... ok
[INFO] [stdout] test document::tests::rejects_flate_streams_that_exceed_the_expanded_budget ... ok
[INFO] [stdout] test document::tests::rejects_paths_over_the_input_byte_cap ... ok
[INFO] [stdout] test document::tests::rejects_pdf_streams_with_chained_flate_filters ... ok
[INFO] [stdout] test document::tests::rejects_pdf_streams_with_malformed_filter_entries ... ok
[INFO] [stdout] test document::tests::rejects_pdf_streams_with_unbudgeted_decode_filters ... ok
[INFO] [stdout] test document::tests::rejects_spreadsheet_entries_exceeding_expansion_budget ... ok
[INFO] [stdout] test document::tests::rejects_unsupported_binary_data ... ok
[INFO] [stdout] test document::tests::sanitizes_document_names_and_bounds_their_length ... ok
[INFO] [stdout] test document::tests::skips_empty_spreadsheet_worksheets ... ok
[INFO] [stdout] test document::tests::truncates_extracted_text_on_a_character_boundary ... ok
[INFO] [stdout] test glob::tests::gitignored_and_hidden_excluded_by_default ... ok
[INFO] [stdout] test glob::tests::max_results_takes_the_first_paths_in_walk_order ... ok
[INFO] [stdout] test grep::tests::cancellation_stops_the_walk_and_is_reported ... ok
[INFO] [stdout] test grep::tests::content_mode_headers_are_workspace_relative_under_narrowed_path ... ok
[INFO] [stdout] test grep::tests::content_mode_mints_file_tags_and_preview_lines ... ok
[INFO] [stdout] test grep::tests::content_mode_omits_file_tags_when_disabled ... ok
[INFO] [stdout] test grep::tests::early_exit_modes_skip_binary_and_gitignore ... ok
[INFO] [stdout] test grep::tests::file_path_searches_the_named_file ... ok
[INFO] [stdout] test glob::tests::empty_results_report_each_incomplete_stop_reason ... ok
[INFO] [stdout] test grep::tests::files_with_matches_accepts_a_first_line_hit_before_invalid_utf8 ... ok
[INFO] [stdout] test grep::tests::files_with_matches_excludes_oversized_files_that_match_early ... ok
[INFO] [stdout] test grep::tests::grep_is_deterministic_across_runs ... ok
[INFO] [stdout] test grep::tests::honors_gitignore_and_include_hidden ... ok
[INFO] [stdout] test grep::tests::invalid_regex_and_output_mode_error ... ok
[INFO] [stdout] test grep::tests::max_per_file_suppresses_extra_hits ... ok
[INFO] [stdout] test grep::tests::files_with_matches_lists_each_file_once ... ok
[INFO] [stdout] test grep::tests::max_results_caps_content_output ... ok
[INFO] [stdout] test grep::tests::max_results_splits_a_file_and_reports_the_remainder ... ok
[INFO] [stdout] test document::tests::bounds_docx_output_during_extraction ... ok
[INFO] [stdout] test grep::tests::preserves_indentation_in_match_preview ... ok
[INFO] [stdout] test grep::tests::truncate_chars_respects_char_boundaries ... ok
[INFO] [stdout] test grep::tests::truncates_long_match_lines_at_char_boundary ... ok
[INFO] [stdout] test hashline::apply::tests::appends_into_an_empty_file ... ok
[INFO] [stdout] test hashline::apply::tests::applies_mixed_ops_on_original_line_numbers ... ok
[INFO] [stdout] test hashline::apply::tests::keeps_document_order_for_shared_anchors ... ok
[INFO] [stdout] test hashline::apply::tests::keeps_inserts_at_range_edges ... ok
[INFO] [stdout] test hashline::apply::tests::rejects_inserts_anchored_inside_a_destructive_range ... ok
[INFO] [stdout] test hashline::apply::tests::rejects_overlapping_replaces ... ok
[INFO] [stdout] test hashline::apply::tests::rejects_stale_tag ... ok
[INFO] [stdout] test hashline::format::tests::chain_snapshot_focuses_around_anchors ... ok
[INFO] [stdout] test hashline::format::tests::chain_snapshot_uses_head_tail_window_without_focus ... ok
[INFO] [stdout] test hashline::format::tests::file_hash_ignores_trailing_spaces_and_crlf ... ok
[INFO] [stdout] test grep::tests::skips_binary_and_oversized_files ... ok
[INFO] [stdout] test hashline::format::tests::hashline_view_uses_absolute_lines_and_full_file_tag ... ok
[INFO] [stdout] test hashline::format::tests::fixture_edit_original_tag_matches_compute_file_hash ... ok
[INFO] [stdout] test hashline::format::tests::post_edit_preview_marks_structural_edits ... ok
[INFO] [stdout] test hashline::format::tests::post_edit_preview_spreads_budget_across_hunks ... ok
[INFO] [stdout] test grep::tests::streaming_content_tags_match_full_file_hash ... ok
[INFO] [stdout] test hashline::format::tests::post_edit_preview_uses_new_tag_and_post_edit_line_numbers ... ok
[INFO] [stdout] test hashline::parser::tests::accepts_single_line_put_shorthand ... ok
[INFO] [stdout] test hashline::parser::tests::accepts_lenient_range_and_keyword_case ... ok
[INFO] [stdout] test hashline::parser::tests::parses_core_ops ... ok
[INFO] [stdout] test hashline::format::tests::post_edit_preview_keeps_context_around_deletes ... ok
[INFO] [stdout] test hashline::parser::tests::preserves_trailing_spaces_and_tabs_in_body_rows ... ok
[INFO] [stdout] test hashline::parser::tests::rejects_empty_put_body ... ok
[INFO] [stdout] test hashline::parser::tests::parses_incomplete_documents_leniently ... ok
[INFO] [stdout] test hashline::parser::tests::rejects_truncated_range_locators_with_clear_errors ... ok
[INFO] [stdout] test hashline::parser::tests::rejects_unsupported_block_and_register_ops ... ok
[INFO] [stdout] test hashline::proposed::tests::planned_edit_falls_back_without_live_file ... ok
[INFO] [stdout] test hashline::proposed::tests::plans_live_content_diff_with_removals ... ok
[INFO] [stdout] test hashline::proposed::tests::pure_cut_stays_content_change_with_stats ... ok
[INFO] [stdout] test hashline::proposed::tests::projects_incomplete_documents ... ok
[INFO] [stdout] test hashline::proposed::tests::projects_mixed_ops_into_document_rows ... ok
[INFO] [stdout] test hashline::tests::edits_file_from_read_tag ... ok
[INFO] [stdout] test hashline::tests::edits_multiple_files_in_one_document ... ok
[INFO] [stdout] test hashline::tests::chains_second_edit_from_post_edit_preview_without_reread ... ok
[INFO] [stdout] test hashline::tests::stale_tag_leaves_file_untouched ... ok
[INFO] [stdout] test image_format::tests::recognizes_supported_image_signatures ... ok
[INFO] [stdout] test image_preview::tests::preview_rejects_sources_beyond_decode_dimensions ... ok
[INFO] [stdout] test hashline::tests::structural_put_then_cut_cleanup_from_fresh_read ... ok
[INFO] [stdout] test path_glob::tests::bare_bang_is_rejected ... ok
[INFO] [stdout] test path_glob::tests::invalid_pattern_names_the_glob ... ok
[INFO] [stdout] test path_glob::tests::leading_bang_inverts_the_match ... ok
[INFO] [stdout] test read_file::tests::extracts_supported_binary_documents_for_whole_file_reads ... ok
[INFO] [stdout] test read_file::tests::falls_back_to_hashline_text_when_an_ascii_signature_is_not_a_decodable_image ... ok
[INFO] [stdout] test read_file::tests::keeps_binary_image_reads_successful_when_preview_decoding_fails ... ok
[INFO] [stdout] test read_file::tests::large_ranged_reads_match_hashline_window ... ok
[INFO] [stdout] test read_file::tests::plain_text_reads_return_hashline_view_with_full_file_tag ... ok
[INFO] [stdout] test read_file::tests::ranged_plain_text_reads_use_hashline_window ... ok
[INFO] [stdout] test document::tests::extracts_pdf_with_object_and_cross_reference_streams ... ok
[INFO] [stdout] test read_file::tests::reads_supported_images_without_retaining_the_source_decode ... ok
[INFO] [stdout] test read_file::tests::rejects_documents_over_the_input_limit ... ok
[INFO] [stdout] test read_file::tests::rejects_offset_past_end_of_file ... ok
[INFO] [stdout] test read_file::tests::rejects_zero_limit ... ok
[INFO] [stdout] test read_file::tests::renders_document_warnings ... ok
[INFO] [stdout] test document::tests::extracts_pdf_markdown_and_warns_for_empty_pages ... ok
[INFO] [stdout] test rtk::tests::encodes_project_paths_like_rtk_discover ... ok
[INFO] [stdout] test rtk::tests::logs_rtk_discover_compatible_tool_pairs ... ok
[INFO] [stdout] test rtk::tests::old_rtk_versions_do_not_support_rewrite ... ok
[INFO] [stdout] test rtk::tests::parses_rtk_versions ... ok
[INFO] [stdout] test sdk_adapter::tests::allowed_policy_edits_with_diff_metadata_and_progress ... ok
[INFO] [stdout] test sdk_adapter::tests::allowed_policy_executes_selected_alternate_edit_tools ... ok
[INFO] [stdout] test hashline::tests::multi_file_rollback_restores_earlier_writes ... FAILED
[INFO] [stdout] test read_file::tests::rejects_zero_offset ... ok
[INFO] [stdout] test sdk_adapter::tests::apply_patch_upgrades_cached_path_validation_for_symlink_delete ... ok
[INFO] [stdout] test sdk_adapter::tests::default_context_denies_read_without_policy ... ok
[INFO] [stdout] test sdk_adapter::tests::default_runtime_policy_keeps_coding_tools_inert ... ok
[INFO] [stdout] test sdk_adapter::tests::edit_preferences_select_one_model_facing_surface ... ok
[INFO] [stdout] test sdk_adapter::tests::edit_prepare_rejects_duplicate_paths ... ok
[INFO] [stdout] test sdk_adapter::tests::edit_prepare_rejects_invalid_document ... ok
[INFO] [stdout] test sdk_adapter::tests::edit_prepare_reserves_existing_targets ... ok
[INFO] [stdout] test sdk_adapter::tests::hostile_paths_are_rejected_before_file_io ... ok
[INFO] [stdout] test sdk_adapter::tests::missing_workspace_is_rejected ... ok
[INFO] [stdout] test sdk_adapter::tests::allowed_policy_reads_and_reports_metadata ... ok
[INFO] [stdout] test sdk_adapter::tests::preparation_canonicalizes_relative_absolute_symlink_and_granted_root_reads ... ok
[INFO] [stdout] test sdk_adapter::tests::preparation_reserves_missing_write_membership_and_rejects_parent_traversal ... ok
[INFO] [stdout] test sdk_adapter::tests::allowed_policy_writes_with_diff_metadata_and_progress ... ok
[INFO] [stdout] test sdk_adapter::tests::write_only_policy_cannot_diff_existing_file_contents ... ok
[INFO] [stdout] test sdk_adapter::tests::read_file_image_reaches_the_next_model_request ... ok
[INFO] [stdout] test sdk_search::tests::deny_context_blocks_call ... ok
[INFO] [stdout] test sdk_search::tests::allowed_policy_runs_grep_and_glob_with_read_metadata ... ok
[INFO] [stdout] test sdk_search::tests::invalid_regex_fails_prepare_without_capability_requests ... ok
[INFO] [stdout] test sdk_search::tests::grep_prepare_requests_read_on_canonical_root ... ok
[INFO] [stdout] test sdk_search::tests::parent_traversal_is_policy_denied ... ok
[INFO] [stdout] test sdk_security::tests::process_authorization_uses_the_unix_execution_plan ... ok
[INFO] [stdout] test sdk_search::tests::missing_workspace_is_rejected ... ok
[INFO] [stdout] test shell_process::tests::finished_result_respects_output_budget ... ok
[INFO] [stdout] test shell_process::tests::finished_result_uses_signal_when_exit_code_is_absent ... ok
[INFO] [stdout] test shell_process::tests::finished_success_keeps_time_and_stdout_label ... ok
[INFO] [stdout] test shell_process::tests::login_shell_keeps_parent_path_entries ... ok
[INFO] [stdout] test sdk_shell::tests::unix::approved_process_facts_are_the_command_that_executes ... ok
[INFO] [stdout] test shell_process::tests::parent_path_follows_environment_policy ... ok
[INFO] [stdout] test shell_process::tests::read_stream_stops_when_consumer_disconnects ... ok
[INFO] [stdout] test shell_process::tests::shell_args_reject_invalid_payload ... ok
[INFO] [stdout] test shell_process::tests::shell_args_timeout_rejects_zero ... ok
[INFO] [stdout] test shell_process::tests::shell_content_keeps_sentinel_text_inside_labeled_stdout ... ok
[INFO] [stdout] test shell_process::tests::login_shell_script_is_inert_without_parent_path ... ok
[INFO] [stdout] test shell_process::tests::shell_content_parses_exit_only_failure ... ok
[INFO] [stdout] test shell_process::tests::shell_content_parses_timeout_notice ... ok
[INFO] [stdout] test shell_process::tests::shell_content_preserves_signal_exit_status ... ok
[INFO] [stdout] test shell_process::tests::shell_content_treats_bare_success_output_as_stdout ... ok
[INFO] [stdout] test shell_process::tests::stream_session_caps_retained_stdout_and_stderr ... ok
[INFO] [stdout] test shell_process::tests::stream_read_failure_is_reported_on_stderr ... ok
[INFO] [stdout] test shell_process::tests::timeout_error_includes_partial_output ... ok
[INFO] [stdout] test shell_process::tests::timeout_error_respects_output_budget ... ok
[INFO] [stdout] test str_replace::tests::rejects_ambiguous_match_without_mutation ... ok
[INFO] [stdout] test str_replace::tests::rejects_invalid_replacement_arguments ... ok
[INFO] [stdout] test str_replace::tests::preserves_crlf_when_arguments_use_lf ... ok
[INFO] [stdout] test str_replace::tests::rejects_symlink_leaf_without_mutating_target ... ok
[INFO] [stdout] test str_replace::tests::replaces_unique_occurrence_with_numbered_snapshot ... ok
[INFO] [stdout] test text_view::tests::chain_snapshot_focuses_around_anchors ... ok
[INFO] [stdout] test str_replace::tests::replaces_all_occurrences_through_str_replace_content ... ok
[INFO] [stdout] test text_view::tests::numbered_view_uses_absolute_lines_and_path_header ... ok
[INFO] [stdout] test text_view::tests::split_content_lines_handles_empty_and_trailing_newline ... ok
[INFO] [stdout] test text_view::tests::chain_snapshot_uses_head_tail_window_without_focus ... ok
[INFO] [stdout] test read_file::tests::reports_truncated_document_extraction ... ok
[INFO] [stdout] test text_view::window_tests::numbered_disk_window_matches_split_view ... ok
[INFO] [stdout] test text_view::window_tests::window_reads_partial_line_after_chunk_without_newline ... ok
[INFO] [stdout] test text_view::window_tests::window_rejects_invalid_utf8_before_selected_window ... ok
[INFO] [stdout] test tool::tests::compact_display_path_normalizes_against_cwd ... ok
[INFO] [stdout] test tool::tests::truncate_cuts_on_char_boundaries ... ok
[INFO] [stdout] test tool_card::tests::compact_diff_rows_number_context_and_mark_hunk_gaps ... ok
[INFO] [stdout] test tool_card::tests::compact_diff_rows_two_files_without_blank_separator ... ok
[INFO] [stdout] test tool_card::tests::deleted_file_keeps_old_path_not_dev_null ... ok
[INFO] [stdout] test tool_card::tests::diff_stats_multi_file_without_blank_separator ... ok
[INFO] [stdout] test tool_card::tests::display_plan_diff_past_budget_collapses_like_any_body ... ok
[INFO] [stdout] test tool_card::tests::display_plan_expanded_diff_shows_collapse_prompt_past_budget ... ok
[INFO] [stdout] test tool_card::tests::display_plan_expanded_long_body_shows_collapse_prompt ... ok
[INFO] [stdout] test tool_card::tests::display_plan_facts_and_body_share_one_budget ... ok
[INFO] [stdout] test text_view::window_tests::disk_window_matches_split_view ... ok
[INFO] [stdout] test tool_card::tests::display_plan_long_non_diff_body_truncated_when_collapsed ... ok
[INFO] [stdout] test tool_card::tests::display_plan_short_diff_collapsed_shows_body ... ok
[INFO] [stdout] test tool_card::tests::multi_file_card_headers_include_content_stats ... ok
[INFO] [stdout] test tool_card::tests::tool_fact_timeout_serde_roundtrip ... ok
[INFO] [stdout] test workspace_walk::tests::a_root_named_git_is_still_walked ... ok
[INFO] [stdout] test workspace_walk::tests::entries_arrive_sorted_within_each_directory ... ok
[INFO] [stdout] test tool_card::tests::display_plan_many_facts_exceed_budget_when_collapsed ... ok
[INFO] [stdout] test workspace_walk::tests::honors_gitignore_without_git_checkout ... ok
[INFO] [stdout] test workspace_walk::tests::file_root_yields_that_file_even_when_ignored_or_hidden ... ok
[INFO] [stdout] test workspace_walk::tests::max_entries_returns_entry_limit ... ok
[INFO] [stdout] test workspace_walk::tests::never_yields_symlink_or_descends_symlink_directory ... ok
[INFO] [stdout] test workspace_walk::tests::skip_and_include_hidden_always_excludes_git ... ok
[INFO] [stdout] test workspace_walk::tests::visitor_break_result_limit_stops_walk ... ok
[INFO] [stdout] test write_file::tests::large_write_returns_bounded_chain_snapshot ... ok
[INFO] [stdout] test write_file::tests::overwrites_unreadable_file_without_diff ... ok
[INFO] [stdout] test workspace_walk::tests::past_deadline_returns_deadline ... ok
[INFO] [stdout] test write_file::tests::writes_file_and_creates_parent_dirs ... ok
[INFO] [stdout] test sdk_adapter::tests::patch_tests::patch_paths_follow_workspace_authorization ... ok
[INFO] [stdout] test text_view::window_tests::window_matches_split_across_chunk_windows ... ok
[INFO] [stdout] test document::tests::renders_xlsx_as_bounded_markdown_tables ... ok
[INFO] [stdout] test document::tests::bounds_pdf_markdown_output ... ok
[INFO] [stdout] test bash::tests::timeout_returns_when_an_escaped_process_holds_the_output_pipe ... ok
[INFO] [stdout] test image_preview::tests::preview_resizes_only_sources_larger_than_the_display_box ... ok
[INFO] [stdout] 
[INFO] [stdout] failures:
[INFO] [stdout] 
[INFO] [stdout] ---- hashline::tests::multi_file_rollback_restores_earlier_writes stdout ----
[INFO] [stdout] 
[INFO] [stdout] thread 'hashline::tests::multi_file_rollback_restores_earlier_writes' (2222) panicked at src/hashline/mod_tests.rs:186:18:
[INFO] [stdout] expected multi-file commit failure
[INFO] [stdout] stack backtrace:
[INFO] [stdout]    0:     0x56a8cbc8f721 - std[70759c8f55707aa4]::backtrace_rs::backtrace::libunwind::trace
[INFO] [stdout]                                at /rustc/dfb0accb7f508ae8be965d8629557221c889dd98/library/std/src/../../backtrace/src/backtrace/libunwind.rs:117:9
[INFO] [stdout]    1:     0x56a8cbc8f721 - std[70759c8f55707aa4]::backtrace_rs::backtrace::trace_unsynchronized::<std[70759c8f55707aa4]::sys::backtrace::_print_fmt::{closure#1}>
[INFO] [stdout]                                at /rustc/dfb0accb7f508ae8be965d8629557221c889dd98/library/std/src/../../backtrace/src/backtrace/mod.rs:66:14
[INFO] [stdout]    2:     0x56a8cbc8f721 - std[70759c8f55707aa4]::sys::backtrace::_print_fmt
[INFO] [stdout]                                at /rustc/dfb0accb7f508ae8be965d8629557221c889dd98/library/std/src/sys/backtrace.rs:74:9
[INFO] [stdout]    3:     0x56a8cbc8f721 - <<std[70759c8f55707aa4]::sys::backtrace::BacktraceLock>::print::DisplayBacktrace as core[df12db4294e9bfd3]::fmt::Display>::fmt
[INFO] [stdout]                                at /rustc/dfb0accb7f508ae8be965d8629557221c889dd98/library/std/src/sys/backtrace.rs:44:26
[INFO] [stdout]    4:     0x56a8cbca8b3a - <core[df12db4294e9bfd3]::fmt::rt::Argument>::fmt
[INFO] [stdout]                                at /rustc/dfb0accb7f508ae8be965d8629557221c889dd98/library/core/src/fmt/rt.rs:152:76
[INFO] [stdout]    5:     0x56a8cbca8b3a - core[df12db4294e9bfd3]::fmt::write
[INFO] [stdout]    6:     0x56a8cbc9457c - core[df12db4294e9bfd3]::io::write::default_write_fmt::<alloc[2182bb758b4b3781]::vec::Vec<u8>>
[INFO] [stdout]                                at /rustc/dfb0accb7f508ae8be965d8629557221c889dd98/library/core/src/io/write.rs:402:11
[INFO] [stdout]    7:     0x56a8cbc9457c - <alloc[2182bb758b4b3781]::vec::Vec<u8> as core[df12db4294e9bfd3]::io::write::Write>::write_fmt
[INFO] [stdout]                                at /rustc/dfb0accb7f508ae8be965d8629557221c889dd98/library/core/src/io/write.rs:335:13
[INFO] [stdout]    8:     0x56a8cbc67106 - <std[70759c8f55707aa4]::sys::backtrace::BacktraceLock>::print
[INFO] [stdout]                                at /rustc/dfb0accb7f508ae8be965d8629557221c889dd98/library/std/src/sys/backtrace.rs:47:9
[INFO] [stdout]    9:     0x56a8cbc67106 - std[70759c8f55707aa4]::panicking::default_hook::{closure#0}
[INFO] [stdout]                                at /rustc/dfb0accb7f508ae8be965d8629557221c889dd98/library/std/src/panicking.rs:292:27
[INFO] [stdout]   10:     0x56a8cbc860a9 - std[70759c8f55707aa4]::panicking::default_hook
[INFO] [stdout]                                at /rustc/dfb0accb7f508ae8be965d8629557221c889dd98/library/std/src/panicking.rs:316:9
[INFO] [stdout]   11:     0x56a8cb189400 - <alloc[2182bb758b4b3781]::boxed::Box<dyn for<'a, 'b> core[df12db4294e9bfd3]::ops::function::Fn<(&'a std[70759c8f55707aa4]::panic::PanicHookInfo<'b>,), Output = ()> + core[df12db4294e9bfd3]::marker::Send + core[df12db4294e9bfd3]::marker::Sync> as core[df12db4294e9bfd3]::ops::function::Fn<(&std[70759c8f55707aa4]::panic::PanicHookInfo,)>>::call
[INFO] [stdout]                                at /rustc/dfb0accb7f508ae8be965d8629557221c889dd98/library/alloc/src/boxed.rs:2334:9
[INFO] [stdout]   12:     0x56a8cb189400 - test[9d35eded1c95d3be]::test_main_inner::<test[9d35eded1c95d3be]::test_main_static::{closure#0}>::{closure#0}
[INFO] [stdout]                                at /rustc/dfb0accb7f508ae8be965d8629557221c889dd98/library/test/src/lib.rs:155:21
[INFO] [stdout]   13:     0x56a8cbc863d2 - <alloc[2182bb758b4b3781]::boxed::Box<dyn for<'a, 'b> core[df12db4294e9bfd3]::ops::function::Fn<(&'a std[70759c8f55707aa4]::panic::PanicHookInfo<'b>,), Output = ()> + core[df12db4294e9bfd3]::marker::Send + core[df12db4294e9bfd3]::marker::Sync> as core[df12db4294e9bfd3]::ops::function::Fn<(&std[70759c8f55707aa4]::panic::PanicHookInfo,)>>::call
[INFO] [stdout]                                at /rustc/dfb0accb7f508ae8be965d8629557221c889dd98/library/alloc/src/boxed.rs:2334:9
[INFO] [stdout]   14:     0x56a8cbc863d2 - std[70759c8f55707aa4]::panicking::panic_with_hook
[INFO] [stdout]                                at /rustc/dfb0accb7f508ae8be965d8629557221c889dd98/library/std/src/panicking.rs:823:13
[INFO] [stdout]   15:     0x56a8cbc671e4 - std[70759c8f55707aa4]::panicking::panic_handler::{closure#0}
[INFO] [stdout]                                at /rustc/dfb0accb7f508ae8be965d8629557221c889dd98/library/std/src/panicking.rs:681:13
[INFO] [stdout]   16:     0x56a8cbc5fae9 - std[70759c8f55707aa4]::sys::backtrace::__rust_end_short_backtrace::<std[70759c8f55707aa4]::panicking::panic_handler::{closure#0}, !>
[INFO] [stdout]                                at /rustc/dfb0accb7f508ae8be965d8629557221c889dd98/library/std/src/sys/backtrace.rs:182:18
[INFO] [stdout]   17:     0x56a8cbc6804d - __rustc[8fa7c3cbc660c2b3]::rust_begin_unwind
[INFO] [stdout]                                at /rustc/dfb0accb7f508ae8be965d8629557221c889dd98/library/std/src/panicking.rs:679:5
[INFO] [stdout]   18:     0x56a8cbca940c - core[df12db4294e9bfd3]::panicking::panic_fmt
[INFO] [stdout]                                at /rustc/dfb0accb7f508ae8be965d8629557221c889dd98/library/core/src/panicking.rs:80:14
[INFO] [stdout]   19:     0x56a8ca482c27 - rho_agent_tools[a4cd3e285bf23663]::hashline::tests::multi_file_rollback_restores_earlier_writes::{closure#0}
[INFO] [stdout]                                at /opt/rustwide/workdir/src/hashline/mod_tests.rs:186:18
[INFO] [stdout]   20:     0x56a8ca207f32 - <core[df12db4294e9bfd3]::pin::Pin<&mut dyn core[df12db4294e9bfd3]::future::future::Future<Output = ()>> as core[df12db4294e9bfd3]::future::future::Future>::poll
[INFO] [stdout]                                at /rustc/dfb0accb7f508ae8be965d8629557221c889dd98/library/core/src/future/future.rs:133:9
[INFO] [stdout]   21:     0x56a8ca207fad - <core[df12db4294e9bfd3]::pin::Pin<&mut core[df12db4294e9bfd3]::pin::Pin<&mut dyn core[df12db4294e9bfd3]::future::future::Future<Output = ()>>> as core[df12db4294e9bfd3]::future::future::Future>::poll
[INFO] [stdout]                                at /rustc/dfb0accb7f508ae8be965d8629557221c889dd98/library/core/src/future/future.rs:133:9
[INFO] [stdout]   22:     0x56a8ca29d78d - <tokio[50ae2ee767d267b6]::runtime::scheduler::current_thread::CoreGuard>::block_on::<core[df12db4294e9bfd3]::pin::Pin<&mut core[df12db4294e9bfd3]::pin::Pin<&mut dyn core[df12db4294e9bfd3]::future::future::Future<Output = ()>>>>::{closure#0}::{closure#0}::{closure#0}
[INFO] [stdout]                                at /opt/rustwide/cargo-home/registry/src/index.crates.io-1949cf8c6b5b557f/tokio-1.53.1/src/runtime/scheduler/current_thread/mod.rs:830:70
[INFO] [stdout]   23:     0x56a8ca29d435 - tokio[50ae2ee767d267b6]::task::coop::with_budget::<core[df12db4294e9bfd3]::task::poll::Poll<()>, <tokio[50ae2ee767d267b6]::runtime::scheduler::current_thread::CoreGuard>::block_on<core[df12db4294e9bfd3]::pin::Pin<&mut core[df12db4294e9bfd3]::pin::Pin<&mut dyn core[df12db4294e9bfd3]::future::future::Future<Output = ()>>>>::{closure#0}::{closure#0}::{closure#0}>
[INFO] [stdout]                                at /opt/rustwide/cargo-home/registry/src/index.crates.io-1949cf8c6b5b557f/tokio-1.53.1/src/task/coop/mod.rs:167:5
[INFO] [stdout]   24:     0x56a8ca29d435 - tokio[50ae2ee767d267b6]::task::coop::budget::<core[df12db4294e9bfd3]::task::poll::Poll<()>, <tokio[50ae2ee767d267b6]::runtime::scheduler::current_thread::CoreGuard>::block_on<core[df12db4294e9bfd3]::pin::Pin<&mut core[df12db4294e9bfd3]::pin::Pin<&mut dyn core[df12db4294e9bfd3]::future::future::Future<Output = ()>>>>::{closure#0}::{closure#0}::{closure#0}>
[INFO] [stdout]                                at /opt/rustwide/cargo-home/registry/src/index.crates.io-1949cf8c6b5b557f/tokio-1.53.1/src/task/coop/mod.rs:133:5
[INFO] [stdout]   25:     0x56a8ca29d435 - <tokio[50ae2ee767d267b6]::runtime::scheduler::current_thread::CoreGuard>::block_on::<core[df12db4294e9bfd3]::pin::Pin<&mut core[df12db4294e9bfd3]::pin::Pin<&mut dyn core[df12db4294e9bfd3]::future::future::Future<Output = ()>>>>::{closure#0}::{closure#0}
[INFO] [stdout]                                at /opt/rustwide/cargo-home/registry/src/index.crates.io-1949cf8c6b5b557f/tokio-1.53.1/src/runtime/scheduler/current_thread/mod.rs:830:25
[INFO] [stdout]   26:     0x56a8ca28bbc2 - <tokio[50ae2ee767d267b6]::runtime::scheduler::current_thread::Context>::enter::<core[df12db4294e9bfd3]::task::poll::Poll<()>, <tokio[50ae2ee767d267b6]::runtime::scheduler::current_thread::CoreGuard>::block_on<core[df12db4294e9bfd3]::pin::Pin<&mut core[df12db4294e9bfd3]::pin::Pin<&mut dyn core[df12db4294e9bfd3]::future::future::Future<Output = ()>>>>::{closure#0}::{closure#0}>
[INFO] [stdout]                                at /opt/rustwide/cargo-home/registry/src/index.crates.io-1949cf8c6b5b557f/tokio-1.53.1/src/runtime/scheduler/current_thread/mod.rs:488:19
[INFO] [stdout]   27:     0x56a8ca29b5bd - <tokio[50ae2ee767d267b6]::runtime::scheduler::current_thread::CoreGuard>::block_on::<core[df12db4294e9bfd3]::pin::Pin<&mut core[df12db4294e9bfd3]::pin::Pin<&mut dyn core[df12db4294e9bfd3]::future::future::Future<Output = ()>>>>::{closure#0}
[INFO] [stdout]                                at /opt/rustwide/cargo-home/registry/src/index.crates.io-1949cf8c6b5b557f/tokio-1.53.1/src/runtime/scheduler/current_thread/mod.rs:829:44
[INFO] [stdout]   28:     0x56a8ca29a854 - <tokio[50ae2ee767d267b6]::runtime::scheduler::current_thread::CoreGuard>::enter::<<tokio[50ae2ee767d267b6]::runtime::scheduler::current_thread::CoreGuard>::block_on<core[df12db4294e9bfd3]::pin::Pin<&mut core[df12db4294e9bfd3]::pin::Pin<&mut dyn core[df12db4294e9bfd3]::future::future::Future<Output = ()>>>>::{closure#0}, core[df12db4294e9bfd3]::option::Option<()>>::{closure#0}
[INFO] [stdout]                                at /opt/rustwide/cargo-home/registry/src/index.crates.io-1949cf8c6b5b557f/tokio-1.53.1/src/runtime/scheduler/current_thread/mod.rs:906:68
[INFO] [stdout]   29:     0x56a8ca4b257b - <tokio[50ae2ee767d267b6]::runtime::context::scoped::Scoped<tokio[50ae2ee767d267b6]::runtime::scheduler::Context>>::set::<<tokio[50ae2ee767d267b6]::runtime::scheduler::current_thread::CoreGuard>::enter<<tokio[50ae2ee767d267b6]::runtime::scheduler::current_thread::CoreGuard>::block_on<core[df12db4294e9bfd3]::pin::Pin<&mut core[df12db4294e9bfd3]::pin::Pin<&mut dyn core[df12db4294e9bfd3]::future::future::Future<Output = ()>>>>::{closure#0}, core[df12db4294e9bfd3]::option::Option<()>>::{closure#0}, (alloc[2182bb758b4b3781]::boxed::Box<tokio[50ae2ee767d267b6]::runtime::scheduler::current_thread::Core>, core[df12db4294e9bfd3]::option::Option<()>)>
[INFO] [stdout]                                at /opt/rustwide/cargo-home/registry/src/index.crates.io-1949cf8c6b5b557f/tokio-1.53.1/src/runtime/context/scoped.rs:40:9
[INFO] [stdout]   30:     0x56a8ca4c85e9 - tokio[50ae2ee767d267b6]::runtime::context::set_scheduler::<(alloc[2182bb758b4b3781]::boxed::Box<tokio[50ae2ee767d267b6]::runtime::scheduler::current_thread::Core>, core[df12db4294e9bfd3]::option::Option<()>), <tokio[50ae2ee767d267b6]::runtime::scheduler::current_thread::CoreGuard>::enter<<tokio[50ae2ee767d267b6]::runtime::scheduler::current_thread::CoreGuard>::block_on<core[df12db4294e9bfd3]::pin::Pin<&mut core[df12db4294e9bfd3]::pin::Pin<&mut dyn core[df12db4294e9bfd3]::future::future::Future<Output = ()>>>>::{closure#0}, core[df12db4294e9bfd3]::option::Option<()>>::{closure#0}>::{closure#0}
[INFO] [stdout]                                at /opt/rustwide/cargo-home/registry/src/index.crates.io-1949cf8c6b5b557f/tokio-1.53.1/src/runtime/context.rs:187:38
[INFO] [stdout]   31:     0x56a8ca51266f - <std[70759c8f55707aa4]::thread::local::LocalKey<tokio[50ae2ee767d267b6]::runtime::context::Context>>::try_with::<tokio[50ae2ee767d267b6]::runtime::context::set_scheduler<(alloc[2182bb758b4b3781]::boxed::Box<tokio[50ae2ee767d267b6]::runtime::scheduler::current_thread::Core>, core[df12db4294e9bfd3]::option::Option<()>), <tokio[50ae2ee767d267b6]::runtime::scheduler::current_thread::CoreGuard>::enter<<tokio[50ae2ee767d267b6]::runtime::scheduler::current_thread::CoreGuard>::block_on<core[df12db4294e9bfd3]::pin::Pin<&mut core[df12db4294e9bfd3]::pin::Pin<&mut dyn core[df12db4294e9bfd3]::future::future::Future<Output = ()>>>>::{closure#0}, core[df12db4294e9bfd3]::option::Option<()>>::{closure#0}>::{closure#0}, (alloc[2182bb758b4b3781]::boxed::Box<tokio[50ae2ee767d267b6]::runtime::scheduler::current_thread::Core>, core[df12db4294e9bfd3]::option::Option<()>)>
[INFO] [stdout]                                at /rustc/dfb0accb7f508ae8be965d8629557221c889dd98/library/std/src/thread/local.rs:463:12
[INFO] [stdout]   32:     0x56a8ca51221e - <std[70759c8f55707aa4]::thread::local::LocalKey<tokio[50ae2ee767d267b6]::runtime::context::Context>>::with::<tokio[50ae2ee767d267b6]::runtime::context::set_scheduler<(alloc[2182bb758b4b3781]::boxed::Box<tokio[50ae2ee767d267b6]::runtime::scheduler::current_thread::Core>, core[df12db4294e9bfd3]::option::Option<()>), <tokio[50ae2ee767d267b6]::runtime::scheduler::current_thread::CoreGuard>::enter<<tokio[50ae2ee767d267b6]::runtime::scheduler::current_thread::CoreGuard>::block_on<core[df12db4294e9bfd3]::pin::Pin<&mut core[df12db4294e9bfd3]::pin::Pin<&mut dyn core[df12db4294e9bfd3]::future::future::Future<Output = ()>>>>::{closure#0}, core[df12db4294e9bfd3]::option::Option<()>>::{closure#0}>::{closure#0}, (alloc[2182bb758b4b3781]::boxed::Box<tokio[50ae2ee767d267b6]::runtime::scheduler::current_thread::Core>, core[df12db4294e9bfd3]::option::Option<()>)>
[INFO] [stdout]                                at /rustc/dfb0accb7f508ae8be965d8629557221c889dd98/library/std/src/thread/local.rs:427:20
[INFO] [stdout]   33:     0x56a8ca4b3d2d - tokio[50ae2ee767d267b6]::runtime::context::set_scheduler::<(alloc[2182bb758b4b3781]::boxed::Box<tokio[50ae2ee767d267b6]::runtime::scheduler::current_thread::Core>, core[df12db4294e9bfd3]::option::Option<()>), <tokio[50ae2ee767d267b6]::runtime::scheduler::current_thread::CoreGuard>::enter<<tokio[50ae2ee767d267b6]::runtime::scheduler::current_thread::CoreGuard>::block_on<core[df12db4294e9bfd3]::pin::Pin<&mut core[df12db4294e9bfd3]::pin::Pin<&mut dyn core[df12db4294e9bfd3]::future::future::Future<Output = ()>>>>::{closure#0}, core[df12db4294e9bfd3]::option::Option<()>>::{closure#0}>
[INFO] [stdout]                                at /opt/rustwide/cargo-home/registry/src/index.crates.io-1949cf8c6b5b557f/tokio-1.53.1/src/runtime/context.rs:187:17
[INFO] [stdout]   34:     0x56a8ca28f530 - <tokio[50ae2ee767d267b6]::runtime::scheduler::current_thread::CoreGuard>::enter::<<tokio[50ae2ee767d267b6]::runtime::scheduler::current_thread::CoreGuard>::block_on<core[df12db4294e9bfd3]::pin::Pin<&mut core[df12db4294e9bfd3]::pin::Pin<&mut dyn core[df12db4294e9bfd3]::future::future::Future<Output = ()>>>>::{closure#0}, core[df12db4294e9bfd3]::option::Option<()>>
[INFO] [stdout]                                at /opt/rustwide/cargo-home/registry/src/index.crates.io-1949cf8c6b5b557f/tokio-1.53.1/src/runtime/scheduler/current_thread/mod.rs:906:27
[INFO] [stdout]   35:     0x56a8ca28f826 - <tokio[50ae2ee767d267b6]::runtime::scheduler::current_thread::CoreGuard>::block_on::<core[df12db4294e9bfd3]::pin::Pin<&mut core[df12db4294e9bfd3]::pin::Pin<&mut dyn core[df12db4294e9bfd3]::future::future::Future<Output = ()>>>>
[INFO] [stdout]                                at /opt/rustwide/cargo-home/registry/src/index.crates.io-1949cf8c6b5b557f/tokio-1.53.1/src/runtime/scheduler/current_thread/mod.rs:817:24
[INFO] [stdout]   36:     0x56a8ca29a600 - <tokio[50ae2ee767d267b6]::runtime::scheduler::current_thread::CurrentThread>::block_on::<core[df12db4294e9bfd3]::pin::Pin<&mut dyn core[df12db4294e9bfd3]::future::future::Future<Output = ()>>>::{closure#0}
[INFO] [stdout]                                at /opt/rustwide/cargo-home/registry/src/index.crates.io-1949cf8c6b5b557f/tokio-1.53.1/src/runtime/scheduler/current_thread/mod.rs:218:33
[INFO] [stdout]   37:     0x56a8ca130478 - tokio[50ae2ee767d267b6]::runtime::context::runtime::enter_runtime::<<tokio[50ae2ee767d267b6]::runtime::scheduler::current_thread::CurrentThread>::block_on<core[df12db4294e9bfd3]::pin::Pin<&mut dyn core[df12db4294e9bfd3]::future::future::Future<Output = ()>>>::{closure#0}, ()>
[INFO] [stdout]                                at /opt/rustwide/cargo-home/registry/src/index.crates.io-1949cf8c6b5b557f/tokio-1.53.1/src/runtime/context/runtime.rs:65:16
[INFO] [stdout]   38:     0x56a8ca28b784 - <tokio[50ae2ee767d267b6]::runtime::scheduler::current_thread::CurrentThread>::block_on::<core[df12db4294e9bfd3]::pin::Pin<&mut dyn core[df12db4294e9bfd3]::future::future::Future<Output = ()>>>
[INFO] [stdout]                                at /opt/rustwide/cargo-home/registry/src/index.crates.io-1949cf8c6b5b557f/tokio-1.53.1/src/runtime/scheduler/current_thread/mod.rs:206:9
[INFO] [stdout]   39:     0x56a8ca1129bf - <tokio[50ae2ee767d267b6]::runtime::runtime::Runtime>::block_on_inner::<core[df12db4294e9bfd3]::pin::Pin<&mut dyn core[df12db4294e9bfd3]::future::future::Future<Output = ()>>>
[INFO] [stdout]                                at /opt/rustwide/cargo-home/registry/src/index.crates.io-1949cf8c6b5b557f/tokio-1.53.1/src/runtime/runtime.rs:374:52
[INFO] [stdout]   40:     0x56a8ca112b0b - <tokio[50ae2ee767d267b6]::runtime::runtime::Runtime>::block_on::<core[df12db4294e9bfd3]::pin::Pin<&mut dyn core[df12db4294e9bfd3]::future::future::Future<Output = ()>>>
[INFO] [stdout]                                at /opt/rustwide/cargo-home/registry/src/index.crates.io-1949cf8c6b5b557f/tokio-1.53.1/src/runtime/runtime.rs:343:18
[INFO] [stdout]   41:     0x56a8ca49fba1 - rho_agent_tools[a4cd3e285bf23663]::hashline::tests::multi_file_rollback_restores_earlier_writes
[INFO] [stdout]                                at /opt/rustwide/workdir/src/hashline/mod_tests.rs:194:61
[INFO] [stdout]   42:     0x56a8ca47f3d7 - rho_agent_tools[a4cd3e285bf23663]::hashline::tests::multi_file_rollback_restores_earlier_writes::{closure#0}
[INFO] [stdout]                                at /opt/rustwide/workdir/src/hashline/mod_tests.rs:151:55
[INFO] [stdout]   43:     0x56a8ca074816 - <rho_agent_tools[a4cd3e285bf23663]::hashline::tests::multi_file_rollback_restores_earlier_writes::{closure#0} as core[df12db4294e9bfd3]::ops::function::FnOnce<()>>::call_once
[INFO] [stdout]                                at /rustc/dfb0accb7f508ae8be965d8629557221c889dd98/library/core/src/ops/function.rs:250:5
[INFO] [stdout]   44:     0x56a8cb17c6eb - <fn() -> core[df12db4294e9bfd3]::result::Result<(), alloc[2182bb758b4b3781]::string::String> as core[df12db4294e9bfd3]::ops::function::FnOnce<()>>::call_once
[INFO] [stdout]                                at /rustc/dfb0accb7f508ae8be965d8629557221c889dd98/library/core/src/ops/function.rs:250:5
[INFO] [stdout]   45:     0x56a8cb17c6eb - test[9d35eded1c95d3be]::__rust_begin_short_backtrace::<core[df12db4294e9bfd3]::result::Result<(), alloc[2182bb758b4b3781]::string::String>, fn() -> core[df12db4294e9bfd3]::result::Result<(), alloc[2182bb758b4b3781]::string::String>>
[INFO] [stdout]                                at /rustc/dfb0accb7f508ae8be965d8629557221c889dd98/library/test/src/lib.rs:733:18
[INFO] [stdout]   46:     0x56a8cb189d55 - test[9d35eded1c95d3be]::run_test_in_process::{closure#0}
[INFO] [stdout]                                at /rustc/dfb0accb7f508ae8be965d8629557221c889dd98/library/test/src/lib.rs:756:74
[INFO] [stdout]   47:     0x56a8cb189d55 - <core[df12db4294e9bfd3]::panic::unwind_safe::AssertUnwindSafe<test[9d35eded1c95d3be]::run_test_in_process::{closure#0}> as core[df12db4294e9bfd3]::ops::function::FnOnce<()>>::call_once
[INFO] [stdout]                                at /rustc/dfb0accb7f508ae8be965d8629557221c889dd98/library/core/src/panic/unwind_safe.rs:275:9
[INFO] [stdout]   48:     0x56a8cb189d55 - std[70759c8f55707aa4]::panicking::catch_unwind::do_call::<core[df12db4294e9bfd3]::panic::unwind_safe::AssertUnwindSafe<test[9d35eded1c95d3be]::run_test_in_process::{closure#0}>, core[df12db4294e9bfd3]::result::Result<(), alloc[2182bb758b4b3781]::string::String>>
[INFO] [stdout]                                at /rustc/dfb0accb7f508ae8be965d8629557221c889dd98/library/std/src/panicking.rs:576:43
[INFO] [stdout]   49:     0x56a8cb189d55 - std[70759c8f55707aa4]::panicking::catch_unwind::<core[df12db4294e9bfd3]::result::Result<(), alloc[2182bb758b4b3781]::string::String>, core[df12db4294e9bfd3]::panic::unwind_safe::AssertUnwindSafe<test[9d35eded1c95d3be]::run_test_in_process::{closure#0}>>
[INFO] [stdout]                                at /rustc/dfb0accb7f508ae8be965d8629557221c889dd98/library/std/src/panicking.rs:544:19
[INFO] [stdout]   50:     0x56a8cb189d55 - std[70759c8f55707aa4]::panic::catch_unwind::<core[df12db4294e9bfd3]::panic::unwind_safe::AssertUnwindSafe<test[9d35eded1c95d3be]::run_test_in_process::{closure#0}>, core[df12db4294e9bfd3]::result::Result<(), alloc[2182bb758b4b3781]::string::String>>
[INFO] [stdout]                                at /rustc/dfb0accb7f508ae8be965d8629557221c889dd98/library/std/src/panic.rs:359:14
[INFO] [stdout]   51:     0x56a8cb189d55 - test[9d35eded1c95d3be]::run_test_in_process
[INFO] [stdout]                                at /rustc/dfb0accb7f508ae8be965d8629557221c889dd98/library/test/src/lib.rs:756:27
[INFO] [stdout]   52:     0x56a8cb189d55 - test[9d35eded1c95d3be]::run_test::{closure#0}
[INFO] [stdout]                                at /rustc/dfb0accb7f508ae8be965d8629557221c889dd98/library/test/src/lib.rs:677:43
[INFO] [stdout]   53:     0x56a8cb183614 - test[9d35eded1c95d3be]::run_test::{closure#1}
[INFO] [stdout]                                at /rustc/dfb0accb7f508ae8be965d8629557221c889dd98/library/test/src/lib.rs:707:41
[INFO] [stdout]   54:     0x56a8cb183614 - std[70759c8f55707aa4]::sys::backtrace::__rust_begin_short_backtrace::<test[9d35eded1c95d3be]::run_test::{closure#1}, ()>
[INFO] [stdout]                                at /rustc/dfb0accb7f508ae8be965d8629557221c889dd98/library/std/src/sys/backtrace.rs:166:18
[INFO] [stdout]   55:     0x56a8cb18ceb2 - std[70759c8f55707aa4]::thread::lifecycle::spawn_unchecked::<test[9d35eded1c95d3be]::run_test::{closure#1}, ()>::{closure#1}::{closure#0}
[INFO] [stdout]                                at /rustc/dfb0accb7f508ae8be965d8629557221c889dd98/library/std/src/thread/lifecycle.rs:70:13
[INFO] [stdout]   56:     0x56a8cb18ceb2 - <core[df12db4294e9bfd3]::panic::unwind_safe::AssertUnwindSafe<std[70759c8f55707aa4]::thread::lifecycle::spawn_unchecked<test[9d35eded1c95d3be]::run_test::{closure#1}, ()>::{closure#1}::{closure#0}> as core[df12db4294e9bfd3]::ops::function::FnOnce<()>>::call_once
[INFO] [stdout]                                at /rustc/dfb0accb7f508ae8be965d8629557221c889dd98/library/core/src/panic/unwind_safe.rs:275:9
[INFO] [stdout]   57:     0x56a8cb18ceb2 - std[70759c8f55707aa4]::panicking::catch_unwind::do_call::<core[df12db4294e9bfd3]::panic::unwind_safe::AssertUnwindSafe<std[70759c8f55707aa4]::thread::lifecycle::spawn_unchecked<test[9d35eded1c95d3be]::run_test::{closure#1}, ()>::{closure#1}::{closure#0}>, ()>
[INFO] [stdout]                                at /rustc/dfb0accb7f508ae8be965d8629557221c889dd98/library/std/src/panicking.rs:576:43
[INFO] [stdout]   58:     0x56a8cb18ceb2 - std[70759c8f55707aa4]::panicking::catch_unwind::<(), core[df12db4294e9bfd3]::panic::unwind_safe::AssertUnwindSafe<std[70759c8f55707aa4]::thread::lifecycle::spawn_unchecked<test[9d35eded1c95d3be]::run_test::{closure#1}, ()>::{closure#1}::{closure#0}>>
[INFO] [stdout]                                at /rustc/dfb0accb7f508ae8be965d8629557221c889dd98/library/std/src/panicking.rs:544:19
[INFO] [stdout]   59:     0x56a8cb18ceb2 - std[70759c8f55707aa4]::panic::catch_unwind::<core[df12db4294e9bfd3]::panic::unwind_safe::AssertUnwindSafe<std[70759c8f55707aa4]::thread::lifecycle::spawn_unchecked<test[9d35eded1c95d3be]::run_test::{closure#1}, ()>::{closure#1}::{closure#0}>, ()>
[INFO] [stdout]                                at /rustc/dfb0accb7f508ae8be965d8629557221c889dd98/library/std/src/panic.rs:359:14
[INFO] [stdout]   60:     0x56a8cb18ceb2 - std[70759c8f55707aa4]::thread::lifecycle::spawn_unchecked::<test[9d35eded1c95d3be]::run_test::{closure#1}, ()>::{closure#1}
[INFO] [stdout]                                at /rustc/dfb0accb7f508ae8be965d8629557221c889dd98/library/std/src/thread/lifecycle.rs:68:26
[INFO] [stdout]   61:     0x56a8cb18ceb2 - <std[70759c8f55707aa4]::thread::lifecycle::spawn_unchecked<test[9d35eded1c95d3be]::run_test::{closure#1}, ()>::{closure#1} as core[df12db4294e9bfd3]::ops::function::FnOnce<()>>::call_once::{shim:vtable#0}
[INFO] [stdout]                                at /rustc/dfb0accb7f508ae8be965d8629557221c889dd98/library/core/src/ops/function.rs:250:5
[INFO] [stdout]   62:     0x56a8cbc8e739 - <alloc[2182bb758b4b3781]::boxed::Box<dyn core[df12db4294e9bfd3]::ops::function::FnOnce<(), Output = ()> + core[df12db4294e9bfd3]::marker::Send> as core[df12db4294e9bfd3]::ops::function::FnOnce<()>>::call_once
[INFO] [stdout]                                at /rustc/dfb0accb7f508ae8be965d8629557221c889dd98/library/alloc/src/boxed.rs:2320:9
[INFO] [stdout]   63:     0x56a8cbc8e739 - <std[70759c8f55707aa4]::sys::thread::unix::Thread>::new::thread_start
[INFO] [stdout]                                at /rustc/dfb0accb7f508ae8be965d8629557221c889dd98/library/std/src/sys/thread/unix.rs:123:17
[INFO] [stdout]   64:     0x72e11dfaedfa - <unknown>
[INFO] [stdout]   65:     0x72e11e0423d4 - clone
[INFO] [stdout]   66:                0x0 - <unknown>
[INFO] [stdout] 
[INFO] [stdout] 
[INFO] [stdout] failures:
[INFO] [stdout]     hashline::tests::multi_file_rollback_restores_earlier_writes
[INFO] [stdout] 
[INFO] [stdout] test result: FAILED. 218 passed; 1 failed; 0 ignored; 0 measured; 0 filtered out; finished in 3.95s
[INFO] [stdout] 
[INFO] [stderr] error: test failed, to rerun pass `--lib`
[INFO] running `Command { std: "docker" "inspect" "9731a1a76346a81212f31fa78e9c3bf1a7c1689ba88497abb62173357bd6fa16", kill_on_drop: false }`
[INFO] running `Command { std: "docker" "rm" "-f" "9731a1a76346a81212f31fa78e9c3bf1a7c1689ba88497abb62173357bd6fa16", kill_on_drop: false }`
[INFO] [stdout] 9731a1a76346a81212f31fa78e9c3bf1a7c1689ba88497abb62173357bd6fa16
