[INFO] fetching crate rgb-led-pwm-dma-maker 0.1.3...
[INFO] testing rgb-led-pwm-dma-maker-0.1.3 against 1.100.0-beta.1 for beta-1.100-2
[INFO] extracting crate rgb-led-pwm-dma-maker 0.1.3 into /workspace/builds/worker-0-tc2/source
[INFO] started tweaking crates.io crate rgb-led-pwm-dma-maker 0.1.3
[INFO] finished tweaking crates.io crate rgb-led-pwm-dma-maker 0.1.3
[INFO] tweaked toml for crates.io crate rgb-led-pwm-dma-maker 0.1.3 written to /workspace/builds/worker-0-tc2/source/Cargo.toml
[INFO] validating manifest of crates.io crate rgb-led-pwm-dma-maker 0.1.3 on toolchain 1.100.0-beta.1
[INFO] running `Command { std: CARGO_HOME="/workspace/cargo-home" RUSTUP_HOME="/workspace/rustup-home" "/workspace/cargo-home/bin/cargo" "+1.100.0-beta.1" "metadata" "--manifest-path" "Cargo.toml" "--no-deps", kill_on_drop: false }`
[INFO] crate crates.io crate rgb-led-pwm-dma-maker 0.1.3 already has a lockfile, it will not be regenerated
[INFO] running `Command { std: CARGO_HOME="/workspace/cargo-home" RUSTUP_HOME="/workspace/rustup-home" "/workspace/cargo-home/bin/cargo" "+1.100.0-beta.1" "fetch" "--manifest-path" "Cargo.toml", kill_on_drop: false }`
[INFO] running `Command { std: "docker" "create" "-v" "/var/lib/crater-agent-workspace/builds/worker-0-tc2/source:/opt/rustwide/workdir:ro,Z" "-v" "/var/lib/crater-agent-workspace/builds/worker-0-tc2/target:/opt/rustwide/target:rw,Z" "-v" "/var/lib/crater-agent-workspace/cargo-home:/opt/rustwide/cargo-home:ro,Z" "-v" "/var/lib/crater-agent-workspace/rustup-home:/opt/rustwide/rustup-home:ro,Z" "-m" "1610612736" "--network" "none" "ghcr.io/rust-lang/crates-build-env/linux@sha256:3111399a4047eeb3a02b7a90e478d715f38a8c6669b5c4b49d30a17385265909" "sleep" "infinity", kill_on_drop: false }`
[INFO] [stdout] a4074479d27239c2917f060bd9416b04e444b6ab0fa7450a5a04462fd5e8f6ff
[INFO] running `Command { std: "docker" "start" "a4074479d27239c2917f060bd9416b04e444b6ab0fa7450a5a04462fd5e8f6ff", kill_on_drop: false }`
[INFO] running `Command { std: "docker" "inspect" "a4074479d27239c2917f060bd9416b04e444b6ab0fa7450a5a04462fd5e8f6ff", kill_on_drop: false }`
[INFO] running `Command { std: "docker" "exec" "-e" "SOURCE_DIR=/opt/rustwide/workdir" "-e" "CARGO_HOME=/opt/rustwide/cargo-home" "-e" "RUSTUP_HOME=/opt/rustwide/rustup-home" "-e" "CARGO_TARGET_DIR=/opt/rustwide/target" "-w" "/opt/rustwide/workdir" "--user" "0:0" "a4074479d27239c2917f060bd9416b04e444b6ab0fa7450a5a04462fd5e8f6ff" "/opt/rustwide/cargo-home/bin/cargo" "+1.100.0-beta.1" "metadata" "--no-deps" "--format-version=1", kill_on_drop: false }`
[INFO] running `Command { std: "docker" "inspect" "a4074479d27239c2917f060bd9416b04e444b6ab0fa7450a5a04462fd5e8f6ff", kill_on_drop: false }`
[INFO] running `Command { std: "docker" "exec" "-e" "SOURCE_DIR=/opt/rustwide/workdir" "-e" "CARGO_HOME=/opt/rustwide/cargo-home" "-e" "RUSTUP_HOME=/opt/rustwide/rustup-home" "-e" "CARGO_TARGET_DIR=/opt/rustwide/target" "-e" "CARGO_INCREMENTAL=0" "-e" "RUST_BACKTRACE=full" "-e" "RUSTFLAGS=--cap-lints=warn" "-e" "RUSTDOCFLAGS=--cap-lints=warn" "-w" "/opt/rustwide/workdir" "--user" "0:0" "a4074479d27239c2917f060bd9416b04e444b6ab0fa7450a5a04462fd5e8f6ff" "/opt/rustwide/cargo-home/bin/cargo" "+1.100.0-beta.1" "build" "--frozen" "--message-format=json", kill_on_drop: false }`
[INFO] [stderr]    Compiling rgb-led-pwm-dma-maker v0.1.3 (/opt/rustwide/workdir)
[INFO] [stderr]     Finished `dev` profile [unoptimized + debuginfo] target(s) in 0.15s
[INFO] running `Command { std: "docker" "inspect" "a4074479d27239c2917f060bd9416b04e444b6ab0fa7450a5a04462fd5e8f6ff", kill_on_drop: false }`
[INFO] running `Command { std: "docker" "exec" "-e" "SOURCE_DIR=/opt/rustwide/workdir" "-e" "CARGO_HOME=/opt/rustwide/cargo-home" "-e" "RUSTUP_HOME=/opt/rustwide/rustup-home" "-e" "CARGO_TARGET_DIR=/opt/rustwide/target" "-e" "CARGO_INCREMENTAL=0" "-e" "RUST_BACKTRACE=full" "-e" "RUSTFLAGS=--cap-lints=warn" "-e" "RUSTDOCFLAGS=--cap-lints=warn" "-w" "/opt/rustwide/workdir" "--user" "0:0" "a4074479d27239c2917f060bd9416b04e444b6ab0fa7450a5a04462fd5e8f6ff" "/opt/rustwide/cargo-home/bin/cargo" "+1.100.0-beta.1" "test" "--frozen" "--no-run" "--message-format=json", kill_on_drop: false }`
[INFO] [stderr]    Compiling rgb-led-pwm-dma-maker v0.1.3 (/opt/rustwide/workdir)
[INFO] [stderr]     Finished `test` profile [unoptimized + debuginfo] target(s) in 0.38s
[INFO] running `Command { std: "docker" "inspect" "a4074479d27239c2917f060bd9416b04e444b6ab0fa7450a5a04462fd5e8f6ff", kill_on_drop: false }`
[INFO] running `Command { std: "docker" "exec" "-e" "SOURCE_DIR=/opt/rustwide/workdir" "-e" "CARGO_HOME=/opt/rustwide/cargo-home" "-e" "RUSTUP_HOME=/opt/rustwide/rustup-home" "-e" "CARGO_TARGET_DIR=/opt/rustwide/target" "-e" "CARGO_INCREMENTAL=0" "-e" "RUST_BACKTRACE=full" "-e" "RUSTFLAGS=--cap-lints=warn" "-e" "RUSTDOCFLAGS=--cap-lints=warn" "-w" "/opt/rustwide/workdir" "--user" "0:0" "a4074479d27239c2917f060bd9416b04e444b6ab0fa7450a5a04462fd5e8f6ff" "/opt/rustwide/cargo-home/bin/cargo" "+1.100.0-beta.1" "test" "--frozen", kill_on_drop: false }`
[INFO] [stderr]     Finished `test` profile [unoptimized + debuginfo] target(s) in 0.04s
[INFO] [stderr]      Running unittests src/lib.rs (/opt/rustwide/target/debug/build/rgb-led-pwm-dma-maker/a72c7ef5b8934302/out/rgb_led_pwm_dma_maker-a72c7ef5b8934302)
[INFO] [stdout] 
[INFO] [stderr]    Doc-tests rgb_led_pwm_dma_maker
[INFO] [stdout] running 0 tests
[INFO] [stdout] 
[INFO] [stdout] test result: ok. 0 passed; 0 failed; 0 ignored; 0 measured; 0 filtered out; finished in 0.00s
[INFO] [stdout] 
[INFO] [stdout] 
[INFO] [stdout] running 1 test
[INFO] [stdout] test src/lib.rs - (line 6) ... FAILED
[INFO] [stdout] 
[INFO] [stdout] failures:
[INFO] [stdout] 
[INFO] [stdout] ---- src/lib.rs - (line 6) stdout ----
[INFO] [stdout] error[E0425]: cannot find type `RGB` in this scope
[INFO] [stdout]  --> src/lib.rs:7:19
[INFO] [stdout]   |
[INFO] [stdout] 7 | const led_array: [RGB; 3] = [RGB::new(255,0,0), RGB::new(0,0,255), RGB::new(0,0,255)];
[INFO] [stdout]   |                   ^^^ not found in this scope
[INFO] [stdout] 
[INFO] [stdout] error[E0425]: cannot find value `RESET_LENGTH` in this scope
[INFO] [stdout]  --> src/lib.rs:9:87
[INFO] [stdout]   |
[INFO] [stdout] 9 | const DMA_BUFFER_LEN: usize = calc_dma_buffer_length(RGB::BIT_COUNT, led_array.len(), RESET_LENGTH);
[INFO] [stdout]   |                                                                                       ^^^^^^^^^^^^ not found in this scope
[INFO] [stdout] 
[INFO] [stdout] error[E0425]: cannot find value `t1h` in this scope
[INFO] [stdout]   --> src/lib.rs:11:58
[INFO] [stdout]    |
[INFO] [stdout] 11 | let mut dma_buffer = LedDmaBuffer::<DMA_BUFFER_LEN>::new(t1h, t0h, LedDataComposition::GRB);
[INFO] [stdout]    |                                                          ^^^ not found in this scope
[INFO] [stdout] 
[INFO] [stdout] error[E0425]: cannot find value `t0h` in this scope
[INFO] [stdout]   --> src/lib.rs:11:63
[INFO] [stdout]    |
[INFO] [stdout] 11 | let mut dma_buffer = LedDmaBuffer::<DMA_BUFFER_LEN>::new(t1h, t0h, LedDataComposition::GRB);
[INFO] [stdout]    |                                                               ^^^ not found in this scope
[INFO] [stdout] 
[INFO] [stdout] error[E0425]: cannot find value `p` in this scope
[INFO] [stdout]   --> src/lib.rs:15:20
[INFO] [stdout]    |
[INFO] [stdout] 15 | let mut dma1_ch2 = p.DMA1_CH2.into_ref();
[INFO] [stdout]    |                    ^ not found in this scope
[INFO] [stdout] 
[INFO] [stdout] error[E0425]: cannot find value `pwm` in this scope
[INFO] [stdout]   --> src/lib.rs:16:1
[INFO] [stdout]    |
[INFO] [stdout] 16 | pwm.waveform_ch1(&mut dma1_ch2, dma_buffer.get_dma_buffer()).await;
[INFO] [stdout]    | ^^^ not found in this scope
[INFO] [stdout] 
[INFO] [stdout] error[E0728]: `await` is only allowed inside `async` functions and blocks
[INFO] [stdout]   --> src/lib.rs:16:62
[INFO] [stdout]    |
[INFO] [stdout]  6 | fn main() { #[allow(non_snake_case)] fn _doctest_main_src_lib_rs_6_0() {
[INFO] [stdout]    |                                      --------------------------------- this is not `async`
[INFO] [stdout] ...
[INFO] [stdout] 16 | pwm.waveform_ch1(&mut dma1_ch2, dma_buffer.get_dma_buffer()).await;
[INFO] [stdout]    |                                                              ^^^^^ only allowed inside `async` functions and blocks
[INFO] [stdout] 
[INFO] [stdout] error[E0433]: cannot find type `LedDmaBuffer` in this scope
[INFO] [stdout]   --> src/lib.rs:11:22
[INFO] [stdout]    |
[INFO] [stdout] 11 | let mut dma_buffer = LedDmaBuffer::<DMA_BUFFER_LEN>::new(t1h, t0h, LedDataComposition::GRB);
[INFO] [stdout]    |                      ^^^^^^^^^^^^ use of undeclared type `LedDmaBuffer`
[INFO] [stdout] 
[INFO] [stdout] error[E0433]: cannot find type `LedDataComposition` in this scope
[INFO] [stdout]   --> src/lib.rs:11:68
[INFO] [stdout]    |
[INFO] [stdout] 11 | let mut dma_buffer = LedDmaBuffer::<DMA_BUFFER_LEN>::new(t1h, t0h, LedDataComposition::GRB);
[INFO] [stdout]    |                                                                    ^^^^^^^^^^^^^^^^^^ use of undeclared type `LedDataComposition`
[INFO] [stdout] 
[INFO] [stdout] error[E0433]: cannot find type `RGB` in this scope
[INFO] [stdout]  --> src/lib.rs:7:30
[INFO] [stdout]   |
[INFO] [stdout] 7 | const led_array: [RGB; 3] = [RGB::new(255,0,0), RGB::new(0,0,255), RGB::new(0,0,255)];
[INFO] [stdout]   |                              ^^^ use of undeclared type `RGB`
[INFO] [stdout] 
[INFO] [stdout] error[E0433]: cannot find type `RGB` in this scope
[INFO] [stdout]  --> src/lib.rs:7:49
[INFO] [stdout]   |
[INFO] [stdout] 7 | const led_array: [RGB; 3] = [RGB::new(255,0,0), RGB::new(0,0,255), RGB::new(0,0,255)];
[INFO] [stdout]   |                                                 ^^^ use of undeclared type `RGB`
[INFO] [stdout] 
[INFO] [stdout] error[E0433]: cannot find type `RGB` in this scope
[INFO] [stdout]  --> src/lib.rs:7:68
[INFO] [stdout]   |
[INFO] [stdout] 7 | const led_array: [RGB; 3] = [RGB::new(255,0,0), RGB::new(0,0,255), RGB::new(0,0,255)];
[INFO] [stdout]   |                                                                    ^^^ use of undeclared type `RGB`
[INFO] [stdout] 
[INFO] [stdout] error[E0433]: cannot find type `RGB` in this scope
[INFO] [stdout]  --> src/lib.rs:9:54
[INFO] [stdout]   |
[INFO] [stdout] 9 | const DMA_BUFFER_LEN: usize = calc_dma_buffer_length(RGB::BIT_COUNT, led_array.len(), RESET_LENGTH);
[INFO] [stdout]   |                                                      ^^^ use of undeclared type `RGB`
[INFO] [stdout] 
[INFO] [stdout] error[E0425]: cannot find function `calc_dma_buffer_length` in this scope
[INFO] [stdout]  --> src/lib.rs:9:31
[INFO] [stdout]   |
[INFO] [stdout] 9 | const DMA_BUFFER_LEN: usize = calc_dma_buffer_length(RGB::BIT_COUNT, led_array.len(), RESET_LENGTH);
[INFO] [stdout]   |                               ^^^^^^^^^^^^^^^^^^^^^^ not found in this scope
[INFO] [stdout] 
[INFO] [stdout] error: aborting due to 14 previous errors
[INFO] [stdout] 
[INFO] [stdout] Some errors have detailed explanations: E0425, E0433, E0728.
[INFO] [stdout] For more information about an error, try `rustc --explain E0425`.
[INFO] [stdout] Couldn't compile the test.
[INFO] [stdout] 
[INFO] [stdout] failures:
[INFO] [stdout]     src/lib.rs - (line 6)
[INFO] [stdout] 
[INFO] [stdout] test result: FAILED. 0 passed; 1 failed; 0 ignored; 0 measured; 0 filtered out; finished in 0.11s
[INFO] [stdout] 
[INFO] [stdout] all doctests ran in 0.35s; merged doctests compilation took 0.23s
[INFO] [stderr] error: doctest failed, to rerun pass `--doc`
[INFO] running `Command { std: "docker" "inspect" "a4074479d27239c2917f060bd9416b04e444b6ab0fa7450a5a04462fd5e8f6ff", kill_on_drop: false }`
[INFO] running `Command { std: "docker" "rm" "-f" "a4074479d27239c2917f060bd9416b04e444b6ab0fa7450a5a04462fd5e8f6ff", kill_on_drop: false }`
[INFO] [stdout] a4074479d27239c2917f060bd9416b04e444b6ab0fa7450a5a04462fd5e8f6ff
