[INFO] fetching crate retinue 0.1.1...
[INFO] testing retinue-0.1.1 against 1.99.0-beta.8 for beta-1.100-2
[INFO] extracting crate retinue 0.1.1 into /workspace/builds/worker-5-tc1/source
[INFO] started tweaking crates.io crate retinue 0.1.1
[INFO] removed 0 missing examples
[INFO] removed 0 missing tests
[INFO] finished tweaking crates.io crate retinue 0.1.1
[INFO] tweaked toml for crates.io crate retinue 0.1.1 written to /workspace/builds/worker-5-tc1/source/Cargo.toml
[INFO] validating manifest of crates.io crate retinue 0.1.1 on toolchain 1.99.0-beta.8
[INFO] running `Command { std: CARGO_HOME="/workspace/cargo-home" RUSTUP_HOME="/workspace/rustup-home" "/workspace/cargo-home/bin/cargo" "+1.99.0-beta.8" "metadata" "--manifest-path" "Cargo.toml" "--no-deps", kill_on_drop: false }`
[INFO] crate crates.io crate retinue 0.1.1 already has a lockfile, it will not be regenerated
[INFO] running `Command { std: CARGO_HOME="/workspace/cargo-home" RUSTUP_HOME="/workspace/rustup-home" "/workspace/cargo-home/bin/cargo" "+1.99.0-beta.8" "fetch" "--manifest-path" "Cargo.toml", kill_on_drop: false }`
[INFO] [stderr]     Updating crates.io index
[INFO] [stderr]  Downloading crates ...
[INFO] [stderr]   Downloaded x25519-dalek v3.0.0
[INFO] [stderr]   Downloaded serial2-tokio v0.1.24
[INFO] [stderr]   Downloaded tulle v0.1.0
[INFO] [stderr]   Downloaded selvage v0.1.0
[INFO] [stderr]   Downloaded ed25519 v3.0.0
[INFO] [stderr]   Downloaded serial2 v0.2.37
[INFO] [stderr]   Downloaded ed25519-dalek v3.0.0
[INFO] [stderr]   Downloaded curve25519-dalek v5.0.0
[INFO] [stderr]   Downloaded fiat-crypto v0.3.0
[INFO] running `Command { std: "docker" "create" "-v" "/var/lib/crater-agent-workspace/builds/worker-5-tc1/source:/opt/rustwide/workdir:ro,Z" "-v" "/var/lib/crater-agent-workspace/builds/worker-5-tc1/target:/opt/rustwide/target:rw,Z" "-v" "/var/lib/crater-agent-workspace/cargo-home:/opt/rustwide/cargo-home:ro,Z" "-v" "/var/lib/crater-agent-workspace/rustup-home:/opt/rustwide/rustup-home:ro,Z" "-m" "1610612736" "--network" "none" "ghcr.io/rust-lang/crates-build-env/linux@sha256:3111399a4047eeb3a02b7a90e478d715f38a8c6669b5c4b49d30a17385265909" "sleep" "infinity", kill_on_drop: false }`
[INFO] [stdout] 6ef891c10f19648e1f24020ee69a8627c8fd80e30955fe0be23259d17adcf822
[INFO] running `Command { std: "docker" "start" "6ef891c10f19648e1f24020ee69a8627c8fd80e30955fe0be23259d17adcf822", kill_on_drop: false }`
[INFO] running `Command { std: "docker" "inspect" "6ef891c10f19648e1f24020ee69a8627c8fd80e30955fe0be23259d17adcf822", kill_on_drop: false }`
[INFO] running `Command { std: "docker" "exec" "-e" "SOURCE_DIR=/opt/rustwide/workdir" "-e" "CARGO_HOME=/opt/rustwide/cargo-home" "-e" "RUSTUP_HOME=/opt/rustwide/rustup-home" "-e" "CARGO_TARGET_DIR=/opt/rustwide/target" "-w" "/opt/rustwide/workdir" "--user" "0:0" "6ef891c10f19648e1f24020ee69a8627c8fd80e30955fe0be23259d17adcf822" "/opt/rustwide/cargo-home/bin/cargo" "+1.99.0-beta.8" "metadata" "--no-deps" "--format-version=1", kill_on_drop: false }`
[INFO] running `Command { std: "docker" "inspect" "6ef891c10f19648e1f24020ee69a8627c8fd80e30955fe0be23259d17adcf822", kill_on_drop: false }`
[INFO] running `Command { std: "docker" "exec" "-e" "SOURCE_DIR=/opt/rustwide/workdir" "-e" "CARGO_HOME=/opt/rustwide/cargo-home" "-e" "RUSTUP_HOME=/opt/rustwide/rustup-home" "-e" "CARGO_TARGET_DIR=/opt/rustwide/target" "-e" "CARGO_INCREMENTAL=0" "-e" "RUST_BACKTRACE=full" "-e" "RUSTFLAGS=--cap-lints=warn" "-e" "RUSTDOCFLAGS=--cap-lints=warn" "-w" "/opt/rustwide/workdir" "--user" "0:0" "6ef891c10f19648e1f24020ee69a8627c8fd80e30955fe0be23259d17adcf822" "/opt/rustwide/cargo-home/bin/cargo" "+1.99.0-beta.8" "build" "--frozen" "--message-format=json", kill_on_drop: false }`
[INFO] [stderr]    Compiling typenum v1.20.1
[INFO] [stderr]    Compiling cmov v0.5.4
[INFO] [stderr]    Compiling const-oid v0.10.2
[INFO] [stderr]    Compiling zeroize v1.9.0
[INFO] [stderr]    Compiling subtle v2.6.1
[INFO] [stderr]    Compiling signature v3.0.0
[INFO] [stderr]    Compiling heapless v0.9.3
[INFO] [stderr]    Compiling cpubits v0.1.1
[INFO] [stderr]    Compiling hash32 v0.3.1
[INFO] [stderr]    Compiling curve25519-dalek v5.0.0
[INFO] [stderr]    Compiling libbz2-rs-sys v0.2.5
[INFO] [stderr]    Compiling mio v1.2.2
[INFO] [stderr]    Compiling socket2 v0.6.5
[INFO] [stderr]    Compiling curve25519-dalek-derive v0.1.1
[INFO] [stderr]    Compiling tokio-macros v2.7.0
[INFO] [stderr]    Compiling ed25519 v3.0.0
[INFO] [stderr]    Compiling ctutils v0.4.2
[INFO] [stderr]    Compiling tokio v1.53.1
[INFO] [stderr]    Compiling bzip2 v0.6.1
[INFO] [stderr]    Compiling hybrid-array v0.4.13
[INFO] [stderr]    Compiling crypto-common v0.2.2
[INFO] [stderr]    Compiling block-buffer v0.12.1
[INFO] [stderr]    Compiling block-padding v0.4.2
[INFO] [stderr]    Compiling inout v0.2.2
[INFO] [stderr]    Compiling digest v0.11.3
[INFO] [stderr]    Compiling cipher v0.5.2
[INFO] [stderr]    Compiling sha2 v0.11.0
[INFO] [stderr]    Compiling hmac v0.13.0
[INFO] [stderr]    Compiling cbc v0.2.1
[INFO] [stderr]    Compiling aes v0.9.1
[INFO] [stderr]    Compiling hkdf v0.13.0
[INFO] [stderr]    Compiling x25519-dalek v3.0.0
[INFO] [stderr]    Compiling ed25519-dalek v3.0.0
[INFO] [stderr]    Compiling retinue v0.1.1 (/opt/rustwide/workdir)
[INFO] [stderr]     Finished `dev` profile [unoptimized + debuginfo] target(s) in 12.24s
[INFO] running `Command { std: "docker" "inspect" "6ef891c10f19648e1f24020ee69a8627c8fd80e30955fe0be23259d17adcf822", kill_on_drop: false }`
[INFO] running `Command { std: "docker" "exec" "-e" "SOURCE_DIR=/opt/rustwide/workdir" "-e" "CARGO_HOME=/opt/rustwide/cargo-home" "-e" "RUSTUP_HOME=/opt/rustwide/rustup-home" "-e" "CARGO_TARGET_DIR=/opt/rustwide/target" "-e" "CARGO_INCREMENTAL=0" "-e" "RUST_BACKTRACE=full" "-e" "RUSTFLAGS=--cap-lints=warn" "-e" "RUSTDOCFLAGS=--cap-lints=warn" "-w" "/opt/rustwide/workdir" "--user" "0:0" "6ef891c10f19648e1f24020ee69a8627c8fd80e30955fe0be23259d17adcf822" "/opt/rustwide/cargo-home/bin/cargo" "+1.99.0-beta.8" "test" "--frozen" "--no-run" "--message-format=json", kill_on_drop: false }`
[INFO] [stderr]    Compiling serde v1.0.228
[INFO] [stderr]    Compiling serde_json v1.0.151
[INFO] [stderr]    Compiling tokio v1.53.1
[INFO] [stderr]    Compiling retinue v0.1.1 (/opt/rustwide/workdir)
[INFO] [stderr]     Finished `test` profile [unoptimized + debuginfo] target(s) in 27.90s
[INFO] running `Command { std: "docker" "inspect" "6ef891c10f19648e1f24020ee69a8627c8fd80e30955fe0be23259d17adcf822", kill_on_drop: false }`
[INFO] running `Command { std: "docker" "exec" "-e" "SOURCE_DIR=/opt/rustwide/workdir" "-e" "CARGO_HOME=/opt/rustwide/cargo-home" "-e" "RUSTUP_HOME=/opt/rustwide/rustup-home" "-e" "CARGO_TARGET_DIR=/opt/rustwide/target" "-e" "CARGO_INCREMENTAL=0" "-e" "RUST_BACKTRACE=full" "-e" "RUSTFLAGS=--cap-lints=warn" "-e" "RUSTDOCFLAGS=--cap-lints=warn" "-w" "/opt/rustwide/workdir" "--user" "0:0" "6ef891c10f19648e1f24020ee69a8627c8fd80e30955fe0be23259d17adcf822" "/opt/rustwide/cargo-home/bin/cargo" "+1.99.0-beta.8" "test" "--frozen", kill_on_drop: false }`
[INFO] [stderr]     Finished `test` profile [unoptimized + debuginfo] target(s) in 0.11s
[INFO] [stderr]      Running unittests src/lib.rs (/opt/rustwide/target/debug/deps/retinue-21712ae9bca40593)
[INFO] [stdout] 
[INFO] [stdout] running 162 tests
[INFO] [stdout] test announce_admission::tests::noisy_interface_is_held_without_silencing_a_quiet_neighbor ... ok
[INFO] [stdout] test artifact::tests::a_supplied_message_outranks_the_embedded_one ... ok
[INFO] [stdout] test artifact::tests::a_truncated_artifact_is_refused_rather_than_indexed ... ok
[INFO] [stdout] test artifact::tests::the_wrong_message_is_refused ... ok
[INFO] [stdout] test artifact::tests::an_envelope_whose_two_signer_fields_disagree_is_refused ... ok
[INFO] [stdout] test artifact::tests::tampering_with_the_envelope_breaks_the_signature ... ok
[INFO] [stdout] test announce_admission::tests::destination_violations_escalate_to_a_block_and_recover ... ok
[INFO] [stdout] test channel::tests::buffer_stream_round_trips_with_finish ... ok
[INFO] [stdout] test channel::tests::an_undecodable_compressed_frame_is_flagged_not_spliced ... ok
[INFO] [stdout] test channel::tests::a_compressed_frame_is_recovered_in_order ... ok
[INFO] [stdout] test channel::tests::a_proved_frame_never_strands_when_the_inbox_fills_mid_drain ... ok
[INFO] [stdout] test channel::tests::adaptive_timeout_does_not_storm_a_high_rtt_link ... ok
[INFO] [stdout] test channel::tests::heavy_loss_still_converges ... ok
[INFO] [stdout] test address_book::tests::a_ratcheted_announce_carries_its_ratchet ... ok
[INFO] [stdout] test artifact::tests::a_detached_artifact_round_trips ... ok
[INFO] [stdout] test artifact::tests::a_required_signer_is_enforced ... ok
[INFO] [stdout] test artifact::tests::reserved_metadata_keys_cannot_be_supplied_by_the_caller ... ok
[INFO] [stdout] test artifact::tests::an_embedded_artifact_carries_its_message_and_metadata ... ok
[INFO] [stdout] test address_book::tests::re_ingesting_refreshes_rather_than_duplicates ... ok
[INFO] [stdout] test address_book::tests::ingest_and_resolve_a_real_announce ... ok
[INFO] [stdout] test channel::tests::envelope_matches_rns_capture ... ok
[INFO] [stdout] test announce_admission::tests::held_releases_after_the_penalty_when_the_interface_has_calmed ... ok
[INFO] [stdout] test channel::tests::buffer_demuxes_by_stream_id_and_signals_eof ... ok
[INFO] [stdout] test channel::tests::lossless_in_order_delivery ... ok
[INFO] [stdout] test address_book::tests::a_full_book_refreshes_the_known_and_refuses_the_new ... ok
[INFO] [stdout] test channel::tests::max_window_one_serializes_half_duplex_turns ... ok
[INFO] [stdout] test channel::tests::stream_frame_matches_rns_capture ... ok
[INFO] [stdout] test channel::tests::stream_survives_drop ... ok
[INFO] [stdout] test channel::tests::stream_survives_drop_reorder_and_delay ... ok
[INFO] [stdout] test channel::tests::window_grows_on_sustained_clean_proofs ... ok
[INFO] [stdout] test channel::tests::window_shrinks_on_retransmit ... ok
[INFO] [stdout] test destination::tests::aspects_join_with_dots ... ok
[INFO] [stdout] test destination::tests::no_aspects_is_just_the_app_name ... ok
[INFO] [stdout] test endpoint::tests::a_worse_alternate_does_not_keep_a_dead_route_alive ... ok
[INFO] [stdout] test endpoint::tests::ifac_overhead_counts_against_interface_frame_admission ... ok
[INFO] [stdout] test endpoint::tests::two_destinations_on_one_interface_keep_their_own_transports ... ok
[INFO] [stdout] test endpoint::tests::a_full_path_table_forgets_the_quietest_peer ... ok
[INFO] [stdout] test endpoint::tests::destination_admission_preserves_the_one_second_default_floor ... ok
[INFO] [stdout] test ifac::tests::a_frame_flagged_only_on_the_wire_is_accepted ... ok
[INFO] [stdout] test hash::tests::truncations_are_prefixes_of_the_full_digest ... ok
[INFO] [stdout] test endpoint::tests::a_peer_that_keeps_announcing_keeps_its_route ... ok
[INFO] [stdout] test iface::hdlc::tests::a_frame_split_across_chunks_reassembles ... ok
[INFO] [stdout] test iface::hdlc::tests::adjacent_flags_do_not_produce_empty_frames ... ok
[INFO] [stdout] test ifac::tests::credentials_and_size_are_required ... ok
[INFO] [stdout] test ifac::tests::wrong_credentials_and_mutation_are_rejected ... ok
[INFO] [stdout] test endpoint::tests::detaching_an_interface_forgets_it ... ok
[INFO] [stdout] test ifac::tests::matches_pinned_rns_wire_bytes ... ok
[INFO] [stdout] test iface::hdlc::tests::round_trip_without_special_bytes ... ok
[INFO] [stdout] test link::tests::a_short_payload_is_an_error ... ok
[INFO] [stdout] test ifac::tests::oversized_logical_and_carrier_packets_are_rejected ... ok
[INFO] [stdout] test iface::hdlc::tests::an_unbounded_frame_is_discarded_and_resynchronises ... ok
[INFO] [stdout] test iface::hdlc::tests::junk_before_the_first_flag_is_ignored ... ok
[INFO] [stdout] test iface::hdlc::tests::both_special_bytes_are_escaped ... ok
[INFO] [stdout] test endpoint::tests::answers_a_path_request_for_an_owned_destination ... ok
[INFO] [stdout] test link::tests::captured_trailers_decode ... ok
[INFO] [stdout] test link::tests::link_id_matches_the_captured_proof_address ... ok
[INFO] [stdout] test lossy::model_tests::drop_model_is_deterministic ... ok
[INFO] [stdout] test link::tests::link_id_ignores_the_trailer ... ok
[INFO] [stdout] test link::tests::trailers_round_trip ... ok
[INFO] [stdout] test msgpack::tests::a_container_cannot_claim_more_elements_than_bytes_remain ... ok
[INFO] [stdout] test link::tests::identify_signature_matches_rns_capture ... ok
[INFO] [stdout] test msgpack::tests::a_non_negative_int_takes_the_shorter_unsigned_encoding ... ok
[INFO] [stdout] test msgpack::tests::a_string_that_is_not_utf8_is_refused ... ok
[INFO] [stdout] test msgpack::tests::get_finds_string_keys_and_ignores_others ... ok
[INFO] [stdout] test msgpack::tests::encodes_the_shortest_header_for_each_width ... ok
[INFO] [stdout] test link::tests::receive_classifies_link_traffic ... ok
[INFO] [stdout] test msgpack::tests::nesting_is_bounded ... ok
[INFO] [stdout] test msgpack::tests::round_trips_the_shapes_the_envelope_uses ... ok
[INFO] [stdout] test msgpack::tests::round_trips_lengths_that_cross_every_header_boundary ... ok
[INFO] [stdout] test msgpack::tests::trailing_bytes_are_refused ... ok
[INFO] [stdout] test msgpack::tests::unsupported_types_are_refused_rather_than_guessed ... ok
[INFO] [stdout] test lossy::tests::announces_survive_moderate_drop ... ok
[INFO] [stdout] test node::tests::a_failed_announce_can_be_retried_before_the_interval ... ok
[INFO] [stdout] test endpoint::tests::fabricated_unique_destinations_hit_the_global_path_request_cap ... ok
[INFO] [stdout] test endpoint::tests::a_learned_route_expires_and_is_evicted ... ok
[INFO] [stdout] test lossy::tests::zero_loss_link_is_faithful ... ok
[INFO] [stdout] test link::tests::initiator_and_responder_agree ... ok
[INFO] [stdout] test node::tests::a_link_request_for_another_destination_is_ignored ... ok
[INFO] [stdout] test link::tests::identify_round_trips_over_a_link ... ok
[INFO] [stdout] test link::tests::data_proof_matches_rns_capture ... ok
[INFO] [stdout] test node::tests::a_full_book_stops_learning_without_faulting ... ok
[INFO] [stdout] test endpoint::tests::ignores_a_path_request_for_an_unknown_destination ... ok
[INFO] [stdout] test node::tests::actions_report_overflow_rather_than_dropping_silently ... ok
[INFO] [stdout] test node::tests::a_real_announce_is_learned ... ok
[INFO] [stdout] test node::tests::announces_on_boot_then_waits_for_the_interval ... ok
[INFO] [stdout] test node::tests::a_retransmitted_request_is_answered_with_the_same_proof ... ok
[INFO] [stdout] test node::tests::a_link_that_keeps_talking_keeps_its_slot ... ok
[INFO] [stdout] test node::tests::a_full_link_table_refuses_and_counts ... ok
[INFO] [stdout] test ifac::tests::every_sealed_packet_carries_the_flag_on_the_wire ... ok
[INFO] [stdout] test endpoint::tests::a_path_request_is_rate_limited_per_destination ... ok
[INFO] [stdout] test node::tests::packets_this_gate_does_not_handle_are_dropped ... ok
[INFO] [stdout] test node::tests::a_peer_closing_the_link_drops_it ... ok
[INFO] [stdout] test node::tests::our_announce_round_trips_through_the_decoder ... ok
[INFO] [stdout] test node::tests::a_lost_part_is_re_requested_on_poll ... ok
[INFO] [stdout] test node::tests::closing_a_link_discards_its_transfer ... ok
[INFO] [stdout] test node::tests::a_resource_crosses_a_link_whole ... ok
[INFO] [stdout] test node::tests::a_second_publish_on_a_busy_link_is_refused ... ok
[INFO] [stdout] test packet::tests::announce_flags_round_trip ... ok
[INFO] [stdout] test packet::tests::context_flag_is_bit_five ... ok
[INFO] [stdout] test packet::tests::mtu_and_mdu_bounds ... ok
[INFO] [stdout] test node::tests::data_crosses_an_established_link ... ok
[INFO] [stdout] test packet::tests::packet_hash_matches_rns_request_id ... ok
[INFO] [stdout] test packet::tests::truncated_input_is_an_error ... ok
[INFO] [stdout] test path::tests::parse_request_recovers_the_target ... ok
[INFO] [stdout] test node::tests::derived_ivs_never_repeat_across_calls ... ok
[INFO] [stdout] test path::tests::path_request_destination_matches_rns ... ok
[INFO] [stdout] test path::tests::path_request_layout ... ok
[INFO] [stdout] test ratchet::tests::debug_output_never_contains_private_key_bytes ... ok
[INFO] [stdout] test ratchet::tests::malformed_or_reordered_snapshots_are_rejected_atomically ... ok
[INFO] [stdout] test path::tests::parse_request_rejects_non_requests ... ok
[INFO] [stdout] test node::tests::a_silent_peer_releases_its_link_slot ... ok
[INFO] [stdout] test ifac::tests::every_protocol_code_size_round_trips ... ok
[INFO] [stdout] test node::tests::unhandled_link_traffic_is_dropped ... ok
[INFO] [stdout] test packet::tests::oversize_input_is_rejected ... ok
[INFO] [stdout] test ratchet::tests::rotation_respects_interval_count_and_age ... ok
[INFO] [stdout] test ratchet::tests::snapshot_round_trip_rederives_state_and_reapplies_policy ... ok
[INFO] [stdout] test channel::tests::sequence_wraps_past_the_16bit_modulus ... ok
[INFO] [stdout] test node::tests::a_lost_advertisement_is_re_offered_on_poll ... ok
[INFO] [stdout] test node::tests::two_nodes_learn_each_other ... ok
[INFO] [stdout] test node::tests::transport_routes_expire_then_evict_at_their_bound ... ok
[INFO] [stdout] test endpoint::tests::a_dropped_tcp_peer_leaves_no_interface_behind ... ok
[INFO] [stdout] test node::tests::transport_relays_announce_request_and_proof ... ok
[INFO] [stdout] test request::tests::raw_response_value_preserves_application_messagepack ... ok
[INFO] [stdout] test request::tests::path_hash_matches_rns ... ok
[INFO] [stdout] test request::tests::response_round_trips ... ok
[INFO] [stdout] test request::tests::request_round_trips ... ok
[INFO] [stdout] test request::tests::large_data_uses_bin16 ... ok
[INFO] [stdout] test resource::tests::an_advertisement_claiming_more_parts_than_the_limit_is_refused ... ok
[INFO] [stdout] test resource::tests::hash_map_and_proof_derivations ... ok
[INFO] [stdout] test resource::tests::hmu_codec_round_trips ... ok
[INFO] [stdout] test resource::tests::hmu_matches_captured_rns ... ok
[INFO] [stdout] test resource::tests::compress_round_trips ... ok
[INFO] [stdout] test resource::tests::parses_a_stock_large_response_advertisement ... ok
[INFO] [stdout] test resource::tests::parses_the_captured_advertisement ... ok
[INFO] [stdout] test resource::tests::proof_packet_round_trips ... ok
[INFO] [stdout] test node::tests::every_invalid_announce_fixture_is_refused ... ok
[INFO] [stdout] test resource::tests::repacks_to_the_exact_captured_bytes ... ok
[INFO] [stdout] test resource::tests::request_codec_round_trips ... ok
[INFO] [stdout] test node::tests::two_nodes_establish_a_link ... ok
[INFO] [stdout] test node::tests::an_oversized_resource_is_refused_without_holding_state ... ok
[INFO] [stdout] test resource::tests::sender_and_receiver_round_trip ... ok
[INFO] [stdout] test resource::tests::outgoing_hmu_is_bounded_and_idempotent ... ok
[INFO] [stdout] test resource_transfer::tests::negotiated_mtu_bounds_resource_frames ... ok
[INFO] [stdout] test token::tests::a_flipped_ciphertext_byte_fails_the_mac ... ok
[INFO] [stdout] test token::tests::an_unknown_ratchet_fails_authentication ... ok
[INFO] [stdout] test resource_transfer::tests::resource_cancel_signals_stop_both_roles ... ok
[INFO] [stdout] test token::tests::retained_ratchets_are_tried_until_one_authenticates ... ok
[INFO] [stdout] test token::tests::round_trip_through_our_own_code ... ok
[INFO] [stdout] test resource_transfer::tests::transfers_a_small_resource ... ok
[INFO] [stdout] test reliable::tests::a_forged_proof_releases_nothing ... ok
[INFO] [stdout] test resource::tests::windowed_sender_receiver_round_trip ... ok
[INFO] [stdout] test reliable::tests::reliable_stream_survives_heavy_loss ... ok
[INFO] [stdout] test reliable::tests::a_responder_validates_proofs_only_after_identify ... ok
[INFO] [stdout] test reliable::tests::a_proof_sweeps_every_hash_for_its_sequence ... ok
[INFO] [stdout] test resource::tests::multi_segment_round_trip ... ok
[INFO] [stdout] test reliable::tests::reliable_stream_is_faithful_without_loss ... ok
[INFO] [stdout] test resource_transfer::tests::transfers_a_large_resource_over_loss ... ok
[INFO] [stdout] test reliable::tests::the_small_profile_carries_a_stream_end_to_end ... ok
[INFO] [stdout] test reliable::tests::reliable_stream_survives_drop_reorder_and_delay ... ok
[INFO] [stdout] test reliable::tests::reliable_stream_survives_drop ... ok
[INFO] [stdout] test reliable::tests::a_full_table_holds_its_bound_and_counts_the_overflow ... ok
[INFO] [stdout] test node::tests::transport_flood_keeps_retained_state_bounded ... ok
[INFO] [stdout] 
[INFO] [stdout] test result: ok. 162 passed; 0 failed; 0 ignored; 0 measured; 0 filtered out; finished in 1.87s
[INFO] [stdout] 
[INFO] [stderr]      Running tests/command_corpus.rs (/opt/rustwide/target/debug/deps/command_corpus-e241dbe10f26e4bc)
[INFO] [stdout] 
[INFO] [stdout] running 1 test
[INFO] [stdout] test every_seed_still_reaches_the_verifier_and_is_accepted ... FAILED
[INFO] [stdout] 
[INFO] [stdout] failures:
[INFO] [stdout] 
[INFO] [stdout] ---- every_seed_still_reaches_the_verifier_and_is_accepted stdout ----
[INFO] [stdout] 
[INFO] [stdout] thread 'every_seed_still_reaches_the_verifier_and_is_accepted' (1937) panicked at tests/command_corpus.rs:31:29:
[INFO] [stdout] cannot read the seed corpus at /opt/rustwide/workdir/../../fuzz/seeds/retinue-command-accept: No such file or directory (os error 2)
[INFO] [stdout] stack backtrace:
[INFO] [stdout]    0:     0x613611064921 - std[70759c8f55707aa4]::backtrace_rs::backtrace::libunwind::trace
[INFO] [stdout]                                at /rustc/dfb0accb7f508ae8be965d8629557221c889dd98/library/std/src/../../backtrace/src/backtrace/libunwind.rs:117:9
[INFO] [stdout]    1:     0x613611064921 - std[70759c8f55707aa4]::backtrace_rs::backtrace::trace_unsynchronized::<std[70759c8f55707aa4]::sys::backtrace::_print_fmt::{closure#1}>
[INFO] [stdout]                                at /rustc/dfb0accb7f508ae8be965d8629557221c889dd98/library/std/src/../../backtrace/src/backtrace/mod.rs:66:14
[INFO] [stdout]    2:     0x613611064921 - std[70759c8f55707aa4]::sys::backtrace::_print_fmt
[INFO] [stdout]                                at /rustc/dfb0accb7f508ae8be965d8629557221c889dd98/library/std/src/sys/backtrace.rs:74:9
[INFO] [stdout]    3:     0x613611064921 - <<std[70759c8f55707aa4]::sys::backtrace::BacktraceLock>::print::DisplayBacktrace as core[df12db4294e9bfd3]::fmt::Display>::fmt
[INFO] [stdout]                                at /rustc/dfb0accb7f508ae8be965d8629557221c889dd98/library/std/src/sys/backtrace.rs:44:26
[INFO] [stdout]    4:     0x613611078e4a - <core[df12db4294e9bfd3]::fmt::rt::Argument>::fmt
[INFO] [stdout]                                at /rustc/dfb0accb7f508ae8be965d8629557221c889dd98/library/core/src/fmt/rt.rs:152:76
[INFO] [stdout]    5:     0x613611078e4a - core[df12db4294e9bfd3]::fmt::write
[INFO] [stdout]    6:     0x61361106908c - core[df12db4294e9bfd3]::io::write::default_write_fmt::<alloc[2182bb758b4b3781]::vec::Vec<u8>>
[INFO] [stdout]                                at /rustc/dfb0accb7f508ae8be965d8629557221c889dd98/library/core/src/io/write.rs:402:11
[INFO] [stdout]    7:     0x61361106908c - <alloc[2182bb758b4b3781]::vec::Vec<u8> as core[df12db4294e9bfd3]::io::write::Write>::write_fmt
[INFO] [stdout]                                at /rustc/dfb0accb7f508ae8be965d8629557221c889dd98/library/core/src/io/write.rs:335:13
[INFO] [stdout]    8:     0x613611040666 - <std[70759c8f55707aa4]::sys::backtrace::BacktraceLock>::print
[INFO] [stdout]                                at /rustc/dfb0accb7f508ae8be965d8629557221c889dd98/library/std/src/sys/backtrace.rs:47:9
[INFO] [stdout]    9:     0x613611040666 - std[70759c8f55707aa4]::panicking::default_hook::{closure#0}
[INFO] [stdout]                                at /rustc/dfb0accb7f508ae8be965d8629557221c889dd98/library/std/src/panicking.rs:292:27
[INFO] [stdout]   10:     0x61361105cb59 - std[70759c8f55707aa4]::panicking::default_hook
[INFO] [stdout]                                at /rustc/dfb0accb7f508ae8be965d8629557221c889dd98/library/std/src/panicking.rs:316:9
[INFO] [stdout]   11:     0x613610f900d0 - <alloc[2182bb758b4b3781]::boxed::Box<dyn for<'a, 'b> core[df12db4294e9bfd3]::ops::function::Fn<(&'a std[70759c8f55707aa4]::panic::PanicHookInfo<'b>,), Output = ()> + core[df12db4294e9bfd3]::marker::Send + core[df12db4294e9bfd3]::marker::Sync> as core[df12db4294e9bfd3]::ops::function::Fn<(&std[70759c8f55707aa4]::panic::PanicHookInfo,)>>::call
[INFO] [stdout]                                at /rustc/dfb0accb7f508ae8be965d8629557221c889dd98/library/alloc/src/boxed.rs:2334:9
[INFO] [stdout]   12:     0x613610f900d0 - test[9d35eded1c95d3be]::test_main_inner::<test[9d35eded1c95d3be]::test_main_static::{closure#0}>::{closure#0}
[INFO] [stdout]                                at /rustc/dfb0accb7f508ae8be965d8629557221c889dd98/library/test/src/lib.rs:155:21
[INFO] [stdout]   13:     0x61361105cd12 - <alloc[2182bb758b4b3781]::boxed::Box<dyn for<'a, 'b> core[df12db4294e9bfd3]::ops::function::Fn<(&'a std[70759c8f55707aa4]::panic::PanicHookInfo<'b>,), Output = ()> + core[df12db4294e9bfd3]::marker::Send + core[df12db4294e9bfd3]::marker::Sync> as core[df12db4294e9bfd3]::ops::function::Fn<(&std[70759c8f55707aa4]::panic::PanicHookInfo,)>>::call
[INFO] [stdout]                                at /rustc/dfb0accb7f508ae8be965d8629557221c889dd98/library/alloc/src/boxed.rs:2334:9
[INFO] [stdout]   14:     0x61361105cd12 - std[70759c8f55707aa4]::panicking::panic_with_hook
[INFO] [stdout]                                at /rustc/dfb0accb7f508ae8be965d8629557221c889dd98/library/std/src/panicking.rs:823:13
[INFO] [stdout]   15:     0x613611040712 - std[70759c8f55707aa4]::panicking::panic_handler::{closure#0}
[INFO] [stdout]                                at /rustc/dfb0accb7f508ae8be965d8629557221c889dd98/library/std/src/panicking.rs:688:13
[INFO] [stdout]   16:     0x613611039269 - std[70759c8f55707aa4]::sys::backtrace::__rust_end_short_backtrace::<std[70759c8f55707aa4]::panicking::panic_handler::{closure#0}, !>
[INFO] [stdout]                                at /rustc/dfb0accb7f508ae8be965d8629557221c889dd98/library/std/src/sys/backtrace.rs:182:18
[INFO] [stdout]   17:     0x61361104130d - __rustc[8fa7c3cbc660c2b3]::rust_begin_unwind
[INFO] [stdout]                                at /rustc/dfb0accb7f508ae8be965d8629557221c889dd98/library/std/src/panicking.rs:679:5
[INFO] [stdout]   18:     0x61361107957c - core[df12db4294e9bfd3]::panicking::panic_fmt
[INFO] [stdout]                                at /rustc/dfb0accb7f508ae8be965d8629557221c889dd98/library/core/src/panicking.rs:80:14
[INFO] [stdout]   19:     0x613610f7ede0 - command_corpus[720070ed2d496b30]::seeds::{closure#0}
[INFO] [stdout]                                at /opt/rustwide/workdir/tests/command_corpus.rs:31:29
[INFO] [stdout]   20:     0x613610f79891 - <core[df12db4294e9bfd3]::result::Result<std[70759c8f55707aa4]::fs::ReadDir, core[df12db4294e9bfd3]::io::error::Error>>::unwrap_or_else::<command_corpus[720070ed2d496b30]::seeds::{closure#0}>
[INFO] [stdout]                                at /rustc/dfb0accb7f508ae8be965d8629557221c889dd98/library/core/src/result.rs:1621:23
[INFO] [stdout]   21:     0x613610f7f2a1 - command_corpus[720070ed2d496b30]::seeds
[INFO] [stdout]                                at /opt/rustwide/workdir/tests/command_corpus.rs:31:10
[INFO] [stdout]   22:     0x613610f7f42c - command_corpus[720070ed2d496b30]::every_seed_still_reaches_the_verifier_and_is_accepted
[INFO] [stdout]                                at /opt/rustwide/workdir/tests/command_corpus.rs:49:17
[INFO] [stdout]   23:     0x613610f7ed07 - command_corpus[720070ed2d496b30]::every_seed_still_reaches_the_verifier_and_is_accepted::{closure#0}
[INFO] [stdout]                                at /opt/rustwide/workdir/tests/command_corpus.rs:48:59
[INFO] [stdout]   24:     0x613610f83336 - <command_corpus[720070ed2d496b30]::every_seed_still_reaches_the_verifier_and_is_accepted::{closure#0} as core[df12db4294e9bfd3]::ops::function::FnOnce<()>>::call_once
[INFO] [stdout]                                at /rustc/dfb0accb7f508ae8be965d8629557221c889dd98/library/core/src/ops/function.rs:250:5
[INFO] [stdout]   25:     0x613610f833bb - <fn() -> core[df12db4294e9bfd3]::result::Result<(), alloc[2182bb758b4b3781]::string::String> as core[df12db4294e9bfd3]::ops::function::FnOnce<()>>::call_once
[INFO] [stdout]                                at /rustc/dfb0accb7f508ae8be965d8629557221c889dd98/library/core/src/ops/function.rs:250:5
[INFO] [stdout]   26:     0x613610f833bb - test[9d35eded1c95d3be]::__rust_begin_short_backtrace::<core[df12db4294e9bfd3]::result::Result<(), alloc[2182bb758b4b3781]::string::String>, fn() -> core[df12db4294e9bfd3]::result::Result<(), alloc[2182bb758b4b3781]::string::String>>
[INFO] [stdout]                                at /rustc/dfb0accb7f508ae8be965d8629557221c889dd98/library/test/src/lib.rs:733:18
[INFO] [stdout]   27:     0x613610f90a25 - test[9d35eded1c95d3be]::run_test_in_process::{closure#0}
[INFO] [stdout]                                at /rustc/dfb0accb7f508ae8be965d8629557221c889dd98/library/test/src/lib.rs:756:74
[INFO] [stdout]   28:     0x613610f90a25 - <core[df12db4294e9bfd3]::panic::unwind_safe::AssertUnwindSafe<test[9d35eded1c95d3be]::run_test_in_process::{closure#0}> as core[df12db4294e9bfd3]::ops::function::FnOnce<()>>::call_once
[INFO] [stdout]                                at /rustc/dfb0accb7f508ae8be965d8629557221c889dd98/library/core/src/panic/unwind_safe.rs:275:9
[INFO] [stdout]   29:     0x613610f90a25 - std[70759c8f55707aa4]::panicking::catch_unwind::do_call::<core[df12db4294e9bfd3]::panic::unwind_safe::AssertUnwindSafe<test[9d35eded1c95d3be]::run_test_in_process::{closure#0}>, core[df12db4294e9bfd3]::result::Result<(), alloc[2182bb758b4b3781]::string::String>>
[INFO] [stdout]                                at /rustc/dfb0accb7f508ae8be965d8629557221c889dd98/library/std/src/panicking.rs:576:43
[INFO] [stdout]   30:     0x613610f90a25 - std[70759c8f55707aa4]::panicking::catch_unwind::<core[df12db4294e9bfd3]::result::Result<(), alloc[2182bb758b4b3781]::string::String>, core[df12db4294e9bfd3]::panic::unwind_safe::AssertUnwindSafe<test[9d35eded1c95d3be]::run_test_in_process::{closure#0}>>
[INFO] [stdout]                                at /rustc/dfb0accb7f508ae8be965d8629557221c889dd98/library/std/src/panicking.rs:544:19
[INFO] [stdout]   31:     0x613610f90a25 - std[70759c8f55707aa4]::panic::catch_unwind::<core[df12db4294e9bfd3]::panic::unwind_safe::AssertUnwindSafe<test[9d35eded1c95d3be]::run_test_in_process::{closure#0}>, core[df12db4294e9bfd3]::result::Result<(), alloc[2182bb758b4b3781]::string::String>>
[INFO] [stdout]                                at /rustc/dfb0accb7f508ae8be965d8629557221c889dd98/library/std/src/panic.rs:359:14
[INFO] [stdout]   32:     0x613610f90a25 - test[9d35eded1c95d3be]::run_test_in_process
[INFO] [stdout]                                at /rustc/dfb0accb7f508ae8be965d8629557221c889dd98/library/test/src/lib.rs:756:27
[INFO] [stdout]   33:     0x613610f90a25 - test[9d35eded1c95d3be]::run_test::{closure#0}
[INFO] [stdout]                                at /rustc/dfb0accb7f508ae8be965d8629557221c889dd98/library/test/src/lib.rs:677:43
[INFO] [stdout]   34:     0x613610f8a2e4 - test[9d35eded1c95d3be]::run_test::{closure#1}
[INFO] [stdout]                                at /rustc/dfb0accb7f508ae8be965d8629557221c889dd98/library/test/src/lib.rs:707:41
[INFO] [stdout]   35:     0x613610f8a2e4 - std[70759c8f55707aa4]::sys::backtrace::__rust_begin_short_backtrace::<test[9d35eded1c95d3be]::run_test::{closure#1}, ()>
[INFO] [stdout]                                at /rustc/dfb0accb7f508ae8be965d8629557221c889dd98/library/std/src/sys/backtrace.rs:166:18
[INFO] [stdout]   36:     0x613610f93b82 - std[70759c8f55707aa4]::thread::lifecycle::spawn_unchecked::<test[9d35eded1c95d3be]::run_test::{closure#1}, ()>::{closure#1}::{closure#0}
[INFO] [stdout]                                at /rustc/dfb0accb7f508ae8be965d8629557221c889dd98/library/std/src/thread/lifecycle.rs:70:13
[INFO] [stdout]   37:     0x613610f93b82 - <core[df12db4294e9bfd3]::panic::unwind_safe::AssertUnwindSafe<std[70759c8f55707aa4]::thread::lifecycle::spawn_unchecked<test[9d35eded1c95d3be]::run_test::{closure#1}, ()>::{closure#1}::{closure#0}> as core[df12db4294e9bfd3]::ops::function::FnOnce<()>>::call_once
[INFO] [stdout]                                at /rustc/dfb0accb7f508ae8be965d8629557221c889dd98/library/core/src/panic/unwind_safe.rs:275:9
[INFO] [stdout]   38:     0x613610f93b82 - std[70759c8f55707aa4]::panicking::catch_unwind::do_call::<core[df12db4294e9bfd3]::panic::unwind_safe::AssertUnwindSafe<std[70759c8f55707aa4]::thread::lifecycle::spawn_unchecked<test[9d35eded1c95d3be]::run_test::{closure#1}, ()>::{closure#1}::{closure#0}>, ()>
[INFO] [stdout]                                at /rustc/dfb0accb7f508ae8be965d8629557221c889dd98/library/std/src/panicking.rs:576:43
[INFO] [stdout]   39:     0x613610f93b82 - std[70759c8f55707aa4]::panicking::catch_unwind::<(), core[df12db4294e9bfd3]::panic::unwind_safe::AssertUnwindSafe<std[70759c8f55707aa4]::thread::lifecycle::spawn_unchecked<test[9d35eded1c95d3be]::run_test::{closure#1}, ()>::{closure#1}::{closure#0}>>
[INFO] [stdout]                                at /rustc/dfb0accb7f508ae8be965d8629557221c889dd98/library/std/src/panicking.rs:544:19
[INFO] [stdout]   40:     0x613610f93b82 - std[70759c8f55707aa4]::panic::catch_unwind::<core[df12db4294e9bfd3]::panic::unwind_safe::AssertUnwindSafe<std[70759c8f55707aa4]::thread::lifecycle::spawn_unchecked<test[9d35eded1c95d3be]::run_test::{closure#1}, ()>::{closure#1}::{closure#0}>, ()>
[INFO] [stdout]                                at /rustc/dfb0accb7f508ae8be965d8629557221c889dd98/library/std/src/panic.rs:359:14
[INFO] [stdout]   41:     0x613610f93b82 - std[70759c8f55707aa4]::thread::lifecycle::spawn_unchecked::<test[9d35eded1c95d3be]::run_test::{closure#1}, ()>::{closure#1}
[INFO] [stdout]                                at /rustc/dfb0accb7f508ae8be965d8629557221c889dd98/library/std/src/thread/lifecycle.rs:68:26
[INFO] [stdout]   42:     0x613610f93b82 - <std[70759c8f55707aa4]::thread::lifecycle::spawn_unchecked<test[9d35eded1c95d3be]::run_test::{closure#1}, ()>::{closure#1} as core[df12db4294e9bfd3]::ops::function::FnOnce<()>>::call_once::{shim:vtable#0}
[INFO] [stdout]                                at /rustc/dfb0accb7f508ae8be965d8629557221c889dd98/library/core/src/ops/function.rs:250:5
[INFO] [stdout]   43:     0x613611063ed9 - <alloc[2182bb758b4b3781]::boxed::Box<dyn core[df12db4294e9bfd3]::ops::function::FnOnce<(), Output = ()> + core[df12db4294e9bfd3]::marker::Send> as core[df12db4294e9bfd3]::ops::function::FnOnce<()>>::call_once
[INFO] [stdout]                                at /rustc/dfb0accb7f508ae8be965d8629557221c889dd98/library/alloc/src/boxed.rs:2320:9
[INFO] [stdout]   44:     0x613611063ed9 - <std[70759c8f55707aa4]::sys::thread::unix::Thread>::new::thread_start
[INFO] [stdout]                                at /rustc/dfb0accb7f508ae8be965d8629557221c889dd98/library/std/src/sys/thread/unix.rs:123:17
[INFO] [stdout]   45:     0x717fd358fdfa - <unknown>
[INFO] [stdout]   46:     0x717fd36233d4 - clone
[INFO] [stdout]   47:                0x0 - <unknown>
[INFO] [stdout] 
[INFO] [stdout] 
[INFO] [stdout] failures:
[INFO] [stdout]     every_seed_still_reaches_the_verifier_and_is_accepted
[INFO] [stdout] 
[INFO] [stdout] test result: FAILED. 0 passed; 1 failed; 0 ignored; 0 measured; 0 filtered out; finished in 0.05s
[INFO] [stdout] 
[INFO] [stderr] error: test failed, to rerun pass `--test command_corpus`
[INFO] running `Command { std: "docker" "inspect" "6ef891c10f19648e1f24020ee69a8627c8fd80e30955fe0be23259d17adcf822", kill_on_drop: false }`
[INFO] running `Command { std: "docker" "rm" "-f" "6ef891c10f19648e1f24020ee69a8627c8fd80e30955fe0be23259d17adcf822", kill_on_drop: false }`
[INFO] [stdout] 6ef891c10f19648e1f24020ee69a8627c8fd80e30955fe0be23259d17adcf822
