[INFO] fetching crate resty 0.1.6...
[INFO] testing resty-0.1.6 against 1.99.0-beta.8 for beta-1.100-2
[INFO] extracting crate resty 0.1.6 into /workspace/builds/worker-3-tc1/source
[INFO] started tweaking crates.io crate resty 0.1.6
[INFO] removed 0 missing examples
[INFO] finished tweaking crates.io crate resty 0.1.6
[INFO] tweaked toml for crates.io crate resty 0.1.6 written to /workspace/builds/worker-3-tc1/source/Cargo.toml
[INFO] validating manifest of crates.io crate resty 0.1.6 on toolchain 1.99.0-beta.8
[INFO] running `Command { std: CARGO_HOME="/workspace/cargo-home" RUSTUP_HOME="/workspace/rustup-home" "/workspace/cargo-home/bin/cargo" "+1.99.0-beta.8" "metadata" "--manifest-path" "Cargo.toml" "--no-deps", kill_on_drop: false }`
[INFO] crate crates.io crate resty 0.1.6 already has a lockfile, it will not be regenerated
[INFO] running `Command { std: CARGO_HOME="/workspace/cargo-home" RUSTUP_HOME="/workspace/rustup-home" "/workspace/cargo-home/bin/cargo" "+1.99.0-beta.8" "fetch" "--manifest-path" "Cargo.toml", kill_on_drop: false }`
[INFO] [stderr]     Blocking waiting for file lock on package cache
[INFO] [stderr]     Updating crates.io index
[INFO] [stderr]     Blocking waiting for file lock on package cache
[INFO] [stderr]  Downloading crates ...
[INFO] [stderr]   Downloaded quote v1.0.46
[INFO] [stderr]   Downloaded smallvec v1.15.2
[INFO] [stderr]   Downloaded zerovec v0.11.6
[INFO] [stderr]   Downloaded proc_macro_argue v0.1.2
[INFO] [stderr]   Downloaded linkme-impl v0.3.36
[INFO] [stderr]   Downloaded zerofrom-derive v0.1.7
[INFO] [stderr]   Downloaded parking v2.2.1
[INFO] [stderr]   Downloaded futures-core v0.3.32
[INFO] [stderr]   Downloaded yoke-derive v0.8.2
[INFO] [stderr]   Downloaded event-listener-strategy v0.5.4
[INFO] [stderr]   Downloaded linkme v0.3.36
[INFO] [stderr]   Downloaded futures-io v0.3.32
[INFO] [stderr]   Downloaded potential_utf v0.1.5
[INFO] [stderr]   Downloaded resty_macros v0.1.6
[INFO] [stderr]   Downloaded tinystr v0.8.3
[INFO] [stderr]   Downloaded blocking v1.6.2
[INFO] [stderr]   Downloaded async-channel v2.5.0
[INFO] [stderr]   Downloaded concurrent-queue v2.5.0
[INFO] [stderr]   Downloaded async-net v2.0.0
[INFO] [stderr]   Downloaded hermit-abi v0.5.2
[INFO] [stderr]   Downloaded async-executor v1.14.0
[INFO] [stderr]   Downloaded async-fs v2.2.0
[INFO] [stderr]   Downloaded autocfg v1.5.1
[INFO] [stderr]   Downloaded displaydoc v0.2.6
[INFO] [stderr]   Downloaded fastrand v2.4.1
[INFO] [stderr]   Downloaded async-signal v0.2.14
[INFO] [stderr]   Downloaded litemap v0.8.2
[INFO] [stderr]   Downloaded async-task v4.7.1
[INFO] [stderr]   Downloaded writeable v0.6.3
[INFO] [stderr]   Downloaded crossbeam-utils v0.8.21
[INFO] [stderr]   Downloaded icu_properties v2.2.0
[INFO] [stderr]   Downloaded futures-lite v2.6.1
[INFO] [stderr]   Downloaded async-lock v3.4.2
[INFO] [stderr]   Downloaded async-process v2.5.0
[INFO] [stderr]   Downloaded zerovec-derive v0.11.3
[INFO] [stderr]   Downloaded piper v0.2.5
[INFO] [stderr]   Downloaded bitflags v2.13.0
[INFO] [stderr]   Downloaded icu_provider v2.2.0
[INFO] [stderr]   Downloaded event-listener v5.4.1
[INFO] [stderr]   Downloaded async-io v2.6.0
[INFO] [stderr]   Downloaded xml v1.3.0
[INFO] [stderr]   Downloaded log v0.4.33
[INFO] [stderr]   Downloaded icu_normalizer_data v2.2.0
[INFO] [stderr]   Downloaded icu_locale_core v2.2.0
[INFO] [stderr]   Downloaded polling v3.11.0
[INFO] [stderr]   Downloaded icu_collections v2.2.0
[INFO] [stderr]   Downloaded zerotrie v0.2.4
[INFO] [stderr]   Downloaded icu_normalizer v2.2.0
[INFO] [stderr]   Downloaded memchr v2.8.2
[INFO] [stderr]   Downloaded serde-xml-rs v0.8.2
[INFO] [stderr]   Downloaded serde_json v1.0.150
[INFO] [stderr]   Downloaded icu_properties_data v2.2.0
[INFO] [stderr]   Downloaded syn v2.0.118
[INFO] [stderr]   Downloaded smol v2.0.2
[INFO] [stderr]   Downloaded libc v0.2.186
[INFO] running `Command { std: "docker" "create" "-v" "/var/lib/crater-agent-workspace/builds/worker-3-tc1/source:/opt/rustwide/workdir:ro,Z" "-v" "/var/lib/crater-agent-workspace/builds/worker-3-tc1/target:/opt/rustwide/target:rw,Z" "-v" "/var/lib/crater-agent-workspace/cargo-home:/opt/rustwide/cargo-home:ro,Z" "-v" "/var/lib/crater-agent-workspace/rustup-home:/opt/rustwide/rustup-home:ro,Z" "-m" "1610612736" "--network" "none" "ghcr.io/rust-lang/crates-build-env/linux@sha256:3111399a4047eeb3a02b7a90e478d715f38a8c6669b5c4b49d30a17385265909" "sleep" "infinity", kill_on_drop: false }`
[INFO] [stdout] 1339f597a7e674f565d106cfc4b821a58b755999446c2259dcc34512675a2fb0
[INFO] running `Command { std: "docker" "start" "1339f597a7e674f565d106cfc4b821a58b755999446c2259dcc34512675a2fb0", kill_on_drop: false }`
[INFO] running `Command { std: "docker" "inspect" "1339f597a7e674f565d106cfc4b821a58b755999446c2259dcc34512675a2fb0", kill_on_drop: false }`
[INFO] running `Command { std: "docker" "exec" "-e" "SOURCE_DIR=/opt/rustwide/workdir" "-e" "CARGO_HOME=/opt/rustwide/cargo-home" "-e" "RUSTUP_HOME=/opt/rustwide/rustup-home" "-e" "CARGO_TARGET_DIR=/opt/rustwide/target" "-w" "/opt/rustwide/workdir" "--user" "0:0" "1339f597a7e674f565d106cfc4b821a58b755999446c2259dcc34512675a2fb0" "/opt/rustwide/cargo-home/bin/cargo" "+1.99.0-beta.8" "metadata" "--no-deps" "--format-version=1", kill_on_drop: false }`
[INFO] running `Command { std: "docker" "inspect" "1339f597a7e674f565d106cfc4b821a58b755999446c2259dcc34512675a2fb0", kill_on_drop: false }`
[INFO] running `Command { std: "docker" "exec" "-e" "SOURCE_DIR=/opt/rustwide/workdir" "-e" "CARGO_HOME=/opt/rustwide/cargo-home" "-e" "RUSTUP_HOME=/opt/rustwide/rustup-home" "-e" "CARGO_TARGET_DIR=/opt/rustwide/target" "-e" "CARGO_INCREMENTAL=0" "-e" "RUST_BACKTRACE=full" "-e" "RUSTFLAGS=--cap-lints=warn" "-e" "RUSTDOCFLAGS=--cap-lints=warn" "-w" "/opt/rustwide/workdir" "--user" "0:0" "1339f597a7e674f565d106cfc4b821a58b755999446c2259dcc34512675a2fb0" "/opt/rustwide/cargo-home/bin/cargo" "+1.99.0-beta.8" "build" "--frozen" "--message-format=json", kill_on_drop: false }`
[INFO] [stderr]    Compiling proc-macro2 v1.0.106
[INFO] [stderr]    Compiling quote v1.0.46
[INFO] [stderr]    Compiling unicode-ident v1.0.24
[INFO] [stderr]    Compiling crossbeam-utils v0.8.21
[INFO] [stderr]    Compiling pin-project-lite v0.2.17
[INFO] [stderr]    Compiling parking v2.2.1
[INFO] [stderr]    Compiling stable_deref_trait v1.2.1
[INFO] [stderr]    Compiling futures-core v0.3.32
[INFO] [stderr]    Compiling fastrand v2.4.1
[INFO] [stderr]    Compiling futures-io v0.3.32
[INFO] [stderr]    Compiling rustix v1.1.4
[INFO] [stderr]    Compiling litemap v0.8.2
[INFO] [stderr]    Compiling writeable v0.6.3
[INFO] [stderr]    Compiling autocfg v1.5.1
[INFO] [stderr]    Compiling libc v0.2.186
[INFO] [stderr]    Compiling linux-raw-sys v0.12.1
[INFO] [stderr]    Compiling bitflags v2.13.0
[INFO] [stderr]    Compiling slab v0.4.12
[INFO] [stderr]    Compiling utf8_iter v1.0.4
[INFO] [stderr]    Compiling async-task v4.7.1
[INFO] [stderr]    Compiling icu_normalizer_data v2.2.0
[INFO] [stderr]    Compiling cfg-if v1.0.4
[INFO] [stderr]    Compiling futures-lite v2.6.1
[INFO] [stderr]    Compiling icu_properties_data v2.2.0
[INFO] [stderr]    Compiling atomic-waker v1.1.2
[INFO] [stderr]    Compiling serde_core v1.0.228
[INFO] [stderr]    Compiling zmij v1.0.21
[INFO] [stderr]    Compiling smallvec v1.15.2
[INFO] [stderr]    Compiling linkme-impl v0.3.36
[INFO] [stderr]    Compiling piper v0.2.5
[INFO] [stderr]    Compiling serde v1.0.228
[INFO] [stderr]    Compiling serde_json v1.0.150
[INFO] [stderr]    Compiling itoa v1.0.18
[INFO] [stderr]    Compiling percent-encoding v2.3.2
[INFO] [stderr]    Compiling httparse v1.10.1
[INFO] [stderr]    Compiling linkme v0.3.36
[INFO] [stderr]    Compiling concurrent-queue v2.5.0
[INFO] [stderr]    Compiling memchr v2.8.2
[INFO] [stderr]    Compiling form_urlencoded v1.2.2
[INFO] [stderr]    Compiling async-io v2.6.0
[INFO] [stderr]    Compiling event-listener v5.4.1
[INFO] [stderr]    Compiling event-listener-strategy v0.5.4
[INFO] [stderr]    Compiling async-channel v2.5.0
[INFO] [stderr]    Compiling async-lock v3.4.2
[INFO] [stderr]    Compiling syn v2.0.118
[INFO] [stderr]    Compiling blocking v1.6.2
[INFO] [stderr]    Compiling async-executor v1.14.0
[INFO] [stderr]    Compiling errno v0.3.14
[INFO] [stderr]    Compiling async-fs v2.2.0
[INFO] [stderr]    Compiling signal-hook-registry v1.4.8
[INFO] [stderr]    Compiling synstructure v0.13.2
[INFO] [stderr]    Compiling proc_macro_argue v0.1.2
[INFO] [stderr]    Compiling polling v3.11.0
[INFO] [stderr]    Compiling zerofrom-derive v0.1.7
[INFO] [stderr]    Compiling yoke-derive v0.8.2
[INFO] [stderr]    Compiling zerovec-derive v0.11.3
[INFO] [stderr]    Compiling displaydoc v0.2.6
[INFO] [stderr]    Compiling serde_derive v1.0.228
[INFO] [stderr]    Compiling async-signal v0.2.14
[INFO] [stderr]    Compiling async-net v2.0.0
[INFO] [stderr]    Compiling async-process v2.5.0
[INFO] [stderr]    Compiling zerofrom v0.1.8
[INFO] [stderr]    Compiling yoke v0.8.3
[INFO] [stderr]    Compiling smol v2.0.2
[INFO] [stderr]    Compiling zerotrie v0.2.4
[INFO] [stderr]    Compiling zerovec v0.11.6
[INFO] [stderr]    Compiling tinystr v0.8.3
[INFO] [stderr]    Compiling potential_utf v0.1.5
[INFO] [stderr]    Compiling icu_collections v2.2.0
[INFO] [stderr]    Compiling icu_locale_core v2.2.0
[INFO] [stderr]    Compiling icu_provider v2.2.0
[INFO] [stderr]    Compiling icu_normalizer v2.2.0
[INFO] [stderr]    Compiling icu_properties v2.2.0
[INFO] [stderr]    Compiling resty_macros v0.1.6
[INFO] [stderr]    Compiling idna_adapter v1.2.2
[INFO] [stderr]    Compiling idna v1.1.0
[INFO] [stderr]    Compiling url v2.5.8
[INFO] [stderr]    Compiling resty v0.1.6 (/opt/rustwide/workdir)
[INFO] [stderr]     Finished `dev` profile [unoptimized + debuginfo] target(s) in 20.51s
[INFO] running `Command { std: "docker" "inspect" "1339f597a7e674f565d106cfc4b821a58b755999446c2259dcc34512675a2fb0", kill_on_drop: false }`
[INFO] running `Command { std: "docker" "exec" "-e" "SOURCE_DIR=/opt/rustwide/workdir" "-e" "CARGO_HOME=/opt/rustwide/cargo-home" "-e" "RUSTUP_HOME=/opt/rustwide/rustup-home" "-e" "CARGO_TARGET_DIR=/opt/rustwide/target" "-e" "CARGO_INCREMENTAL=0" "-e" "RUST_BACKTRACE=full" "-e" "RUSTFLAGS=--cap-lints=warn" "-e" "RUSTDOCFLAGS=--cap-lints=warn" "-w" "/opt/rustwide/workdir" "--user" "0:0" "1339f597a7e674f565d106cfc4b821a58b755999446c2259dcc34512675a2fb0" "/opt/rustwide/cargo-home/bin/cargo" "+1.99.0-beta.8" "test" "--frozen" "--no-run" "--message-format=json", kill_on_drop: false }`
[INFO] [stderr]    Compiling resty v0.1.6 (/opt/rustwide/workdir)
[INFO] [stderr]     Finished `test` profile [unoptimized + debuginfo] target(s) in 1.02s
[INFO] running `Command { std: "docker" "inspect" "1339f597a7e674f565d106cfc4b821a58b755999446c2259dcc34512675a2fb0", kill_on_drop: false }`
[INFO] running `Command { std: "docker" "exec" "-e" "SOURCE_DIR=/opt/rustwide/workdir" "-e" "CARGO_HOME=/opt/rustwide/cargo-home" "-e" "RUSTUP_HOME=/opt/rustwide/rustup-home" "-e" "CARGO_TARGET_DIR=/opt/rustwide/target" "-e" "CARGO_INCREMENTAL=0" "-e" "RUST_BACKTRACE=full" "-e" "RUSTFLAGS=--cap-lints=warn" "-e" "RUSTDOCFLAGS=--cap-lints=warn" "-w" "/opt/rustwide/workdir" "--user" "0:0" "1339f597a7e674f565d106cfc4b821a58b755999446c2259dcc34512675a2fb0" "/opt/rustwide/cargo-home/bin/cargo" "+1.99.0-beta.8" "test" "--frozen", kill_on_drop: false }`
[INFO] [stderr]     Finished `test` profile [unoptimized + debuginfo] target(s) in 0.05s
[INFO] [stderr]      Running unittests src/lib.rs (/opt/rustwide/target/debug/deps/resty-d4187d8cb0a7ebe8)
[INFO] [stdout] 
[INFO] [stdout] running 0 tests
[INFO] [stdout] 
[INFO] [stdout] test result: ok. 0 passed; 0 failed; 0 ignored; 0 measured; 0 filtered out; finished in 0.00s
[INFO] [stdout] 
[INFO] [stderr]    Doc-tests resty
[INFO] [stdout] 
[INFO] [stdout] running 1 test
[INFO] [stdout] test src/../README.md - (line 26) ... FAILED
[INFO] [stdout] 
[INFO] [stdout] failures:
[INFO] [stdout] 
[INFO] [stdout] ---- src/../README.md - (line 26) stdout ----
[INFO] [stdout] error[E0425]: cannot find type `LazyLock` in this scope
[INFO] [stdout]   --> src/../README.md:29:16
[INFO] [stdout]    |
[INFO] [stdout] 29 | static ROUTER: LazyLock<Router>;
[INFO] [stdout]    |                ^^^^^^^^ not found in this scope
[INFO] [stdout]    |
[INFO] [stdout] help: consider importing this struct
[INFO] [stdout]    |
[INFO] [stdout] 26 + use std::sync::LazyLock;
[INFO] [stdout]    |
[INFO] [stdout] 
[INFO] [stdout] error[E0425]: cannot find type `Router` in this scope
[INFO] [stdout]   --> src/../README.md:29:25
[INFO] [stdout]    |
[INFO] [stdout] 29 | static ROUTER: LazyLock<Router>;
[INFO] [stdout]    |                         ^^^^^^ not found in this scope
[INFO] [stdout] 
[INFO] [stdout] error[E0425]: cannot find type `Request` in this scope
[INFO] [stdout]   --> src/../README.md:37:41
[INFO] [stdout]    |
[INFO] [stdout] 37 | async fn get_hello_world<'a>(_req: &mut Request<'a>, res: &mut Response<'a>) -> resty::Result {
[INFO] [stdout]    |                                         ^^^^^^^ not found in this scope
[INFO] [stdout] 
[INFO] [stdout] error[E0425]: cannot find type `Response` in this scope
[INFO] [stdout]   --> src/../README.md:37:64
[INFO] [stdout]    |
[INFO] [stdout] 37 | async fn get_hello_world<'a>(_req: &mut Request<'a>, res: &mut Response<'a>) -> resty::Result {
[INFO] [stdout]    |                                                                ^^^^^^^^ not found in this scope
[INFO] [stdout] 
[INFO] [stdout] error[E0425]: cannot find type `ExitCode` in this scope
[INFO] [stdout]   --> src/../README.md:43:14
[INFO] [stdout]    |
[INFO] [stdout] 43 | fn main() -> ExitCode {
[INFO] [stdout]    |              ^^^^^^^^ not found in this scope
[INFO] [stdout]    |
[INFO] [stdout] help: consider importing this struct
[INFO] [stdout]    |
[INFO] [stdout] 26 + use std::process::ExitCode;
[INFO] [stdout]    |
[INFO] [stdout] 
[INFO] [stdout] error[E0425]: cannot find type `SocketAddrV4` in this scope
[INFO] [stdout]   --> src/../README.md:44:17
[INFO] [stdout]    |
[INFO] [stdout] 44 |     const ADDR: SocketAddrV4 = SocketAddrV4::new(Ipv4Addr::new(127, 0, 0, 1), 3333);
[INFO] [stdout]    |                 ^^^^^^^^^^^^ not found in this scope
[INFO] [stdout]    |
[INFO] [stdout] help: consider importing this struct
[INFO] [stdout]    |
[INFO] [stdout] 26 + use std::net::SocketAddrV4;
[INFO] [stdout]    |
[INFO] [stdout] 
[INFO] [stdout] error[E0433]: cannot find type `SocketAddrV4` in this scope
[INFO] [stdout]   --> src/../README.md:44:32
[INFO] [stdout]    |
[INFO] [stdout] 44 |     const ADDR: SocketAddrV4 = SocketAddrV4::new(Ipv4Addr::new(127, 0, 0, 1), 3333);
[INFO] [stdout]    |                                ^^^^^^^^^^^^ use of undeclared type `SocketAddrV4`
[INFO] [stdout]    |
[INFO] [stdout] help: consider importing this struct
[INFO] [stdout]    |
[INFO] [stdout] 26 + use std::net::SocketAddrV4;
[INFO] [stdout]    |
[INFO] [stdout] 
[INFO] [stdout] error[E0433]: cannot find type `Ipv4Addr` in this scope
[INFO] [stdout]   --> src/../README.md:44:50
[INFO] [stdout]    |
[INFO] [stdout] 44 |     const ADDR: SocketAddrV4 = SocketAddrV4::new(Ipv4Addr::new(127, 0, 0, 1), 3333);
[INFO] [stdout]    |                                                  ^^^^^^^^ use of undeclared type `Ipv4Addr`
[INFO] [stdout]    |
[INFO] [stdout] help: consider importing this struct
[INFO] [stdout]    |
[INFO] [stdout] 26 + use std::net::Ipv4Addr;
[INFO] [stdout]    |
[INFO] [stdout] 
[INFO] [stdout] error[E0425]: cannot find type `TcpSocket` in this scope
[INFO] [stdout]   --> src/../README.md:46:39
[INFO] [stdout]    |
[INFO] [stdout] 46 |     if let Err(error) = resty::bind::<TcpSocket>(ADDR, &ROUTER) {
[INFO] [stdout]    |                                       ^^^^^^^^^ not found in this scope
[INFO] [stdout] 
[INFO] [stdout] error[E0433]: cannot find type `ExitCode` in this scope
[INFO] [stdout]   --> src/../README.md:48:16
[INFO] [stdout]    |
[INFO] [stdout] 48 |         return ExitCode::FAILURE;
[INFO] [stdout]    |                ^^^^^^^^ use of undeclared type `ExitCode`
[INFO] [stdout]    |
[INFO] [stdout] help: consider importing this struct
[INFO] [stdout]    |
[INFO] [stdout] 26 + use std::process::ExitCode;
[INFO] [stdout]    |
[INFO] [stdout] 
[INFO] [stdout] error[E0433]: cannot find type `ExitCode` in this scope
[INFO] [stdout]   --> src/../README.md:62:12
[INFO] [stdout]    |
[INFO] [stdout] 62 |     return ExitCode::SUCCESS;
[INFO] [stdout]    |            ^^^^^^^^ use of undeclared type `ExitCode`
[INFO] [stdout]    |
[INFO] [stdout] help: consider importing this struct
[INFO] [stdout]    |
[INFO] [stdout] 26 + use std::process::ExitCode;
[INFO] [stdout]    |
[INFO] [stdout] 
[INFO] [stdout] error: aborting due to 11 previous errors
[INFO] [stdout] 
[INFO] [stdout] Some errors have detailed explanations: E0425, E0433.
[INFO] [stdout] For more information about an error, try `rustc --explain E0425`.
[INFO] [stdout] Couldn't compile the test.
[INFO] [stdout] 
[INFO] [stdout] failures:
[INFO] [stdout]     src/../README.md - (line 26)
[INFO] [stdout] 
[INFO] [stdout] test result: FAILED. 0 passed; 1 failed; 0 ignored; 0 measured; 0 filtered out; finished in 0.11s
[INFO] [stdout] 
[INFO] [stdout] all doctests ran in 0.21s; merged doctests compilation took 0.10s
[INFO] [stderr] error: doctest failed, to rerun pass `--doc`
[INFO] running `Command { std: "docker" "inspect" "1339f597a7e674f565d106cfc4b821a58b755999446c2259dcc34512675a2fb0", kill_on_drop: false }`
[INFO] running `Command { std: "docker" "rm" "-f" "1339f597a7e674f565d106cfc4b821a58b755999446c2259dcc34512675a2fb0", kill_on_drop: false }`
[INFO] [stdout] 1339f597a7e674f565d106cfc4b821a58b755999446c2259dcc34512675a2fb0
