[INFO] fetching crate reqwest_cookie_store 0.10.0...
[INFO] testing reqwest_cookie_store-0.10.0 against 1.100.0-beta.1 for beta-1.100-2
[INFO] extracting crate reqwest_cookie_store 0.10.0 into /workspace/builds/worker-2-tc2/source
[INFO] started tweaking crates.io crate reqwest_cookie_store 0.10.0
[INFO] finished tweaking crates.io crate reqwest_cookie_store 0.10.0
[INFO] tweaked toml for crates.io crate reqwest_cookie_store 0.10.0 written to /workspace/builds/worker-2-tc2/source/Cargo.toml
[INFO] validating manifest of crates.io crate reqwest_cookie_store 0.10.0 on toolchain 1.100.0-beta.1
[INFO] running `Command { std: CARGO_HOME="/workspace/cargo-home" RUSTUP_HOME="/workspace/rustup-home" "/workspace/cargo-home/bin/cargo" "+1.100.0-beta.1" "metadata" "--manifest-path" "Cargo.toml" "--no-deps", kill_on_drop: false }`
[INFO] crate crates.io crate reqwest_cookie_store 0.10.0 already has a lockfile, it will not be regenerated
[INFO] running `Command { std: CARGO_HOME="/workspace/cargo-home" RUSTUP_HOME="/workspace/rustup-home" "/workspace/cargo-home/bin/cargo" "+1.100.0-beta.1" "fetch" "--manifest-path" "Cargo.toml", kill_on_drop: false }`
[INFO] running `Command { std: "docker" "create" "-v" "/var/lib/crater-agent-workspace/builds/worker-2-tc2/source:/opt/rustwide/workdir:ro,Z" "-v" "/var/lib/crater-agent-workspace/builds/worker-2-tc2/target:/opt/rustwide/target:rw,Z" "-v" "/var/lib/crater-agent-workspace/cargo-home:/opt/rustwide/cargo-home:ro,Z" "-v" "/var/lib/crater-agent-workspace/rustup-home:/opt/rustwide/rustup-home:ro,Z" "-m" "1610612736" "--network" "none" "ghcr.io/rust-lang/crates-build-env/linux@sha256:3111399a4047eeb3a02b7a90e478d715f38a8c6669b5c4b49d30a17385265909" "sleep" "infinity", kill_on_drop: false }`
[INFO] [stdout] 04b34e6352753152148c451dfaba50d7e03540f30934068f3eb78e79110a5f38
[INFO] running `Command { std: "docker" "start" "04b34e6352753152148c451dfaba50d7e03540f30934068f3eb78e79110a5f38", kill_on_drop: false }`
[INFO] running `Command { std: "docker" "inspect" "04b34e6352753152148c451dfaba50d7e03540f30934068f3eb78e79110a5f38", kill_on_drop: false }`
[INFO] running `Command { std: "docker" "exec" "-e" "SOURCE_DIR=/opt/rustwide/workdir" "-e" "CARGO_HOME=/opt/rustwide/cargo-home" "-e" "RUSTUP_HOME=/opt/rustwide/rustup-home" "-e" "CARGO_TARGET_DIR=/opt/rustwide/target" "-w" "/opt/rustwide/workdir" "--user" "0:0" "04b34e6352753152148c451dfaba50d7e03540f30934068f3eb78e79110a5f38" "/opt/rustwide/cargo-home/bin/cargo" "+1.100.0-beta.1" "metadata" "--no-deps" "--format-version=1", kill_on_drop: false }`
[INFO] running `Command { std: "docker" "inspect" "04b34e6352753152148c451dfaba50d7e03540f30934068f3eb78e79110a5f38", kill_on_drop: false }`
[INFO] running `Command { std: "docker" "exec" "-e" "SOURCE_DIR=/opt/rustwide/workdir" "-e" "CARGO_HOME=/opt/rustwide/cargo-home" "-e" "RUSTUP_HOME=/opt/rustwide/rustup-home" "-e" "CARGO_TARGET_DIR=/opt/rustwide/target" "-e" "CARGO_INCREMENTAL=0" "-e" "RUST_BACKTRACE=full" "-e" "RUSTFLAGS=--cap-lints=warn" "-e" "RUSTDOCFLAGS=--cap-lints=warn" "-w" "/opt/rustwide/workdir" "--user" "0:0" "04b34e6352753152148c451dfaba50d7e03540f30934068f3eb78e79110a5f38" "/opt/rustwide/cargo-home/bin/cargo" "+1.100.0-beta.1" "build" "--frozen" "--message-format=json", kill_on_drop: false }`
[INFO] [stderr]    Compiling smallvec v1.15.1
[INFO] [stderr]    Compiling futures-task v0.3.31
[INFO] [stderr]    Compiling http v1.3.1
[INFO] [stderr]    Compiling serde v1.0.219
[INFO] [stderr]    Compiling time-core v0.1.4
[INFO] [stderr]    Compiling syn v2.0.104
[INFO] [stderr]    Compiling deranged v0.4.0
[INFO] [stderr]    Compiling cookie v0.18.1
[INFO] [stderr]    Compiling tracing-core v0.1.34
[INFO] [stderr]    Compiling sync_wrapper v1.0.2
[INFO] [stderr]    Compiling tokio v1.46.1
[INFO] [stderr]    Compiling litrs v0.4.1
[INFO] [stderr]    Compiling memchr v2.7.5
[INFO] [stderr]    Compiling bitflags v2.9.1
[INFO] [stderr]    Compiling ipnet v2.11.0
[INFO] [stderr]    Compiling iri-string v0.7.8
[INFO] [stderr]    Compiling log v0.4.27
[INFO] [stderr]    Compiling time-macros v0.2.22
[INFO] [stderr]    Compiling futures-util v0.3.31
[INFO] [stderr]    Compiling document-features v0.2.11
[INFO] [stderr]    Compiling time v0.3.41
[INFO] [stderr]    Compiling tracing v0.1.41
[INFO] [stderr]    Compiling http-body v1.0.1
[INFO] [stderr]    Compiling http-body-util v0.1.3
[INFO] [stderr]    Compiling synstructure v0.13.2
[INFO] [stderr]    Compiling tower v0.5.2
[INFO] [stderr]    Compiling hyper v1.6.0
[INFO] [stderr]    Compiling zerofrom-derive v0.1.6
[INFO] [stderr]    Compiling yoke-derive v0.8.0
[INFO] [stderr]    Compiling zerovec-derive v0.11.1
[INFO] [stderr]    Compiling displaydoc v0.2.5
[INFO] [stderr]    Compiling serde_derive v1.0.219
[INFO] [stderr]    Compiling serde_json v1.0.141
[INFO] [stderr]    Compiling tower-http v0.6.8
[INFO] [stderr]    Compiling hyper-util v0.1.15
[INFO] [stderr]    Compiling zerofrom v0.1.6
[INFO] [stderr]    Compiling yoke v0.8.0
[INFO] [stderr]    Compiling zerovec v0.11.2
[INFO] [stderr]    Compiling zerotrie v0.2.2
[INFO] [stderr]    Compiling tinystr v0.8.1
[INFO] [stderr]    Compiling potential_utf v0.1.2
[INFO] [stderr]    Compiling icu_collections v2.0.0
[INFO] [stderr]    Compiling icu_locale_core v2.0.0
[INFO] [stderr]    Compiling icu_provider v2.0.0
[INFO] [stderr]    Compiling icu_properties v2.0.1
[INFO] [stderr]    Compiling icu_normalizer v2.0.0
[INFO] [stderr]    Compiling idna_adapter v1.2.1
[INFO] [stderr]    Compiling idna v1.0.3
[INFO] [stderr]    Compiling publicsuffix v2.3.0
[INFO] [stderr]    Compiling url v2.5.4
[INFO] [stderr]    Compiling cookie_store v0.22.0
[INFO] [stderr]    Compiling reqwest v0.13.1
[INFO] [stderr]    Compiling reqwest_cookie_store v0.10.0 (/opt/rustwide/workdir)
[INFO] [stderr]     Finished `dev` profile [unoptimized + debuginfo] target(s) in 22.40s
[INFO] running `Command { std: "docker" "inspect" "04b34e6352753152148c451dfaba50d7e03540f30934068f3eb78e79110a5f38", kill_on_drop: false }`
[INFO] running `Command { std: "docker" "exec" "-e" "SOURCE_DIR=/opt/rustwide/workdir" "-e" "CARGO_HOME=/opt/rustwide/cargo-home" "-e" "RUSTUP_HOME=/opt/rustwide/rustup-home" "-e" "CARGO_TARGET_DIR=/opt/rustwide/target" "-e" "CARGO_INCREMENTAL=0" "-e" "RUST_BACKTRACE=full" "-e" "RUSTFLAGS=--cap-lints=warn" "-e" "RUSTDOCFLAGS=--cap-lints=warn" "-w" "/opt/rustwide/workdir" "--user" "0:0" "04b34e6352753152148c451dfaba50d7e03540f30934068f3eb78e79110a5f38" "/opt/rustwide/cargo-home/bin/cargo" "+1.100.0-beta.1" "test" "--frozen" "--no-run" "--message-format=json", kill_on_drop: false }`
[INFO] [stderr]    Compiling jobserver v0.1.34
[INFO] [stderr]    Compiling tokio v1.46.1
[INFO] [stderr]    Compiling aws-lc-rs v1.15.3
[INFO] [stderr]    Compiling rustls v0.23.36
[INFO] [stderr]    Compiling rustls-pki-types v1.12.0
[INFO] [stderr]    Compiling icu_normalizer v2.0.0
[INFO] [stderr]    Compiling async-stream-impl v0.3.6
[INFO] [stderr]    Compiling cc v1.2.30
[INFO] [stderr]    Compiling async-stream v0.3.6
[INFO] [stderr]    Compiling rustls-native-certs v0.8.1
[INFO] [stderr]    Compiling idna_adapter v1.2.1
[INFO] [stderr]    Compiling idna v1.0.3
[INFO] [stderr]    Compiling url v2.5.4
[INFO] [stderr]    Compiling publicsuffix v2.3.0
[INFO] [stderr]    Compiling cookie_store v0.22.0
[INFO] [stderr]    Compiling cmake v0.1.54
[INFO] [stderr]    Compiling aws-lc-sys v0.36.0
[INFO] [stderr]    Compiling hyper v1.6.0
[INFO] [stderr]    Compiling tower v0.5.2
[INFO] [stderr]    Compiling tokio-stream v0.1.17
[INFO] [stderr]    Compiling tower-http v0.6.8
[INFO] [stderr]    Compiling tokio-test v0.4.4
[INFO] [stderr]    Compiling hyper-util v0.1.15
[INFO] [stderr]    Compiling rustls-webpki v0.103.8
[INFO] [stderr]    Compiling tokio-rustls v0.26.4
[INFO] [stderr]    Compiling hyper-rustls v0.27.7
[INFO] [stderr]    Compiling rustls-platform-verifier v0.6.1
[INFO] [stderr]    Compiling reqwest v0.13.1
[INFO] [stderr]    Compiling reqwest_cookie_store v0.10.0 (/opt/rustwide/workdir)
[INFO] [stderr]     Finished `test` profile [unoptimized + debuginfo] target(s) in 48.94s
[INFO] running `Command { std: "docker" "inspect" "04b34e6352753152148c451dfaba50d7e03540f30934068f3eb78e79110a5f38", kill_on_drop: false }`
[INFO] running `Command { std: "docker" "exec" "-e" "SOURCE_DIR=/opt/rustwide/workdir" "-e" "CARGO_HOME=/opt/rustwide/cargo-home" "-e" "RUSTUP_HOME=/opt/rustwide/rustup-home" "-e" "CARGO_TARGET_DIR=/opt/rustwide/target" "-e" "CARGO_INCREMENTAL=0" "-e" "RUST_BACKTRACE=full" "-e" "RUSTFLAGS=--cap-lints=warn" "-e" "RUSTDOCFLAGS=--cap-lints=warn" "-w" "/opt/rustwide/workdir" "--user" "0:0" "04b34e6352753152148c451dfaba50d7e03540f30934068f3eb78e79110a5f38" "/opt/rustwide/cargo-home/bin/cargo" "+1.100.0-beta.1" "test" "--frozen", kill_on_drop: false }`
[INFO] [stderr]     Finished `test` profile [unoptimized + debuginfo] target(s) in 0.18s
[INFO] [stderr]      Running unittests src/lib.rs (/opt/rustwide/target/debug/build/reqwest_cookie_store/9edf1b344380110e/out/reqwest_cookie_store-9edf1b344380110e)
[INFO] [stdout] 
[INFO] [stdout] running 0 tests
[INFO] [stdout] 
[INFO] [stdout] test result: ok. 0 passed; 0 failed; 0 ignored; 0 measured; 0 filtered out; finished in 0.00s
[INFO] [stdout] 
[INFO] [stderr]    Doc-tests reqwest_cookie_store
[INFO] [stdout] 
[INFO] [stdout] running 1 test
[INFO] [stdout] test src/lib.rs - (line 8) ... FAILED
[INFO] [stdout] 
[INFO] [stdout] failures:
[INFO] [stdout] 
[INFO] [stdout] ---- src/lib.rs - (line 8) stdout ----
[INFO] [stdout] Test executable failed (exit status: 101).
[INFO] [stdout] 
[INFO] [stdout] stdout:
[INFO] [stdout] initial load
[INFO] [stdout] 
[INFO] [stdout] stderr:
[INFO] [stdout] 
[INFO] [stdout] thread 'main' (2423) panicked at src/lib.rs:34:47:
[INFO] [stdout] called `Result::unwrap()` on an `Err` value: reqwest::Error { kind: Request, url: "https://google.com/", source: hyper_util::client::legacy::Error(Connect, ConnectError("dns error", Custom { kind: Uncategorized, error: "failed to lookup address information: Temporary failure in name resolution" })) }
[INFO] [stdout] stack backtrace:
[INFO] [stdout]    0:     0x6367541ae291 - std[617be2ca0a6fd877]::backtrace_rs::backtrace::libunwind::trace
[INFO] [stdout]                                at /rustc/e3feeb59cd1bdd011a2bfcc0747b55125d9b8527/library/std/src/../../backtrace/src/backtrace/libunwind.rs:117:9
[INFO] [stdout]    1:     0x6367541ae291 - std[617be2ca0a6fd877]::backtrace_rs::backtrace::trace_unsynchronized::<std[617be2ca0a6fd877]::sys::backtrace::_print_fmt::{closure#1}>
[INFO] [stdout]                                at /rustc/e3feeb59cd1bdd011a2bfcc0747b55125d9b8527/library/std/src/../../backtrace/src/backtrace/mod.rs:66:14
[INFO] [stdout]    2:     0x6367541ae291 - std[617be2ca0a6fd877]::sys::backtrace::_print_fmt
[INFO] [stdout]                                at /rustc/e3feeb59cd1bdd011a2bfcc0747b55125d9b8527/library/std/src/sys/backtrace.rs:74:9
[INFO] [stdout]    3:     0x6367541ae291 - <<std[617be2ca0a6fd877]::sys::backtrace::BacktraceLock>::print::DisplayBacktrace as core[a373ad73a504971]::fmt::Display>::fmt
[INFO] [stdout]                                at /rustc/e3feeb59cd1bdd011a2bfcc0747b55125d9b8527/library/std/src/sys/backtrace.rs:44:26
[INFO] [stdout]    4:     0x6367541c394a - <core[a373ad73a504971]::fmt::rt::Argument>::fmt
[INFO] [stdout]                                at /rustc/e3feeb59cd1bdd011a2bfcc0747b55125d9b8527/library/core/src/fmt/rt.rs:152:76
[INFO] [stdout]    5:     0x6367541c394a - core[a373ad73a504971]::fmt::write
[INFO] [stdout]    6:     0x6367541b2d2c - core[a373ad73a504971]::io::write::default_write_fmt::<std[617be2ca0a6fd877]::sys::stdio::unix::Stderr>
[INFO] [stdout]                                at /rustc/e3feeb59cd1bdd011a2bfcc0747b55125d9b8527/library/core/src/io/write.rs:402:11
[INFO] [stdout]    7:     0x6367541b2d2c - <std[617be2ca0a6fd877]::sys::stdio::unix::Stderr as core[a373ad73a504971]::io::write::Write>::write_fmt
[INFO] [stdout]                                at /rustc/e3feeb59cd1bdd011a2bfcc0747b55125d9b8527/library/core/src/io/write.rs:335:13
[INFO] [stdout]    8:     0x636754194016 - <std[617be2ca0a6fd877]::sys::backtrace::BacktraceLock>::print
[INFO] [stdout]                                at /rustc/e3feeb59cd1bdd011a2bfcc0747b55125d9b8527/library/std/src/sys/backtrace.rs:47:9
[INFO] [stdout]    9:     0x636754194016 - std[617be2ca0a6fd877]::panicking::default_hook::{closure#0}
[INFO] [stdout]                                at /rustc/e3feeb59cd1bdd011a2bfcc0747b55125d9b8527/library/std/src/panicking.rs:289:27
[INFO] [stdout]   10:     0x6367541a8b31 - std[617be2ca0a6fd877]::panicking::default_hook
[INFO] [stdout]                                at /rustc/e3feeb59cd1bdd011a2bfcc0747b55125d9b8527/library/std/src/panicking.rs:316:9
[INFO] [stdout]   11:     0x6367541a8e5b - std[617be2ca0a6fd877]::panicking::panic_with_hook
[INFO] [stdout]                                at /rustc/e3feeb59cd1bdd011a2bfcc0747b55125d9b8527/library/std/src/panicking.rs:811:13
[INFO] [stdout]   12:     0x6367541940c2 - std[617be2ca0a6fd877]::panicking::panic_handler::{closure#0}
[INFO] [stdout]                                at /rustc/e3feeb59cd1bdd011a2bfcc0747b55125d9b8527/library/std/src/panicking.rs:685:13
[INFO] [stdout]   13:     0x63675418ce49 - std[617be2ca0a6fd877]::sys::backtrace::__rust_end_short_backtrace::<std[617be2ca0a6fd877]::panicking::panic_handler::{closure#0}, !>
[INFO] [stdout]                                at /rustc/e3feeb59cd1bdd011a2bfcc0747b55125d9b8527/library/std/src/sys/backtrace.rs:182:18
[INFO] [stdout]   14:     0x636754194aed - __rustc[ea4f61d10b84890b]::rust_begin_unwind
[INFO] [stdout]                                at /rustc/e3feeb59cd1bdd011a2bfcc0747b55125d9b8527/library/std/src/panicking.rs:676:5
[INFO] [stdout]   15:     0x6367541c419c - core[a373ad73a504971]::panicking::panic_fmt
[INFO] [stdout]                                at /rustc/e3feeb59cd1bdd011a2bfcc0747b55125d9b8527/library/core/src/panicking.rs:80:14
[INFO] [stdout]   16:     0x6367541c3ec2 - core[a373ad73a504971]::result::unwrap_failed
[INFO] [stdout]                                at /rustc/e3feeb59cd1bdd011a2bfcc0747b55125d9b8527/library/core/src/result.rs:1870:5
[INFO] [stdout]   17:     0x636753af86d5 - rust_out[72a830746f8703f]::main::_doctest_main_src_lib_rs_8_0::{closure#0}
[INFO] [stdout]   18:     0x636753aff1e6 - <core[a373ad73a504971]::pin::Pin<&mut rust_out[72a830746f8703f]::main::_doctest_main_src_lib_rs_8_0::{closure#0}> as core[a373ad73a504971]::future::future::Future>::poll
[INFO] [stdout]   19:     0x636753af7976 - <tokio[13ad04298423db64]::runtime::scheduler::current_thread::CoreGuard>::block_on::<core[a373ad73a504971]::pin::Pin<&mut rust_out[72a830746f8703f]::main::_doctest_main_src_lib_rs_8_0::{closure#0}>>::{closure#0}::{closure#0}::{closure#0}
[INFO] [stdout]   20:     0x636753af78de - <tokio[13ad04298423db64]::runtime::scheduler::current_thread::CoreGuard>::block_on::<core[a373ad73a504971]::pin::Pin<&mut rust_out[72a830746f8703f]::main::_doctest_main_src_lib_rs_8_0::{closure#0}>>::{closure#0}::{closure#0}
[INFO] [stdout]   21:     0x636753ae6822 - <tokio[13ad04298423db64]::runtime::scheduler::current_thread::Context>::enter::<core[a373ad73a504971]::task::poll::Poll<()>, <tokio[13ad04298423db64]::runtime::scheduler::current_thread::CoreGuard>::block_on<core[a373ad73a504971]::pin::Pin<&mut rust_out[72a830746f8703f]::main::_doctest_main_src_lib_rs_8_0::{closure#0}>>::{closure#0}::{closure#0}>
[INFO] [stdout]   22:     0x636753af632d - <tokio[13ad04298423db64]::runtime::scheduler::current_thread::CoreGuard>::block_on::<core[a373ad73a504971]::pin::Pin<&mut rust_out[72a830746f8703f]::main::_doctest_main_src_lib_rs_8_0::{closure#0}>>::{closure#0}
[INFO] [stdout]   23:     0x636753af5684 - <tokio[13ad04298423db64]::runtime::scheduler::current_thread::CoreGuard>::enter::<<tokio[13ad04298423db64]::runtime::scheduler::current_thread::CoreGuard>::block_on<core[a373ad73a504971]::pin::Pin<&mut rust_out[72a830746f8703f]::main::_doctest_main_src_lib_rs_8_0::{closure#0}>>::{closure#0}, core[a373ad73a504971]::option::Option<()>>::{closure#0}
[INFO] [stdout]   24:     0x636753ae61e1 - <tokio[13ad04298423db64]::runtime::context::scoped::Scoped<tokio[13ad04298423db64]::runtime::scheduler::Context>>::set::<<tokio[13ad04298423db64]::runtime::scheduler::current_thread::CoreGuard>::enter<<tokio[13ad04298423db64]::runtime::scheduler::current_thread::CoreGuard>::block_on<core[a373ad73a504971]::pin::Pin<&mut rust_out[72a830746f8703f]::main::_doctest_main_src_lib_rs_8_0::{closure#0}>>::{closure#0}, core[a373ad73a504971]::option::Option<()>>::{closure#0}, (alloc[2e1b2a31b91974c5]::boxed::Box<tokio[13ad04298423db64]::runtime::scheduler::current_thread::Core>, core[a373ad73a504971]::option::Option<()>)>
[INFO] [stdout]   25:     0x636753af7054 - tokio[13ad04298423db64]::runtime::context::set_scheduler::<(alloc[2e1b2a31b91974c5]::boxed::Box<tokio[13ad04298423db64]::runtime::scheduler::current_thread::Core>, core[a373ad73a504971]::option::Option<()>), <tokio[13ad04298423db64]::runtime::scheduler::current_thread::CoreGuard>::enter<<tokio[13ad04298423db64]::runtime::scheduler::current_thread::CoreGuard>::block_on<core[a373ad73a504971]::pin::Pin<&mut rust_out[72a830746f8703f]::main::_doctest_main_src_lib_rs_8_0::{closure#0}>>::{closure#0}, core[a373ad73a504971]::option::Option<()>>::{closure#0}>::{closure#0}
[INFO] [stdout]   26:     0x636753ae7c77 - <std[617be2ca0a6fd877]::thread::local::LocalKey<tokio[13ad04298423db64]::runtime::context::Context>>::try_with::<tokio[13ad04298423db64]::runtime::context::set_scheduler<(alloc[2e1b2a31b91974c5]::boxed::Box<tokio[13ad04298423db64]::runtime::scheduler::current_thread::Core>, core[a373ad73a504971]::option::Option<()>), <tokio[13ad04298423db64]::runtime::scheduler::current_thread::CoreGuard>::enter<<tokio[13ad04298423db64]::runtime::scheduler::current_thread::CoreGuard>::block_on<core[a373ad73a504971]::pin::Pin<&mut rust_out[72a830746f8703f]::main::_doctest_main_src_lib_rs_8_0::{closure#0}>>::{closure#0}, core[a373ad73a504971]::option::Option<()>>::{closure#0}>::{closure#0}, (alloc[2e1b2a31b91974c5]::boxed::Box<tokio[13ad04298423db64]::runtime::scheduler::current_thread::Core>, core[a373ad73a504971]::option::Option<()>)>
[INFO] [stdout]   27:     0x636753ae79a9 - <std[617be2ca0a6fd877]::thread::local::LocalKey<tokio[13ad04298423db64]::runtime::context::Context>>::with::<tokio[13ad04298423db64]::runtime::context::set_scheduler<(alloc[2e1b2a31b91974c5]::boxed::Box<tokio[13ad04298423db64]::runtime::scheduler::current_thread::Core>, core[a373ad73a504971]::option::Option<()>), <tokio[13ad04298423db64]::runtime::scheduler::current_thread::CoreGuard>::enter<<tokio[13ad04298423db64]::runtime::scheduler::current_thread::CoreGuard>::block_on<core[a373ad73a504971]::pin::Pin<&mut rust_out[72a830746f8703f]::main::_doctest_main_src_lib_rs_8_0::{closure#0}>>::{closure#0}, core[a373ad73a504971]::option::Option<()>>::{closure#0}>::{closure#0}, (alloc[2e1b2a31b91974c5]::boxed::Box<tokio[13ad04298423db64]::runtime::scheduler::current_thread::Core>, core[a373ad73a504971]::option::Option<()>)>
[INFO] [stdout]   28:     0x636753aeb05b - tokio[13ad04298423db64]::runtime::context::set_scheduler::<(alloc[2e1b2a31b91974c5]::boxed::Box<tokio[13ad04298423db64]::runtime::scheduler::current_thread::Core>, core[a373ad73a504971]::option::Option<()>), <tokio[13ad04298423db64]::runtime::scheduler::current_thread::CoreGuard>::enter<<tokio[13ad04298423db64]::runtime::scheduler::current_thread::CoreGuard>::block_on<core[a373ad73a504971]::pin::Pin<&mut rust_out[72a830746f8703f]::main::_doctest_main_src_lib_rs_8_0::{closure#0}>>::{closure#0}, core[a373ad73a504971]::option::Option<()>>::{closure#0}>
[INFO] [stdout]   29:     0x636753ae8a24 - <tokio[13ad04298423db64]::runtime::scheduler::current_thread::CoreGuard>::enter::<<tokio[13ad04298423db64]::runtime::scheduler::current_thread::CoreGuard>::block_on<core[a373ad73a504971]::pin::Pin<&mut rust_out[72a830746f8703f]::main::_doctest_main_src_lib_rs_8_0::{closure#0}>>::{closure#0}, core[a373ad73a504971]::option::Option<()>>
[INFO] [stdout]   30:     0x636753ae8cf1 - <tokio[13ad04298423db64]::runtime::scheduler::current_thread::CoreGuard>::block_on::<core[a373ad73a504971]::pin::Pin<&mut rust_out[72a830746f8703f]::main::_doctest_main_src_lib_rs_8_0::{closure#0}>>
[INFO] [stdout]   31:     0x636753af51e6 - <tokio[13ad04298423db64]::runtime::scheduler::current_thread::CurrentThread>::block_on::<rust_out[72a830746f8703f]::main::_doctest_main_src_lib_rs_8_0::{closure#0}>::{closure#0}
[INFO] [stdout]   32:     0x636753aeb7a2 - tokio[13ad04298423db64]::runtime::context::runtime::enter_runtime::<<tokio[13ad04298423db64]::runtime::scheduler::current_thread::CurrentThread>::block_on<rust_out[72a830746f8703f]::main::_doctest_main_src_lib_rs_8_0::{closure#0}>::{closure#0}, ()>
[INFO] [stdout]   33:     0x636753ae641c - <tokio[13ad04298423db64]::runtime::scheduler::current_thread::CurrentThread>::block_on::<rust_out[72a830746f8703f]::main::_doctest_main_src_lib_rs_8_0::{closure#0}>
[INFO] [stdout]   34:     0x636753ae5c5b - <tokio[13ad04298423db64]::runtime::runtime::Runtime>::block_on_inner::<rust_out[72a830746f8703f]::main::_doctest_main_src_lib_rs_8_0::{closure#0}>
[INFO] [stdout]   35:     0x636753ae5e56 - <tokio[13ad04298423db64]::runtime::runtime::Runtime>::block_on::<rust_out[72a830746f8703f]::main::_doctest_main_src_lib_rs_8_0::{closure#0}>
[INFO] [stdout]   36:     0x636753ae4ee9 - tokio_test[13b3972b887dc232]::block_on::<rust_out[72a830746f8703f]::main::_doctest_main_src_lib_rs_8_0::{closure#0}>
[INFO] [stdout]   37:     0x636753afd1e1 - rust_out[72a830746f8703f]::main::_doctest_main_src_lib_rs_8_0
[INFO] [stdout]   38:     0x636753af9b2e - rust_out[72a830746f8703f]::main
[INFO] [stdout]   39:     0x636753b01433 - <fn() as core[a373ad73a504971]::ops::function::FnOnce<()>>::call_once
[INFO] [stdout]   40:     0x636753aeb11e - std[617be2ca0a6fd877]::sys::backtrace::__rust_begin_short_backtrace::<fn(), ()>
[INFO] [stdout]   41:     0x636753af6b59 - std[617be2ca0a6fd877]::rt::lang_start::<()>::{closure#0}
[INFO] [stdout]   42:     0x6367541a82c8 - <&dyn core[a373ad73a504971]::ops::function::Fn<(), Output = i32> + core[a373ad73a504971]::marker::Sync + core[a373ad73a504971]::panic::unwind_safe::RefUnwindSafe as core[a373ad73a504971]::ops::function::FnOnce<()>>::call_once
[INFO] [stdout]                                at /rustc/e3feeb59cd1bdd011a2bfcc0747b55125d9b8527/library/core/src/ops/function.rs:287:21
[INFO] [stdout]   43:     0x6367541a82c8 - std[617be2ca0a6fd877]::panicking::catch_unwind::do_call::<&dyn core[a373ad73a504971]::ops::function::Fn<(), Output = i32> + core[a373ad73a504971]::marker::Sync + core[a373ad73a504971]::panic::unwind_safe::RefUnwindSafe, i32>
[INFO] [stdout]                                at /rustc/e3feeb59cd1bdd011a2bfcc0747b55125d9b8527/library/std/src/panicking.rs:573:43
[INFO] [stdout]   44:     0x6367541a82c8 - std[617be2ca0a6fd877]::panicking::catch_unwind::<i32, &dyn core[a373ad73a504971]::ops::function::Fn<(), Output = i32> + core[a373ad73a504971]::marker::Sync + core[a373ad73a504971]::panic::unwind_safe::RefUnwindSafe>
[INFO] [stdout]                                at /rustc/e3feeb59cd1bdd011a2bfcc0747b55125d9b8527/library/std/src/panicking.rs:541:19
[INFO] [stdout]   45:     0x6367541a82c8 - std[617be2ca0a6fd877]::panic::catch_unwind::<&dyn core[a373ad73a504971]::ops::function::Fn<(), Output = i32> + core[a373ad73a504971]::marker::Sync + core[a373ad73a504971]::panic::unwind_safe::RefUnwindSafe, i32>
[INFO] [stdout]                                at /rustc/e3feeb59cd1bdd011a2bfcc0747b55125d9b8527/library/std/src/panic.rs:359:14
[INFO] [stdout]   46:     0x6367541a82c8 - std[617be2ca0a6fd877]::rt::lang_start_internal::{closure#0}
[INFO] [stdout]                                at /rustc/e3feeb59cd1bdd011a2bfcc0747b55125d9b8527/library/std/src/rt.rs:175:24
[INFO] [stdout]   47:     0x6367541a82c8 - std[617be2ca0a6fd877]::panicking::catch_unwind::do_call::<std[617be2ca0a6fd877]::rt::lang_start_internal::{closure#0}, isize>
[INFO] [stdout]                                at /rustc/e3feeb59cd1bdd011a2bfcc0747b55125d9b8527/library/std/src/panicking.rs:573:43
[INFO] [stdout]   48:     0x6367541a82c8 - std[617be2ca0a6fd877]::panicking::catch_unwind::<isize, std[617be2ca0a6fd877]::rt::lang_start_internal::{closure#0}>
[INFO] [stdout]                                at /rustc/e3feeb59cd1bdd011a2bfcc0747b55125d9b8527/library/std/src/panicking.rs:541:19
[INFO] [stdout]   49:     0x6367541a82c8 - std[617be2ca0a6fd877]::panic::catch_unwind::<std[617be2ca0a6fd877]::rt::lang_start_internal::{closure#0}, isize>
[INFO] [stdout]                                at /rustc/e3feeb59cd1bdd011a2bfcc0747b55125d9b8527/library/std/src/panic.rs:359:14
[INFO] [stdout]   50:     0x6367541a82c8 - std[617be2ca0a6fd877]::rt::lang_start_internal
[INFO] [stdout]                                at /rustc/e3feeb59cd1bdd011a2bfcc0747b55125d9b8527/library/std/src/rt.rs:171:5
[INFO] [stdout]   51:     0x636753ae9c21 - std[617be2ca0a6fd877]::rt::lang_start::<()>
[INFO] [stdout]   52:     0x636753b01915 - main
[INFO] [stdout]   53:     0x7d77f0b39601 - <unknown>
[INFO] [stdout]   54:     0x7d77f0b39718 - __libc_start_main
[INFO] [stdout]   55:     0x636753ae4c25 - _start
[INFO] [stdout]   56:                0x0 - <unknown>
[INFO] [stdout] 
[INFO] [stdout] 
[INFO] [stdout] 
[INFO] [stdout] failures:
[INFO] [stdout]     src/lib.rs - (line 8)
[INFO] [stdout] 
[INFO] [stdout] test result: FAILED. 0 passed; 1 failed; 0 ignored; 0 measured; 0 filtered out; finished in 1.26s
[INFO] [stdout] 
[INFO] [stderr] error: doctest failed, to rerun pass `--doc`
[INFO] running `Command { std: "docker" "inspect" "04b34e6352753152148c451dfaba50d7e03540f30934068f3eb78e79110a5f38", kill_on_drop: false }`
[INFO] running `Command { std: "docker" "rm" "-f" "04b34e6352753152148c451dfaba50d7e03540f30934068f3eb78e79110a5f38", kill_on_drop: false }`
[INFO] [stdout] 04b34e6352753152148c451dfaba50d7e03540f30934068f3eb78e79110a5f38
