[INFO] fetching crate repox 0.1.0...
[INFO] testing repox-0.1.0 against 1.100.0-beta.1 for beta-1.100-2
[INFO] extracting crate repox 0.1.0 into /workspace/builds/worker-6-tc2/source
[INFO] started tweaking crates.io crate repox 0.1.0
[INFO] finished tweaking crates.io crate repox 0.1.0
[INFO] tweaked toml for crates.io crate repox 0.1.0 written to /workspace/builds/worker-6-tc2/source/Cargo.toml
[INFO] validating manifest of crates.io crate repox 0.1.0 on toolchain 1.100.0-beta.1
[INFO] running `Command { std: CARGO_HOME="/workspace/cargo-home" RUSTUP_HOME="/workspace/rustup-home" "/workspace/cargo-home/bin/cargo" "+1.100.0-beta.1" "metadata" "--manifest-path" "Cargo.toml" "--no-deps", kill_on_drop: false }`
[INFO] crate crates.io crate repox 0.1.0 already has a lockfile, it will not be regenerated
[INFO] running `Command { std: CARGO_HOME="/workspace/cargo-home" RUSTUP_HOME="/workspace/rustup-home" "/workspace/cargo-home/bin/cargo" "+1.100.0-beta.1" "fetch" "--manifest-path" "Cargo.toml", kill_on_drop: false }`
[INFO] running `Command { std: "docker" "create" "-v" "/var/lib/crater-agent-workspace/builds/worker-6-tc2/source:/opt/rustwide/workdir:ro,Z" "-v" "/var/lib/crater-agent-workspace/builds/worker-6-tc2/target:/opt/rustwide/target:rw,Z" "-v" "/var/lib/crater-agent-workspace/cargo-home:/opt/rustwide/cargo-home:ro,Z" "-v" "/var/lib/crater-agent-workspace/rustup-home:/opt/rustwide/rustup-home:ro,Z" "-m" "1610612736" "--network" "none" "ghcr.io/rust-lang/crates-build-env/linux@sha256:3111399a4047eeb3a02b7a90e478d715f38a8c6669b5c4b49d30a17385265909" "sleep" "infinity", kill_on_drop: false }`
[INFO] [stdout] a79b96f95fedf871f07f9059df0efdcbd9593426bb411644064fed8bc918a1b9
[INFO] running `Command { std: "docker" "start" "a79b96f95fedf871f07f9059df0efdcbd9593426bb411644064fed8bc918a1b9", kill_on_drop: false }`
[INFO] running `Command { std: "docker" "inspect" "a79b96f95fedf871f07f9059df0efdcbd9593426bb411644064fed8bc918a1b9", kill_on_drop: false }`
[INFO] running `Command { std: "docker" "exec" "-e" "SOURCE_DIR=/opt/rustwide/workdir" "-e" "CARGO_HOME=/opt/rustwide/cargo-home" "-e" "RUSTUP_HOME=/opt/rustwide/rustup-home" "-e" "CARGO_TARGET_DIR=/opt/rustwide/target" "-w" "/opt/rustwide/workdir" "--user" "0:0" "a79b96f95fedf871f07f9059df0efdcbd9593426bb411644064fed8bc918a1b9" "/opt/rustwide/cargo-home/bin/cargo" "+1.100.0-beta.1" "metadata" "--no-deps" "--format-version=1", kill_on_drop: false }`
[INFO] running `Command { std: "docker" "inspect" "a79b96f95fedf871f07f9059df0efdcbd9593426bb411644064fed8bc918a1b9", kill_on_drop: false }`
[INFO] running `Command { std: "docker" "exec" "-e" "SOURCE_DIR=/opt/rustwide/workdir" "-e" "CARGO_HOME=/opt/rustwide/cargo-home" "-e" "RUSTUP_HOME=/opt/rustwide/rustup-home" "-e" "CARGO_TARGET_DIR=/opt/rustwide/target" "-e" "CARGO_INCREMENTAL=0" "-e" "RUST_BACKTRACE=full" "-e" "RUSTFLAGS=--cap-lints=warn" "-e" "RUSTDOCFLAGS=--cap-lints=warn" "-w" "/opt/rustwide/workdir" "--user" "0:0" "a79b96f95fedf871f07f9059df0efdcbd9593426bb411644064fed8bc918a1b9" "/opt/rustwide/cargo-home/bin/cargo" "+1.100.0-beta.1" "build" "--frozen" "--message-format=json", kill_on_drop: false }`
[INFO] [stderr]    Compiling syn v2.0.117
[INFO] [stderr]    Compiling anyhow v1.0.102
[INFO] [stderr]    Compiling thiserror-impl v2.0.18
[INFO] [stderr]    Compiling repox_derive v0.1.0
[INFO] [stderr]    Compiling thiserror v2.0.18
[INFO] [stderr]    Compiling repox v0.1.0 (/opt/rustwide/workdir)
[INFO] [stderr]     Finished `dev` profile [unoptimized + debuginfo] target(s) in 5.50s
[INFO] running `Command { std: "docker" "inspect" "a79b96f95fedf871f07f9059df0efdcbd9593426bb411644064fed8bc918a1b9", kill_on_drop: false }`
[INFO] running `Command { std: "docker" "exec" "-e" "SOURCE_DIR=/opt/rustwide/workdir" "-e" "CARGO_HOME=/opt/rustwide/cargo-home" "-e" "RUSTUP_HOME=/opt/rustwide/rustup-home" "-e" "CARGO_TARGET_DIR=/opt/rustwide/target" "-e" "CARGO_INCREMENTAL=0" "-e" "RUST_BACKTRACE=full" "-e" "RUSTFLAGS=--cap-lints=warn" "-e" "RUSTDOCFLAGS=--cap-lints=warn" "-w" "/opt/rustwide/workdir" "--user" "0:0" "a79b96f95fedf871f07f9059df0efdcbd9593426bb411644064fed8bc918a1b9" "/opt/rustwide/cargo-home/bin/cargo" "+1.100.0-beta.1" "test" "--frozen" "--no-run" "--message-format=json", kill_on_drop: false }`
[INFO] [stderr]    Compiling libc v0.2.184
[INFO] [stderr]    Compiling hashbrown v0.14.5
[INFO] [stderr]    Compiling pollster v0.4.0
[INFO] [stderr]    Compiling parking_lot_core v0.9.12
[INFO] [stderr]    Compiling dashmap v6.1.0
[INFO] [stderr]    Compiling repox v0.1.0 (/opt/rustwide/workdir)
[INFO] [stderr]     Finished `test` profile [unoptimized + debuginfo] target(s) in 3.30s
[INFO] running `Command { std: "docker" "inspect" "a79b96f95fedf871f07f9059df0efdcbd9593426bb411644064fed8bc918a1b9", kill_on_drop: false }`
[INFO] running `Command { std: "docker" "exec" "-e" "SOURCE_DIR=/opt/rustwide/workdir" "-e" "CARGO_HOME=/opt/rustwide/cargo-home" "-e" "RUSTUP_HOME=/opt/rustwide/rustup-home" "-e" "CARGO_TARGET_DIR=/opt/rustwide/target" "-e" "CARGO_INCREMENTAL=0" "-e" "RUST_BACKTRACE=full" "-e" "RUSTFLAGS=--cap-lints=warn" "-e" "RUSTDOCFLAGS=--cap-lints=warn" "-w" "/opt/rustwide/workdir" "--user" "0:0" "a79b96f95fedf871f07f9059df0efdcbd9593426bb411644064fed8bc918a1b9" "/opt/rustwide/cargo-home/bin/cargo" "+1.100.0-beta.1" "test" "--frozen", kill_on_drop: false }`
[INFO] [stderr]     Finished `test` profile [unoptimized + debuginfo] target(s) in 0.06s
[INFO] [stderr]      Running unittests src/lib.rs (/opt/rustwide/target/debug/build/repox/0767ca8ee3859856/out/repox-0767ca8ee3859856)
[INFO] [stdout] 
[INFO] [stdout] running 0 tests
[INFO] [stdout] 
[INFO] [stdout] test result: ok. 0 passed; 0 failed; 0 ignored; 0 measured; 0 filtered out; finished in 0.00s
[INFO] [stdout] 
[INFO] [stderr]    Doc-tests repox
[INFO] [stdout] 
[INFO] [stdout] running 37 tests
[INFO] [stdout] test src/../doc/entity.md - Entity (line 254) ... ok
[INFO] [stdout] test src/../README.md - (line 22) ... FAILED
[INFO] [stdout] test src/../doc/entity.md - Entity (line 186) ... ok
[INFO] [stdout] test src/../doc/entity.md - Entity (line 224) ... ok
[INFO] [stdout] test src/../doc/entity.md - Entity (line 148) ... ok
[INFO] [stdout] test src/../doc/entity.md - Entity (line 205) ... ok
[INFO] [stdout] test src/../doc/entity.md - Entity (line 29) ... ok
[INFO] [stdout] test src/../doc/entity.md - Entity (line 383) ... ok
[INFO] [stdout] test src/../doc/entity.md - Entity (line 117) ... ok
[INFO] [stdout] test src/../doc/entity.md - Entity (line 291) ... ok
[INFO] [stdout] test src/../doc/entity.md - Entity (line 350) ... ok
[INFO] [stdout] test src/../doc/entity.md - Entity (line 427) ... ok
[INFO] [stdout] test src/../doc/entity.md - Entity (line 446) ... ok
[INFO] [stdout] test src/../doc/entity.md - Entity (line 481) ... ok
[INFO] [stdout] test src/../doc/entity.md - Entity (line 63) ... ok
[INFO] [stdout] test src/../doc/entity.md - Entity (line 513) ... ok
[INFO] [stdout] test src/../doc/entity/has-many-key.md - entity::Entity::has_many_key (line 19) ... ok
[INFO] [stdout] test src/../doc/repo/delete-by-id.md - repo::Repo::delete_by_id (line 86) ... FAILED
[INFO] [stdout] test src/../doc/entity/belongs-to-key.md - entity::Entity::belongs_to_key (line 19) ... ok
[INFO] [stdout] test src/../doc/entity/is-owner-of.md - entity::Entity::is_owner_of (line 13) ... ok
[INFO] [stdout] test src/../doc/entity/belongs-to.md - entity::Entity::belongs_to (line 20) ... ok
[INFO] [stdout] test src/../doc/repo/create-with.md - repo::Repo::create_with (line 91) ... FAILED
[INFO] [stdout] test src/../doc/repo/fetch-by-id.md - repo::Repo::fetch_by_id (line 82) ... FAILED
[INFO] [stdout] test src/../doc/repo/fetch-by-id-optional.md - repo::Repo::fetch_by_id_optional (line 85) ... FAILED
[INFO] [stdout] test src/../doc/repo/delete-by-id.md - repo::Repo::delete_by_id (line 19) ... ok
[INFO] [stdout] test src/../doc/repo/fetch-with-children-by-id.md - repo::Repo::fetch_with_children_by_id (line 105) ... FAILED
[INFO] [stdout] test src/../doc/repo/fetch-by-id-optional.md - repo::Repo::fetch_by_id_optional (line 26) ... ok
[INFO] [stdout] test src/../doc/repo/fetch-with-parent-by-id.md - repo::Repo::fetch_with_parent_by_id (line 121) ... FAILED
[INFO] [stdout] test src/../doc/repo/create-with.md - repo::Repo::create_with (line 22) ... ok
[INFO] [stdout] test src/../doc/repo/insert.md - repo::Repo::insert (line 79) ... FAILED
[INFO] [stdout] test src/../doc/repo/fetch-by-id.md - repo::Repo::fetch_by_id (line 27) ... ok
[INFO] [stdout] test src/repo_sub_traits/creatable.rs - repo_sub_traits::creatable::Creatable (line 11) ... ok
[INFO] [stdout] test src/../doc/repo/update-by-id.md - repo::Repo::update_by_id (line 93) ... FAILED
[INFO] [stdout] test src/../doc/repo/fetch-with-children-by-id.md - repo::Repo::fetch_with_children_by_id (line 27) ... ok
[INFO] [stdout] test src/../doc/repo/fetch-with-parent-by-id.md - repo::Repo::fetch_with_parent_by_id (line 30) ... ok
[INFO] [stdout] test src/../doc/repo/update-by-id.md - repo::Repo::update_by_id (line 24) ... ok
[INFO] [stdout] test src/../doc/repo/insert.md - repo::Repo::insert (line 23) ... ok
[INFO] [stdout] 
[INFO] [stdout] failures:
[INFO] [stdout] 
[INFO] [stdout] ---- src/../README.md - (line 22) stdout ----
[INFO] [stdout] error[E0432]: unresolved import `repox::mock`
[INFO] [stdout]   --> src/../README.md:99:12
[INFO] [stdout]    |
[INFO] [stdout] 99 | use repox::mock::{ok_with, ok_val};
[INFO] [stdout]    |            ^^^^ could not find `mock` in `repox`
[INFO] [stdout]    |
[INFO] [stdout] note: found an item that was configured out
[INFO] [stdout]   --> src/lib.rs:4:9
[INFO] [stdout]    |
[INFO] [stdout]  3 | #[cfg(feature = "mock")]
[INFO] [stdout]    |       ---------------- the item is gated behind the `mock` feature
[INFO] [stdout]  4 | pub mod mock;
[INFO] [stdout]    |         ^^^^
[INFO] [stdout] 
[INFO] [stdout] error[E0433]: cannot find `mockall` in `repox`
[INFO] [stdout]   --> src/../README.md:46:10
[INFO] [stdout]    |
[INFO] [stdout] 46 | #[repox::mockall] // <- Testing as a first-class citizen with mockall
[INFO] [stdout]    |          ^^^^^^^ could not find `mockall` in `repox`
[INFO] [stdout]    |
[INFO] [stdout] note: found an item that was configured out
[INFO] [stdout]   --> src/lib.rs:17:25
[INFO] [stdout]    |
[INFO] [stdout] 16 | #[cfg(feature = "mock")]
[INFO] [stdout]    |       ---------------- the item is gated behind the `mock` feature
[INFO] [stdout] 17 | pub use ::repox_derive::mockall;
[INFO] [stdout]    |                         ^^^^^^^
[INFO] [stdout] 
[INFO] [stdout] error[E0433]: cannot find type `MockBlogRepo` in this scope
[INFO] [stdout]   --> src/../README.md:96:16
[INFO] [stdout]    |
[INFO] [stdout] 96 | let mut blog = MockBlogRepo::new();
[INFO] [stdout]    |                ^^^^^^^^^^^^ use of undeclared type `MockBlogRepo`
[INFO] [stdout]    |
[INFO] [stdout] help: a trait with a similar name exists
[INFO] [stdout]    |
[INFO] [stdout] 96 - let mut blog = MockBlogRepo::new();
[INFO] [stdout] 96 + let mut blog = BlogRepo::new();
[INFO] [stdout]    |
[INFO] [stdout] 
[INFO] [stdout] error: aborting due to 3 previous errors
[INFO] [stdout] 
[INFO] [stdout] Some errors have detailed explanations: E0432, E0433.
[INFO] [stdout] For more information about an error, try `rustc --explain E0432`.
[INFO] [stdout] Couldn't compile the test.
[INFO] [stdout] ---- src/../doc/repo/delete-by-id.md - repo::Repo::delete_by_id (line 86) stdout ----
[INFO] [stdout] error[E0433]: cannot find `mockall` in `repox`
[INFO] [stdout]   --> src/../doc/repo/delete-by-id.md:97:10
[INFO] [stdout]    |
[INFO] [stdout] 97 | #[repox::mockall]
[INFO] [stdout]    |          ^^^^^^^ could not find `mockall` in `repox`
[INFO] [stdout]    |
[INFO] [stdout] note: found an item that was configured out
[INFO] [stdout]   --> src/lib.rs:17:25
[INFO] [stdout]    |
[INFO] [stdout] 16 | #[cfg(feature = "mock")]
[INFO] [stdout]    |       ---------------- the item is gated behind the `mock` feature
[INFO] [stdout] 17 | pub use ::repox_derive::mockall;
[INFO] [stdout]    |                         ^^^^^^^
[INFO] [stdout] 
[INFO] [stdout] error[E0433]: cannot find `mock` in `repox`
[INFO] [stdout]    --> src/../doc/repo/delete-by-id.md:103:23
[INFO] [stdout]     |
[INFO] [stdout] 103 |     .returning(repox::mock::ok_val((repox::DeleteStatus::Deleted)));
[INFO] [stdout]     |                       ^^^^ could not find `mock` in `repox`
[INFO] [stdout]     |
[INFO] [stdout] note: found an item that was configured out
[INFO] [stdout]    --> src/lib.rs:4:9
[INFO] [stdout]     |
[INFO] [stdout]   3 | #[cfg(feature = "mock")]
[INFO] [stdout]     |       ---------------- the item is gated behind the `mock` feature
[INFO] [stdout]   4 | pub mod mock;
[INFO] [stdout]     |         ^^^^
[INFO] [stdout] 
[INFO] [stdout] error[E0433]: cannot find type `MockDeleteRepo` in this scope
[INFO] [stdout]    --> src/../doc/repo/delete-by-id.md:100:16
[INFO] [stdout]     |
[INFO] [stdout] 100 | let mut repo = MockDeleteRepo::new();
[INFO] [stdout]     |                ^^^^^^^^^^^^^^ use of undeclared type `MockDeleteRepo`
[INFO] [stdout]     |
[INFO] [stdout] help: a trait with a similar name exists
[INFO] [stdout]     |
[INFO] [stdout] 100 - let mut repo = MockDeleteRepo::new();
[INFO] [stdout] 100 + let mut repo = DeleteRepo::new();
[INFO] [stdout]     |
[INFO] [stdout] 
[INFO] [stdout] error: aborting due to 3 previous errors
[INFO] [stdout] 
[INFO] [stdout] For more information about this error, try `rustc --explain E0433`.
[INFO] [stdout] Couldn't compile the test.
[INFO] [stdout] ---- src/../doc/repo/create-with.md - repo::Repo::create_with (line 91) stdout ----
[INFO] [stdout] error[E0433]: cannot find `mockall` in `repox`
[INFO] [stdout]    --> src/../doc/repo/create-with.md:102:10
[INFO] [stdout]     |
[INFO] [stdout] 102 | #[repox::mockall]
[INFO] [stdout]     |          ^^^^^^^ could not find `mockall` in `repox`
[INFO] [stdout]     |
[INFO] [stdout] note: found an item that was configured out
[INFO] [stdout]    --> src/lib.rs:17:25
[INFO] [stdout]     |
[INFO] [stdout]  16 | #[cfg(feature = "mock")]
[INFO] [stdout]     |       ---------------- the item is gated behind the `mock` feature
[INFO] [stdout]  17 | pub use ::repox_derive::mockall;
[INFO] [stdout]     |                         ^^^^^^^
[INFO] [stdout] 
[INFO] [stdout] error[E0433]: cannot find `mock` in `repox`
[INFO] [stdout]    --> src/../doc/repo/create-with.md:110:23
[INFO] [stdout]     |
[INFO] [stdout] 110 |     .returning(repox::mock::ok_with(|params: WidgetParams| {
[INFO] [stdout]     |                       ^^^^ could not find `mock` in `repox`
[INFO] [stdout]     |
[INFO] [stdout] note: found an item that was configured out
[INFO] [stdout]    --> src/lib.rs:4:9
[INFO] [stdout]     |
[INFO] [stdout]   3 | #[cfg(feature = "mock")]
[INFO] [stdout]     |       ---------------- the item is gated behind the `mock` feature
[INFO] [stdout]   4 | pub mod mock;
[INFO] [stdout]     |         ^^^^
[INFO] [stdout] 
[INFO] [stdout] error[E0433]: cannot find type `MockWidgetCreator` in this scope
[INFO] [stdout]    --> src/../doc/repo/create-with.md:107:16
[INFO] [stdout]     |
[INFO] [stdout] 107 | let mut repo = MockWidgetCreator::new();
[INFO] [stdout]     |                ^^^^^^^^^^^^^^^^^ use of undeclared type `MockWidgetCreator`
[INFO] [stdout]     |
[INFO] [stdout] help: a trait with a similar name exists
[INFO] [stdout]     |
[INFO] [stdout] 107 - let mut repo = MockWidgetCreator::new();
[INFO] [stdout] 107 + let mut repo = WidgetCreator::new();
[INFO] [stdout]     |
[INFO] [stdout] 
[INFO] [stdout] error: aborting due to 3 previous errors
[INFO] [stdout] 
[INFO] [stdout] For more information about this error, try `rustc --explain E0433`.
[INFO] [stdout] Couldn't compile the test.
[INFO] [stdout] ---- src/../doc/repo/fetch-by-id.md - repo::Repo::fetch_by_id (line 82) stdout ----
[INFO] [stdout] error[E0433]: cannot find `mockall` in `repox`
[INFO] [stdout]   --> src/../doc/repo/fetch-by-id.md:92:10
[INFO] [stdout]    |
[INFO] [stdout] 92 | #[repox::mockall]
[INFO] [stdout]    |          ^^^^^^^ could not find `mockall` in `repox`
[INFO] [stdout]    |
[INFO] [stdout] note: found an item that was configured out
[INFO] [stdout]   --> src/lib.rs:17:25
[INFO] [stdout]    |
[INFO] [stdout] 16 | #[cfg(feature = "mock")]
[INFO] [stdout]    |       ---------------- the item is gated behind the `mock` feature
[INFO] [stdout] 17 | pub use ::repox_derive::mockall;
[INFO] [stdout]    |                         ^^^^^^^
[INFO] [stdout] 
[INFO] [stdout] error[E0433]: cannot find `mock` in `repox`
[INFO] [stdout]   --> src/../doc/repo/fetch-by-id.md:98:23
[INFO] [stdout]    |
[INFO] [stdout] 98 |     .returning(repox::mock::ok_with(|id: u32| Widget {
[INFO] [stdout]    |                       ^^^^ could not find `mock` in `repox`
[INFO] [stdout]    |
[INFO] [stdout] note: found an item that was configured out
[INFO] [stdout]   --> src/lib.rs:4:9
[INFO] [stdout]    |
[INFO] [stdout]  3 | #[cfg(feature = "mock")]
[INFO] [stdout]    |       ---------------- the item is gated behind the `mock` feature
[INFO] [stdout]  4 | pub mod mock;
[INFO] [stdout]    |         ^^^^
[INFO] [stdout] 
[INFO] [stdout] error[E0433]: cannot find type `MockWidgetFetcher` in this scope
[INFO] [stdout]   --> src/../doc/repo/fetch-by-id.md:95:16
[INFO] [stdout]    |
[INFO] [stdout] 95 | let mut repo = MockWidgetFetcher::new();
[INFO] [stdout]    |                ^^^^^^^^^^^^^^^^^ use of undeclared type `MockWidgetFetcher`
[INFO] [stdout]    |
[INFO] [stdout] help: a trait with a similar name exists
[INFO] [stdout]    |
[INFO] [stdout] 95 - let mut repo = MockWidgetFetcher::new();
[INFO] [stdout] 95 + let mut repo = WidgetFetcher::new();
[INFO] [stdout]    |
[INFO] [stdout] 
[INFO] [stdout] error: aborting due to 3 previous errors
[INFO] [stdout] 
[INFO] [stdout] For more information about this error, try `rustc --explain E0433`.
[INFO] [stdout] Couldn't compile the test.
[INFO] [stdout] ---- src/../doc/repo/fetch-by-id-optional.md - repo::Repo::fetch_by_id_optional (line 85) stdout ----
[INFO] [stdout] error[E0433]: cannot find `mockall` in `repox`
[INFO] [stdout]   --> src/../doc/repo/fetch-by-id-optional.md:96:10
[INFO] [stdout]    |
[INFO] [stdout] 96 | #[repox::mockall]
[INFO] [stdout]    |          ^^^^^^^ could not find `mockall` in `repox`
[INFO] [stdout]    |
[INFO] [stdout] note: found an item that was configured out
[INFO] [stdout]   --> src/lib.rs:17:25
[INFO] [stdout]    |
[INFO] [stdout] 16 | #[cfg(feature = "mock")]
[INFO] [stdout]    |       ---------------- the item is gated behind the `mock` feature
[INFO] [stdout] 17 | pub use ::repox_derive::mockall;
[INFO] [stdout]    |                         ^^^^^^^
[INFO] [stdout] 
[INFO] [stdout] error[E0433]: cannot find `mock` in `repox`
[INFO] [stdout]    --> src/../doc/repo/fetch-by-id-optional.md:102:23
[INFO] [stdout]     |
[INFO] [stdout] 102 |     .returning(repox::mock::ok_val(None));
[INFO] [stdout]     |                       ^^^^ could not find `mock` in `repox`
[INFO] [stdout]     |
[INFO] [stdout] note: found an item that was configured out
[INFO] [stdout]    --> src/lib.rs:4:9
[INFO] [stdout]     |
[INFO] [stdout]   3 | #[cfg(feature = "mock")]
[INFO] [stdout]     |       ---------------- the item is gated behind the `mock` feature
[INFO] [stdout]   4 | pub mod mock;
[INFO] [stdout]     |         ^^^^
[INFO] [stdout] 
[INFO] [stdout] error[E0433]: cannot find type `MockMaybeWidget` in this scope
[INFO] [stdout]   --> src/../doc/repo/fetch-by-id-optional.md:99:16
[INFO] [stdout]    |
[INFO] [stdout] 99 | let mut repo = MockMaybeWidget::new();
[INFO] [stdout]    |                ^^^^^^^^^^^^^^^ use of undeclared type `MockMaybeWidget`
[INFO] [stdout]    |
[INFO] [stdout] help: a trait with a similar name exists
[INFO] [stdout]    |
[INFO] [stdout] 99 - let mut repo = MockMaybeWidget::new();
[INFO] [stdout] 99 + let mut repo = MaybeWidget::new();
[INFO] [stdout]    |
[INFO] [stdout] 
[INFO] [stdout] error: aborting due to 3 previous errors
[INFO] [stdout] 
[INFO] [stdout] For more information about this error, try `rustc --explain E0433`.
[INFO] [stdout] Couldn't compile the test.
[INFO] [stdout] ---- src/../doc/repo/fetch-with-children-by-id.md - repo::Repo::fetch_with_children_by_id (line 105) stdout ----
[INFO] [stdout] error[E0433]: cannot find `mockall` in `repox`
[INFO] [stdout]    --> src/../doc/repo/fetch-with-children-by-id.md:122:10
[INFO] [stdout]     |
[INFO] [stdout] 122 | #[repox::mockall]
[INFO] [stdout]     |          ^^^^^^^ could not find `mockall` in `repox`
[INFO] [stdout]     |
[INFO] [stdout] note: found an item that was configured out
[INFO] [stdout]    --> src/lib.rs:17:25
[INFO] [stdout]     |
[INFO] [stdout]  16 | #[cfg(feature = "mock")]
[INFO] [stdout]     |       ---------------- the item is gated behind the `mock` feature
[INFO] [stdout]  17 | pub use ::repox_derive::mockall;
[INFO] [stdout]     |                         ^^^^^^^
[INFO] [stdout] 
[INFO] [stdout] error[E0433]: cannot find `mock` in `repox`
[INFO] [stdout]    --> src/../doc/repo/fetch-with-children-by-id.md:128:23
[INFO] [stdout]     |
[INFO] [stdout] 128 |     .returning(repox::mock::ok_with(|id: u32| (
[INFO] [stdout]     |                       ^^^^ could not find `mock` in `repox`
[INFO] [stdout]     |
[INFO] [stdout] note: found an item that was configured out
[INFO] [stdout]    --> src/lib.rs:4:9
[INFO] [stdout]     |
[INFO] [stdout]   3 | #[cfg(feature = "mock")]
[INFO] [stdout]     |       ---------------- the item is gated behind the `mock` feature
[INFO] [stdout]   4 | pub mod mock;
[INFO] [stdout]     |         ^^^^
[INFO] [stdout] 
[INFO] [stdout] error[E0433]: cannot find type `MockChildRepo` in this scope
[INFO] [stdout]    --> src/../doc/repo/fetch-with-children-by-id.md:125:16
[INFO] [stdout]     |
[INFO] [stdout] 125 | let mut repo = MockChildRepo::new();
[INFO] [stdout]     |                ^^^^^^^^^^^^^ use of undeclared type `MockChildRepo`
[INFO] [stdout]     |
[INFO] [stdout] help: a trait with a similar name exists
[INFO] [stdout]     |
[INFO] [stdout] 125 - let mut repo = MockChildRepo::new();
[INFO] [stdout] 125 + let mut repo = ChildRepo::new();
[INFO] [stdout]     |
[INFO] [stdout] 
[INFO] [stdout] error: aborting due to 3 previous errors
[INFO] [stdout] 
[INFO] [stdout] For more information about this error, try `rustc --explain E0433`.
[INFO] [stdout] Couldn't compile the test.
[INFO] [stdout] ---- src/../doc/repo/fetch-with-parent-by-id.md - repo::Repo::fetch_with_parent_by_id (line 121) stdout ----
[INFO] [stdout] error[E0433]: cannot find `mockall` in `repox`
[INFO] [stdout]    --> src/../doc/repo/fetch-with-parent-by-id.md:138:10
[INFO] [stdout]     |
[INFO] [stdout] 138 | #[repox::mockall]
[INFO] [stdout]     |          ^^^^^^^ could not find `mockall` in `repox`
[INFO] [stdout]     |
[INFO] [stdout] note: found an item that was configured out
[INFO] [stdout]    --> src/lib.rs:17:25
[INFO] [stdout]     |
[INFO] [stdout]  16 | #[cfg(feature = "mock")]
[INFO] [stdout]     |       ---------------- the item is gated behind the `mock` feature
[INFO] [stdout]  17 | pub use ::repox_derive::mockall;
[INFO] [stdout]     |                         ^^^^^^^
[INFO] [stdout] 
[INFO] [stdout] error[E0433]: cannot find `mock` in `repox`
[INFO] [stdout]    --> src/../doc/repo/fetch-with-parent-by-id.md:144:23
[INFO] [stdout]     |
[INFO] [stdout] 144 |     .returning(repox::mock::ok_with(|id: u32| (
[INFO] [stdout]     |                       ^^^^ could not find `mock` in `repox`
[INFO] [stdout]     |
[INFO] [stdout] note: found an item that was configured out
[INFO] [stdout]    --> src/lib.rs:4:9
[INFO] [stdout]     |
[INFO] [stdout]   3 | #[cfg(feature = "mock")]
[INFO] [stdout]     |       ---------------- the item is gated behind the `mock` feature
[INFO] [stdout]   4 | pub mod mock;
[INFO] [stdout]     |         ^^^^
[INFO] [stdout] 
[INFO] [stdout] error[E0433]: cannot find type `MockParentRepo` in this scope
[INFO] [stdout]    --> src/../doc/repo/fetch-with-parent-by-id.md:141:16
[INFO] [stdout]     |
[INFO] [stdout] 141 | let mut repo = MockParentRepo::new();
[INFO] [stdout]     |                ^^^^^^^^^^^^^^ use of undeclared type `MockParentRepo`
[INFO] [stdout]     |
[INFO] [stdout] help: a trait with a similar name exists
[INFO] [stdout]     |
[INFO] [stdout] 141 - let mut repo = MockParentRepo::new();
[INFO] [stdout] 141 + let mut repo = ParentRepo::new();
[INFO] [stdout]     |
[INFO] [stdout] 
[INFO] [stdout] error: aborting due to 3 previous errors
[INFO] [stdout] 
[INFO] [stdout] For more information about this error, try `rustc --explain E0433`.
[INFO] [stdout] Couldn't compile the test.
[INFO] [stdout] ---- src/../doc/repo/insert.md - repo::Repo::insert (line 79) stdout ----
[INFO] [stdout] error[E0433]: cannot find `mockall` in `repox`
[INFO] [stdout]   --> src/../doc/repo/insert.md:89:10
[INFO] [stdout]    |
[INFO] [stdout] 89 | #[repox::mockall]
[INFO] [stdout]    |          ^^^^^^^ could not find `mockall` in `repox`
[INFO] [stdout]    |
[INFO] [stdout] note: found an item that was configured out
[INFO] [stdout]   --> src/lib.rs:17:25
[INFO] [stdout]    |
[INFO] [stdout] 16 | #[cfg(feature = "mock")]
[INFO] [stdout]    |       ---------------- the item is gated behind the `mock` feature
[INFO] [stdout] 17 | pub use ::repox_derive::mockall;
[INFO] [stdout]    |                         ^^^^^^^
[INFO] [stdout] 
[INFO] [stdout] error[E0433]: cannot find `mock` in `repox`
[INFO] [stdout]   --> src/../doc/repo/insert.md:97:23
[INFO] [stdout]    |
[INFO] [stdout] 97 |     .returning(repox::mock::ok_val(()));
[INFO] [stdout]    |                       ^^^^ could not find `mock` in `repox`
[INFO] [stdout]    |
[INFO] [stdout] note: found an item that was configured out
[INFO] [stdout]   --> src/lib.rs:4:9
[INFO] [stdout]    |
[INFO] [stdout]  3 | #[cfg(feature = "mock")]
[INFO] [stdout]    |       ---------------- the item is gated behind the `mock` feature
[INFO] [stdout]  4 | pub mod mock;
[INFO] [stdout]    |         ^^^^
[INFO] [stdout] 
[INFO] [stdout] error[E0433]: cannot find type `MockWidgetInsert` in this scope
[INFO] [stdout]   --> src/../doc/repo/insert.md:92:16
[INFO] [stdout]    |
[INFO] [stdout] 92 | let mut repo = MockWidgetInsert::new();
[INFO] [stdout]    |                ^^^^^^^^^^^^^^^^ use of undeclared type `MockWidgetInsert`
[INFO] [stdout]    |
[INFO] [stdout] help: a trait with a similar name exists
[INFO] [stdout]    |
[INFO] [stdout] 92 - let mut repo = MockWidgetInsert::new();
[INFO] [stdout] 92 + let mut repo = WidgetInsert::new();
[INFO] [stdout]    |
[INFO] [stdout] 
[INFO] [stdout] error: aborting due to 3 previous errors
[INFO] [stdout] 
[INFO] [stdout] For more information about this error, try `rustc --explain E0433`.
[INFO] [stdout] Couldn't compile the test.
[INFO] [stdout] ---- src/../doc/repo/update-by-id.md - repo::Repo::update_by_id (line 93) stdout ----
[INFO] [stdout] error[E0433]: cannot find `mockall` in `repox`
[INFO] [stdout]    --> src/../doc/repo/update-by-id.md:103:10
[INFO] [stdout]     |
[INFO] [stdout] 103 | #[repox::mockall]
[INFO] [stdout]     |          ^^^^^^^ could not find `mockall` in `repox`
[INFO] [stdout]     |
[INFO] [stdout] note: found an item that was configured out
[INFO] [stdout]    --> src/lib.rs:17:25
[INFO] [stdout]     |
[INFO] [stdout]  16 | #[cfg(feature = "mock")]
[INFO] [stdout]     |       ---------------- the item is gated behind the `mock` feature
[INFO] [stdout]  17 | pub use ::repox_derive::mockall;
[INFO] [stdout]     |                         ^^^^^^^
[INFO] [stdout] 
[INFO] [stdout] error[E0433]: cannot find `mock` in `repox`
[INFO] [stdout]    --> src/../doc/repo/update-by-id.md:111:23
[INFO] [stdout]     |
[INFO] [stdout] 111 |     .returning(repox::mock::ok_val(()));
[INFO] [stdout]     |                       ^^^^ could not find `mock` in `repox`
[INFO] [stdout]     |
[INFO] [stdout] note: found an item that was configured out
[INFO] [stdout]    --> src/lib.rs:4:9
[INFO] [stdout]     |
[INFO] [stdout]   3 | #[cfg(feature = "mock")]
[INFO] [stdout]     |       ---------------- the item is gated behind the `mock` feature
[INFO] [stdout]   4 | pub mod mock;
[INFO] [stdout]     |         ^^^^
[INFO] [stdout] 
[INFO] [stdout] error[E0433]: cannot find type `MockUpdater` in this scope
[INFO] [stdout]    --> src/../doc/repo/update-by-id.md:106:16
[INFO] [stdout]     |
[INFO] [stdout] 106 | let mut repo = MockUpdater::new();
[INFO] [stdout]     |                ^^^^^^^^^^^ use of undeclared type `MockUpdater`
[INFO] [stdout] 
[INFO] [stdout] error: aborting due to 3 previous errors
[INFO] [stdout] 
[INFO] [stdout] For more information about this error, try `rustc --explain E0433`.
[INFO] [stdout] Couldn't compile the test.
[INFO] [stdout] 
[INFO] [stdout] failures:
[INFO] [stdout]     src/../README.md - (line 22)
[INFO] [stdout]     src/../doc/repo/create-with.md - repo::Repo::create_with (line 91)
[INFO] [stdout]     src/../doc/repo/delete-by-id.md - repo::Repo::delete_by_id (line 86)
[INFO] [stdout]     src/../doc/repo/fetch-by-id-optional.md - repo::Repo::fetch_by_id_optional (line 85)
[INFO] [stdout]     src/../doc/repo/fetch-by-id.md - repo::Repo::fetch_by_id (line 82)
[INFO] [stdout]     src/../doc/repo/fetch-with-children-by-id.md - repo::Repo::fetch_with_children_by_id (line 105)
[INFO] [stdout]     src/../doc/repo/fetch-with-parent-by-id.md - repo::Repo::fetch_with_parent_by_id (line 121)
[INFO] [stdout]     src/../doc/repo/insert.md - repo::Repo::insert (line 79)
[INFO] [stdout]     src/../doc/repo/update-by-id.md - repo::Repo::update_by_id (line 93)
[INFO] [stdout] 
[INFO] [stdout] test result: FAILED. 28 passed; 9 failed; 0 ignored; 0 measured; 0 filtered out; finished in 3.95s
[INFO] [stdout] 
[INFO] [stdout] all doctests ran in 4.54s; merged doctests compilation took 0.58s
[INFO] [stderr] error: doctest failed, to rerun pass `--doc`
[INFO] running `Command { std: "docker" "inspect" "a79b96f95fedf871f07f9059df0efdcbd9593426bb411644064fed8bc918a1b9", kill_on_drop: false }`
[INFO] running `Command { std: "docker" "rm" "-f" "a79b96f95fedf871f07f9059df0efdcbd9593426bb411644064fed8bc918a1b9", kill_on_drop: false }`
[INFO] [stdout] a79b96f95fedf871f07f9059df0efdcbd9593426bb411644064fed8bc918a1b9
