[INFO] fetching crate repo-trust 0.1.1...
[INFO] testing repo-trust-0.1.1 against 1.100.0-beta.1 for beta-1.100-2
[INFO] extracting crate repo-trust 0.1.1 into /workspace/builds/worker-4-tc2/source
[INFO] removed /workspace/builds/worker-4-tc2/source/rust-toolchain.toml
[INFO] started tweaking crates.io crate repo-trust 0.1.1
[INFO] removed 0 missing tests
[INFO] finished tweaking crates.io crate repo-trust 0.1.1
[INFO] tweaked toml for crates.io crate repo-trust 0.1.1 written to /workspace/builds/worker-4-tc2/source/Cargo.toml
[INFO] validating manifest of crates.io crate repo-trust 0.1.1 on toolchain 1.100.0-beta.1
[INFO] running `Command { std: CARGO_HOME="/workspace/cargo-home" RUSTUP_HOME="/workspace/rustup-home" "/workspace/cargo-home/bin/cargo" "+1.100.0-beta.1" "metadata" "--manifest-path" "Cargo.toml" "--no-deps", kill_on_drop: false }`
[INFO] crate crates.io crate repo-trust 0.1.1 already has a lockfile, it will not be regenerated
[INFO] running `Command { std: CARGO_HOME="/workspace/cargo-home" RUSTUP_HOME="/workspace/rustup-home" "/workspace/cargo-home/bin/cargo" "+1.100.0-beta.1" "fetch" "--manifest-path" "Cargo.toml", kill_on_drop: false }`
[INFO] running `Command { std: "docker" "create" "-v" "/var/lib/crater-agent-workspace/builds/worker-4-tc2/source:/opt/rustwide/workdir:ro,Z" "-v" "/var/lib/crater-agent-workspace/builds/worker-4-tc2/target:/opt/rustwide/target:rw,Z" "-v" "/var/lib/crater-agent-workspace/cargo-home:/opt/rustwide/cargo-home:ro,Z" "-v" "/var/lib/crater-agent-workspace/rustup-home:/opt/rustwide/rustup-home:ro,Z" "-m" "1610612736" "--network" "none" "ghcr.io/rust-lang/crates-build-env/linux@sha256:3111399a4047eeb3a02b7a90e478d715f38a8c6669b5c4b49d30a17385265909" "sleep" "infinity", kill_on_drop: false }`
[INFO] [stdout] 1b8b50d74b06d286581e775650d18a706af6d2cb4b69224c47386e41c83d9216
[INFO] running `Command { std: "docker" "start" "1b8b50d74b06d286581e775650d18a706af6d2cb4b69224c47386e41c83d9216", kill_on_drop: false }`
[INFO] running `Command { std: "docker" "inspect" "1b8b50d74b06d286581e775650d18a706af6d2cb4b69224c47386e41c83d9216", kill_on_drop: false }`
[INFO] running `Command { std: "docker" "exec" "-e" "SOURCE_DIR=/opt/rustwide/workdir" "-e" "CARGO_HOME=/opt/rustwide/cargo-home" "-e" "RUSTUP_HOME=/opt/rustwide/rustup-home" "-e" "CARGO_TARGET_DIR=/opt/rustwide/target" "-w" "/opt/rustwide/workdir" "--user" "0:0" "1b8b50d74b06d286581e775650d18a706af6d2cb4b69224c47386e41c83d9216" "/opt/rustwide/cargo-home/bin/cargo" "+1.100.0-beta.1" "metadata" "--no-deps" "--format-version=1", kill_on_drop: false }`
[INFO] running `Command { std: "docker" "inspect" "1b8b50d74b06d286581e775650d18a706af6d2cb4b69224c47386e41c83d9216", kill_on_drop: false }`
[INFO] running `Command { std: "docker" "exec" "-e" "SOURCE_DIR=/opt/rustwide/workdir" "-e" "CARGO_HOME=/opt/rustwide/cargo-home" "-e" "RUSTUP_HOME=/opt/rustwide/rustup-home" "-e" "CARGO_TARGET_DIR=/opt/rustwide/target" "-e" "CARGO_INCREMENTAL=0" "-e" "RUST_BACKTRACE=full" "-e" "RUSTFLAGS=--cap-lints=warn" "-e" "RUSTDOCFLAGS=--cap-lints=warn" "-w" "/opt/rustwide/workdir" "--user" "0:0" "1b8b50d74b06d286581e775650d18a706af6d2cb4b69224c47386e41c83d9216" "/opt/rustwide/cargo-home/bin/cargo" "+1.100.0-beta.1" "build" "--frozen" "--message-format=json", kill_on_drop: false }`
[INFO] [stderr]    Compiling parking_lot_core v0.9.12
[INFO] [stderr]    Compiling cc v1.2.61
[INFO] [stderr]    Compiling errno v0.3.14
[INFO] [stderr]    Compiling tracing-core v0.1.36
[INFO] [stderr]    Compiling socket2 v0.6.3
[INFO] [stderr]    Compiling mio v1.2.0
[INFO] [stderr]    Compiling futures-channel v0.3.32
[INFO] [stderr]    Compiling tracing-attributes v0.1.31
[INFO] [stderr]    Compiling parking_lot v0.12.5
[INFO] [stderr]    Compiling signal-hook-registry v1.4.8
[INFO] [stderr]    Compiling serde v1.0.228
[INFO] [stderr]    Compiling futures-macro v0.3.32
[INFO] [stderr]    Compiling tokio v1.52.1
[INFO] [stderr]    Compiling futures-io v0.3.32
[INFO] [stderr]    Compiling futures-task v0.3.32
[INFO] [stderr]    Compiling getrandom v0.2.17
[INFO] [stderr]    Compiling unicase v2.9.0
[INFO] [stderr]    Compiling rustix v1.1.4
[INFO] [stderr]    Compiling typenum v1.20.0
[INFO] [stderr]    Compiling ahash v0.8.12
[INFO] [stderr]    Compiling rustls-pki-types v1.14.1
[INFO] [stderr]    Compiling pkg-config v0.3.33
[INFO] [stderr]    Compiling futures-util v0.3.32
[INFO] [stderr]    Compiling simd-adler32 v0.3.9
[INFO] [stderr]    Compiling serde_json v1.0.149
[INFO] [stderr]    Compiling tracing v0.1.44
[INFO] [stderr]    Compiling miniz_oxide v0.8.9
[INFO] [stderr]    Compiling serde_core v1.0.228
[INFO] [stderr]    Compiling ring v0.17.14
[INFO] [stderr]    Compiling generic-array v0.14.7
[INFO] [stderr]    Compiling libsqlite3-sys v0.28.0
[INFO] [stderr]    Compiling proc-macro2-diagnostics v0.10.1
[INFO] [stderr]    Compiling rand_core v0.10.1
[INFO] [stderr]    Compiling rustls v0.23.40
[INFO] [stderr]    Compiling getrandom v0.4.2
[INFO] [stderr]    Compiling ident_case v1.0.1
[INFO] [stderr]    Compiling cpufeatures v0.3.0
[INFO] [stderr]    Compiling block-buffer v0.10.4
[INFO] [stderr]    Compiling crypto-common v0.1.7
[INFO] [stderr]    Compiling darling_core v0.23.0
[INFO] [stderr]    Compiling digest v0.10.7
[INFO] [stderr]    Compiling flate2 v1.1.9
[INFO] [stderr]    Compiling hashbrown v0.14.5
[INFO] [stderr]    Compiling mime_guess v2.0.5
[INFO] [stderr]    Compiling memchr v2.8.0
[INFO] [stderr]    Compiling yansi v1.0.1
[INFO] [stderr]    Compiling rustversion v1.0.22
[INFO] [stderr]    Compiling minimal-lexical v0.2.1
[INFO] [stderr]    Compiling compression-core v0.4.32
[INFO] [stderr]    Compiling compression-codecs v0.4.38
[INFO] [stderr]    Compiling nom v7.1.3
[INFO] [stderr]    Compiling sha2 v0.10.9
[INFO] [stderr]    Compiling num-traits v0.2.19
[INFO] [stderr]    Compiling hashlink v0.9.1
[INFO] [stderr]    Compiling idna_adapter v1.2.2
[INFO] [stderr]    Compiling darling_macro v0.23.0
[INFO] [stderr]    Compiling chacha20 v0.10.0
[INFO] [stderr]    Compiling terminal_size v0.4.4
[INFO] [stderr]    Compiling toml_datetime v0.6.11
[INFO] [stderr]    Compiling serde_spanned v0.6.9
[INFO] [stderr]    Compiling uncased v0.9.10
[INFO] [stderr]    Compiling litrs v1.0.0
[INFO] [stderr]    Compiling regex-syntax v0.8.10
[INFO] [stderr]    Compiling fallible-iterator v0.3.0
[INFO] [stderr]    Compiling fallible-streaming-iterator v0.1.9
[INFO] [stderr]    Compiling clap_derive v4.6.1
[INFO] [stderr]    Compiling tokio-util v0.7.18
[INFO] [stderr]    Compiling rustls-webpki v0.103.13
[INFO] [stderr]    Compiling h2 v0.4.13
[INFO] [stderr]    Compiling tower v0.5.3
[INFO] [stderr]    Compiling regex-automata v0.4.14
[INFO] [stderr]    Compiling askama_parser v0.2.1
[INFO] [stderr]    Compiling document-features v0.2.12
[INFO] [stderr]    Compiling async-compression v0.4.42
[INFO] [stderr]    Compiling toml_edit v0.22.27
[INFO] [stderr]    Compiling clap_builder v4.6.0
[INFO] [stderr]    Compiling serde_urlencoded v0.7.1
[INFO] [stderr]    Compiling basic-toml v0.1.10
[INFO] [stderr]    Compiling darling v0.23.0
[INFO] [stderr]    Compiling rand v0.10.1
[INFO] [stderr]    Compiling idna v1.1.0
[INFO] [stderr]    Compiling tokio-rustls v0.26.4
[INFO] [stderr]    Compiling hyper v1.9.0
[INFO] [stderr]    Compiling rust-embed-utils v8.11.0
[INFO] [stderr]    Compiling pear_codegen v0.2.9
[INFO] [stderr]    Compiling blake3 v1.8.5
[INFO] [stderr]    Compiling webpki-roots v1.0.7
[INFO] [stderr]    Compiling rand_core v0.6.4
[INFO] [stderr]    Compiling ppv-lite86 v0.2.21
[INFO] [stderr]    Compiling hyper-util v0.1.20
[INFO] [stderr]    Compiling rusqlite v0.31.0
[INFO] [stderr]    Compiling scheduled-thread-pool v0.2.7
[INFO] [stderr]    Compiling serde_derive_internals v0.29.1
[INFO] [stderr]    Compiling figment v0.10.19
[INFO] [stderr]    Compiling inlinable_string v0.1.15
[INFO] [stderr]    Compiling rusqlite_migration v1.2.0
[INFO] [stderr]    Compiling schemars v0.8.22
[INFO] [stderr]    Compiling dirs-sys v0.4.1
[INFO] [stderr]    Compiling time-macros v0.2.27
[INFO] [stderr]    Compiling deranged v0.5.8
[INFO] [stderr]    Compiling tower-http v0.6.8
[INFO] [stderr]    Compiling pear v0.2.9
[INFO] [stderr]    Compiling schemars_derive v0.8.22
[INFO] [stderr]    Compiling r2d2 v0.8.10
[INFO] [stderr]    Compiling hyper-rustls v0.27.9
[INFO] [stderr]    Compiling axum-core v0.4.5
[INFO] [stderr]    Compiling rand_chacha v0.3.1
[INFO] [stderr]    Compiling humansize v2.1.3
[INFO] [stderr]    Compiling askama_derive v0.12.5
[INFO] [stderr]    Compiling rust-embed-impl v8.11.0
[INFO] [stderr]    Compiling clap v4.6.1
[INFO] [stderr]    Compiling uuid v1.23.1
[INFO] [stderr]    Compiling url v2.5.8
[INFO] [stderr]    Compiling toml v0.8.23
[INFO] [stderr]    Compiling serde_with_macros v3.19.0
[INFO] [stderr]    Compiling matchers v0.2.0
[INFO] [stderr]    Compiling crossterm v0.29.0
[INFO] [stderr]    Compiling futures-executor v0.3.32
[INFO] [stderr]    Compiling console v0.16.3
[INFO] [stderr]    Compiling tracing-serde v0.2.0
[INFO] [stderr]    Compiling tracing-log v0.2.0
[INFO] [stderr]    Compiling serde_path_to_error v0.1.20
[INFO] [stderr]    Compiling thiserror-impl v1.0.69
[INFO] [stderr]    Compiling unit-prefix v0.5.2
[INFO] [stderr]    Compiling arrayvec v0.7.6
[INFO] [stderr]    Compiling fixedbitset v0.4.2
[INFO] [stderr]    Compiling constant_time_eq v0.4.2
[INFO] [stderr]    Compiling matchit v0.7.3
[INFO] [stderr]    Compiling unicode-segmentation v1.13.2
[INFO] [stderr]    Compiling http-range-header v0.4.2
[INFO] [stderr]    Compiling tower-http v0.5.2
[INFO] [stderr]    Compiling tracing-subscriber v0.3.23
[INFO] [stderr]    Compiling axum v0.7.9
[INFO] [stderr]    Compiling askama v0.12.1
[INFO] [stderr]    Compiling comfy-table v7.2.2
[INFO] [stderr]    Compiling petgraph v0.6.5
[INFO] [stderr]    Compiling indicatif v0.18.4
[INFO] [stderr]    Compiling thiserror v1.0.69
[INFO] [stderr]    Compiling serde_with v3.19.0
[INFO] [stderr]    Compiling futures v0.3.32
[INFO] [stderr]    Compiling reqwest v0.12.28
[INFO] [stderr]    Compiling rust-embed v8.11.0
[INFO] [stderr]    Compiling r2d2_sqlite v0.24.0
[INFO] [stderr]    Compiling clap_complete v4.6.3
[INFO] [stderr]    Compiling time v0.3.47
[INFO] [stderr]    Compiling rand v0.8.6
[INFO] [stderr]    Compiling dirs v5.0.1
[INFO] [stderr]    Compiling console v0.15.11
[INFO] [stderr]    Compiling semver v1.0.28
[INFO] [stderr]    Compiling repo-trust v0.1.1 (/opt/rustwide/workdir)
[INFO] [stderr]     Finished `dev` profile [unoptimized + debuginfo] target(s) in 2m 47s
[INFO] running `Command { std: "docker" "inspect" "1b8b50d74b06d286581e775650d18a706af6d2cb4b69224c47386e41c83d9216", kill_on_drop: false }`
[INFO] running `Command { std: "docker" "exec" "-e" "SOURCE_DIR=/opt/rustwide/workdir" "-e" "CARGO_HOME=/opt/rustwide/cargo-home" "-e" "RUSTUP_HOME=/opt/rustwide/rustup-home" "-e" "CARGO_TARGET_DIR=/opt/rustwide/target" "-e" "CARGO_INCREMENTAL=0" "-e" "RUST_BACKTRACE=full" "-e" "RUSTFLAGS=--cap-lints=warn" "-e" "RUSTDOCFLAGS=--cap-lints=warn" "-w" "/opt/rustwide/workdir" "--user" "0:0" "1b8b50d74b06d286581e775650d18a706af6d2cb4b69224c47386e41c83d9216" "/opt/rustwide/cargo-home/bin/cargo" "+1.100.0-beta.1" "test" "--frozen" "--no-run" "--message-format=json", kill_on_drop: false }`
[INFO] [stderr]    Compiling cfg-if v1.0.4
[INFO] [stderr]    Compiling once_cell v1.21.4
[INFO] [stderr]    Compiling smallvec v1.15.1
[INFO] [stderr]    Compiling libc v0.2.186
[INFO] [stderr]    Compiling memchr v2.8.0
[INFO] [stderr]    Compiling serde_core v1.0.228
[INFO] [stderr]    Compiling parking_lot_core v0.9.12
[INFO] [stderr]    Compiling scopeguard v1.2.0
[INFO] [stderr]    Compiling itoa v1.0.18
[INFO] [stderr]    Compiling lock_api v0.4.14
[INFO] [stderr]    Compiling pin-project-lite v0.2.17
[INFO] [stderr]    Compiling bytes v1.11.1
[INFO] [stderr]    Compiling bitflags v2.11.1
[INFO] [stderr]    Compiling futures-core v0.3.32
[INFO] [stderr]    Compiling serde v1.0.228
[INFO] [stderr]    Compiling log v0.4.29
[INFO] [stderr]    Compiling futures-sink v0.3.32
[INFO] [stderr]    Compiling zerocopy v0.8.48
[INFO] [stderr]    Compiling zerocopy-derive v0.8.48
[INFO] [stderr]    Compiling zerofrom v0.1.7
[INFO] [stderr]    Compiling tracing-core v0.1.36
[INFO] [stderr]    Compiling stable_deref_trait v1.2.1
[INFO] [stderr]    Compiling slab v0.4.12
[INFO] [stderr]    Compiling yoke v0.8.2
[INFO] [stderr]    Compiling futures-channel v0.3.32
[INFO] [stderr]    Compiling rustix v1.1.4
[INFO] [stderr]    Compiling errno v0.3.14
[INFO] [stderr]    Compiling socket2 v0.6.3
[INFO] [stderr]    Compiling signal-hook-registry v1.4.8
[INFO] [stderr]    Compiling parking_lot v0.12.5
[INFO] [stderr]    Compiling mio v1.2.0
[INFO] [stderr]    Compiling futures-io v0.3.32
[INFO] [stderr]    Compiling linux-raw-sys v0.12.1
[INFO] [stderr]    Compiling tokio v1.52.1
[INFO] [stderr]    Compiling futures-task v0.3.32
[INFO] [stderr]    Compiling futures-util v0.3.32
[INFO] [stderr]    Compiling zerovec v0.11.6
[INFO] [stderr]    Compiling tracing v0.1.44
[INFO] [stderr]    Compiling http v1.4.0
[INFO] [stderr]    Compiling equivalent v1.0.2
[INFO] [stderr]    Compiling hashbrown v0.17.0
[INFO] [stderr]    Compiling zmij v1.0.21
[INFO] [stderr]    Compiling regex-syntax v0.8.10
[INFO] [stderr]    Compiling indexmap v2.14.0
[INFO] [stderr]    Compiling http-body v1.0.1
[INFO] [stderr]    Compiling percent-encoding v2.3.2
[INFO] [stderr]    Compiling rand_core v0.10.1
[INFO] [stderr]    Compiling serde_json v1.0.149
[INFO] [stderr]    Compiling getrandom v0.4.2
[INFO] [stderr]    Compiling tinystr v0.8.3
[INFO] [stderr]    Compiling getrandom v0.2.17
[INFO] [stderr]    Compiling aho-corasick v1.1.4
[INFO] [stderr]    Compiling unicase v2.9.0
[INFO] [stderr]    Compiling litemap v0.8.2
[INFO] [stderr]    Compiling writeable v0.6.3
[INFO] [stderr]    Compiling fnv v1.0.7
[INFO] [stderr]    Compiling tower-service v0.3.3
[INFO] [stderr]    Compiling icu_locale_core v2.2.0
[INFO] [stderr]    Compiling regex-automata v0.4.14
[INFO] [stderr]    Compiling num-traits v0.2.19
[INFO] [stderr]    Compiling zerotrie v0.2.4
[INFO] [stderr]    Compiling potential_utf v0.1.5
[INFO] [stderr]    Compiling generic-array v0.14.7
[INFO] [stderr]    Compiling utf8_iter v1.0.4
[INFO] [stderr]    Compiling typenum v1.20.0
[INFO] [stderr]    Compiling icu_normalizer_data v2.2.0
[INFO] [stderr]    Compiling tokio-util v0.7.18
[INFO] [stderr]    Compiling icu_properties_data v2.2.0
[INFO] [stderr]    Compiling icu_collections v2.2.0
[INFO] [stderr]    Compiling httparse v1.10.1
[INFO] [stderr]    Compiling ring v0.17.14
[INFO] [stderr]    Compiling icu_provider v2.2.0
[INFO] [stderr]    Compiling anstyle v1.0.14
[INFO] [stderr]    Compiling atomic-waker v1.1.2
[INFO] [stderr]    Compiling httpdate v1.0.3
[INFO] [stderr]    Compiling try-lock v0.2.5
[INFO] [stderr]    Compiling zeroize v1.8.2
[INFO] [stderr]    Compiling rustls-pki-types v1.14.1
[INFO] [stderr]    Compiling crc32fast v1.5.0
[INFO] [stderr]    Compiling want v0.3.1
[INFO] [stderr]    Compiling h2 v0.4.13
[INFO] [stderr]    Compiling ahash v0.8.12
[INFO] [stderr]    Compiling http-body-util v0.1.3
[INFO] [stderr]    Compiling untrusted v0.9.0
[INFO] [stderr]    Compiling utf8parse v0.2.2
[INFO] [stderr]    Compiling adler2 v2.0.1
[INFO] [stderr]    Compiling simd-adler32 v0.3.9
[INFO] [stderr]    Compiling tower-layer v0.3.3
[INFO] [stderr]    Compiling miniz_oxide v0.8.9
[INFO] [stderr]    Compiling anstyle-parse v1.0.0
[INFO] [stderr]    Compiling icu_normalizer v2.2.0
[INFO] [stderr]    Compiling icu_properties v2.2.0
[INFO] [stderr]    Compiling crypto-common v0.1.7
[INFO] [stderr]    Compiling block-buffer v0.10.4
[INFO] [stderr]    Compiling form_urlencoded v1.2.2
[INFO] [stderr]    Compiling sync_wrapper v1.0.2
[INFO] [stderr]    Compiling anstyle-query v1.1.5
[INFO] [stderr]    Compiling unicode-width v0.2.2
[INFO] [stderr]    Compiling fastrand v2.4.1
[INFO] [stderr]    Compiling colorchoice v1.0.5
[INFO] [stderr]    Compiling ipnet v2.12.0
[INFO] [stderr]    Compiling base64 v0.22.1
[INFO] [stderr]    Compiling is_terminal_polyfill v1.70.2
[INFO] [stderr]    Compiling cpufeatures v0.3.0
[INFO] [stderr]    Compiling strsim v0.11.1
[INFO] [stderr]    Compiling hyper v1.9.0
[INFO] [stderr]    Compiling crossbeam-utils v0.8.21
[INFO] [stderr]    Compiling darling_core v0.23.0
[INFO] [stderr]    Compiling idna_adapter v1.2.2
[INFO] [stderr]    Compiling anstream v1.0.0
[INFO] [stderr]    Compiling rustls v0.23.40
[INFO] [stderr]    Compiling getrandom v0.3.4
[INFO] [stderr]    Compiling tempfile v3.27.0
[INFO] [stderr]    Compiling digest v0.10.7
[INFO] [stderr]    Compiling hyper-util v0.1.20
[INFO] [stderr]    Compiling flate2 v1.1.9
[INFO] [stderr]    Compiling hashbrown v0.14.5
[INFO] [stderr]    Compiling rustls-webpki v0.103.13
[INFO] [stderr]    Compiling libsqlite3-sys v0.28.0
[INFO] [stderr]    Compiling ppv-lite86 v0.2.21
[INFO] [stderr]    Compiling mime_guess v2.0.5
[INFO] [stderr]    Compiling terminal_size v0.4.4
[INFO] [stderr]    Compiling same-file v1.0.6
[INFO] [stderr]    Compiling ryu v1.0.23
[INFO] [stderr]    Compiling compression-core v0.4.32
[INFO] [stderr]    Compiling lazy_static v1.5.0
[INFO] [stderr]    Compiling yansi v1.0.1
[INFO] [stderr]    Compiling cpufeatures v0.2.17
[INFO] [stderr]    Compiling clap_lex v1.1.0
[INFO] [stderr]    Compiling subtle v2.6.1
[INFO] [stderr]    Compiling mime v0.3.17
[INFO] [stderr]    Compiling clap_builder v4.6.0
[INFO] [stderr]    Compiling libm v0.2.16
[INFO] [stderr]    Compiling sha2 v0.10.9
[INFO] [stderr]    Compiling walkdir v2.5.0
[INFO] [stderr]    Compiling proc-macro2-diagnostics v0.10.1
[INFO] [stderr]    Compiling compression-codecs v0.4.38
[INFO] [stderr]    Compiling hashlink v0.9.1
[INFO] [stderr]    Compiling darling_macro v0.23.0
[INFO] [stderr]    Compiling idna v1.1.0
[INFO] [stderr]    Compiling chacha20 v0.10.0
[INFO] [stderr]    Compiling tower v0.5.3
[INFO] [stderr]    Compiling futures-executor v0.3.32
[INFO] [stderr]    Compiling toml_datetime v0.6.11
[INFO] [stderr]    Compiling serde_spanned v0.6.9
[INFO] [stderr]    Compiling toml_write v0.1.2
[INFO] [stderr]    Compiling fallible-iterator v0.3.0
[INFO] [stderr]    Compiling fallible-streaming-iterator v0.1.9
[INFO] [stderr]    Compiling winnow v0.7.15
[INFO] [stderr]    Compiling portable-atomic v1.13.1
[INFO] [stderr]    Compiling uncased v0.9.10
[INFO] [stderr]    Compiling futures v0.3.32
[INFO] [stderr]    Compiling crossbeam-epoch v0.9.18
[INFO] [stderr]    Compiling tokio-rustls v0.26.4
[INFO] [stderr]    Compiling clap v4.6.1
[INFO] [stderr]    Compiling url v2.5.8
[INFO] [stderr]    Compiling rand v0.10.1
[INFO] [stderr]    Compiling toml_edit v0.22.27
[INFO] [stderr]    Compiling basic-toml v0.1.10
[INFO] [stderr]    Compiling rand_core v0.9.5
[INFO] [stderr]    Compiling darling v0.23.0
[INFO] [stderr]    Compiling async-compression v0.4.42
[INFO] [stderr]    Compiling pear_codegen v0.2.9
[INFO] [stderr]    Compiling rust-embed-utils v8.11.0
[INFO] [stderr]    Compiling serde_urlencoded v0.7.1
[INFO] [stderr]    Compiling console v0.16.3
[INFO] [stderr]    Compiling webpki-roots v1.0.7
[INFO] [stderr]    Compiling regex v1.12.3
[INFO] [stderr]    Compiling rand_core v0.6.4
[INFO] [stderr]    Compiling scheduled-thread-pool v0.2.7
[INFO] [stderr]    Compiling figment v0.10.19
[INFO] [stderr]    Compiling inlinable_string v0.1.15
[INFO] [stderr]    Compiling iri-string v0.7.12
[INFO] [stderr]    Compiling num-conv v0.2.1
[INFO] [stderr]    Compiling powerfmt v0.2.0
[INFO] [stderr]    Compiling option-ext v0.2.0
[INFO] [stderr]    Compiling either v1.15.0
[INFO] [stderr]    Compiling time-core v0.1.8
[INFO] [stderr]    Compiling deranged v0.5.8
[INFO] [stderr]    Compiling time-macros v0.2.27
[INFO] [stderr]    Compiling dirs-sys v0.4.1
[INFO] [stderr]    Compiling rusqlite_migration v1.2.0
[INFO] [stderr]    Compiling anyhow v1.0.102
[INFO] [stderr]    Compiling pear v0.2.9
[INFO] [stderr]    Compiling thiserror v1.0.69
[INFO] [stderr]    Compiling schemars v0.8.22
[INFO] [stderr]    Compiling rayon-core v1.13.0
[INFO] [stderr]    Compiling r2d2 v0.8.10
[INFO] [stderr]    Compiling axum-core v0.4.5
[INFO] [stderr]    Compiling blake3 v1.8.5
[INFO] [stderr]    Compiling tower-http v0.6.8
[INFO] [stderr]    Compiling rand_chacha v0.3.1
[INFO] [stderr]    Compiling hyper-rustls v0.27.9
[INFO] [stderr]    Compiling toml v0.8.23
[INFO] [stderr]    Compiling humansize v2.1.3
[INFO] [stderr]    Compiling askama_derive v0.12.5
[INFO] [stderr]    Compiling rust-embed-impl v8.11.0
[INFO] [stderr]    Compiling serde_with_macros v3.19.0
[INFO] [stderr]    Compiling uuid v1.23.1
[INFO] [stderr]    Compiling crossbeam-deque v0.8.6
[INFO] [stderr]    Compiling crossterm v0.29.0
[INFO] [stderr]    Compiling sharded-slab v0.1.7
[INFO] [stderr]    Compiling matchers v0.2.0
[INFO] [stderr]    Compiling half v2.7.1
[INFO] [stderr]    Compiling tracing-serde v0.2.0
[INFO] [stderr]    Compiling serde_path_to_error v0.1.20
[INFO] [stderr]    Compiling wait-timeout v0.2.1
[INFO] [stderr]    Compiling tracing-log v0.2.0
[INFO] [stderr]    Compiling thread_local v1.1.9
[INFO] [stderr]    Compiling unit-prefix v0.5.2
[INFO] [stderr]    Compiling fixedbitset v0.4.2
[INFO] [stderr]    Compiling plotters-backend v0.3.7
[INFO] [stderr]    Compiling arrayref v0.3.9
[INFO] [stderr]    Compiling matchit v0.7.3
[INFO] [stderr]    Compiling arrayvec v0.7.6
[INFO] [stderr]    Compiling constant_time_eq v0.4.2
[INFO] [stderr]    Compiling nu-ansi-term v0.50.3
[INFO] [stderr]    Compiling http-range-header v0.4.2
[INFO] [stderr]    Compiling askama_escape v0.10.3
[INFO] [stderr]    Compiling predicates-core v1.0.10
[INFO] [stderr]    Compiling unicode-segmentation v1.13.2
[INFO] [stderr]    Compiling dyn-clone v1.0.20
[INFO] [stderr]    Compiling ciborium-io v0.2.2
[INFO] [stderr]    Compiling ciborium-ll v0.2.2
[INFO] [stderr]    Compiling time v0.3.47
[INFO] [stderr]    Compiling askama v0.12.1
[INFO] [stderr]    Compiling comfy-table v7.2.2
[INFO] [stderr]    Compiling tower-http v0.5.2
[INFO] [stderr]    Compiling tracing-subscriber v0.3.23
[INFO] [stderr]    Compiling axum v0.7.9
[INFO] [stderr]    Compiling plotters-svg v0.3.7
[INFO] [stderr]    Compiling petgraph v0.6.5
[INFO] [stderr]    Compiling indicatif v0.18.4
[INFO] [stderr]    Compiling rust-embed v8.11.0
[INFO] [stderr]    Compiling serde_with v3.19.0
[INFO] [stderr]    Compiling reqwest v0.12.28
[INFO] [stderr]    Compiling rand v0.8.6
[INFO] [stderr]    Compiling dirs v5.0.1
[INFO] [stderr]    Compiling itertools v0.10.5
[INFO] [stderr]    Compiling clap_complete v4.6.3
[INFO] [stderr]    Compiling console v0.15.11
[INFO] [stderr]    Compiling float-cmp v0.10.0
[INFO] [stderr]    Compiling semver v1.0.28
[INFO] [stderr]    Compiling num_cpus v1.17.0
[INFO] [stderr]    Compiling bit-vec v0.8.0
[INFO] [stderr]    Compiling rusqlite v0.31.0
[INFO] [stderr]    Compiling normalize-line-endings v0.3.0
[INFO] [stderr]    Compiling cast v0.3.0
[INFO] [stderr]    Compiling deadpool-runtime v0.1.4
[INFO] [stderr]    Compiling difflib v0.4.0
[INFO] [stderr]    Compiling pulldown-cmark v0.10.3
[INFO] [stderr]    Compiling termtree v0.5.1
[INFO] [stderr]    Compiling quick-error v1.2.3
[INFO] [stderr]    Compiling rusty-fork v0.3.1
[INFO] [stderr]    Compiling predicates-tree v1.0.13
[INFO] [stderr]    Compiling r2d2_sqlite v0.24.0
[INFO] [stderr]    Compiling predicates v3.1.4
[INFO] [stderr]    Compiling assert_cmd v2.2.1
[INFO] [stderr]    Compiling deadpool v0.12.3
[INFO] [stderr]    Compiling criterion-plot v0.5.0
[INFO] [stderr]    Compiling bit-set v0.8.0
[INFO] [stderr]    Compiling rayon v1.12.0
[INFO] [stderr]    Compiling plotters v0.3.7
[INFO] [stderr]    Compiling ciborium v0.2.2
[INFO] [stderr]    Compiling rand v0.9.4
[INFO] [stderr]    Compiling rand_xorshift v0.4.0
[INFO] [stderr]    Compiling rand_chacha v0.9.0
[INFO] [stderr]    Compiling bstr v1.12.1
[INFO] [stderr]    Compiling tinytemplate v1.2.1
[INFO] [stderr]    Compiling assert-json-diff v2.0.2
[INFO] [stderr]    Compiling is-terminal v0.4.17
[INFO] [stderr]    Compiling csv-core v0.1.13
[INFO] [stderr]    Compiling anes v0.1.6
[INFO] [stderr]    Compiling unarray v0.1.4
[INFO] [stderr]    Compiling similar v2.7.0
[INFO] [stderr]    Compiling oorandom v11.1.5
[INFO] [stderr]    Compiling criterion v0.5.1
[INFO] [stderr]    Compiling proptest v1.11.0
[INFO] [stderr]    Compiling csv v1.4.0
[INFO] [stderr]    Compiling insta v1.47.2
[INFO] [stderr]    Compiling wiremock v0.6.5
[INFO] [stderr]    Compiling repo-trust v0.1.1 (/opt/rustwide/workdir)
[INFO] [stderr]     Finished `test` profile [optimized + debuginfo] target(s) in 14m 52s
[INFO] running `Command { std: "docker" "inspect" "1b8b50d74b06d286581e775650d18a706af6d2cb4b69224c47386e41c83d9216", kill_on_drop: false }`
[INFO] running `Command { std: "docker" "exec" "-e" "SOURCE_DIR=/opt/rustwide/workdir" "-e" "CARGO_HOME=/opt/rustwide/cargo-home" "-e" "RUSTUP_HOME=/opt/rustwide/rustup-home" "-e" "CARGO_TARGET_DIR=/opt/rustwide/target" "-e" "CARGO_INCREMENTAL=0" "-e" "RUST_BACKTRACE=full" "-e" "RUSTFLAGS=--cap-lints=warn" "-e" "RUSTDOCFLAGS=--cap-lints=warn" "-w" "/opt/rustwide/workdir" "--user" "0:0" "1b8b50d74b06d286581e775650d18a706af6d2cb4b69224c47386e41c83d9216" "/opt/rustwide/cargo-home/bin/cargo" "+1.100.0-beta.1" "test" "--frozen", kill_on_drop: false }`
[INFO] [stderr]     Finished `test` profile [optimized + debuginfo] target(s) in 0.90s
[INFO] [stderr]      Running unittests src/lib.rs (/opt/rustwide/target/debug/build/repo-trust/336c699189e897f6/out/repo_trust-336c699189e897f6)
[INFO] [stdout] 
[INFO] [stdout] running 245 tests
[INFO] [stdout] test api::deps_dev::tests::first_party_filter_drops_single_version_packages ... ok
[INFO] [stdout] test api::deps_dev::tests::first_party_filter_keeps_unverified_provenance_when_name_matches ... ok
[INFO] [stdout] test api::deps_dev::tests::first_party_filter_keeps_verified_provenance_with_enough_versions ... ok
[INFO] [stdout] test api::deps_dev::tests::first_party_filter_drops_unverified_provenance_when_name_mismatches ... ok
[INFO] [stdout] test api::deps_dev::tests::first_party_filter_treats_missing_provenance_as_not_first_party ... ok
[INFO] [stdout] test api::deps_dev::tests::deserialize_weekly_downloads_from_string ... ok
[INFO] [stdout] test api::deps_dev::tests::deserialize_weekly_downloads_from_number ... ok
[INFO] [stdout] test api::deps_dev::tests::deserialize_weekly_downloads_null ... ok
[INFO] [stdout] test api::deps_dev::tests::deserialize_weekly_downloads_unparseable_string ... ok
[INFO] [stdout] test api::deps_dev::tests::project_packages_handles_legacy_flat_shape ... ok
[INFO] [stdout] test api::deps_dev::tests::deserialize_weekly_downloads_missing ... ok
[INFO] [stdout] test api::deps_dev::tests::package_ref_sorts_by_system_then_name ... ok
[INFO] [stdout] test api::deps_dev::tests::project_packages_handles_packagekey_nested_shape ... ok
[INFO] [stdout] test api::deps_dev::tests::name_matches_repo_owner_aware ... ok
[INFO] [stdout] test api::github::tests::base64_decode_no_padding ... ok
[INFO] [stdout] test api::github::tests::base64_decode_basic ... ok
[INFO] [stdout] test api::scorecard::date_parsing_tests::parses_rfc3339_no_fractional_seconds ... ok
[INFO] [stdout] test api::scorecard::date_parsing_tests::parses_full_extended_iso8601_with_nanos ... ok
[INFO] [stdout] test api::scorecard::date_parsing_tests::parses_rfc3339_with_explicit_offset ... ok
[INFO] [stdout] test api::github::tests::base64_decode_strips_whitespace ... ok
[INFO] [stdout] test api::scorecard::date_parsing_tests::parses_date_only_as_midnight_utc ... ok
[INFO] [stdout] test cli::serve::tests::external_bind_is_not_localhost ... ok
[INFO] [stdout] test cli::serve::tests::localhost_variants_are_localhost ... ok
[INFO] [stdout] test cli::cache::tests::human_bytes_picks_unit ... ok
[INFO] [stdout] test api::scorecard::date_parsing_tests::rejects_garbage ... ok
[INFO] [stdout] test config::loader::tests::cache_config_expands_tilde ... ok
[INFO] [stdout] test config::loader::tests::cli_overrides_beat_env ... ok
[INFO] [stdout] test config::loader::tests::defaults_apply_when_no_overrides_present ... ok
[INFO] [stdout] test api::deps_dev::tests::first_party_filter_zeros_octocat_hello_world ... FAILED
[INFO] [stdout] test api::deps_dev::tests::project_packages_response_parses_real_fixtures ... FAILED
[INFO] [stdout] test api::deps_dev::tests::first_party_filter_yields_expected_packages_on_real_fixtures ... FAILED
[INFO] [stdout] test api::github::tests::base64_decode_invalid_char ... ok
[INFO] [stdout] test api::scorecard::date_parsing_tests::real_world_fixtures_round_trip ... FAILED
[INFO] [stdout] test config::loader::tests::malformed_toml_returns_actionable_error ... ok
[INFO] [stdout] test features::activity::tests::empty_repo_has_no_last_commit ... ok
[INFO] [stdout] test features::activity::tests::issues_disabled_drops_response_time ... ok
[INFO] [stdout] test config::loader::tests::env_overrides_files ... ok
[INFO] [stdout] test features::activity::tests::windows_count_correctly ... ok
[INFO] [stdout] test features::adoption::tests::doc_maturity_no_readme_anchors_zero_signal ... ok
[INFO] [stdout] test features::adoption::tests::doc_maturity_short_readme_only_yields_low ... ok
[INFO] [stdout] test config::loader::tests::weights_config_into_module_weights ... ok
[INFO] [stdout] test features::adoption::tests::package_systems_sorted_and_unique ... ok
[INFO] [stdout] test features::adoption::tests::weekly_downloads_none_when_all_packages_have_none ... ok
[INFO] [stdout] test features::adoption::tests::weekly_downloads_sums_across_packages ... ok
[INFO] [stdout] test features::maintainers::tests::bot_filter_excludes_bracket_bot_suffix ... ok
[INFO] [stdout] test config::loader::tests::project_file_overrides_user_file ... ok
[INFO] [stdout] test features::maintainers::tests::bot_filter_excludes_user_type_bot ... ok
[INFO] [stdout] test config::loader::tests::token_resolution_returns_none_when_unset ... ok
[INFO] [stdout] test features::adoption::tests::doc_maturity_full_signal_caps_at_one ... ok
[INFO] [stdout] test features::maintainers::tests::bot_filter_keeps_humans ... ok
[INFO] [stdout] test config::loader::tests::token_resolution_returns_value_when_set ... ok
[INFO] [stdout] test features::maintainers::tests::bus_factor_balanced_5_authors_is_3 ... ok
[INFO] [stdout] test features::maintainers::tests::bus_factor_top_heavy_returns_1 ... ok
[INFO] [stdout] test features::maintainers::tests::gini_bounded_zero_to_one ... ok
[INFO] [stdout] test features::maintainers::tests::bot_filter_excludes_dash_bot_suffix ... ok
[INFO] [stdout] test features::maintainers::tests::gini_zero_for_empty_or_all_zero ... ok
[INFO] [stdout] test config::loader::tests::user_file_overrides_defaults ... ok
[INFO] [stdout] test features::maintainers::tests::bus_factor_solo_author_is_1 ... ok
[INFO] [stdout] test features::maintainers::tests::gini_zero_for_equal_distribution ... ok
[INFO] [stdout] test features::maintainers::tests::gini_high_for_concentrated ... ok
[INFO] [stdout] test features::security::tests::semver_prerelease_accepted ... ok
[INFO] [stdout] test features::security::tests::non_semver_rejected ... ok
[INFO] [stdout] test config::loader::tests::type_mismatch_in_user_config_errors ... ok
[INFO] [stdout] test features::security::tests::semver_without_prefix_accepted ... ok
[INFO] [stdout] test features::stars::tests::ecosystem_multipliers_table ... ok
[INFO] [stdout] test features::stars::tests::starred_at_different_day_not_flagged ... ok
[INFO] [stdout] test features::stars::tests::low_activity_profile_flagged_with_all_8_signals ... ok
[INFO] [stdout] test features::stars::tests::whitespace_bio_treated_as_empty ... ok
[INFO] [stdout] test models::scores::tests::category_buckets ... ok
[INFO] [stdout] test models::scores::tests::confidence_orders_correctly ... ok
[INFO] [stdout] test models::scores::tests::default_weights_sum_to_one ... ok
[INFO] [stdout] test features::maintainers::tests::retention_full_overlap ... ok
[INFO] [stdout] test features::security::tests::semver_with_v_prefix_accepted ... ok
[INFO] [stdout] test features::maintainers::tests::retention_no_overlap ... ok
[INFO] [stdout] test reports::csv_report::tests::escape_csv_handles_carriage_return ... ok
[INFO] [stdout] test reports::csv_report::tests::escape_csv_passes_through_simple_strings ... ok
[INFO] [stdout] test features::stars::tests::high_followers_not_flagged ... ok
[INFO] [stdout] test features::stars::tests::pre_2022_account_not_flagged ... ok
[INFO] [stdout] test features::stars::tests::starred_at_same_day_as_created_flagged ... ok
[INFO] [stdout] test reports::csv_report::tests::comma_in_field_is_quoted ... ok
[INFO] [stdout] test reports::csv_report::tests::double_quote_in_field_is_escaped_by_doubling ... ok
[INFO] [stdout] test reports::csv_report::tests::write_creates_file_with_header_plus_one_row ... ok
[INFO] [stdout] test reports::csv_report::tests::write_header_emits_21_columns_in_documented_order ... ok
[INFO] [stdout] test reports::markdown_report::tests::methodology_footer_mentions_scoring_version ... ok
[INFO] [stdout] test reports::markdown_report::tests::five_module_report_contains_all_five_h2_headers ... ok
[INFO] [stdout] test reports::markdown_report::tests::pipe_in_evidence_rationale_is_escaped ... ok
[INFO] [stdout] test reports::csv_report::tests::missing_module_emits_empty_cells_and_keeps_21_columns ... ok
[INFO] [stdout] test reports::csv_report::tests::newline_in_field_is_quoted ... ok
[INFO] [stdout] test reports::csv_report::tests::no_top_concerns_emits_empty_concern_cells ... ok
[INFO] [stdout] test features::stars::tests::non_empty_bio_not_flagged ... ok
[INFO] [stdout] test reports::markdown_report::tests::output_round_trips_through_pulldown_cmark_without_panic ... ok
[INFO] [stdout] test reports::terminal::tests::color_false_emits_no_ansi_escape_sequences ... ok
[INFO] [stdout] test reports::markdown_report::tests::pipe_in_evidence_value_string_is_escaped ... ok
[INFO] [stdout] test reports::markdown_report::tests::write_creates_file_with_expected_content ... ok
[INFO] [stdout] test reports::terminal::tests::confidence_low_styled_dim_when_color ... ok
[INFO] [stdout] test reports::csv_report::tests::write_row_5_modules_round_trips_through_csv_crate ... ok
[INFO] [stdout] test reports::terminal::tests::empty_caveats_omits_caveats_header ... ok
[INFO] [stdout] test reports::markdown_report::tests::empty_top_concerns_does_not_emit_header ... ok
[INFO] [stdout] test reports::terminal::tests::header_line_contains_full_name_and_url ... ok
[INFO] [stdout] test reports::terminal::tests::evidence_renders_neutral_verdict_with_tilde_glyph ... ok
[INFO] [stdout] test reports::terminal::tests::module_display_name_maps_known_ids ... ok
[INFO] [stdout] test reports::terminal::tests::color_true_emits_ansi_escape_sequences ... ok
[INFO] [stdout] test reports::terminal::tests::confidence_high_styled_bold_when_color ... ok
[INFO] [stdout] test reports::terminal::tests::evidence_includes_verdict_label_in_plain_mode ... ok
[INFO] [stdout] test reports::terminal::tests::missing_data_cell_joins_entries_with_comma_space ... ok
[INFO] [stdout] test reports::terminal::tests::module_id_appears_in_evidence_brackets ... ok
[INFO] [stdout] test reports::terminal::tests::module_display_name_passes_unknown_ids_through ... ok
[INFO] [stdout] test reports::terminal::tests::module_table_contains_all_module_display_names_and_scores ... ok
[INFO] [stdout] test reports::terminal::tests::normalize_table_text_collapses_wrapped_cells ... ok
[INFO] [stdout] test reports::terminal::tests::single_module_report_renders_without_panic ... ok
[INFO] [stdout] test reports::terminal::tests::top_sub_score_none_when_empty ... ok
[INFO] [stdout] test reports::terminal::tests::top_sub_score_picks_highest_entry ... ok
[INFO] [stdout] test scoring::activity::tests::archived_repo_demotes_to_low_confidence ... ok
[INFO] [stdout] test scoring::activity::tests::final_score_is_arithmetic_mean_of_subscores ... ok
[INFO] [stdout] test scoring::activity::tests::high_active_contributors_caps_at_100 ... ok
[INFO] [stdout] test scoring::activity::tests::inactive_repo_scores_low ... ok
[INFO] [stdout] test scoring::activity::tests::young_repo_demotes_to_low_confidence ... ok
[INFO] [stdout] test reports::terminal::tests::top_sub_score_picks_higher_value_over_lower_unit ... ok
[INFO] [stdout] test scoring::activity::tests::module_result_carries_module_name ... ok
[INFO] [stdout] test scoring::activity::tests::empty_repo_emits_concerning_evidence_for_no_commits ... ok
[INFO] [stdout] test scoring::activity::tests::no_releases_drops_subscore_but_keeps_high_confidence ... ok
[INFO] [stdout] test scoring::activity::tests::evidence_codes_are_unique ... ok
[INFO] [stdout] test scoring::adoption::tests::awesome_list_mentions_neutral_baseline ... ok
[INFO] [stdout] test scoring::adoption::tests::confidence_medium_when_no_packages_but_documented ... ok
[INFO] [stdout] test scoring::adoption::tests::confidence_medium_when_archived_even_with_packages ... ok
[INFO] [stdout] test scoring::adoption::tests::confidence_high_for_clap_like_pattern ... ok
[INFO] [stdout] test scoring::adoption::tests::ecosystem_coverage_evidence_neutral_when_single_system ... ok
[INFO] [stdout] test scoring::adoption::tests::confidence_low_when_no_packages_and_underdocumented ... ok
[INFO] [stdout] test scoring::activity::tests::issues_disabled_drops_subscore_and_adds_missing ... ok
[INFO] [stdout] test scoring::adoption::tests::confidence_high_when_packages_and_documented_and_not_archived ... ok
[INFO] [stdout] test scoring::activity::tests::very_active_repo_scores_high ... ok
[INFO] [stdout] test scoring::adoption::tests::evidence_codes_are_unique ... ok
[INFO] [stdout] test scoring::adoption::tests::no_packages_evidence_only_fires_when_count_is_zero ... ok
[INFO] [stdout] test scoring::adoption::tests::no_packages_drops_downloads_subscore ... ok
[INFO] [stdout] test scoring::adoption::tests::confidence_medium_when_packages_but_underdocumented ... ok
[INFO] [stdout] test scoring::adoption::tests::not_well_documented_when_only_short_readme ... ok
[INFO] [stdout] test scoring::adoption::tests::download_band_boundaries_are_correct ... ok
[INFO] [stdout] test scoring::adoption::tests::ecosystem_coverage_evidence_positive_when_two_or_more_systems ... ok
[INFO] [stdout] test scoring::adoption::tests::deps_dev_error_short_circuits_confidence_to_low ... ok
[INFO] [stdout] test scoring::adoption::tests::not_well_documented_when_no_readme ... ok
[INFO] [stdout] test scoring::adoption::tests::s001_popular_package_scores_high ... ok
[INFO] [stdout] test scoring::adoption::tests::s002_minimal_but_documented_lands_mid ... ok
[INFO] [stdout] test scoring::adoption::tests::s201_missing_readme_emits_concerning ... ok
[INFO] [stdout] test scoring::adoption::tests::module_result_carries_module_name_and_emits_at_least_three_evidence ... ok
[INFO] [stdout] test scoring::adoption::tests::multi_system_packaging_boost ... ok
[INFO] [stdout] test scoring::adoption::tests::no_packages_is_neutral_never_concerning ... ok
[INFO] [stdout] test scoring::adoption::tests::well_documented_when_doc_maturity_above_threshold ... ok
[INFO] [stdout] test scoring::adoption::tests::s103_archived_demotes_to_medium_confidence ... ok
[INFO] [stdout] test scoring::adoption::tests::well_documented_when_readme_and_docs_dir ... ok
[INFO] [stdout] test scoring::adoption::tests::s101_no_packages_with_docs_falls_back_to_medium ... ok
[INFO] [stdout] test scoring::adoption::tests::s102_deps_dev_error_low_confidence_with_caveat ... ok
[INFO] [stdout] test scoring::aggregate::tests::five_perfect_high_confidence_aggregates_to_100 ... ok
[INFO] [stdout] test scoring::maintainers::tests::bus_factor_zero_is_zero_score ... ok
[INFO] [stdout] test scoring::maintainers::tests::healthy_multi_maintainer_scores_high ... ok
[INFO] [stdout] test scoring::maintainers::tests::high_concentration_lowers_score ... ok
[INFO] [stdout] test scoring::maintainers::tests::governance_docs_boost_subscore ... ok
[INFO] [stdout] test scoring::maintainers::tests::no_governance_docs_falls_to_neutral ... ok
[INFO] [stdout] test scoring::maintainers::tests::young_repo_gets_low_confidence ... ok
[INFO] [stdout] test scoring::maintainers::tests::zero_active_maintainers_is_low_confidence ... ok
[INFO] [stdout] test scoring::maintainers::tests::solo_maintainer_emits_concerning_not_highrisk ... ok
[INFO] [stdout] test scoring::security::tests::archived_demotes_to_low_confidence ... ok
[INFO] [stdout] test scoring::maintainers::tests::archived_demotes_to_low_confidence ... ok
[INFO] [stdout] test scoring::security::tests::evidence_codes_are_unique ... ok
[INFO] [stdout] test scoring::security::tests::ci_workflow_present_scores_full ... ok
[INFO] [stdout] test scoring::security::tests::fresh_scorecard_drives_high_confidence_and_high_score ... ok
[INFO] [stdout] test scoring::maintainers::tests::evidence_codes_are_unique ... ok
[INFO] [stdout] test scoring::security::tests::missing_license_emits_concerning_evidence ... ok
[INFO] [stdout] test scoring::security::tests::missing_scorecard_falls_back_to_low_confidence ... ok
[INFO] [stdout] test scoring::adoption::tests::well_documented_when_readme_and_examples_dir ... ok
[INFO] [stdout] test scoring::security::tests::module_result_carries_module_name ... ok
[INFO] [stdout] test scoring::aggregate::tests::empty_modules_aggregate_to_zero ... ok
[INFO] [stdout] test scoring::security::tests::osv_zero_advisories_scores_full ... ok
[INFO] [stdout] test scoring::aggregate::tests::low_confidence_module_contributes_less ... ok
[INFO] [stdout] test scoring::maintainers::tests::module_result_carries_module_name_and_emits_at_least_three_evidence ... ok
[INFO] [stdout] test scoring::stars::tests::combined_evidence_only_fires_when_both_thresholds_met ... ok
[INFO] [stdout] test scoring::stars::tests::day_4_formula_uses_methodology_weights ... ok
[INFO] [stdout] test scoring::stars::tests::ecosystem_multiplier_shifts_ratio_threshold_typescript ... ok
[INFO] [stdout] test scoring::stars::tests::evidence_codes_are_unique ... ok
[INFO] [stdout] test scoring::stars::tests::lockstep_bursty_z_score_drops ... ok
[INFO] [stdout] test scoring::security::tests::failed_scorecard_checks_emit_concerning_evidence ... ok
[INFO] [stdout] test scoring::security::tests::very_stale_scorecard_over_90_days_is_low_confidence ... ok
[INFO] [stdout] test scoring::stars::tests::archived_demotes_to_low_confidence ... ok
[INFO] [stdout] test scoring::stars::tests::lockstep_smooth_z_score_full_credit ... ok
[INFO] [stdout] test scoring::security::tests::semver_inconsistent_drops_to_neutral ... ok
[INFO] [stdout] test scoring::stars::tests::module_result_carries_module_name ... ok
[INFO] [stdout] test scoring::stars::tests::quick_mode_no_sample_falls_back_to_h3_only ... ok
[INFO] [stdout] test scoring::stars::tests::lockstep_window_too_short_falls_back_to_h3_redistribution ... ok
[INFO] [stdout] test scoring::stars::tests::organic_profile_scores_high ... ok
[INFO] [stdout] test scoring::stars::tests::recency_biased_evidence_emitted_on_every_non_below_floor_run ... ok
[INFO] [stdout] test scoring::stars::tests::small_sample_demotes_confidence_to_medium ... ok
[INFO] [stdout] test scoring::security::tests::stale_scorecard_30_to_90_days_is_medium_confidence_with_lower_weight ... ok
[INFO] [stdout] test scoring::stars::tests::below_floor_short_circuits_to_zero_with_low_confidence ... ok
[INFO] [stdout] test scoring::security::tests::osv_many_advisories_drops_score ... ok
[INFO] [stdout] test scoring::thresholds::tests::higher_better_midpoint ... ok
[INFO] [stdout] test scoring::stars::tests::suspicious_profile_lowers_score_to_concerning_not_highrisk ... ok
[INFO] [stdout] test scoring::thresholds::tests::higher_better_zero ... ok
[INFO] [stdout] test scoring::thresholds::tests::lower_better_midpoint ... ok
[INFO] [stdout] test scoring::stars::tests::young_repo_gets_5pp_leniency ... ok
[INFO] [stdout] test scoring::thresholds::tests::contributor_scoring_thresholds ... ok
[INFO] [stdout] test scoring::stars::tests::very_small_sample_demotes_to_low_confidence ... ok
[INFO] [stdout] test scoring::thresholds::tests::higher_better_full_credit ... ok
[INFO] [stdout] test scoring::thresholds::tests::lower_better_full_credit ... ok
[INFO] [stdout] test scoring::thresholds::tests::issue_response_lower_better ... ok
[INFO] [stdout] test scoring::stars::tests::rationale_uses_only_probabilistic_phrasing_no_fake_fraud_bot ... ok
[INFO] [stdout] test scoring::thresholds::tests::lower_better_zero ... ok
[INFO] [stdout] test storage::cache::tests::open_creates_parent_dir ... ok
[INFO] [stdout] test storage::cache::tests::get_missing_key_returns_none ... ok
[INFO] [stdout] test storage::cache::tests::cache_file_is_chmod_0600 ... ok
[INFO] [stdout] test storage::cache::tests::put_and_get_feature_snapshot ... ok
[INFO] [stdout] test storage::cache::tests::info_counts_rows ... ok
[INFO] [stdout] test storage::cache::tests::delete_by_repo_removes_only_matching_keys ... ok
[INFO] [stdout] test storage::cache::tests::put_replaces_existing_etag_and_body ... ok
[INFO] [stdout] test storage::cache::tests::clear_api_cache_removes_only_api_rows ... ok
[INFO] [stdout] test storage::cache::tests::list_all_reports_groups_by_tuple_and_orders_newest_first ... ok
[INFO] [stdout] test storage::migrations::tests::migrations_apply_and_are_idempotent ... ok
[INFO] [stdout] test storage::cache::tests::prune_expired_removes_only_stale_rows ... ok
[INFO] [stdout] test utils::ratelimit::tests::acquire_returns_permit_under_normal_conditions ... ok
[INFO] [stdout] test utils::ratelimit::tests::snapshot_reflects_recorded_headers ... ok
[INFO] [stdout] test utils::repo_url::tests::parses_owner_repo ... ok
[INFO] [stdout] test utils::repo_url::tests::parses_full_url ... ok
[INFO] [stdout] test utils::repo_url::tests::parses_url_with_git_suffix ... ok
[INFO] [stdout] test utils::repo_url::tests::rejects_empty_owner_or_repo ... ok
[INFO] [stdout] test storage::cache::tests::put_then_get_round_trip ... ok
[INFO] [stdout] test utils::repo_url::tests::parses_url_with_trailing_slash ... ok
[INFO] [stdout] test utils::repo_url::tests::rejects_non_github_host ... ok
[INFO] [stdout] test utils::sampling::tests::derive_seed_differs_by_repo ... ok
[INFO] [stdout] test storage::cache::tests::reopening_cache_preserves_entries ... ok
[INFO] [stdout] test utils::sampling::tests::sample_changes_with_seed ... ok
[INFO] [stdout] test utils::sampling::tests::sample_is_deterministic ... ok
[INFO] [stdout] test utils::time::tests::round6_works ... ok
[INFO] [stdout] test utils::sampling::tests::derive_seed_differs_by_version ... ok
[INFO] [stdout] test utils::sampling::tests::derive_seed_is_stable ... ok
[INFO] [stdout] test utils::sampling::tests::sample_caps_at_input_length ... ok
[INFO] [stdout] test storage::cache::tests::clear_all_removes_every_table ... ok
[INFO] [stdout] test storage::cache::tests::ttl_expired_entry_is_stale ... ok
[INFO] [stdout] test web::handlers::tests::empty_cache_renders_friendly_empty_state ... ok
[INFO] [stdout] test storage::cache::tests::touch_advances_fetched_at ... ok
[INFO] [stdout] test web::handlers::tests::url_decode_handles_percent_and_plus ... ok
[INFO] [stdout] test storage::cache::tests::reports_history_returns_latest ... ok
[INFO] [stdout] test web::handlers::tests::get_index_lists_all_cached_repos ... ok
[INFO] [stdout] test web::handlers::tests::get_static_style_css_returns_200_text_css ... ok
[INFO] [stdout] test web::handlers::tests::get_report_renders_score_and_module_names ... ok
[INFO] [stdout] test web::handlers::tests::get_api_report_returns_json_with_correct_content_type ... ok
[INFO] [stdout] test web::handlers::tests::post_scans_without_allow_scan_returns_405 ... ok
[INFO] [stdout] test web::handlers::tests::unknown_report_returns_404 ... ok
[INFO] [stdout] 
[INFO] [stdout] failures:
[INFO] [stdout] 
[INFO] [stdout] ---- api::deps_dev::tests::first_party_filter_zeros_octocat_hello_world stdout ----
[INFO] [stdout] 
[INFO] [stdout] thread 'api::deps_dev::tests::first_party_filter_zeros_octocat_hello_world' (7578) panicked at src/api/deps_dev.rs:756:41:
[INFO] [stdout] called `Result::unwrap()` on an `Err` value: Os { code: 2, kind: NotFound, message: "No such file or directory" }
[INFO] [stdout] stack backtrace:
[INFO] [stdout]    0:     0x64b8f3b10de1 - std[617be2ca0a6fd877]::backtrace_rs::backtrace::libunwind::trace
[INFO] [stdout]                                at /rustc/e3feeb59cd1bdd011a2bfcc0747b55125d9b8527/library/std/src/../../backtrace/src/backtrace/libunwind.rs:117:9
[INFO] [stdout]    1:     0x64b8f3b10de1 - std[617be2ca0a6fd877]::backtrace_rs::backtrace::trace_unsynchronized::<std[617be2ca0a6fd877]::sys::backtrace::_print_fmt::{closure#1}>
[INFO] [stdout]                                at /rustc/e3feeb59cd1bdd011a2bfcc0747b55125d9b8527/library/std/src/../../backtrace/src/backtrace/mod.rs:66:14
[INFO] [stdout]    2:     0x64b8f3b10de1 - std[617be2ca0a6fd877]::sys::backtrace::_print_fmt
[INFO] [stdout]                                at /rustc/e3feeb59cd1bdd011a2bfcc0747b55125d9b8527/library/std/src/sys/backtrace.rs:74:9
[INFO] [stdout]    3:     0x64b8f3b10de1 - <<std[617be2ca0a6fd877]::sys::backtrace::BacktraceLock>::print::DisplayBacktrace as core[a373ad73a504971]::fmt::Display>::fmt
[INFO] [stdout]                                at /rustc/e3feeb59cd1bdd011a2bfcc0747b55125d9b8527/library/std/src/sys/backtrace.rs:44:26
[INFO] [stdout]    4:     0x64b8f3b2979a - <core[a373ad73a504971]::fmt::rt::Argument>::fmt
[INFO] [stdout]                                at /rustc/e3feeb59cd1bdd011a2bfcc0747b55125d9b8527/library/core/src/fmt/rt.rs:152:76
[INFO] [stdout]    5:     0x64b8f3b2979a - core[a373ad73a504971]::fmt::write
[INFO] [stdout]    6:     0x64b8f3b15f0c - core[a373ad73a504971]::io::write::default_write_fmt::<alloc[2e1b2a31b91974c5]::vec::Vec<u8>>
[INFO] [stdout]                                at /rustc/e3feeb59cd1bdd011a2bfcc0747b55125d9b8527/library/core/src/io/write.rs:402:11
[INFO] [stdout]    7:     0x64b8f3b15f0c - <alloc[2e1b2a31b91974c5]::vec::Vec<u8> as core[a373ad73a504971]::io::write::Write>::write_fmt
[INFO] [stdout]                                at /rustc/e3feeb59cd1bdd011a2bfcc0747b55125d9b8527/library/core/src/io/write.rs:335:13
[INFO] [stdout]    8:     0x64b8f3ae92b6 - <std[617be2ca0a6fd877]::sys::backtrace::BacktraceLock>::print
[INFO] [stdout]                                at /rustc/e3feeb59cd1bdd011a2bfcc0747b55125d9b8527/library/std/src/sys/backtrace.rs:47:9
[INFO] [stdout]    9:     0x64b8f3ae92b6 - std[617be2ca0a6fd877]::panicking::default_hook::{closure#0}
[INFO] [stdout]                                at /rustc/e3feeb59cd1bdd011a2bfcc0747b55125d9b8527/library/std/src/panicking.rs:289:27
[INFO] [stdout]   10:     0x64b8f3b076d9 - std[617be2ca0a6fd877]::panicking::default_hook
[INFO] [stdout]                                at /rustc/e3feeb59cd1bdd011a2bfcc0747b55125d9b8527/library/std/src/panicking.rs:313:9
[INFO] [stdout]   11:     0x64b8f3642ce0 - <alloc[2e1b2a31b91974c5]::boxed::Box<dyn for<'a, 'b> core[a373ad73a504971]::ops::function::Fn<(&'a std[617be2ca0a6fd877]::panic::PanicHookInfo<'b>,), Output = ()> + core[a373ad73a504971]::marker::Sync + core[a373ad73a504971]::marker::Send> as core[a373ad73a504971]::ops::function::Fn<(&std[617be2ca0a6fd877]::panic::PanicHookInfo,)>>::call
[INFO] [stdout]                                at /rustc/e3feeb59cd1bdd011a2bfcc0747b55125d9b8527/library/alloc/src/boxed.rs:2328:9
[INFO] [stdout]   12:     0x64b8f3642ce0 - test[aada8e7e76ba119b]::test_main_inner::{closure#0}
[INFO] [stdout]                                at /rustc/e3feeb59cd1bdd011a2bfcc0747b55125d9b8527/library/test/src/lib.rs:137:21
[INFO] [stdout]   13:     0x64b8f3b07a02 - <alloc[2e1b2a31b91974c5]::boxed::Box<dyn for<'a, 'b> core[a373ad73a504971]::ops::function::Fn<(&'a std[617be2ca0a6fd877]::panic::PanicHookInfo<'b>,), Output = ()> + core[a373ad73a504971]::marker::Sync + core[a373ad73a504971]::marker::Send> as core[a373ad73a504971]::ops::function::Fn<(&std[617be2ca0a6fd877]::panic::PanicHookInfo,)>>::call
[INFO] [stdout]                                at /rustc/e3feeb59cd1bdd011a2bfcc0747b55125d9b8527/library/alloc/src/boxed.rs:2328:9
[INFO] [stdout]   14:     0x64b8f3b07a02 - std[617be2ca0a6fd877]::panicking::panic_with_hook
[INFO] [stdout]                                at /rustc/e3feeb59cd1bdd011a2bfcc0747b55125d9b8527/library/std/src/panicking.rs:819:13
[INFO] [stdout]   15:     0x64b8f3ae9362 - std[617be2ca0a6fd877]::panicking::panic_handler::{closure#0}
[INFO] [stdout]                                at /rustc/e3feeb59cd1bdd011a2bfcc0747b55125d9b8527/library/std/src/panicking.rs:685:13
[INFO] [stdout]   16:     0x64b8f3ae1539 - std[617be2ca0a6fd877]::sys::backtrace::__rust_end_short_backtrace::<std[617be2ca0a6fd877]::panicking::panic_handler::{closure#0}, !>
[INFO] [stdout]                                at /rustc/e3feeb59cd1bdd011a2bfcc0747b55125d9b8527/library/std/src/sys/backtrace.rs:182:18
[INFO] [stdout]   17:     0x64b8f3aea54d - __rustc[ea4f61d10b84890b]::rust_begin_unwind
[INFO] [stdout]                                at /rustc/e3feeb59cd1bdd011a2bfcc0747b55125d9b8527/library/std/src/panicking.rs:676:5
[INFO] [stdout]   18:     0x64b8f3b29fac - core[a373ad73a504971]::panicking::panic_fmt
[INFO] [stdout]                                at /rustc/e3feeb59cd1bdd011a2bfcc0747b55125d9b8527/library/core/src/panicking.rs:80:14
[INFO] [stdout]   19:     0x64b8f3b29cd2 - core[a373ad73a504971]::result::unwrap_failed
[INFO] [stdout]                                at /rustc/e3feeb59cd1bdd011a2bfcc0747b55125d9b8527/library/core/src/result.rs:1870:5
[INFO] [stdout]   20:     0x64b8f35339dd - <core[a373ad73a504971]::result::Result<alloc[2e1b2a31b91974c5]::vec::Vec<u8>, core[a373ad73a504971]::io::error::Error>>::unwrap
[INFO] [stdout]                                at /rustc/e3feeb59cd1bdd011a2bfcc0747b55125d9b8527/library/core/src/result.rs:1232:23
[INFO] [stdout]   21:     0x64b8f35339dd - repo_trust[dbedb585ab57cef4]::api::deps_dev::tests::first_party_filter_zeros_octocat_hello_world
[INFO] [stdout]                                at /opt/rustwide/workdir/src/api/deps_dev.rs:756:41
[INFO] [stdout]   22:     0x64b8f35339dd - repo_trust[dbedb585ab57cef4]::api::deps_dev::tests::first_party_filter_zeros_octocat_hello_world::{closure#0}
[INFO] [stdout]                                at /opt/rustwide/workdir/src/api/deps_dev.rs:746:54
[INFO] [stdout]   23:     0x64b8f35339dd - <repo_trust[dbedb585ab57cef4]::api::deps_dev::tests::first_party_filter_zeros_octocat_hello_world::{closure#0} as core[a373ad73a504971]::ops::function::FnOnce<()>>::call_once
[INFO] [stdout]                                at /rustc/e3feeb59cd1bdd011a2bfcc0747b55125d9b8527/library/core/src/ops/function.rs:250:5
[INFO] [stdout]   24:     0x64b8f363612b - <fn() -> core[a373ad73a504971]::result::Result<(), alloc[2e1b2a31b91974c5]::string::String> as core[a373ad73a504971]::ops::function::FnOnce<()>>::call_once
[INFO] [stdout]                                at /rustc/e3feeb59cd1bdd011a2bfcc0747b55125d9b8527/library/core/src/ops/function.rs:250:5
[INFO] [stdout]   25:     0x64b8f363612b - test[aada8e7e76ba119b]::__rust_begin_short_backtrace::<core[a373ad73a504971]::result::Result<(), alloc[2e1b2a31b91974c5]::string::String>, fn() -> core[a373ad73a504971]::result::Result<(), alloc[2e1b2a31b91974c5]::string::String>>
[INFO] [stdout]                                at /rustc/e3feeb59cd1bdd011a2bfcc0747b55125d9b8527/library/test/src/lib.rs:701:18
[INFO] [stdout]   26:     0x64b8f3643305 - test[aada8e7e76ba119b]::run_test_in_process::{closure#0}
[INFO] [stdout]                                at /rustc/e3feeb59cd1bdd011a2bfcc0747b55125d9b8527/library/test/src/lib.rs:724:74
[INFO] [stdout]   27:     0x64b8f3643305 - <core[a373ad73a504971]::panic::unwind_safe::AssertUnwindSafe<test[aada8e7e76ba119b]::run_test_in_process::{closure#0}> as core[a373ad73a504971]::ops::function::FnOnce<()>>::call_once
[INFO] [stdout]                                at /rustc/e3feeb59cd1bdd011a2bfcc0747b55125d9b8527/library/core/src/panic/unwind_safe.rs:275:9
[INFO] [stdout]   28:     0x64b8f3643305 - std[617be2ca0a6fd877]::panicking::catch_unwind::do_call::<core[a373ad73a504971]::panic::unwind_safe::AssertUnwindSafe<test[aada8e7e76ba119b]::run_test_in_process::{closure#0}>, core[a373ad73a504971]::result::Result<(), alloc[2e1b2a31b91974c5]::string::String>>
[INFO] [stdout]                                at /rustc/e3feeb59cd1bdd011a2bfcc0747b55125d9b8527/library/std/src/panicking.rs:573:43
[INFO] [stdout]   29:     0x64b8f3643305 - std[617be2ca0a6fd877]::panicking::catch_unwind::<core[a373ad73a504971]::result::Result<(), alloc[2e1b2a31b91974c5]::string::String>, core[a373ad73a504971]::panic::unwind_safe::AssertUnwindSafe<test[aada8e7e76ba119b]::run_test_in_process::{closure#0}>>
[INFO] [stdout]                                at /rustc/e3feeb59cd1bdd011a2bfcc0747b55125d9b8527/library/std/src/panicking.rs:541:19
[INFO] [stdout]   30:     0x64b8f3643305 - std[617be2ca0a6fd877]::panic::catch_unwind::<core[a373ad73a504971]::panic::unwind_safe::AssertUnwindSafe<test[aada8e7e76ba119b]::run_test_in_process::{closure#0}>, core[a373ad73a504971]::result::Result<(), alloc[2e1b2a31b91974c5]::string::String>>
[INFO] [stdout]                                at /rustc/e3feeb59cd1bdd011a2bfcc0747b55125d9b8527/library/std/src/panic.rs:359:14
[INFO] [stdout]   31:     0x64b8f3643305 - test[aada8e7e76ba119b]::run_test_in_process
[INFO] [stdout]                                at /rustc/e3feeb59cd1bdd011a2bfcc0747b55125d9b8527/library/test/src/lib.rs:724:27
[INFO] [stdout]   32:     0x64b8f3643305 - test[aada8e7e76ba119b]::run_test::{closure#0}
[INFO] [stdout]                                at /rustc/e3feeb59cd1bdd011a2bfcc0747b55125d9b8527/library/test/src/lib.rs:645:43
[INFO] [stdout]   33:     0x64b8f363cbf4 - test[aada8e7e76ba119b]::run_test::{closure#1}
[INFO] [stdout]                                at /rustc/e3feeb59cd1bdd011a2bfcc0747b55125d9b8527/library/test/src/lib.rs:675:41
[INFO] [stdout]   34:     0x64b8f363cbf4 - std[617be2ca0a6fd877]::sys::backtrace::__rust_begin_short_backtrace::<test[aada8e7e76ba119b]::run_test::{closure#1}, ()>
[INFO] [stdout]                                at /rustc/e3feeb59cd1bdd011a2bfcc0747b55125d9b8527/library/std/src/sys/backtrace.rs:166:18
[INFO] [stdout]   35:     0x64b8f3646392 - std[617be2ca0a6fd877]::thread::lifecycle::spawn_unchecked::<test[aada8e7e76ba119b]::run_test::{closure#1}, ()>::{closure#1}::{closure#0}
[INFO] [stdout]                                at /rustc/e3feeb59cd1bdd011a2bfcc0747b55125d9b8527/library/std/src/thread/lifecycle.rs:70:13
[INFO] [stdout]   36:     0x64b8f3646392 - <core[a373ad73a504971]::panic::unwind_safe::AssertUnwindSafe<std[617be2ca0a6fd877]::thread::lifecycle::spawn_unchecked<test[aada8e7e76ba119b]::run_test::{closure#1}, ()>::{closure#1}::{closure#0}> as core[a373ad73a504971]::ops::function::FnOnce<()>>::call_once
[INFO] [stdout]                                at /rustc/e3feeb59cd1bdd011a2bfcc0747b55125d9b8527/library/core/src/panic/unwind_safe.rs:275:9
[INFO] [stdout]   37:     0x64b8f3646392 - std[617be2ca0a6fd877]::panicking::catch_unwind::do_call::<core[a373ad73a504971]::panic::unwind_safe::AssertUnwindSafe<std[617be2ca0a6fd877]::thread::lifecycle::spawn_unchecked<test[aada8e7e76ba119b]::run_test::{closure#1}, ()>::{closure#1}::{closure#0}>, ()>
[INFO] [stdout]                                at /rustc/e3feeb59cd1bdd011a2bfcc0747b55125d9b8527/library/std/src/panicking.rs:573:43
[INFO] [stdout]   38:     0x64b8f3646392 - std[617be2ca0a6fd877]::panicking::catch_unwind::<(), core[a373ad73a504971]::panic::unwind_safe::AssertUnwindSafe<std[617be2ca0a6fd877]::thread::lifecycle::spawn_unchecked<test[aada8e7e76ba119b]::run_test::{closure#1}, ()>::{closure#1}::{closure#0}>>
[INFO] [stdout]                                at /rustc/e3feeb59cd1bdd011a2bfcc0747b55125d9b8527/library/std/src/panicking.rs:541:19
[INFO] [stdout]   39:     0x64b8f3646392 - std[617be2ca0a6fd877]::panic::catch_unwind::<core[a373ad73a504971]::panic::unwind_safe::AssertUnwindSafe<std[617be2ca0a6fd877]::thread::lifecycle::spawn_unchecked<test[aada8e7e76ba119b]::run_test::{closure#1}, ()>::{closure#1}::{closure#0}>, ()>
[INFO] [stdout]                                at /rustc/e3feeb59cd1bdd011a2bfcc0747b55125d9b8527/library/std/src/panic.rs:359:14
[INFO] [stdout]   40:     0x64b8f3646392 - std[617be2ca0a6fd877]::thread::lifecycle::spawn_unchecked::<test[aada8e7e76ba119b]::run_test::{closure#1}, ()>::{closure#1}
[INFO] [stdout]                                at /rustc/e3feeb59cd1bdd011a2bfcc0747b55125d9b8527/library/std/src/thread/lifecycle.rs:68:26
[INFO] [stdout]   41:     0x64b8f3646392 - <std[617be2ca0a6fd877]::thread::lifecycle::spawn_unchecked<test[aada8e7e76ba119b]::run_test::{closure#1}, ()>::{closure#1} as core[a373ad73a504971]::ops::function::FnOnce<()>>::call_once::{shim:vtable#0}
[INFO] [stdout]                                at /rustc/e3feeb59cd1bdd011a2bfcc0747b55125d9b8527/library/core/src/ops/function.rs:250:5
[INFO] [stdout]   42:     0x64b8f3b0fa3f - <alloc[2e1b2a31b91974c5]::boxed::Box<dyn core[a373ad73a504971]::ops::function::FnOnce<(), Output = ()> + core[a373ad73a504971]::marker::Send> as core[a373ad73a504971]::ops::function::FnOnce<()>>::call_once
[INFO] [stdout]                                at /rustc/e3feeb59cd1bdd011a2bfcc0747b55125d9b8527/library/alloc/src/boxed.rs:2314:9
[INFO] [stdout]   43:     0x64b8f3b0fa3f - <std[617be2ca0a6fd877]::sys::thread::unix::Thread>::new::thread_start
[INFO] [stdout]                                at /rustc/e3feeb59cd1bdd011a2bfcc0747b55125d9b8527/library/std/src/sys/thread/unix.rs:127:17
[INFO] [stdout]   44:     0x7e7d8389edfa - <unknown>
[INFO] [stdout]   45:     0x7e7d839323d4 - clone
[INFO] [stdout]   46:                0x0 - <unknown>
[INFO] [stdout] 
[INFO] [stdout] ---- api::deps_dev::tests::project_packages_response_parses_real_fixtures stdout ----
[INFO] [stdout] 
[INFO] [stdout] thread 'api::deps_dev::tests::project_packages_response_parses_real_fixtures' (7583) panicked at src/api/deps_dev.rs:694:57:
[INFO] [stdout] missing fixture /opt/rustwide/workdir/tests/fixtures/deps_dev/tokio-rs_tokio.json: No such file or directory (os error 2)
[INFO] [stdout] stack backtrace:
[INFO] [stdout]    0:     0x64b8f3b10de1 - std[617be2ca0a6fd877]::backtrace_rs::backtrace::libunwind::trace
[INFO] [stdout]                                at /rustc/e3feeb59cd1bdd011a2bfcc0747b55125d9b8527/library/std/src/../../backtrace/src/backtrace/libunwind.rs:117:9
[INFO] [stdout]    1:     0x64b8f3b10de1 - std[617be2ca0a6fd877]::backtrace_rs::backtrace::trace_unsynchronized::<std[617be2ca0a6fd877]::sys::backtrace::_print_fmt::{closure#1}>
[INFO] [stdout]                                at /rustc/e3feeb59cd1bdd011a2bfcc0747b55125d9b8527/library/std/src/../../backtrace/src/backtrace/mod.rs:66:14
[INFO] [stdout]    2:     0x64b8f3b10de1 - std[617be2ca0a6fd877]::sys::backtrace::_print_fmt
[INFO] [stdout]                                at /rustc/e3feeb59cd1bdd011a2bfcc0747b55125d9b8527/library/std/src/sys/backtrace.rs:74:9
[INFO] [stdout]    3:     0x64b8f3b10de1 - <<std[617be2ca0a6fd877]::sys::backtrace::BacktraceLock>::print::DisplayBacktrace as core[a373ad73a504971]::fmt::Display>::fmt
[INFO] [stdout]                                at /rustc/e3feeb59cd1bdd011a2bfcc0747b55125d9b8527/library/std/src/sys/backtrace.rs:44:26
[INFO] [stdout]    4:     0x64b8f3b2979a - <core[a373ad73a504971]::fmt::rt::Argument>::fmt
[INFO] [stdout]                                at /rustc/e3feeb59cd1bdd011a2bfcc0747b55125d9b8527/library/core/src/fmt/rt.rs:152:76
[INFO] [stdout]    5:     0x64b8f3b2979a - core[a373ad73a504971]::fmt::write
[INFO] [stdout]    6:     0x64b8f3b15f0c - core[a373ad73a504971]::io::write::default_write_fmt::<alloc[2e1b2a31b91974c5]::vec::Vec<u8>>
[INFO] [stdout]                                at /rustc/e3feeb59cd1bdd011a2bfcc0747b55125d9b8527/library/core/src/io/write.rs:402:11
[INFO] [stdout]    7:     0x64b8f3b15f0c - <alloc[2e1b2a31b91974c5]::vec::Vec<u8> as core[a373ad73a504971]::io::write::Write>::write_fmt
[INFO] [stdout]                                at /rustc/e3feeb59cd1bdd011a2bfcc0747b55125d9b8527/library/core/src/io/write.rs:335:13
[INFO] [stdout]    8:     0x64b8f3ae92b6 - <std[617be2ca0a6fd877]::sys::backtrace::BacktraceLock>::print
[INFO] [stdout]                                at /rustc/e3feeb59cd1bdd011a2bfcc0747b55125d9b8527/library/std/src/sys/backtrace.rs:47:9
[INFO] [stdout]    9:     0x64b8f3ae92b6 - std[617be2ca0a6fd877]::panicking::default_hook::{closure#0}
[INFO] [stdout]                                at /rustc/e3feeb59cd1bdd011a2bfcc0747b55125d9b8527/library/std/src/panicking.rs:289:27
[INFO] [stdout]   10:     0x64b8f3b076d9 - std[617be2ca0a6fd877]::panicking::default_hook
[INFO] [stdout]                                at /rustc/e3feeb59cd1bdd011a2bfcc0747b55125d9b8527/library/std/src/panicking.rs:313:9
[INFO] [stdout]   11:     0x64b8f3642ce0 - <alloc[2e1b2a31b91974c5]::boxed::Box<dyn for<'a, 'b> core[a373ad73a504971]::ops::function::Fn<(&'a std[617be2ca0a6fd877]::panic::PanicHookInfo<'b>,), Output = ()> + core[a373ad73a504971]::marker::Sync + core[a373ad73a504971]::marker::Send> as core[a373ad73a504971]::ops::function::Fn<(&std[617be2ca0a6fd877]::panic::PanicHookInfo,)>>::call
[INFO] [stdout]                                at /rustc/e3feeb59cd1bdd011a2bfcc0747b55125d9b8527/library/alloc/src/boxed.rs:2328:9
[INFO] [stdout]   12:     0x64b8f3642ce0 - test[aada8e7e76ba119b]::test_main_inner::{closure#0}
[INFO] [stdout]                                at /rustc/e3feeb59cd1bdd011a2bfcc0747b55125d9b8527/library/test/src/lib.rs:137:21
[INFO] [stdout]   13:     0x64b8f3b07a02 - <alloc[2e1b2a31b91974c5]::boxed::Box<dyn for<'a, 'b> core[a373ad73a504971]::ops::function::Fn<(&'a std[617be2ca0a6fd877]::panic::PanicHookInfo<'b>,), Output = ()> + core[a373ad73a504971]::marker::Sync + core[a373ad73a504971]::marker::Send> as core[a373ad73a504971]::ops::function::Fn<(&std[617be2ca0a6fd877]::panic::PanicHookInfo,)>>::call
[INFO] [stdout]                                at /rustc/e3feeb59cd1bdd011a2bfcc0747b55125d9b8527/library/alloc/src/boxed.rs:2328:9
[INFO] [stdout]   14:     0x64b8f3b07a02 - std[617be2ca0a6fd877]::panicking::panic_with_hook
[INFO] [stdout]                                at /rustc/e3feeb59cd1bdd011a2bfcc0747b55125d9b8527/library/std/src/panicking.rs:819:13
[INFO] [stdout]   15:     0x64b8f3ae9362 - std[617be2ca0a6fd877]::panicking::panic_handler::{closure#0}
[INFO] [stdout]                                at /rustc/e3feeb59cd1bdd011a2bfcc0747b55125d9b8527/library/std/src/panicking.rs:685:13
[INFO] [stdout]   16:     0x64b8f3ae1539 - std[617be2ca0a6fd877]::sys::backtrace::__rust_end_short_backtrace::<std[617be2ca0a6fd877]::panicking::panic_handler::{closure#0}, !>
[INFO] [stdout]                                at /rustc/e3feeb59cd1bdd011a2bfcc0747b55125d9b8527/library/std/src/sys/backtrace.rs:182:18
[INFO] [stdout]   17:     0x64b8f3aea54d - __rustc[ea4f61d10b84890b]::rust_begin_unwind
[INFO] [stdout]                                at /rustc/e3feeb59cd1bdd011a2bfcc0747b55125d9b8527/library/std/src/panicking.rs:676:5
[INFO] [stdout]   18:     0x64b8f3b29fac - core[a373ad73a504971]::panicking::panic_fmt
[INFO] [stdout]                                at /rustc/e3feeb59cd1bdd011a2bfcc0747b55125d9b8527/library/core/src/panicking.rs:80:14
[INFO] [stdout]   19:     0x64b8f3520f8a - repo_trust[dbedb585ab57cef4]::api::deps_dev::tests::project_packages_response_parses_real_fixtures::{closure#0}
[INFO] [stdout]                                at /opt/rustwide/workdir/src/api/deps_dev.rs:694:57
[INFO] [stdout]   20:     0x64b8f353436d - <core[a373ad73a504971]::result::Result<alloc[2e1b2a31b91974c5]::vec::Vec<u8>, core[a373ad73a504971]::io::error::Error>>::unwrap_or_else::<repo_trust[dbedb585ab57cef4]::api::deps_dev::tests::project_packages_response_parses_real_fixtures::{closure#0}>
[INFO] [stdout]                                at /rustc/e3feeb59cd1bdd011a2bfcc0747b55125d9b8527/library/core/src/result.rs:1619:23
[INFO] [stdout]   21:     0x64b8f353436d - repo_trust[dbedb585ab57cef4]::api::deps_dev::tests::project_packages_response_parses_real_fixtures
[INFO] [stdout]                                at /opt/rustwide/workdir/src/api/deps_dev.rs:694:38
[INFO] [stdout]   22:     0x64b8f353436d - repo_trust[dbedb585ab57cef4]::api::deps_dev::tests::project_packages_response_parses_real_fixtures::{closure#0}
[INFO] [stdout]                                at /opt/rustwide/workdir/src/api/deps_dev.rs:687:56
[INFO] [stdout]   23:     0x64b8f353436d - <repo_trust[dbedb585ab57cef4]::api::deps_dev::tests::project_packages_response_parses_real_fixtures::{closure#0} as core[a373ad73a504971]::ops::function::FnOnce<()>>::call_once
[INFO] [stdout]                                at /rustc/e3feeb59cd1bdd011a2bfcc0747b55125d9b8527/library/core/src/ops/function.rs:250:5
[INFO] [stdout]   24:     0x64b8f363612b - <fn() -> core[a373ad73a504971]::result::Result<(), alloc[2e1b2a31b91974c5]::string::String> as core[a373ad73a504971]::ops::function::FnOnce<()>>::call_once
[INFO] [stdout]                                at /rustc/e3feeb59cd1bdd011a2bfcc0747b55125d9b8527/library/core/src/ops/function.rs:250:5
[INFO] [stdout]   25:     0x64b8f363612b - test[aada8e7e76ba119b]::__rust_begin_short_backtrace::<core[a373ad73a504971]::result::Result<(), alloc[2e1b2a31b91974c5]::string::String>, fn() -> core[a373ad73a504971]::result::Result<(), alloc[2e1b2a31b91974c5]::string::String>>
[INFO] [stdout]                                at /rustc/e3feeb59cd1bdd011a2bfcc0747b55125d9b8527/library/test/src/lib.rs:701:18
[INFO] [stdout]   26:     0x64b8f3643305 - test[aada8e7e76ba119b]::run_test_in_process::{closure#0}
[INFO] [stdout]                                at /rustc/e3feeb59cd1bdd011a2bfcc0747b55125d9b8527/library/test/src/lib.rs:724:74
[INFO] [stdout]   27:     0x64b8f3643305 - <core[a373ad73a504971]::panic::unwind_safe::AssertUnwindSafe<test[aada8e7e76ba119b]::run_test_in_process::{closure#0}> as core[a373ad73a504971]::ops::function::FnOnce<()>>::call_once
[INFO] [stdout]                                at /rustc/e3feeb59cd1bdd011a2bfcc0747b55125d9b8527/library/core/src/panic/unwind_safe.rs:275:9
[INFO] [stdout]   28:     0x64b8f3643305 - std[617be2ca0a6fd877]::panicking::catch_unwind::do_call::<core[a373ad73a504971]::panic::unwind_safe::AssertUnwindSafe<test[aada8e7e76ba119b]::run_test_in_process::{closure#0}>, core[a373ad73a504971]::result::Result<(), alloc[2e1b2a31b91974c5]::string::String>>
[INFO] [stdout]                                at /rustc/e3feeb59cd1bdd011a2bfcc0747b55125d9b8527/library/std/src/panicking.rs:573:43
[INFO] [stdout]   29:     0x64b8f3643305 - std[617be2ca0a6fd877]::panicking::catch_unwind::<core[a373ad73a504971]::result::Result<(), alloc[2e1b2a31b91974c5]::string::String>, core[a373ad73a504971]::panic::unwind_safe::AssertUnwindSafe<test[aada8e7e76ba119b]::run_test_in_process::{closure#0}>>
[INFO] [stdout]                                at /rustc/e3feeb59cd1bdd011a2bfcc0747b55125d9b8527/library/std/src/panicking.rs:541:19
[INFO] [stdout]   30:     0x64b8f3643305 - std[617be2ca0a6fd877]::panic::catch_unwind::<core[a373ad73a504971]::panic::unwind_safe::AssertUnwindSafe<test[aada8e7e76ba119b]::run_test_in_process::{closure#0}>, core[a373ad73a504971]::result::Result<(), alloc[2e1b2a31b91974c5]::string::String>>
[INFO] [stdout]                                at /rustc/e3feeb59cd1bdd011a2bfcc0747b55125d9b8527/library/std/src/panic.rs:359:14
[INFO] [stdout]   31:     0x64b8f3643305 - test[aada8e7e76ba119b]::run_test_in_process
[INFO] [stdout]                                at /rustc/e3feeb59cd1bdd011a2bfcc0747b55125d9b8527/library/test/src/lib.rs:724:27
[INFO] [stdout]   32:     0x64b8f3643305 - test[aada8e7e76ba119b]::run_test::{closure#0}
[INFO] [stdout]                                at /rustc/e3feeb59cd1bdd011a2bfcc0747b55125d9b8527/library/test/src/lib.rs:645:43
[INFO] [stdout]   33:     0x64b8f363cbf4 - test[aada8e7e76ba119b]::run_test::{closure#1}
[INFO] [stdout]                                at /rustc/e3feeb59cd1bdd011a2bfcc0747b55125d9b8527/library/test/src/lib.rs:675:41
[INFO] [stdout]   34:     0x64b8f363cbf4 - std[617be2ca0a6fd877]::sys::backtrace::__rust_begin_short_backtrace::<test[aada8e7e76ba119b]::run_test::{closure#1}, ()>
[INFO] [stdout]                                at /rustc/e3feeb59cd1bdd011a2bfcc0747b55125d9b8527/library/std/src/sys/backtrace.rs:166:18
[INFO] [stdout]   35:     0x64b8f3646392 - std[617be2ca0a6fd877]::thread::lifecycle::spawn_unchecked::<test[aada8e7e76ba119b]::run_test::{closure#1}, ()>::{closure#1}::{closure#0}
[INFO] [stdout]                                at /rustc/e3feeb59cd1bdd011a2bfcc0747b55125d9b8527/library/std/src/thread/lifecycle.rs:70:13
[INFO] [stdout]   36:     0x64b8f3646392 - <core[a373ad73a504971]::panic::unwind_safe::AssertUnwindSafe<std[617be2ca0a6fd877]::thread::lifecycle::spawn_unchecked<test[aada8e7e76ba119b]::run_test::{closure#1}, ()>::{closure#1}::{closure#0}> as core[a373ad73a504971]::ops::function::FnOnce<()>>::call_once
[INFO] [stdout]                                at /rustc/e3feeb59cd1bdd011a2bfcc0747b55125d9b8527/library/core/src/panic/unwind_safe.rs:275:9
[INFO] [stdout]   37:     0x64b8f3646392 - std[617be2ca0a6fd877]::panicking::catch_unwind::do_call::<core[a373ad73a504971]::panic::unwind_safe::AssertUnwindSafe<std[617be2ca0a6fd877]::thread::lifecycle::spawn_unchecked<test[aada8e7e76ba119b]::run_test::{closure#1}, ()>::{closure#1}::{closure#0}>, ()>
[INFO] [stdout]                                at /rustc/e3feeb59cd1bdd011a2bfcc0747b55125d9b8527/library/std/src/panicking.rs:573:43
[INFO] [stdout]   38:     0x64b8f3646392 - std[617be2ca0a6fd877]::panicking::catch_unwind::<(), core[a373ad73a504971]::panic::unwind_safe::AssertUnwindSafe<std[617be2ca0a6fd877]::thread::lifecycle::spawn_unchecked<test[aada8e7e76ba119b]::run_test::{closure#1}, ()>::{closure#1}::{closure#0}>>
[INFO] [stdout]                                at /rustc/e3feeb59cd1bdd011a2bfcc0747b55125d9b8527/library/std/src/panicking.rs:541:19
[INFO] [stdout]   39:     0x64b8f3646392 - std[617be2ca0a6fd877]::panic::catch_unwind::<core[a373ad73a504971]::panic::unwind_safe::AssertUnwindSafe<std[617be2ca0a6fd877]::thread::lifecycle::spawn_unchecked<test[aada8e7e76ba119b]::run_test::{closure#1}, ()>::{closure#1}::{closure#0}>, ()>
[INFO] [stdout]                                at /rustc/e3feeb59cd1bdd011a2bfcc0747b55125d9b8527/library/std/src/panic.rs:359:14
[INFO] [stdout]   40:     0x64b8f3646392 - std[617be2ca0a6fd877]::thread::lifecycle::spawn_unchecked::<test[aada8e7e76ba119b]::run_test::{closure#1}, ()>::{closure#1}
[INFO] [stdout]                                at /rustc/e3feeb59cd1bdd011a2bfcc0747b55125d9b8527/library/std/src/thread/lifecycle.rs:68:26
[INFO] [stdout]   41:     0x64b8f3646392 - <std[617be2ca0a6fd877]::thread::lifecycle::spawn_unchecked<test[aada8e7e76ba119b]::run_test::{closure#1}, ()>::{closure#1} as core[a373ad73a504971]::ops::function::FnOnce<()>>::call_once::{shim:vtable#0}
[INFO] [stdout]                                at /rustc/e3feeb59cd1bdd011a2bfcc0747b55125d9b8527/library/core/src/ops/function.rs:250:5
[INFO] [stdout]   42:     0x64b8f3b0fa3f - <alloc[2e1b2a31b91974c5]::boxed::Box<dyn core[a373ad73a504971]::ops::function::FnOnce<(), Output = ()> + core[a373ad73a504971]::marker::Send> as core[a373ad73a504971]::ops::function::FnOnce<()>>::call_once
[INFO] [stdout]                                at /rustc/e3feeb59cd1bdd011a2bfcc0747b55125d9b8527/library/alloc/src/boxed.rs:2314:9
[INFO] [stdout]   43:     0x64b8f3b0fa3f - <std[617be2ca0a6fd877]::sys::thread::unix::Thread>::new::thread_start
[INFO] [stdout]                                at /rustc/e3feeb59cd1bdd011a2bfcc0747b55125d9b8527/library/std/src/sys/thread/unix.rs:127:17
[INFO] [stdout]   44:     0x7e7d8389edfa - <unknown>
[INFO] [stdout]   45:     0x7e7d839323d4 - clone
[INFO] [stdout]   46:                0x0 - <unknown>
[INFO] [stdout] 
[INFO] [stdout] ---- api::deps_dev::tests::first_party_filter_yields_expected_packages_on_real_fixtures stdout ----
[INFO] [stdout] 
[INFO] [stdout] thread 'api::deps_dev::tests::first_party_filter_yields_expected_packages_on_real_fixtures' (7577) panicked at src/api/deps_dev.rs:726:45:
[INFO] [stdout] called `Result::unwrap()` on an `Err` value: Os { code: 2, kind: NotFound, message: "No such file or directory" }
[INFO] [stdout] stack backtrace:
[INFO] [stdout]    0:     0x64b8f3b10de1 - std[617be2ca0a6fd877]::backtrace_rs::backtrace::libunwind::trace
[INFO] [stdout]                                at /rustc/e3feeb59cd1bdd011a2bfcc0747b55125d9b8527/library/std/src/../../backtrace/src/backtrace/libunwind.rs:117:9
[INFO] [stdout]    1:     0x64b8f3b10de1 - std[617be2ca0a6fd877]::backtrace_rs::backtrace::trace_unsynchronized::<std[617be2ca0a6fd877]::sys::backtrace::_print_fmt::{closure#1}>
[INFO] [stdout]                                at /rustc/e3feeb59cd1bdd011a2bfcc0747b55125d9b8527/library/std/src/../../backtrace/src/backtrace/mod.rs:66:14
[INFO] [stdout]    2:     0x64b8f3b10de1 - std[617be2ca0a6fd877]::sys::backtrace::_print_fmt
[INFO] [stdout]                                at /rustc/e3feeb59cd1bdd011a2bfcc0747b55125d9b8527/library/std/src/sys/backtrace.rs:74:9
[INFO] [stdout]    3:     0x64b8f3b10de1 - <<std[617be2ca0a6fd877]::sys::backtrace::BacktraceLock>::print::DisplayBacktrace as core[a373ad73a504971]::fmt::Display>::fmt
[INFO] [stdout]                                at /rustc/e3feeb59cd1bdd011a2bfcc0747b55125d9b8527/library/std/src/sys/backtrace.rs:44:26
[INFO] [stdout]    4:     0x64b8f3b2979a - <core[a373ad73a504971]::fmt::rt::Argument>::fmt
[INFO] [stdout]                                at /rustc/e3feeb59cd1bdd011a2bfcc0747b55125d9b8527/library/core/src/fmt/rt.rs:152:76
[INFO] [stdout]    5:     0x64b8f3b2979a - core[a373ad73a504971]::fmt::write
[INFO] [stdout]    6:     0x64b8f3b15f0c - core[a373ad73a504971]::io::write::default_write_fmt::<alloc[2e1b2a31b91974c5]::vec::Vec<u8>>
[INFO] [stdout]                                at /rustc/e3feeb59cd1bdd011a2bfcc0747b55125d9b8527/library/core/src/io/write.rs:402:11
[INFO] [stdout]    7:     0x64b8f3b15f0c - <alloc[2e1b2a31b91974c5]::vec::Vec<u8> as core[a373ad73a504971]::io::write::Write>::write_fmt
[INFO] [stdout]                                at /rustc/e3feeb59cd1bdd011a2bfcc0747b55125d9b8527/library/core/src/io/write.rs:335:13
[INFO] [stdout]    8:     0x64b8f3ae92b6 - <std[617be2ca0a6fd877]::sys::backtrace::BacktraceLock>::print
[INFO] [stdout]                                at /rustc/e3feeb59cd1bdd011a2bfcc0747b55125d9b8527/library/std/src/sys/backtrace.rs:47:9
[INFO] [stdout]    9:     0x64b8f3ae92b6 - std[617be2ca0a6fd877]::panicking::default_hook::{closure#0}
[INFO] [stdout]                                at /rustc/e3feeb59cd1bdd011a2bfcc0747b55125d9b8527/library/std/src/panicking.rs:289:27
[INFO] [stdout]   10:     0x64b8f3b076d9 - std[617be2ca0a6fd877]::panicking::default_hook
[INFO] [stdout]                                at /rustc/e3feeb59cd1bdd011a2bfcc0747b55125d9b8527/library/std/src/panicking.rs:313:9
[INFO] [stdout]   11:     0x64b8f3642ce0 - <alloc[2e1b2a31b91974c5]::boxed::Box<dyn for<'a, 'b> core[a373ad73a504971]::ops::function::Fn<(&'a std[617be2ca0a6fd877]::panic::PanicHookInfo<'b>,), Output = ()> + core[a373ad73a504971]::marker::Sync + core[a373ad73a504971]::marker::Send> as core[a373ad73a504971]::ops::function::Fn<(&std[617be2ca0a6fd877]::panic::PanicHookInfo,)>>::call
[INFO] [stdout]                                at /rustc/e3feeb59cd1bdd011a2bfcc0747b55125d9b8527/library/alloc/src/boxed.rs:2328:9
[INFO] [stdout]   12:     0x64b8f3642ce0 - test[aada8e7e76ba119b]::test_main_inner::{closure#0}
[INFO] [stdout]                                at /rustc/e3feeb59cd1bdd011a2bfcc0747b55125d9b8527/library/test/src/lib.rs:137:21
[INFO] [stdout]   13:     0x64b8f3b07a02 - <alloc[2e1b2a31b91974c5]::boxed::Box<dyn for<'a, 'b> core[a373ad73a504971]::ops::function::Fn<(&'a std[617be2ca0a6fd877]::panic::PanicHookInfo<'b>,), Output = ()> + core[a373ad73a504971]::marker::Sync + core[a373ad73a504971]::marker::Send> as core[a373ad73a504971]::ops::function::Fn<(&std[617be2ca0a6fd877]::panic::PanicHookInfo,)>>::call
[INFO] [stdout]                                at /rustc/e3feeb59cd1bdd011a2bfcc0747b55125d9b8527/library/alloc/src/boxed.rs:2328:9
[INFO] [stdout]   14:     0x64b8f3b07a02 - std[617be2ca0a6fd877]::panicking::panic_with_hook
[INFO] [stdout]                                at /rustc/e3feeb59cd1bdd011a2bfcc0747b55125d9b8527/library/std/src/panicking.rs:819:13
[INFO] [stdout]   15:     0x64b8f3ae9362 - std[617be2ca0a6fd877]::panicking::panic_handler::{closure#0}
[INFO] [stdout]                                at /rustc/e3feeb59cd1bdd011a2bfcc0747b55125d9b8527/library/std/src/panicking.rs:685:13
[INFO] [stdout]   16:     0x64b8f3ae1539 - std[617be2ca0a6fd877]::sys::backtrace::__rust_end_short_backtrace::<std[617be2ca0a6fd877]::panicking::panic_handler::{closure#0}, !>
[INFO] [stdout]                                at /rustc/e3feeb59cd1bdd011a2bfcc0747b55125d9b8527/library/std/src/sys/backtrace.rs:182:18
[INFO] [stdout]   17:     0x64b8f3aea54d - __rustc[ea4f61d10b84890b]::rust_begin_unwind
[INFO] [stdout]                                at /rustc/e3feeb59cd1bdd011a2bfcc0747b55125d9b8527/library/std/src/panicking.rs:676:5
[INFO] [stdout]   18:     0x64b8f3b29fac - core[a373ad73a504971]::panicking::panic_fmt
[INFO] [stdout]                                at /rustc/e3feeb59cd1bdd011a2bfcc0747b55125d9b8527/library/core/src/panicking.rs:80:14
[INFO] [stdout]   19:     0x64b8f3b29cd2 - core[a373ad73a504971]::result::unwrap_failed
[INFO] [stdout]                                at /rustc/e3feeb59cd1bdd011a2bfcc0747b55125d9b8527/library/core/src/result.rs:1870:5
[INFO] [stdout]   20:     0x64b8f353514b - <core[a373ad73a504971]::result::Result<alloc[2e1b2a31b91974c5]::vec::Vec<u8>, core[a373ad73a504971]::io::error::Error>>::unwrap
[INFO] [stdout]                                at /rustc/e3feeb59cd1bdd011a2bfcc0747b55125d9b8527/library/core/src/result.rs:1232:23
[INFO] [stdout]   21:     0x64b8f353514b - repo_trust[dbedb585ab57cef4]::api::deps_dev::tests::first_party_filter_yields_expected_packages_on_real_fixtures
[INFO] [stdout]                                at /opt/rustwide/workdir/src/api/deps_dev.rs:726:45
[INFO] [stdout]   22:     0x64b8f353514b - repo_trust[dbedb585ab57cef4]::api::deps_dev::tests::first_party_filter_yields_expected_packages_on_real_fixtures::{closure#0}
[INFO] [stdout]                                at /opt/rustwide/workdir/src/api/deps_dev.rs:716:70
[INFO] [stdout]   23:     0x64b8f353514b - <repo_trust[dbedb585ab57cef4]::api::deps_dev::tests::first_party_filter_yields_expected_packages_on_real_fixtures::{closure#0} as core[a373ad73a504971]::ops::function::FnOnce<()>>::call_once
[INFO] [stdout]                                at /rustc/e3feeb59cd1bdd011a2bfcc0747b55125d9b8527/library/core/src/ops/function.rs:250:5
[INFO] [stdout]   24:     0x64b8f363612b - <fn() -> core[a373ad73a504971]::result::Result<(), alloc[2e1b2a31b91974c5]::string::String> as core[a373ad73a504971]::ops::function::FnOnce<()>>::call_once
[INFO] [stdout]                                at /rustc/e3feeb59cd1bdd011a2bfcc0747b55125d9b8527/library/core/src/ops/function.rs:250:5
[INFO] [stdout]   25:     0x64b8f363612b - test[aada8e7e76ba119b]::__rust_begin_short_backtrace::<core[a373ad73a504971]::result::Result<(), alloc[2e1b2a31b91974c5]::string::String>, fn() -> core[a373ad73a504971]::result::Result<(), alloc[2e1b2a31b91974c5]::string::String>>
[INFO] [stdout]                                at /rustc/e3feeb59cd1bdd011a2bfcc0747b55125d9b8527/library/test/src/lib.rs:701:18
[INFO] [stdout]   26:     0x64b8f3643305 - test[aada8e7e76ba119b]::run_test_in_process::{closure#0}
[INFO] [stdout]                                at /rustc/e3feeb59cd1bdd011a2bfcc0747b55125d9b8527/library/test/src/lib.rs:724:74
[INFO] [stdout]   27:     0x64b8f3643305 - <core[a373ad73a504971]::panic::unwind_safe::AssertUnwindSafe<test[aada8e7e76ba119b]::run_test_in_process::{closure#0}> as core[a373ad73a504971]::ops::function::FnOnce<()>>::call_once
[INFO] [stdout]                                at /rustc/e3feeb59cd1bdd011a2bfcc0747b55125d9b8527/library/core/src/panic/unwind_safe.rs:275:9
[INFO] [stdout]   28:     0x64b8f3643305 - std[617be2ca0a6fd877]::panicking::catch_unwind::do_call::<core[a373ad73a504971]::panic::unwind_safe::AssertUnwindSafe<test[aada8e7e76ba119b]::run_test_in_process::{closure#0}>, core[a373ad73a504971]::result::Result<(), alloc[2e1b2a31b91974c5]::string::String>>
[INFO] [stdout]                                at /rustc/e3feeb59cd1bdd011a2bfcc0747b55125d9b8527/library/std/src/panicking.rs:573:43
[INFO] [stdout]   29:     0x64b8f3643305 - std[617be2ca0a6fd877]::panicking::catch_unwind::<core[a373ad73a504971]::result::Result<(), alloc[2e1b2a31b91974c5]::string::String>, core[a373ad73a504971]::panic::unwind_safe::AssertUnwindSafe<test[aada8e7e76ba119b]::run_test_in_process::{closure#0}>>
[INFO] [stdout]                                at /rustc/e3feeb59cd1bdd011a2bfcc0747b55125d9b8527/library/std/src/panicking.rs:541:19
[INFO] [stdout]   30:     0x64b8f3643305 - std[617be2ca0a6fd877]::panic::catch_unwind::<core[a373ad73a504971]::panic::unwind_safe::AssertUnwindSafe<test[aada8e7e76ba119b]::run_test_in_process::{closure#0}>, core[a373ad73a504971]::result::Result<(), alloc[2e1b2a31b91974c5]::string::String>>
[INFO] [stdout]                                at /rustc/e3feeb59cd1bdd011a2bfcc0747b55125d9b8527/library/std/src/panic.rs:359:14
[INFO] [stdout]   31:     0x64b8f3643305 - test[aada8e7e76ba119b]::run_test_in_process
[INFO] [stdout]                                at /rustc/e3feeb59cd1bdd011a2bfcc0747b55125d9b8527/library/test/src/lib.rs:724:27
[INFO] [stdout]   32:     0x64b8f3643305 - test[aada8e7e76ba119b]::run_test::{closure#0}
[INFO] [stdout]                                at /rustc/e3feeb59cd1bdd011a2bfcc0747b55125d9b8527/library/test/src/lib.rs:645:43
[INFO] [stdout]   33:     0x64b8f363cbf4 - test[aada8e7e76ba119b]::run_test::{closure#1}
[INFO] [stdout]                                at /rustc/e3feeb59cd1bdd011a2bfcc0747b55125d9b8527/library/test/src/lib.rs:675:41
[INFO] [stdout]   34:     0x64b8f363cbf4 - std[617be2ca0a6fd877]::sys::backtrace::__rust_begin_short_backtrace::<test[aada8e7e76ba119b]::run_test::{closure#1}, ()>
[INFO] [stdout]                                at /rustc/e3feeb59cd1bdd011a2bfcc0747b55125d9b8527/library/std/src/sys/backtrace.rs:166:18
[INFO] [stdout]   35:     0x64b8f3646392 - std[617be2ca0a6fd877]::thread::lifecycle::spawn_unchecked::<test[aada8e7e76ba119b]::run_test::{closure#1}, ()>::{closure#1}::{closure#0}
[INFO] [stdout]                                at /rustc/e3feeb59cd1bdd011a2bfcc0747b55125d9b8527/library/std/src/thread/lifecycle.rs:70:13
[INFO] [stdout]   36:     0x64b8f3646392 - <core[a373ad73a504971]::panic::unwind_safe::AssertUnwindSafe<std[617be2ca0a6fd877]::thread::lifecycle::spawn_unchecked<test[aada8e7e76ba119b]::run_test::{closure#1}, ()>::{closure#1}::{closure#0}> as core[a373ad73a504971]::ops::function::FnOnce<()>>::call_once
[INFO] [stdout]                                at /rustc/e3feeb59cd1bdd011a2bfcc0747b55125d9b8527/library/core/src/panic/unwind_safe.rs:275:9
[INFO] [stdout]   37:     0x64b8f3646392 - std[617be2ca0a6fd877]::panicking::catch_unwind::do_call::<core[a373ad73a504971]::panic::unwind_safe::AssertUnwindSafe<std[617be2ca0a6fd877]::thread::lifecycle::spawn_unchecked<test[aada8e7e76ba119b]::run_test::{closure#1}, ()>::{closure#1}::{closure#0}>, ()>
[INFO] [stdout]                                at /rustc/e3feeb59cd1bdd011a2bfcc0747b55125d9b8527/library/std/src/panicking.rs:573:43
[INFO] [stdout]   38:     0x64b8f3646392 - std[617be2ca0a6fd877]::panicking::catch_unwind::<(), core[a373ad73a504971]::panic::unwind_safe::AssertUnwindSafe<std[617be2ca0a6fd877]::thread::lifecycle::spawn_unchecked<test[aada8e7e76ba119b]::run_test::{closure#1}, ()>::{closure#1}::{closure#0}>>
[INFO] [stdout]                                at /rustc/e3feeb59cd1bdd011a2bfcc0747b55125d9b8527/library/std/src/panicking.rs:541:19
[INFO] [stdout]   39:     0x64b8f3646392 - std[617be2ca0a6fd877]::panic::catch_unwind::<core[a373ad73a504971]::panic::unwind_safe::AssertUnwindSafe<std[617be2ca0a6fd877]::thread::lifecycle::spawn_unchecked<test[aada8e7e76ba119b]::run_test::{closure#1}, ()>::{closure#1}::{closure#0}>, ()>
[INFO] [stdout]                                at /rustc/e3feeb59cd1bdd011a2bfcc0747b55125d9b8527/library/std/src/panic.rs:359:14
[INFO] [stdout]   40:     0x64b8f3646392 - std[617be2ca0a6fd877]::thread::lifecycle::spawn_unchecked::<test[aada8e7e76ba119b]::run_test::{closure#1}, ()>::{closure#1}
[INFO] [stdout]                                at /rustc/e3feeb59cd1bdd011a2bfcc0747b55125d9b8527/library/std/src/thread/lifecycle.rs:68:26
[INFO] [stdout]   41:     0x64b8f3646392 - <std[617be2ca0a6fd877]::thread::lifecycle::spawn_unchecked<test[aada8e7e76ba119b]::run_test::{closure#1}, ()>::{closure#1} as core[a373ad73a504971]::ops::function::FnOnce<()>>::call_once::{shim:vtable#0}
[INFO] [stdout]                                at /rustc/e3feeb59cd1bdd011a2bfcc0747b55125d9b8527/library/core/src/ops/function.rs:250:5
[INFO] [stdout]   42:     0x64b8f3b0fa3f - <alloc[2e1b2a31b91974c5]::boxed::Box<dyn core[a373ad73a504971]::ops::function::FnOnce<(), Output = ()> + core[a373ad73a504971]::marker::Send> as core[a373ad73a504971]::ops::function::FnOnce<()>>::call_once
[INFO] [stdout]                                at /rustc/e3feeb59cd1bdd011a2bfcc0747b55125d9b8527/library/alloc/src/boxed.rs:2314:9
[INFO] [stdout]   43:     0x64b8f3b0fa3f - <std[617be2ca0a6fd877]::sys::thread::unix::Thread>::new::thread_start
[INFO] [stdout]                                at /rustc/e3feeb59cd1bdd011a2bfcc0747b55125d9b8527/library/std/src/sys/thread/unix.rs:127:17
[INFO] [stdout]   44:     0x7e7d8389edfa - <unknown>
[INFO] [stdout]   45:     0x7e7d839323d4 - clone
[INFO] [stdout]   46:                0x0 - <unknown>
[INFO] [stdout] 
[INFO] [stdout] ---- api::scorecard::date_parsing_tests::real_world_fixtures_round_trip stdout ----
[INFO] [stdout] 
[INFO] [stdout] thread 'api::scorecard::date_parsing_tests::real_world_fixtures_round_trip' (7592) panicked at src/api/scorecard.rs:367:56:
[INFO] [stdout] missing fixture /opt/rustwide/workdir/tests/fixtures/scorecard/clap-rs_clap.json: No such file or directory (os error 2)
[INFO] [stdout] stack backtrace:
[INFO] [stdout]    0:     0x64b8f3b10de1 - std[617be2ca0a6fd877]::backtrace_rs::backtrace::libunwind::trace
[INFO] [stdout]                                at /rustc/e3feeb59cd1bdd011a2bfcc0747b55125d9b8527/library/std/src/../../backtrace/src/backtrace/libunwind.rs:117:9
[INFO] [stdout]    1:     0x64b8f3b10de1 - std[617be2ca0a6fd877]::backtrace_rs::backtrace::trace_unsynchronized::<std[617be2ca0a6fd877]::sys::backtrace::_print_fmt::{closure#1}>
[INFO] [stdout]                                at /rustc/e3feeb59cd1bdd011a2bfcc0747b55125d9b8527/library/std/src/../../backtrace/src/backtrace/mod.rs:66:14
[INFO] [stdout]    2:     0x64b8f3b10de1 - std[617be2ca0a6fd877]::sys::backtrace::_print_fmt
[INFO] [stdout]                                at /rustc/e3feeb59cd1bdd011a2bfcc0747b55125d9b8527/library/std/src/sys/backtrace.rs:74:9
[INFO] [stdout]    3:     0x64b8f3b10de1 - <<std[617be2ca0a6fd877]::sys::backtrace::BacktraceLock>::print::DisplayBacktrace as core[a373ad73a504971]::fmt::Display>::fmt
[INFO] [stdout]                                at /rustc/e3feeb59cd1bdd011a2bfcc0747b55125d9b8527/library/std/src/sys/backtrace.rs:44:26
[INFO] [stdout]    4:     0x64b8f3b2979a - <core[a373ad73a504971]::fmt::rt::Argument>::fmt
[INFO] [stdout]                                at /rustc/e3feeb59cd1bdd011a2bfcc0747b55125d9b8527/library/core/src/fmt/rt.rs:152:76
[INFO] [stdout]    5:     0x64b8f3b2979a - core[a373ad73a504971]::fmt::write
[INFO] [stdout]    6:     0x64b8f3b15f0c - core[a373ad73a504971]::io::write::default_write_fmt::<alloc[2e1b2a31b91974c5]::vec::Vec<u8>>
[INFO] [stdout]                                at /rustc/e3feeb59cd1bdd011a2bfcc0747b55125d9b8527/library/core/src/io/write.rs:402:11
[INFO] [stdout]    7:     0x64b8f3b15f0c - <alloc[2e1b2a31b91974c5]::vec::Vec<u8> as core[a373ad73a504971]::io::write::Write>::write_fmt
[INFO] [stdout]                                at /rustc/e3feeb59cd1bdd011a2bfcc0747b55125d9b8527/library/core/src/io/write.rs:335:13
[INFO] [stdout]    8:     0x64b8f3ae92b6 - <std[617be2ca0a6fd877]::sys::backtrace::BacktraceLock>::print
[INFO] [stdout]                                at /rustc/e3feeb59cd1bdd011a2bfcc0747b55125d9b8527/library/std/src/sys/backtrace.rs:47:9
[INFO] [stdout]    9:     0x64b8f3ae92b6 - std[617be2ca0a6fd877]::panicking::default_hook::{closure#0}
[INFO] [stdout]                                at /rustc/e3feeb59cd1bdd011a2bfcc0747b55125d9b8527/library/std/src/panicking.rs:289:27
[INFO] [stdout]   10:     0x64b8f3b076d9 - std[617be2ca0a6fd877]::panicking::default_hook
[INFO] [stdout]                                at /rustc/e3feeb59cd1bdd011a2bfcc0747b55125d9b8527/library/std/src/panicking.rs:313:9
[INFO] [stdout]   11:     0x64b8f3642ce0 - <alloc[2e1b2a31b91974c5]::boxed::Box<dyn for<'a, 'b> core[a373ad73a504971]::ops::function::Fn<(&'a std[617be2ca0a6fd877]::panic::PanicHookInfo<'b>,), Output = ()> + core[a373ad73a504971]::marker::Sync + core[a373ad73a504971]::marker::Send> as core[a373ad73a504971]::ops::function::Fn<(&std[617be2ca0a6fd877]::panic::PanicHookInfo,)>>::call
[INFO] [stdout]                                at /rustc/e3feeb59cd1bdd011a2bfcc0747b55125d9b8527/library/alloc/src/boxed.rs:2328:9
[INFO] [stdout]   12:     0x64b8f3642ce0 - test[aada8e7e76ba119b]::test_main_inner::{closure#0}
[INFO] [stdout]                                at /rustc/e3feeb59cd1bdd011a2bfcc0747b55125d9b8527/library/test/src/lib.rs:137:21
[INFO] [stdout]   13:     0x64b8f3b07a02 - <alloc[2e1b2a31b91974c5]::boxed::Box<dyn for<'a, 'b> core[a373ad73a504971]::ops::function::Fn<(&'a std[617be2ca0a6fd877]::panic::PanicHookInfo<'b>,), Output = ()> + core[a373ad73a504971]::marker::Sync + core[a373ad73a504971]::marker::Send> as core[a373ad73a504971]::ops::function::Fn<(&std[617be2ca0a6fd877]::panic::PanicHookInfo,)>>::call
[INFO] [stdout]                                at /rustc/e3feeb59cd1bdd011a2bfcc0747b55125d9b8527/library/alloc/src/boxed.rs:2328:9
[INFO] [stdout]   14:     0x64b8f3b07a02 - std[617be2ca0a6fd877]::panicking::panic_with_hook
[INFO] [stdout]                                at /rustc/e3feeb59cd1bdd011a2bfcc0747b55125d9b8527/library/std/src/panicking.rs:819:13
[INFO] [stdout]   15:     0x64b8f3ae9362 - std[617be2ca0a6fd877]::panicking::panic_handler::{closure#0}
[INFO] [stdout]                                at /rustc/e3feeb59cd1bdd011a2bfcc0747b55125d9b8527/library/std/src/panicking.rs:685:13
[INFO] [stdout]   16:     0x64b8f3ae1539 - std[617be2ca0a6fd877]::sys::backtrace::__rust_end_short_backtrace::<std[617be2ca0a6fd877]::panicking::panic_handler::{closure#0}, !>
[INFO] [stdout]                                at /rustc/e3feeb59cd1bdd011a2bfcc0747b55125d9b8527/library/std/src/sys/backtrace.rs:182:18
[INFO] [stdout]   17:     0x64b8f3aea54d - __rustc[ea4f61d10b84890b]::rust_begin_unwind
[INFO] [stdout]                                at /rustc/e3feeb59cd1bdd011a2bfcc0747b55125d9b8527/library/std/src/panicking.rs:676:5
[INFO] [stdout]   18:     0x64b8f3b29fac - core[a373ad73a504971]::panicking::panic_fmt
[INFO] [stdout]                                at /rustc/e3feeb59cd1bdd011a2bfcc0747b55125d9b8527/library/core/src/panicking.rs:80:14
[INFO] [stdout]   19:     0x64b8f35210da - repo_trust[dbedb585ab57cef4]::api::scorecard::date_parsing_tests::real_world_fixtures_round_trip::{closure#0}
[INFO] [stdout]                                at /opt/rustwide/workdir/src/api/scorecard.rs:367:56
[INFO] [stdout]   20:     0x64b8f3535d6a - <core[a373ad73a504971]::result::Result<alloc[2e1b2a31b91974c5]::vec::Vec<u8>, core[a373ad73a504971]::io::error::Error>>::unwrap_or_else::<repo_trust[dbedb585ab57cef4]::api::scorecard::date_parsing_tests::real_world_fixtures_round_trip::{closure#0}>
[INFO] [stdout]                                at /rustc/e3feeb59cd1bdd011a2bfcc0747b55125d9b8527/library/core/src/result.rs:1619:23
[INFO] [stdout]   21:     0x64b8f3535d6a - repo_trust[dbedb585ab57cef4]::api::scorecard::date_parsing_tests::real_world_fixtures_round_trip
[INFO] [stdout]                                at /opt/rustwide/workdir/src/api/scorecard.rs:367:37
[INFO] [stdout]   22:     0x64b8f3535d6a - repo_trust[dbedb585ab57cef4]::api::scorecard::date_parsing_tests::real_world_fixtures_round_trip::{closure#0}
[INFO] [stdout]                                at /opt/rustwide/workdir/src/api/scorecard.rs:364:40
[INFO] [stdout]   23:     0x64b8f3535d6a - <repo_trust[dbedb585ab57cef4]::api::scorecard::date_parsing_tests::real_world_fixtures_round_trip::{closure#0} as core[a373ad73a504971]::ops::function::FnOnce<()>>::call_once
[INFO] [stdout]                                at /rustc/e3feeb59cd1bdd011a2bfcc0747b55125d9b8527/library/core/src/ops/function.rs:250:5
[INFO] [stdout]   24:     0x64b8f363612b - <fn() -> core[a373ad73a504971]::result::Result<(), alloc[2e1b2a31b91974c5]::string::String> as core[a373ad73a504971]::ops::function::FnOnce<()>>::call_once
[INFO] [stdout]                                at /rustc/e3feeb59cd1bdd011a2bfcc0747b55125d9b8527/library/core/src/ops/function.rs:250:5
[INFO] [stdout]   25:     0x64b8f363612b - test[aada8e7e76ba119b]::__rust_begin_short_backtrace::<core[a373ad73a504971]::result::Result<(), alloc[2e1b2a31b91974c5]::string::String>, fn() -> core[a373ad73a504971]::result::Result<(), alloc[2e1b2a31b91974c5]::string::String>>
[INFO] [stdout]                                at /rustc/e3feeb59cd1bdd011a2bfcc0747b55125d9b8527/library/test/src/lib.rs:701:18
[INFO] [stdout]   26:     0x64b8f3643305 - test[aada8e7e76ba119b]::run_test_in_process::{closure#0}
[INFO] [stdout]                                at /rustc/e3feeb59cd1bdd011a2bfcc0747b55125d9b8527/library/test/src/lib.rs:724:74
[INFO] [stdout]   27:     0x64b8f3643305 - <core[a373ad73a504971]::panic::unwind_safe::AssertUnwindSafe<test[aada8e7e76ba119b]::run_test_in_process::{closure#0}> as core[a373ad73a504971]::ops::function::FnOnce<()>>::call_once
[INFO] [stdout]                                at /rustc/e3feeb59cd1bdd011a2bfcc0747b55125d9b8527/library/core/src/panic/unwind_safe.rs:275:9
[INFO] [stdout]   28:     0x64b8f3643305 - std[617be2ca0a6fd877]::panicking::catch_unwind::do_call::<core[a373ad73a504971]::panic::unwind_safe::AssertUnwindSafe<test[aada8e7e76ba119b]::run_test_in_process::{closure#0}>, core[a373ad73a504971]::result::Result<(), alloc[2e1b2a31b91974c5]::string::String>>
[INFO] [stdout]                                at /rustc/e3feeb59cd1bdd011a2bfcc0747b55125d9b8527/library/std/src/panicking.rs:573:43
[INFO] [stdout]   29:     0x64b8f3643305 - std[617be2ca0a6fd877]::panicking::catch_unwind::<core[a373ad73a504971]::result::Result<(), alloc[2e1b2a31b91974c5]::string::String>, core[a373ad73a504971]::panic::unwind_safe::AssertUnwindSafe<test[aada8e7e76ba119b]::run_test_in_process::{closure#0}>>
[INFO] [stdout]                                at /rustc/e3feeb59cd1bdd011a2bfcc0747b55125d9b8527/library/std/src/panicking.rs:541:19
[INFO] [stdout]   30:     0x64b8f3643305 - std[617be2ca0a6fd877]::panic::catch_unwind::<core[a373ad73a504971]::panic::unwind_safe::AssertUnwindSafe<test[aada8e7e76ba119b]::run_test_in_process::{closure#0}>, core[a373ad73a504971]::result::Result<(), alloc[2e1b2a31b91974c5]::string::String>>
[INFO] [stdout]                                at /rustc/e3feeb59cd1bdd011a2bfcc0747b55125d9b8527/library/std/src/panic.rs:359:14
[INFO] [stdout]   31:     0x64b8f3643305 - test[aada8e7e76ba119b]::run_test_in_process
[INFO] [stdout]                                at /rustc/e3feeb59cd1bdd011a2bfcc0747b55125d9b8527/library/test/src/lib.rs:724:27
[INFO] [stdout]   32:     0x64b8f3643305 - test[aada8e7e76ba119b]::run_test::{closure#0}
[INFO] [stdout]                                at /rustc/e3feeb59cd1bdd011a2bfcc0747b55125d9b8527/library/test/src/lib.rs:645:43
[INFO] [stdout]   33:     0x64b8f363cbf4 - test[aada8e7e76ba119b]::run_test::{closure#1}
[INFO] [stdout]                                at /rustc/e3feeb59cd1bdd011a2bfcc0747b55125d9b8527/library/test/src/lib.rs:675:41
[INFO] [stdout]   34:     0x64b8f363cbf4 - std[617be2ca0a6fd877]::sys::backtrace::__rust_begin_short_backtrace::<test[aada8e7e76ba119b]::run_test::{closure#1}, ()>
[INFO] [stdout]                                at /rustc/e3feeb59cd1bdd011a2bfcc0747b55125d9b8527/library/std/src/sys/backtrace.rs:166:18
[INFO] [stdout]   35:     0x64b8f3646392 - std[617be2ca0a6fd877]::thread::lifecycle::spawn_unchecked::<test[aada8e7e76ba119b]::run_test::{closure#1}, ()>::{closure#1}::{closure#0}
[INFO] [stdout]                                at /rustc/e3feeb59cd1bdd011a2bfcc0747b55125d9b8527/library/std/src/thread/lifecycle.rs:70:13
[INFO] [stdout]   36:     0x64b8f3646392 - <core[a373ad73a504971]::panic::unwind_safe::AssertUnwindSafe<std[617be2ca0a6fd877]::thread::lifecycle::spawn_unchecked<test[aada8e7e76ba119b]::run_test::{closure#1}, ()>::{closure#1}::{closure#0}> as core[a373ad73a504971]::ops::function::FnOnce<()>>::call_once
[INFO] [stdout]                                at /rustc/e3feeb59cd1bdd011a2bfcc0747b55125d9b8527/library/core/src/panic/unwind_safe.rs:275:9
[INFO] [stdout]   37:     0x64b8f3646392 - std[617be2ca0a6fd877]::panicking::catch_unwind::do_call::<core[a373ad73a504971]::panic::unwind_safe::AssertUnwindSafe<std[617be2ca0a6fd877]::thread::lifecycle::spawn_unchecked<test[aada8e7e76ba119b]::run_test::{closure#1}, ()>::{closure#1}::{closure#0}>, ()>
[INFO] [stdout]                                at /rustc/e3feeb59cd1bdd011a2bfcc0747b55125d9b8527/library/std/src/panicking.rs:573:43
[INFO] [stdout]   38:     0x64b8f3646392 - std[617be2ca0a6fd877]::panicking::catch_unwind::<(), core[a373ad73a504971]::panic::unwind_safe::AssertUnwindSafe<std[617be2ca0a6fd877]::thread::lifecycle::spawn_unchecked<test[aada8e7e76ba119b]::run_test::{closure#1}, ()>::{closure#1}::{closure#0}>>
[INFO] [stdout]                                at /rustc/e3feeb59cd1bdd011a2bfcc0747b55125d9b8527/library/std/src/panicking.rs:541:19
[INFO] [stdout]   39:     0x64b8f3646392 - std[617be2ca0a6fd877]::panic::catch_unwind::<core[a373ad73a504971]::panic::unwind_safe::AssertUnwindSafe<std[617be2ca0a6fd877]::thread::lifecycle::spawn_unchecked<test[aada8e7e76ba119b]::run_test::{closure#1}, ()>::{closure#1}::{closure#0}>, ()>
[INFO] [stdout]                                at /rustc/e3feeb59cd1bdd011a2bfcc0747b55125d9b8527/library/std/src/panic.rs:359:14
[INFO] [stdout]   40:     0x64b8f3646392 - std[617be2ca0a6fd877]::thread::lifecycle::spawn_unchecked::<test[aada8e7e76ba119b]::run_test::{closure#1}, ()>::{closure#1}
[INFO] [stdout]                                at /rustc/e3feeb59cd1bdd011a2bfcc0747b55125d9b8527/library/std/src/thread/lifecycle.rs:68:26
[INFO] [stdout]   41:     0x64b8f3646392 - <std[617be2ca0a6fd877]::thread::lifecycle::spawn_unchecked<test[aada8e7e76ba119b]::run_test::{closure#1}, ()>::{closure#1} as core[a373ad73a504971]::ops::function::FnOnce<()>>::call_once::{shim:vtable#0}
[INFO] [stdout]                                at /rustc/e3feeb59cd1bdd011a2bfcc0747b55125d9b8527/library/core/src/ops/function.rs:250:5
[INFO] [stdout]   42:     0x64b8f3b0fa3f - <alloc[2e1b2a31b91974c5]::boxed::Box<dyn core[a373ad73a504971]::ops::function::FnOnce<(), Output = ()> + core[a373ad73a504971]::marker::Send> as core[a373ad73a504971]::ops::function::FnOnce<()>>::call_once
[INFO] [stdout]                                at /rustc/e3feeb59cd1bdd011a2bfcc0747b55125d9b8527/library/alloc/src/boxed.rs:2314:9
[INFO] [stdout]   43:     0x64b8f3b0fa3f - <std[617be2ca0a6fd877]::sys::thread::unix::Thread>::new::thread_start
[INFO] [stdout]                                at /rustc/e3feeb59cd1bdd011a2bfcc0747b55125d9b8527/library/std/src/sys/thread/unix.rs:127:17
[INFO] [stdout]   44:     0x7e7d8389edfa - <unknown>
[INFO] [stdout]   45:     0x7e7d839323d4 - clone
[INFO] [stdout]   46:                0x0 - <unknown>
[INFO] [stdout] 
[INFO] [stdout] 
[INFO] [stdout] failures:
[INFO] [stdout]     api::deps_dev::tests::first_party_filter_yields_expected_packages_on_real_fixtures
[INFO] [stdout]     api::deps_dev::tests::first_party_filter_zeros_octocat_hello_world
[INFO] [stdout]     api::deps_dev::tests::project_packages_response_parses_real_fixtures
[INFO] [stdout]     api::scorecard::date_parsing_tests::real_world_fixtures_round_trip
[INFO] [stdout] 
[INFO] [stdout] test result: FAILED. 241 passed; 4 failed; 0 ignored; 0 measured; 0 filtered out; finished in 1.00s
[INFO] [stdout] 
[INFO] [stderr] error: test failed, to rerun pass `--lib`
[INFO] running `Command { std: "docker" "inspect" "1b8b50d74b06d286581e775650d18a706af6d2cb4b69224c47386e41c83d9216", kill_on_drop: false }`
[INFO] running `Command { std: "docker" "rm" "-f" "1b8b50d74b06d286581e775650d18a706af6d2cb4b69224c47386e41c83d9216", kill_on_drop: false }`
[INFO] [stdout] 1b8b50d74b06d286581e775650d18a706af6d2cb4b69224c47386e41c83d9216
