[INFO] fetching crate release-ledger 4.0.1...
[INFO] testing release-ledger-4.0.1 against 1.100.0-beta.1 for beta-1.100-2
[INFO] extracting crate release-ledger 4.0.1 into /workspace/builds/worker-2-tc2/source
[INFO] started tweaking crates.io crate release-ledger 4.0.1
[INFO] removed 0 missing tests
[INFO] finished tweaking crates.io crate release-ledger 4.0.1
[INFO] tweaked toml for crates.io crate release-ledger 4.0.1 written to /workspace/builds/worker-2-tc2/source/Cargo.toml
[INFO] validating manifest of crates.io crate release-ledger 4.0.1 on toolchain 1.100.0-beta.1
[INFO] running `Command { std: CARGO_HOME="/workspace/cargo-home" RUSTUP_HOME="/workspace/rustup-home" "/workspace/cargo-home/bin/cargo" "+1.100.0-beta.1" "metadata" "--manifest-path" "Cargo.toml" "--no-deps", kill_on_drop: false }`
[INFO] crate crates.io crate release-ledger 4.0.1 already has a lockfile, it will not be regenerated
[INFO] running `Command { std: CARGO_HOME="/workspace/cargo-home" RUSTUP_HOME="/workspace/rustup-home" "/workspace/cargo-home/bin/cargo" "+1.100.0-beta.1" "fetch" "--manifest-path" "Cargo.toml", kill_on_drop: false }`
[INFO] [stderr] warning: `package.homepage` is redundant with `package.repository`
[INFO] [stderr]    --> Cargo.toml:120:12
[INFO] [stderr]     |
[INFO] [stderr] 120 | homepage = "https://gitlab.opentc.ru/opentc/rust-cargo-governor"
[INFO] [stderr]     |            ^^^^^^^^^^^^^^^^^^^^^^^^^^^^^^^^^^^^^^^^^^^^^^^^^^^^^
[INFO] [stderr] ...
[INFO] [stderr] 124 | repository = "https://gitlab.opentc.ru/opentc/rust-cargo-governor"
[INFO] [stderr]     |              -----------------------------------------------------
[INFO] [stderr]     |
[INFO] [stderr]     = note: `cargo::redundant_homepage` is set to `warn` by default
[INFO] [stderr] help: consider removing `package.homepage`
[INFO] [stderr] warning: `release-ledger` (manifest) generated 1 warning
[INFO] running `Command { std: "docker" "create" "-v" "/var/lib/crater-agent-workspace/builds/worker-2-tc2/source:/opt/rustwide/workdir:ro,Z" "-v" "/var/lib/crater-agent-workspace/builds/worker-2-tc2/target:/opt/rustwide/target:rw,Z" "-v" "/var/lib/crater-agent-workspace/cargo-home:/opt/rustwide/cargo-home:ro,Z" "-v" "/var/lib/crater-agent-workspace/rustup-home:/opt/rustwide/rustup-home:ro,Z" "-m" "1610612736" "--network" "none" "ghcr.io/rust-lang/crates-build-env/linux@sha256:3111399a4047eeb3a02b7a90e478d715f38a8c6669b5c4b49d30a17385265909" "sleep" "infinity", kill_on_drop: false }`
[INFO] [stdout] 7653e4ebc33457bbbb017d1be0a4bc44afbafa591169c87373eb24e2875d993c
[INFO] running `Command { std: "docker" "start" "7653e4ebc33457bbbb017d1be0a4bc44afbafa591169c87373eb24e2875d993c", kill_on_drop: false }`
[INFO] running `Command { std: "docker" "inspect" "7653e4ebc33457bbbb017d1be0a4bc44afbafa591169c87373eb24e2875d993c", kill_on_drop: false }`
[INFO] running `Command { std: "docker" "exec" "-e" "SOURCE_DIR=/opt/rustwide/workdir" "-e" "CARGO_HOME=/opt/rustwide/cargo-home" "-e" "RUSTUP_HOME=/opt/rustwide/rustup-home" "-e" "CARGO_TARGET_DIR=/opt/rustwide/target" "-w" "/opt/rustwide/workdir" "--user" "0:0" "7653e4ebc33457bbbb017d1be0a4bc44afbafa591169c87373eb24e2875d993c" "/opt/rustwide/cargo-home/bin/cargo" "+1.100.0-beta.1" "metadata" "--no-deps" "--format-version=1", kill_on_drop: false }`
[INFO] running `Command { std: "docker" "inspect" "7653e4ebc33457bbbb017d1be0a4bc44afbafa591169c87373eb24e2875d993c", kill_on_drop: false }`
[INFO] running `Command { std: "docker" "exec" "-e" "SOURCE_DIR=/opt/rustwide/workdir" "-e" "CARGO_HOME=/opt/rustwide/cargo-home" "-e" "RUSTUP_HOME=/opt/rustwide/rustup-home" "-e" "CARGO_TARGET_DIR=/opt/rustwide/target" "-e" "CARGO_INCREMENTAL=0" "-e" "RUST_BACKTRACE=full" "-e" "RUSTFLAGS=--cap-lints=warn" "-e" "RUSTDOCFLAGS=--cap-lints=warn" "-w" "/opt/rustwide/workdir" "--user" "0:0" "7653e4ebc33457bbbb017d1be0a4bc44afbafa591169c87373eb24e2875d993c" "/opt/rustwide/cargo-home/bin/cargo" "+1.100.0-beta.1" "build" "--frozen" "--message-format=json", kill_on_drop: false }`
[INFO] [stderr] warning: `package.homepage` is redundant with `package.repository`
[INFO] [stderr]    --> Cargo.toml:120:12
[INFO] [stderr]     |
[INFO] [stderr] 120 | homepage = "https://gitlab.opentc.ru/opentc/rust-cargo-governor"
[INFO] [stderr]     |            ^^^^^^^^^^^^^^^^^^^^^^^^^^^^^^^^^^^^^^^^^^^^^^^^^^^^^
[INFO] [stderr] ...
[INFO] [stderr] 124 | repository = "https://gitlab.opentc.ru/opentc/rust-cargo-governor"
[INFO] [stderr]     |              -----------------------------------------------------
[INFO] [stderr]     |
[INFO] [stderr]     = note: `cargo::redundant_homepage` is set to `warn` by default
[INFO] [stderr] help: consider removing `package.homepage`
[INFO] [stderr] warning: `release-ledger` (manifest) generated 1 warning
[INFO] [stderr]    Compiling syn v2.0.117
[INFO] [stderr]    Compiling libc v0.2.184
[INFO] [stderr]    Compiling shlex v1.3.0
[INFO] [stderr]    Compiling find-msvc-tools v0.1.9
[INFO] [stderr]    Compiling serde_core v1.0.228
[INFO] [stderr]    Compiling futures-core v0.3.32
[INFO] [stderr]    Compiling hashbrown v0.17.0
[INFO] [stderr]    Compiling serde v1.0.228
[INFO] [stderr]    Compiling smallvec v1.15.1
[INFO] [stderr]    Compiling http v1.4.0
[INFO] [stderr]    Compiling futures-task v0.3.32
[INFO] [stderr]    Compiling futures-sink v0.3.32
[INFO] [stderr]    Compiling openssl v0.10.77
[INFO] [stderr]    Compiling futures-util v0.3.32
[INFO] [stderr]    Compiling tracing v0.1.44
[INFO] [stderr]    Compiling syn v3.0.5
[INFO] [stderr]    Compiling indexmap v2.14.0
[INFO] [stderr]    Compiling jobserver v0.1.34
[INFO] [stderr]    Compiling http-body v1.0.1
[INFO] [stderr]    Compiling serde_json v1.0.149
[INFO] [stderr]    Compiling unicase v2.9.0
[INFO] [stderr]    Compiling futures-channel v0.3.32
[INFO] [stderr]    Compiling getrandom v0.4.2
[INFO] [stderr]    Compiling cc v1.2.60
[INFO] [stderr]    Compiling num-traits v0.2.19
[INFO] [stderr]    Compiling mime_guess v2.0.5
[INFO] [stderr]    Compiling sync_wrapper v1.0.2
[INFO] [stderr]    Compiling camino v1.2.2
[INFO] [stderr]    Compiling mio v1.2.0
[INFO] [stderr]    Compiling socket2 v0.6.3
[INFO] [stderr]    Compiling thiserror v2.0.18
[INFO] [stderr]    Compiling ipnet v2.12.0
[INFO] [stderr]    Compiling ref-cast v1.0.27
[INFO] [stderr]    Compiling winnow v1.0.1
[INFO] [stderr]    Compiling serde_derive_internals v0.30.0
[INFO] [stderr]    Compiling toml_parser v1.1.2+spec-1.1.0
[INFO] [stderr]    Compiling http-body-util v0.1.3
[INFO] [stderr]    Compiling aho-corasick v1.1.4
[INFO] [stderr]    Compiling ref-cast-impl v1.0.27
[INFO] [stderr]    Compiling zeroize v1.8.2
[INFO] [stderr]    Compiling toml_datetime v0.7.5+spec-1.1.0
[INFO] [stderr]    Compiling clap_lex v1.1.0
[INFO] [stderr]    Compiling pulldown-cmark v0.13.4
[INFO] [stderr]    Compiling openssl-sys v0.9.113
[INFO] [stderr]    Compiling libz-sys v1.1.28
[INFO] [stderr]    Compiling libssh2-sys v0.3.1
[INFO] [stderr]    Compiling libgit2-sys v0.18.3+1.9.2
[INFO] [stderr]    Compiling iri-string v0.7.12
[INFO] [stderr]    Compiling regex-syntax v0.8.10
[INFO] [stderr]    Compiling synstructure v0.13.2
[INFO] [stderr]    Compiling native-tls v0.2.18
[INFO] [stderr]    Compiling toml_writer v1.1.1+spec-1.1.0
[INFO] [stderr]    Compiling rustix v1.1.4
[INFO] [stderr]    Compiling clap_builder v4.6.0
[INFO] [stderr]    Compiling schemars_derive v1.2.2
[INFO] [stderr]    Compiling zerofrom-derive v0.1.7
[INFO] [stderr]    Compiling yoke-derive v0.8.2
[INFO] [stderr]    Compiling zerovec-derive v0.11.3
[INFO] [stderr]    Compiling displaydoc v0.2.5
[INFO] [stderr]    Compiling zerofrom v0.1.7
[INFO] [stderr]    Compiling tokio-macros v2.7.0
[INFO] [stderr]    Compiling serde_derive v1.0.228
[INFO] [stderr]    Compiling yoke v0.8.2
[INFO] [stderr]    Compiling openssl-macros v0.1.1
[INFO] [stderr]    Compiling zerotrie v0.2.4
[INFO] [stderr]    Compiling zerovec v0.11.6
[INFO] [stderr]    Compiling tokio v1.51.1
[INFO] [stderr]    Compiling thiserror-impl v2.0.18
[INFO] [stderr]    Compiling regex-automata v0.4.14
[INFO] [stderr]    Compiling tinystr v0.8.3
[INFO] [stderr]    Compiling icu_locale_core v2.2.0
[INFO] [stderr]    Compiling potential_utf v0.1.5
[INFO] [stderr]    Compiling icu_collections v2.2.0
[INFO] [stderr]    Compiling icu_provider v2.2.0
[INFO] [stderr]    Compiling clap_derive v4.6.0
[INFO] [stderr]    Compiling icu_properties v2.2.0
[INFO] [stderr]    Compiling icu_normalizer v2.2.0
[INFO] [stderr]    Compiling rustls-pki-types v1.14.0
[INFO] [stderr]    Compiling serde_urlencoded v0.7.1
[INFO] [stderr]    Compiling idna_adapter v1.2.1
[INFO] [stderr]    Compiling idna v1.1.0
[INFO] [stderr]    Compiling cargo-platform v0.1.9
[INFO] [stderr]    Compiling serde_spanned v1.1.1
[INFO] [stderr]    Compiling semver v1.0.28
[INFO] [stderr]    Compiling url v2.5.8
[INFO] [stderr]    Compiling digest v0.10.7
[INFO] [stderr]    Compiling nix v0.27.1
[INFO] [stderr]    Compiling encoding_rs v0.8.35
[INFO] [stderr]    Compiling tokio-util v0.7.18
[INFO] [stderr]    Compiling tokio-native-tls v0.3.1
[INFO] [stderr]    Compiling tower v0.5.3
[INFO] [stderr]    Compiling openssl-probe v0.1.6
[INFO] [stderr]    Compiling unsafe-libyaml v0.2.11
[INFO] [stderr]    Compiling h2 v0.4.13
[INFO] [stderr]    Compiling dyn-clone v1.0.20
[INFO] [stderr]    Compiling tower-http v0.6.8
[INFO] [stderr]    Compiling fastrand v2.4.1
[INFO] [stderr]    Compiling command-group v5.0.1
[INFO] [stderr]    Compiling tempfile v3.27.0
[INFO] [stderr]    Compiling serde_yaml_ng v0.10.0
[INFO] [stderr]    Compiling sha2 v0.10.9
[INFO] [stderr]    Compiling schemars v1.2.2
[INFO] [stderr]    Compiling petgraph v0.7.1
[INFO] [stderr]    Compiling chrono v0.4.44
[INFO] [stderr]    Compiling cargo_metadata v0.19.2
[INFO] [stderr]    Compiling clap v4.6.0
[INFO] [stderr]    Compiling toml v0.9.12+spec-1.1.0
[INFO] [stderr]    Compiling hyper v1.9.0
[INFO] [stderr]    Compiling regex v1.12.3
[INFO] [stderr]    Compiling async-trait v0.1.89
[INFO] [stderr]    Compiling toml_edit v0.23.10+spec-1.0.0
[INFO] [stderr]    Compiling uuid v1.23.0
[INFO] [stderr]    Compiling hyper-util v0.1.20
[INFO] [stderr]    Compiling hyper-tls v0.6.0
[INFO] [stderr]    Compiling reqwest v0.12.28
[INFO] [stderr]    Compiling git2 v0.20.4
[INFO] [stderr]    Compiling release-ledger v4.0.1 (/opt/rustwide/workdir)
[INFO] [stderr]     Finished `dev` profile [unoptimized + debuginfo] target(s) in 3m 11s
[INFO] running `Command { std: "docker" "inspect" "7653e4ebc33457bbbb017d1be0a4bc44afbafa591169c87373eb24e2875d993c", kill_on_drop: false }`
[INFO] running `Command { std: "docker" "exec" "-e" "SOURCE_DIR=/opt/rustwide/workdir" "-e" "CARGO_HOME=/opt/rustwide/cargo-home" "-e" "RUSTUP_HOME=/opt/rustwide/rustup-home" "-e" "CARGO_TARGET_DIR=/opt/rustwide/target" "-e" "CARGO_INCREMENTAL=0" "-e" "RUST_BACKTRACE=full" "-e" "RUSTFLAGS=--cap-lints=warn" "-e" "RUSTDOCFLAGS=--cap-lints=warn" "-w" "/opt/rustwide/workdir" "--user" "0:0" "7653e4ebc33457bbbb017d1be0a4bc44afbafa591169c87373eb24e2875d993c" "/opt/rustwide/cargo-home/bin/cargo" "+1.100.0-beta.1" "test" "--frozen" "--no-run" "--message-format=json", kill_on_drop: false }`
[INFO] [stderr] warning: `package.homepage` is redundant with `package.repository`
[INFO] [stderr]    --> Cargo.toml:120:12
[INFO] [stderr]     |
[INFO] [stderr] 120 | homepage = "https://gitlab.opentc.ru/opentc/rust-cargo-governor"
[INFO] [stderr]     |            ^^^^^^^^^^^^^^^^^^^^^^^^^^^^^^^^^^^^^^^^^^^^^^^^^^^^^
[INFO] [stderr] ...
[INFO] [stderr] 124 | repository = "https://gitlab.opentc.ru/opentc/rust-cargo-governor"
[INFO] [stderr]     |              -----------------------------------------------------
[INFO] [stderr]     |
[INFO] [stderr]     = note: `cargo::redundant_homepage` is set to `warn` by default
[INFO] [stderr] help: consider removing `package.homepage`
[INFO] [stderr] warning: `release-ledger` (manifest) generated 1 warning
[INFO] [stderr]    Compiling release-ledger v4.0.1 (/opt/rustwide/workdir)
[INFO] [stderr]     Finished `test` profile [unoptimized + debuginfo] target(s) in 52.53s
[INFO] running `Command { std: "docker" "inspect" "7653e4ebc33457bbbb017d1be0a4bc44afbafa591169c87373eb24e2875d993c", kill_on_drop: false }`
[INFO] running `Command { std: "docker" "exec" "-e" "SOURCE_DIR=/opt/rustwide/workdir" "-e" "CARGO_HOME=/opt/rustwide/cargo-home" "-e" "RUSTUP_HOME=/opt/rustwide/rustup-home" "-e" "CARGO_TARGET_DIR=/opt/rustwide/target" "-e" "CARGO_INCREMENTAL=0" "-e" "RUST_BACKTRACE=full" "-e" "RUSTFLAGS=--cap-lints=warn" "-e" "RUSTDOCFLAGS=--cap-lints=warn" "-w" "/opt/rustwide/workdir" "--user" "0:0" "7653e4ebc33457bbbb017d1be0a4bc44afbafa591169c87373eb24e2875d993c" "/opt/rustwide/cargo-home/bin/cargo" "+1.100.0-beta.1" "test" "--frozen", kill_on_drop: false }`
[INFO] [stderr] warning: `package.homepage` is redundant with `package.repository`
[INFO] [stderr]    --> Cargo.toml:120:12
[INFO] [stderr]     |
[INFO] [stderr] 120 | homepage = "https://gitlab.opentc.ru/opentc/rust-cargo-governor"
[INFO] [stderr]     |            ^^^^^^^^^^^^^^^^^^^^^^^^^^^^^^^^^^^^^^^^^^^^^^^^^^^^^
[INFO] [stderr] ...
[INFO] [stderr] 124 | repository = "https://gitlab.opentc.ru/opentc/rust-cargo-governor"
[INFO] [stderr]     |              -----------------------------------------------------
[INFO] [stderr]     |
[INFO] [stderr]     = note: `cargo::redundant_homepage` is set to `warn` by default
[INFO] [stderr] help: consider removing `package.homepage`
[INFO] [stderr] warning: `release-ledger` (manifest) generated 1 warning
[INFO] [stderr]     Finished `test` profile [unoptimized + debuginfo] target(s) in 0.41s
[INFO] [stderr]      Running unittests src/lib.rs (/opt/rustwide/target/debug/build/release-ledger/d0d4fabc216c1256/out/release_ledger-d0d4fabc216c1256)
[INFO] [stdout] 
[INFO] [stdout] running 158 tests
[INFO] [stdout] test application::release::tests::bump_commit_failure_prevents_tag ... ok
[INFO] [stdout] test application::release::tests::checkpoint_failure_before_bump_prevents_mutation ... ok
[INFO] [stdout] test application::release::tests::checkpoint_failure_after_bump_stops_commit_and_ambiguous_resume ... ok
[INFO] [stdout] test application::release::tests::completed_checkpoint_resume_has_no_side_effects ... ok
[INFO] [stdout] test application::release::tests::full_dry_run_reports_target_plan_without_packaging_old_manifests ... ok
[INFO] [stdout] test application::release::tests::full_rejects_invalid_publication_selection_before_any_mutation ... ok
[INFO] [stdout] test application::release::tests::full_rejects_publication_cycles_before_bumping ... ok
[INFO] [stdout] test application::release::tests::commit_failure_can_resume_without_rebumping ... ok
[INFO] [stdout] test application::release::tests::default_upload_attempt_is_never_repeated_after_ambiguous_network_error ... ok
[INFO] [stdout] test application::release::tests::checkpoint_management_never_claims_it_resumed_a_workflow ... ok
[INFO] [stdout] test application::release::tests::bump_tag_failure_is_an_error ... ok
[INFO] [stdout] test application::release::tests::no_publish_releases_git_without_any_registry_contact ... ok
[INFO] [stdout] test application::release::tests::plan_includes_standalone_packages_and_only_checks_target_versions ... ok
[INFO] [stdout] test application::release::tests::plan_and_publish_reject_cycles_before_registry_effects ... ok
[INFO] [stdout] test application::release::tests::partial_publish_never_pushes_and_resume_skips_already_published_version ... ok
[INFO] [stdout] test application::release::tests::resume_rejects_same_version_manifest_edit_after_bump ... ok
[INFO] [stdout] test application::release::tests::resume_rejects_changed_head_before_any_effect ... ok
[INFO] [stdout] test application::release::tests::push_failure_resumes_only_push ... ok
[INFO] [stdout] test application::release::tests::no_publish_dry_run_is_entirely_registry_free ... ok
[INFO] [stdout] test application::release::tests::standalone_dry_run_reports_verified_packages_and_preserves_adapter_warnings ... ok
[INFO] [stdout] test application::release::tests::resume_uses_persisted_canonical_workspace ... ok
[INFO] [stdout] test application::release::tests::tag_failure_can_resume_without_recommitting ... ok
[INFO] [stdout] test application::release::tests::unsafe_upload_retry_limits_are_rejected_before_any_full_release_effect ... ok
[INFO] [stdout] test cargo::adapter::tests::adding_unreleased_preserves_the_existing_title_and_preamble ... ok
[INFO] [stdout] test application::release::tests::unsafe_upload_retry_limit_is_rejected_before_standalone_checks_or_registry_queries ... ok
[INFO] [stdout] test cargo::adapter::tests::a_version_heading_in_a_code_example_does_not_suppress_the_release ... ok
[INFO] [stdout] test application::release::tests::unfinished_checkpoint_blocks_fresh_release ... ok
[INFO] [stdout] test cargo::adapter::tests::an_existing_linked_version_heading_is_not_duplicated ... ok
[INFO] [stdout] test cargo::checks::tests::invalid_configuration_does_not_fall_back_to_builtin ... ok
[INFO] [stdout] test cargo::adapter::tests::test_insert_changelog_section_does_not_duplicate_existing_version ... ok
[INFO] [stdout] test cargo::checks::tests::builtin_checks_cover_workspace_without_combining_platform_features ... ok
[INFO] [stdout] test cargo::checks::tests::new_check_namespace_takes_precedence_without_legacy_merge ... ok
[INFO] [stdout] test cargo::checks::tests::output_is_drained_but_only_a_bounded_prefix_is_retained ... ok
[INFO] [stdout] test cargo::checks::tests::subprocess_fixture ... ok
[INFO] [stdout] test cargo::version::requirement::tests::keeps_requirement_policies ... ok
[INFO] [stdout] test application::release::tests::resume_rejects_changed_package_set ... ok
[INFO] [stdout] test cargo::version::requirement::tests::refuses_to_silently_drop_unrecognized_upper_bounds ... ok
[INFO] [stdout] test cargo::checks::tests::custom_check_preserves_literal_args_and_selected_features ... ok
[INFO] [stdout] test cargo::adapter::tests::generated_release_uses_one_header_and_the_recorded_date ... ok
[INFO] [stdout] test cargo::version::tests::lock_updates_do_not_touch_registry_packages_even_with_same_name_and_version ... ok
[INFO] [stdout] test cargo::checks::tests::real_child_output_does_not_deadlock_or_grow_without_bound ... ok
[INFO] [stdout] test cargo::version::tests::no_op_keeps_exact_bytes_and_path_only_dependencies_remain_path_only ... ok
[INFO] [stdout] test cargo::version::tests::independent_public_versions_and_unrecognized_ranges_fail_without_writes ... ok
[INFO] [stdout] test cargo::version::tests::publication_dependencies_exclude_dev_cycles_but_keep_build_and_target_edges ... ok
[INFO] [stdout] test cargo::version::tests::library_without_lockfile_stays_without_lockfile_and_rollback_removes_created_lock ... ok
[INFO] [stdout] test cargo::version::tests::snapshots_reject_escape_and_report_absent_files_by_absence ... ok
[INFO] [stdout] test cargo::version::tests::snapshots_reject_symlinks_outside_workspace_even_when_the_file_is_missing ... ok
[INFO] [stdout] test checkpoint::file_store::tests::corrupt_legacy_record_is_not_accepted_as_a_pointer ... ok
[INFO] [stdout] test checkpoint::file_store::tests::invalid_ids_cannot_access_paths_outside_the_store ... ok
[INFO] [stdout] test checkpoint::file_store::tests::corrupt_pending_records_are_not_silently_omitted ... ok
[INFO] [stdout] test checkpoint::file_store::tests::latest_tracks_updated_record_and_delete_removes_pointer ... ok
[INFO] [stdout] test checkpoint::file_store::tests::latest_update_failure_is_reported_and_record_remains_recoverable ... ok
[INFO] [stdout] test checkpoint::file_store::tests::old_latest_record_format_remains_readable ... ok
[INFO] [stdout] test checkpoint::file_store::tests::test_checkpoint_clear ... ok
[INFO] [stdout] test checkpoint::file_store::tests::test_checkpoint_delete ... ok
[INFO] [stdout] test checkpoint::file_store::tests::test_file_checkpoint_store ... ok
[INFO] [stdout] test core::domain::changelog::tests::test_changelog_entry_from_commit ... ok
[INFO] [stdout] test core::domain::changelog::tests::test_changelog_format ... ok
[INFO] [stdout] test core::domain::changelog::tests::test_changelog_sections ... ok
[INFO] [stdout] test core::domain::commit::tests::test_breaking_commit_parsing ... ok
[INFO] [stdout] test core::domain::commit::tests::test_commit_history_filtering ... ok
[INFO] [stdout] test core::domain::commit::tests::test_conventional_commit_parsing ... ok
[INFO] [stdout] test core::domain::commit::tests::test_non_conventional_commit ... ok
[INFO] [stdout] test core::domain::commit::tests::test_scope_parsing ... ok
[INFO] [stdout] test core::domain::crate_entity::tests::test_crate_depends_on ... ok
[INFO] [stdout] test core::domain::crate_entity::tests::test_workspace_add_crate ... ok
[INFO] [stdout] test checkpoint::file_store::tests::test_checkpoint_list ... ok
[INFO] [stdout] test cargo::version::tests::actual_adapter_updates_audio_like_root_and_members_preserving_policies ... ok
[INFO] [stdout] test core::domain::dependency::tests::test_no_cycles ... ok
[INFO] [stdout] test core::domain::dependency::tests::test_publish_order ... ok
[INFO] [stdout] test core::domain::release::tests::test_prerelease ... ok
[INFO] [stdout] test core::domain::release::tests::test_release_creation ... ok
[INFO] [stdout] test core::domain::dependency::tests::test_cycle_detection ... ok
[INFO] [stdout] test core::domain::release::tests::test_release_plan ... ok
[INFO] [stdout] test core::domain::version::tests::test_bump_major ... ok
[INFO] [stdout] test core::domain::version::tests::test_bump_minor ... ok
[INFO] [stdout] test core::domain::release::tests::test_tag_name ... ok
[INFO] [stdout] test core::domain::version::tests::test_bump_type_apply ... ok
[INFO] [stdout] test core::domain::dependency::tests::test_dependency_graph ... ok
[INFO] [stdout] test core::domain::version::tests::test_bump_patch ... ok
[INFO] [stdout] test core::domain::version::tests::test_parse_prerelease ... ok
[INFO] [stdout] test core::domain::version::tests::test_parse_version ... ok
[INFO] [stdout] test core::domain::workspace::tests::test_excluded_paths ... ok
[INFO] [stdout] test core::domain::workspace::tests::test_workspace_metadata ... ok
[INFO] [stdout] test core::domain::workspace::tests::test_working_tree_status ... ok
[INFO] [stdout] test core::traits::checkpoint_store::tests::test_checkpoint_list ... ok
[INFO] [stdout] test core::traits::checkpoint_store::tests::test_workflow_state ... ok
[INFO] [stdout] test core::traits::registry::tests::package_debug_never_displays_the_registry_token ... ok
[INFO] [stdout] test core::traits::registry::tests::registry_config_debug_never_displays_the_registry_token ... ok
[INFO] [stdout] test core::traits::registry::tests::test_publish_result_serialization ... ok
[INFO] [stdout] test core::traits::registry::tests::test_registry_config_default ... ok
[INFO] [stdout] test core::traits::reversible_operation::tests::test_operation_chain_success ... ok
[INFO] [stdout] test core::traits::checkpoint_store::tests::test_memory_checkpoint_store ... ok
[INFO] [stdout] test core::traits::source_control::tests::test_format_commit_message ... ok
[INFO] [stdout] test core::traits::reversible_operation::tests::test_operation_chain_failure ... ok
[INFO] [stdout] test core::traits::version_strategy::tests::test_conventional_strategy_feature ... ok
[INFO] [stdout] test core::traits::version_strategy::tests::test_conventional_strategy_fix ... ok
[INFO] [stdout] test core::traits::workflow_step::tests::test_ci_detection ... ok
[INFO] [stdout] test core::traits::source_control::tests::test_format_tag_name ... ok
[INFO] [stdout] test core::traits::version_strategy::tests::test_conventional_strategy_breaking ... ok
[INFO] [stdout] test core::traits::workflow_step::tests::test_step_batch ... ok
[INFO] [stdout] test core::traits::workflow_step::tests::test_workflow_context ... ok
[INFO] [stdout] test core::traits::workflow_step::tests::test_workflow_metrics ... ok
[INFO] [stdout] test core::traits::workflow_step::tests::test_step_result ... ok
[INFO] [stdout] test cratesio::credentials::tests::environment_precedes_credentials_and_canonical_env_precedes_named_alias ... ok
[INFO] [stdout] test cratesio::credentials::tests::legacy_credentials_file_takes_precedence_without_leaking_parse_text ... ok
[INFO] [stdout] test cratesio::credentials::tests::explicit_empty_environment_token_does_not_fall_back_to_other_credentials ... ok
[INFO] [stdout] test cratesio::publish::tests::diagnostic_subprocess_fixture ... ok
[INFO] [stdout] test cratesio::publish::tests::token_is_given_only_through_cargo_environment ... ok
[INFO] [stdout] test cratesio::publish::tests::failing_subprocess_diagnostics_remove_synthetic_token ... ok
[INFO] [stdout] test cargo::version::tests::mixed_explicit_and_inherited_versions_share_the_exact_preview ... ok
[INFO] [stdout] test cargo::version::tests::validation_failure_restores_every_manifest_and_lockfile ... ok
[INFO] [stdout] test cargo::version::tests::actual_cargo_validation_failure_rolls_back_instead_of_regenerating_lockfile ... ok
[INFO] [stdout] test cratesio::registry::tests::crate_reads_distinguish_not_found_from_auth_failure ... ok
[INFO] [stdout] test cratesio::registry::tests::debug_does_not_reveal_registry_token ... ok
[INFO] [stdout] test cratesio::registry::tests::does_not_retry_earlier_than_a_long_retry_after ... ok
[INFO] [stdout] test cargo::checks::tests::exited_parent_with_inherited_pipes_still_obeys_timeout ... ok
[INFO] [stdout] test cargo::checks::tests::timed_out_child_returns_failure ... ok
[INFO] [stdout] test cratesio::registry::tests::index_read_failure_does_not_report_publication_ready ... ok
[INFO] [stdout] test cratesio::registry::tests::retries_transient_status_and_preserves_exhausted_failure ... ok
[INFO] [stdout] test cratesio::registry::tests::sparse_index_paths_follow_cargo_layout ... ok
[INFO] [stdout] test cratesio::registry::tests::index_timeout_reports_possible_upload_without_retrying_upload ... ok
[INFO] [stdout] test cratesio::registry::tests::index_readiness_waits_for_the_non_yanked_target_version ... ok
[INFO] [stdout] test git::adapter::tests::test_git_adapter_config_default ... ok
[INFO] [stdout] test git::commit::tests::test_author ... ok
[INFO] [stdout] test git::commit::tests::test_commit_type ... ok
[INFO] [stdout] test git::commit::tests::test_from_commit ... ok
[INFO] [stdout] test git::commit::tests::test_hash ... ok
[INFO] [stdout] test git::commit::tests::test_inner ... ok
[INFO] [stdout] test git::commit::tests::test_into_commit ... ok
[INFO] [stdout] test git::commit::tests::test_is_breaking_false ... ok
[INFO] [stdout] test cratesio::registry::tests::response_body_limits_apply_with_and_without_content_length ... ok
[INFO] [stdout] test git::commit::tests::test_message ... ok
[INFO] [stdout] test git::commit::tests::test_is_breaking_true ... ok
[INFO] [stdout] test git::commit::tests::test_new ... ok
[INFO] [stdout] test git::commit::tests::test_short_hash ... ok
[INFO] [stdout] test git::commit::tests::test_scope ... ok
[INFO] [stdout] test git::tag::tests::test_deserialize ... ok
[INFO] [stdout] test git::tag::tests::test_chained_builders ... ok
[INFO] [stdout] test git::tag::tests::test_is_version_tag_false ... ok
[INFO] [stdout] test git::tag::tests::test_is_version_tag_true ... ok
[INFO] [stdout] test git::tag::tests::test_new ... ok
[INFO] [stdout] test git::tag::tests::test_parse_version_invalid ... ok
[INFO] [stdout] test git::tag::tests::test_parse_version_multiple_v ... ok
[INFO] [stdout] test git::tag::tests::test_parse_version_with_v ... ok
[INFO] [stdout] test git::tag::tests::test_serialize ... ok
[INFO] [stdout] test git::tag::tests::test_tagger_info_new ... ok
[INFO] [stdout] test git::tag::tests::test_version_none ... ok
[INFO] [stdout] test git::tag::tests::test_version_some ... ok
[INFO] [stdout] test git::tag::tests::test_with_message ... ok
[INFO] [stdout] test git::tag::tests::test_with_tagger ... ok
[INFO] [stdout] test git::tag::tests::test_parse_version_without_v ... ok
[INFO] [stdout] test cratesio::registry::tests::truncated_body_retries_are_bounded_and_invalid_json_is_an_error ... ok
[INFO] [stdout] test cratesio::registry::tests::dry_run_rejects_missing_manifest_and_uncompilable_package ... ok
[INFO] [stdout] test cratesio::registry::tests::stalled_response_reads_stop_at_the_request_and_retry_budgets ... ok
[INFO] [stdout] test cratesio::registry::tests::only_404_means_version_absent ... ok
[INFO] [stdout] test cratesio::registry::tests::honors_false_registry_lists_and_inherited_publish_constraints ... ok
[INFO] [stdout] test cratesio::registry::tests::dry_run_verifies_real_local_package_and_does_not_claim_upload ... FAILED
[INFO] [stdout] 
[INFO] [stdout] failures:
[INFO] [stdout] 
[INFO] [stdout] ---- cratesio::registry::tests::dry_run_verifies_real_local_package_and_does_not_claim_upload stdout ----
[INFO] [stdout] 
[INFO] [stdout] thread 'cratesio::registry::tests::dry_run_verifies_real_local_package_and_does_not_claim_upload' (3573) panicked at src/cratesio/registry_tests.rs:255:5:
[INFO] [stdout] assertion failed: directory.path().join("target/package/governor-local-dry-run-fixture-1.0.0.crate").exists()
[INFO] [stdout] stack backtrace:
[INFO] [stdout]    0:     0x636dad686af1 - std[617be2ca0a6fd877]::backtrace_rs::backtrace::libunwind::trace
[INFO] [stdout]                                at /rustc/e3feeb59cd1bdd011a2bfcc0747b55125d9b8527/library/std/src/../../backtrace/src/backtrace/libunwind.rs:117:9
[INFO] [stdout]    1:     0x636dad686af1 - std[617be2ca0a6fd877]::backtrace_rs::backtrace::trace_unsynchronized::<std[617be2ca0a6fd877]::sys::backtrace::_print_fmt::{closure#1}>
[INFO] [stdout]                                at /rustc/e3feeb59cd1bdd011a2bfcc0747b55125d9b8527/library/std/src/../../backtrace/src/backtrace/mod.rs:66:14
[INFO] [stdout]    2:     0x636dad686af1 - std[617be2ca0a6fd877]::sys::backtrace::_print_fmt
[INFO] [stdout]                                at /rustc/e3feeb59cd1bdd011a2bfcc0747b55125d9b8527/library/std/src/sys/backtrace.rs:74:9
[INFO] [stdout]    3:     0x636dad686af1 - <<std[617be2ca0a6fd877]::sys::backtrace::BacktraceLock>::print::DisplayBacktrace as core[a373ad73a504971]::fmt::Display>::fmt
[INFO] [stdout]                                at /rustc/e3feeb59cd1bdd011a2bfcc0747b55125d9b8527/library/std/src/sys/backtrace.rs:44:26
[INFO] [stdout]    4:     0x636dad6a033a - <core[a373ad73a504971]::fmt::rt::Argument>::fmt
[INFO] [stdout]                                at /rustc/e3feeb59cd1bdd011a2bfcc0747b55125d9b8527/library/core/src/fmt/rt.rs:152:76
[INFO] [stdout]    5:     0x636dad6a033a - core[a373ad73a504971]::fmt::write
[INFO] [stdout]    6:     0x636dad68c0dc - core[a373ad73a504971]::io::write::default_write_fmt::<alloc[2e1b2a31b91974c5]::vec::Vec<u8>>
[INFO] [stdout]                                at /rustc/e3feeb59cd1bdd011a2bfcc0747b55125d9b8527/library/core/src/io/write.rs:402:11
[INFO] [stdout]    7:     0x636dad68c0dc - <alloc[2e1b2a31b91974c5]::vec::Vec<u8> as core[a373ad73a504971]::io::write::Write>::write_fmt
[INFO] [stdout]                                at /rustc/e3feeb59cd1bdd011a2bfcc0747b55125d9b8527/library/core/src/io/write.rs:335:13
[INFO] [stdout]    8:     0x636dad65da76 - <std[617be2ca0a6fd877]::sys::backtrace::BacktraceLock>::print
[INFO] [stdout]                                at /rustc/e3feeb59cd1bdd011a2bfcc0747b55125d9b8527/library/std/src/sys/backtrace.rs:47:9
[INFO] [stdout]    9:     0x636dad65da76 - std[617be2ca0a6fd877]::panicking::default_hook::{closure#0}
[INFO] [stdout]                                at /rustc/e3feeb59cd1bdd011a2bfcc0747b55125d9b8527/library/std/src/panicking.rs:289:27
[INFO] [stdout]   10:     0x636dad67d0c9 - std[617be2ca0a6fd877]::panicking::default_hook
[INFO] [stdout]                                at /rustc/e3feeb59cd1bdd011a2bfcc0747b55125d9b8527/library/std/src/panicking.rs:313:9
[INFO] [stdout]   11:     0x636dad35b240 - <alloc[2e1b2a31b91974c5]::boxed::Box<dyn for<'a, 'b> core[a373ad73a504971]::ops::function::Fn<(&'a std[617be2ca0a6fd877]::panic::PanicHookInfo<'b>,), Output = ()> + core[a373ad73a504971]::marker::Sync + core[a373ad73a504971]::marker::Send> as core[a373ad73a504971]::ops::function::Fn<(&std[617be2ca0a6fd877]::panic::PanicHookInfo,)>>::call
[INFO] [stdout]                                at /rustc/e3feeb59cd1bdd011a2bfcc0747b55125d9b8527/library/alloc/src/boxed.rs:2328:9
[INFO] [stdout]   12:     0x636dad35b240 - test[aada8e7e76ba119b]::test_main_inner::{closure#0}
[INFO] [stdout]                                at /rustc/e3feeb59cd1bdd011a2bfcc0747b55125d9b8527/library/test/src/lib.rs:137:21
[INFO] [stdout]   13:     0x636dad67d3f2 - <alloc[2e1b2a31b91974c5]::boxed::Box<dyn for<'a, 'b> core[a373ad73a504971]::ops::function::Fn<(&'a std[617be2ca0a6fd877]::panic::PanicHookInfo<'b>,), Output = ()> + core[a373ad73a504971]::marker::Sync + core[a373ad73a504971]::marker::Send> as core[a373ad73a504971]::ops::function::Fn<(&std[617be2ca0a6fd877]::panic::PanicHookInfo,)>>::call
[INFO] [stdout]                                at /rustc/e3feeb59cd1bdd011a2bfcc0747b55125d9b8527/library/alloc/src/boxed.rs:2328:9
[INFO] [stdout]   14:     0x636dad67d3f2 - std[617be2ca0a6fd877]::panicking::panic_with_hook
[INFO] [stdout]                                at /rustc/e3feeb59cd1bdd011a2bfcc0747b55125d9b8527/library/std/src/panicking.rs:819:13
[INFO] [stdout]   15:     0x636dad65db54 - std[617be2ca0a6fd877]::panicking::panic_handler::{closure#0}
[INFO] [stdout]                                at /rustc/e3feeb59cd1bdd011a2bfcc0747b55125d9b8527/library/std/src/panicking.rs:678:13
[INFO] [stdout]   16:     0x636dad656339 - std[617be2ca0a6fd877]::sys::backtrace::__rust_end_short_backtrace::<std[617be2ca0a6fd877]::panicking::panic_handler::{closure#0}, !>
[INFO] [stdout]                                at /rustc/e3feeb59cd1bdd011a2bfcc0747b55125d9b8527/library/std/src/sys/backtrace.rs:182:18
[INFO] [stdout]   17:     0x636dad65eafd - __rustc[ea4f61d10b84890b]::rust_begin_unwind
[INFO] [stdout]                                at /rustc/e3feeb59cd1bdd011a2bfcc0747b55125d9b8527/library/std/src/panicking.rs:676:5
[INFO] [stdout]   18:     0x636dad6a0b5c - core[a373ad73a504971]::panicking::panic_fmt
[INFO] [stdout]                                at /rustc/e3feeb59cd1bdd011a2bfcc0747b55125d9b8527/library/core/src/panicking.rs:80:14
[INFO] [stdout]   19:     0x636dad6a0b22 - core[a373ad73a504971]::panicking::panic
[INFO] [stdout]                                at /rustc/e3feeb59cd1bdd011a2bfcc0747b55125d9b8527/library/core/src/panicking.rs:150:5
[INFO] [stdout]   20:     0x636dacf2ef59 - release_ledger[b245b92217ef90cf]::cratesio::registry::tests::dry_run_verifies_real_local_package_and_does_not_claim_upload::{closure#0}
[INFO] [stdout]                                at /opt/rustwide/workdir/src/cratesio/registry_tests.rs:255:5
[INFO] [stdout]   21:     0x636dad05b872 - <core[a373ad73a504971]::pin::Pin<&mut dyn core[a373ad73a504971]::future::future::Future<Output = ()>> as core[a373ad73a504971]::future::future::Future>::poll
[INFO] [stdout]                                at /rustc/e3feeb59cd1bdd011a2bfcc0747b55125d9b8527/library/core/src/future/future.rs:133:9
[INFO] [stdout]   22:     0x636dad05b8ed - <core[a373ad73a504971]::pin::Pin<&mut core[a373ad73a504971]::pin::Pin<&mut dyn core[a373ad73a504971]::future::future::Future<Output = ()>>> as core[a373ad73a504971]::future::future::Future>::poll
[INFO] [stdout]                                at /rustc/e3feeb59cd1bdd011a2bfcc0747b55125d9b8527/library/core/src/future/future.rs:133:9
[INFO] [stdout]   23:     0x636dacf8604d - <tokio[b4a08ef4dc80d2d]::runtime::scheduler::current_thread::CoreGuard>::block_on::<core[a373ad73a504971]::pin::Pin<&mut core[a373ad73a504971]::pin::Pin<&mut dyn core[a373ad73a504971]::future::future::Future<Output = ()>>>>::{closure#0}::{closure#0}::{closure#0}
[INFO] [stdout]                                at /opt/rustwide/cargo-home/registry/src/index.crates.io-1949cf8c6b5b557f/tokio-1.51.1/src/runtime/scheduler/current_thread/mod.rs:778:70
[INFO] [stdout]   24:     0x636dacf85f75 - tokio[b4a08ef4dc80d2d]::task::coop::with_budget::<core[a373ad73a504971]::task::poll::Poll<()>, <tokio[b4a08ef4dc80d2d]::runtime::scheduler::current_thread::CoreGuard>::block_on<core[a373ad73a504971]::pin::Pin<&mut core[a373ad73a504971]::pin::Pin<&mut dyn core[a373ad73a504971]::future::future::Future<Output = ()>>>>::{closure#0}::{closure#0}::{closure#0}>
[INFO] [stdout]                                at /opt/rustwide/cargo-home/registry/src/index.crates.io-1949cf8c6b5b557f/tokio-1.51.1/src/task/coop/mod.rs:167:5
[INFO] [stdout]   25:     0x636dacf85f75 - tokio[b4a08ef4dc80d2d]::task::coop::budget::<core[a373ad73a504971]::task::poll::Poll<()>, <tokio[b4a08ef4dc80d2d]::runtime::scheduler::current_thread::CoreGuard>::block_on<core[a373ad73a504971]::pin::Pin<&mut core[a373ad73a504971]::pin::Pin<&mut dyn core[a373ad73a504971]::future::future::Future<Output = ()>>>>::{closure#0}::{closure#0}::{closure#0}>
[INFO] [stdout]                                at /opt/rustwide/cargo-home/registry/src/index.crates.io-1949cf8c6b5b557f/tokio-1.51.1/src/task/coop/mod.rs:133:5
[INFO] [stdout]   26:     0x636dacf85f75 - <tokio[b4a08ef4dc80d2d]::runtime::scheduler::current_thread::CoreGuard>::block_on::<core[a373ad73a504971]::pin::Pin<&mut core[a373ad73a504971]::pin::Pin<&mut dyn core[a373ad73a504971]::future::future::Future<Output = ()>>>>::{closure#0}::{closure#0}
[INFO] [stdout]                                at /opt/rustwide/cargo-home/registry/src/index.crates.io-1949cf8c6b5b557f/tokio-1.51.1/src/runtime/scheduler/current_thread/mod.rs:778:25
[INFO] [stdout]   27:     0x636dacf692a2 - <tokio[b4a08ef4dc80d2d]::runtime::scheduler::current_thread::Context>::enter::<core[a373ad73a504971]::task::poll::Poll<()>, <tokio[b4a08ef4dc80d2d]::runtime::scheduler::current_thread::CoreGuard>::block_on<core[a373ad73a504971]::pin::Pin<&mut core[a373ad73a504971]::pin::Pin<&mut dyn core[a373ad73a504971]::future::future::Future<Output = ()>>>>::{closure#0}::{closure#0}>
[INFO] [stdout]                                at /opt/rustwide/cargo-home/registry/src/index.crates.io-1949cf8c6b5b557f/tokio-1.51.1/src/runtime/scheduler/current_thread/mod.rs:451:19
[INFO] [stdout]   28:     0x636dacf8523d - <tokio[b4a08ef4dc80d2d]::runtime::scheduler::current_thread::CoreGuard>::block_on::<core[a373ad73a504971]::pin::Pin<&mut core[a373ad73a504971]::pin::Pin<&mut dyn core[a373ad73a504971]::future::future::Future<Output = ()>>>>::{closure#0}
[INFO] [stdout]                                at /opt/rustwide/cargo-home/registry/src/index.crates.io-1949cf8c6b5b557f/tokio-1.51.1/src/runtime/scheduler/current_thread/mod.rs:777:44
[INFO] [stdout]   29:     0x636dacf844e4 - <tokio[b4a08ef4dc80d2d]::runtime::scheduler::current_thread::CoreGuard>::enter::<<tokio[b4a08ef4dc80d2d]::runtime::scheduler::current_thread::CoreGuard>::block_on<core[a373ad73a504971]::pin::Pin<&mut core[a373ad73a504971]::pin::Pin<&mut dyn core[a373ad73a504971]::future::future::Future<Output = ()>>>>::{closure#0}, core[a373ad73a504971]::option::Option<()>>::{closure#0}
[INFO] [stdout]                                at /opt/rustwide/cargo-home/registry/src/index.crates.io-1949cf8c6b5b557f/tokio-1.51.1/src/runtime/scheduler/current_thread/mod.rs:865:68
[INFO] [stdout]   30:     0x636dacea0e1b - <tokio[b4a08ef4dc80d2d]::runtime::context::scoped::Scoped<tokio[b4a08ef4dc80d2d]::runtime::scheduler::Context>>::set::<<tokio[b4a08ef4dc80d2d]::runtime::scheduler::current_thread::CoreGuard>::enter<<tokio[b4a08ef4dc80d2d]::runtime::scheduler::current_thread::CoreGuard>::block_on<core[a373ad73a504971]::pin::Pin<&mut core[a373ad73a504971]::pin::Pin<&mut dyn core[a373ad73a504971]::future::future::Future<Output = ()>>>>::{closure#0}, core[a373ad73a504971]::option::Option<()>>::{closure#0}, (alloc[2e1b2a31b91974c5]::boxed::Box<tokio[b4a08ef4dc80d2d]::runtime::scheduler::current_thread::Core>, core[a373ad73a504971]::option::Option<()>)>
[INFO] [stdout]                                at /opt/rustwide/cargo-home/registry/src/index.crates.io-1949cf8c6b5b557f/tokio-1.51.1/src/runtime/context/scoped.rs:40:9
[INFO] [stdout]   31:     0x636dacfff2c9 - tokio[b4a08ef4dc80d2d]::runtime::context::set_scheduler::<(alloc[2e1b2a31b91974c5]::boxed::Box<tokio[b4a08ef4dc80d2d]::runtime::scheduler::current_thread::Core>, core[a373ad73a504971]::option::Option<()>), <tokio[b4a08ef4dc80d2d]::runtime::scheduler::current_thread::CoreGuard>::enter<<tokio[b4a08ef4dc80d2d]::runtime::scheduler::current_thread::CoreGuard>::block_on<core[a373ad73a504971]::pin::Pin<&mut core[a373ad73a504971]::pin::Pin<&mut dyn core[a373ad73a504971]::future::future::Future<Output = ()>>>>::{closure#0}, core[a373ad73a504971]::option::Option<()>>::{closure#0}>::{closure#0}
[INFO] [stdout]                                at /opt/rustwide/cargo-home/registry/src/index.crates.io-1949cf8c6b5b557f/tokio-1.51.1/src/runtime/context.rs:181:38
[INFO] [stdout]   32:     0x636dace7911f - <std[617be2ca0a6fd877]::thread::local::LocalKey<tokio[b4a08ef4dc80d2d]::runtime::context::Context>>::try_with::<tokio[b4a08ef4dc80d2d]::runtime::context::set_scheduler<(alloc[2e1b2a31b91974c5]::boxed::Box<tokio[b4a08ef4dc80d2d]::runtime::scheduler::current_thread::Core>, core[a373ad73a504971]::option::Option<()>), <tokio[b4a08ef4dc80d2d]::runtime::scheduler::current_thread::CoreGuard>::enter<<tokio[b4a08ef4dc80d2d]::runtime::scheduler::current_thread::CoreGuard>::block_on<core[a373ad73a504971]::pin::Pin<&mut core[a373ad73a504971]::pin::Pin<&mut dyn core[a373ad73a504971]::future::future::Future<Output = ()>>>>::{closure#0}, core[a373ad73a504971]::option::Option<()>>::{closure#0}>::{closure#0}, (alloc[2e1b2a31b91974c5]::boxed::Box<tokio[b4a08ef4dc80d2d]::runtime::scheduler::current_thread::Core>, core[a373ad73a504971]::option::Option<()>)>
[INFO] [stdout]                                at /rustc/e3feeb59cd1bdd011a2bfcc0747b55125d9b8527/library/std/src/thread/local.rs:463:12
[INFO] [stdout]   33:     0x636dace78cce - <std[617be2ca0a6fd877]::thread::local::LocalKey<tokio[b4a08ef4dc80d2d]::runtime::context::Context>>::with::<tokio[b4a08ef4dc80d2d]::runtime::context::set_scheduler<(alloc[2e1b2a31b91974c5]::boxed::Box<tokio[b4a08ef4dc80d2d]::runtime::scheduler::current_thread::Core>, core[a373ad73a504971]::option::Option<()>), <tokio[b4a08ef4dc80d2d]::runtime::scheduler::current_thread::CoreGuard>::enter<<tokio[b4a08ef4dc80d2d]::runtime::scheduler::current_thread::CoreGuard>::block_on<core[a373ad73a504971]::pin::Pin<&mut core[a373ad73a504971]::pin::Pin<&mut dyn core[a373ad73a504971]::future::future::Future<Output = ()>>>>::{closure#0}, core[a373ad73a504971]::option::Option<()>>::{closure#0}>::{closure#0}, (alloc[2e1b2a31b91974c5]::boxed::Box<tokio[b4a08ef4dc80d2d]::runtime::scheduler::current_thread::Core>, core[a373ad73a504971]::option::Option<()>)>
[INFO] [stdout]                                at /rustc/e3feeb59cd1bdd011a2bfcc0747b55125d9b8527/library/std/src/thread/local.rs:427:20
[INFO] [stdout]   34:     0x636dacff81bd - tokio[b4a08ef4dc80d2d]::runtime::context::set_scheduler::<(alloc[2e1b2a31b91974c5]::boxed::Box<tokio[b4a08ef4dc80d2d]::runtime::scheduler::current_thread::Core>, core[a373ad73a504971]::option::Option<()>), <tokio[b4a08ef4dc80d2d]::runtime::scheduler::current_thread::CoreGuard>::enter<<tokio[b4a08ef4dc80d2d]::runtime::scheduler::current_thread::CoreGuard>::block_on<core[a373ad73a504971]::pin::Pin<&mut core[a373ad73a504971]::pin::Pin<&mut dyn core[a373ad73a504971]::future::future::Future<Output = ()>>>>::{closure#0}, core[a373ad73a504971]::option::Option<()>>::{closure#0}>
[INFO] [stdout]                                at /opt/rustwide/cargo-home/registry/src/index.crates.io-1949cf8c6b5b557f/tokio-1.51.1/src/runtime/context.rs:181:17
[INFO] [stdout]   35:     0x636dacf6b080 - <tokio[b4a08ef4dc80d2d]::runtime::scheduler::current_thread::CoreGuard>::enter::<<tokio[b4a08ef4dc80d2d]::runtime::scheduler::current_thread::CoreGuard>::block_on<core[a373ad73a504971]::pin::Pin<&mut core[a373ad73a504971]::pin::Pin<&mut dyn core[a373ad73a504971]::future::future::Future<Output = ()>>>>::{closure#0}, core[a373ad73a504971]::option::Option<()>>
[INFO] [stdout]                                at /opt/rustwide/cargo-home/registry/src/index.crates.io-1949cf8c6b5b557f/tokio-1.51.1/src/runtime/scheduler/current_thread/mod.rs:865:27
[INFO] [stdout]   36:     0x636dacf6b376 - <tokio[b4a08ef4dc80d2d]::runtime::scheduler::current_thread::CoreGuard>::block_on::<core[a373ad73a504971]::pin::Pin<&mut core[a373ad73a504971]::pin::Pin<&mut dyn core[a373ad73a504971]::future::future::Future<Output = ()>>>>
[INFO] [stdout]                                at /opt/rustwide/cargo-home/registry/src/index.crates.io-1949cf8c6b5b557f/tokio-1.51.1/src/runtime/scheduler/current_thread/mod.rs:765:24
[INFO] [stdout]   37:     0x636dacf83ff0 - <tokio[b4a08ef4dc80d2d]::runtime::scheduler::current_thread::CurrentThread>::block_on::<core[a373ad73a504971]::pin::Pin<&mut dyn core[a373ad73a504971]::future::future::Future<Output = ()>>>::{closure#0}
[INFO] [stdout]                                at /opt/rustwide/cargo-home/registry/src/index.crates.io-1949cf8c6b5b557f/tokio-1.51.1/src/runtime/scheduler/current_thread/mod.rs:205:33
[INFO] [stdout]   38:     0x636dace426e8 - tokio[b4a08ef4dc80d2d]::runtime::context::runtime::enter_runtime::<<tokio[b4a08ef4dc80d2d]::runtime::scheduler::current_thread::CurrentThread>::block_on<core[a373ad73a504971]::pin::Pin<&mut dyn core[a373ad73a504971]::future::future::Future<Output = ()>>>::{closure#0}, ()>
[INFO] [stdout]                                at /opt/rustwide/cargo-home/registry/src/index.crates.io-1949cf8c6b5b557f/tokio-1.51.1/src/runtime/context/runtime.rs:65:16
[INFO] [stdout]   39:     0x636dacf68c64 - <tokio[b4a08ef4dc80d2d]::runtime::scheduler::current_thread::CurrentThread>::block_on::<core[a373ad73a504971]::pin::Pin<&mut dyn core[a373ad73a504971]::future::future::Future<Output = ()>>>
[INFO] [stdout]                                at /opt/rustwide/cargo-home/registry/src/index.crates.io-1949cf8c6b5b557f/tokio-1.51.1/src/runtime/scheduler/current_thread/mod.rs:193:9
[INFO] [stdout]   40:     0x636dacf15def - <tokio[b4a08ef4dc80d2d]::runtime::runtime::Runtime>::block_on_inner::<core[a373ad73a504971]::pin::Pin<&mut dyn core[a373ad73a504971]::future::future::Future<Output = ()>>>
[INFO] [stdout]                                at /opt/rustwide/cargo-home/registry/src/index.crates.io-1949cf8c6b5b557f/tokio-1.51.1/src/runtime/runtime.rs:371:52
[INFO] [stdout]   41:     0x636dacf15f3b - <tokio[b4a08ef4dc80d2d]::runtime::runtime::Runtime>::block_on::<core[a373ad73a504971]::pin::Pin<&mut dyn core[a373ad73a504971]::future::future::Future<Output = ()>>>
[INFO] [stdout]                                at /opt/rustwide/cargo-home/registry/src/index.crates.io-1949cf8c6b5b557f/tokio-1.51.1/src/runtime/runtime.rs:345:18
[INFO] [stdout]   42:     0x636dacf3a101 - release_ledger[b245b92217ef90cf]::cratesio::registry::tests::dry_run_verifies_real_local_package_and_does_not_claim_upload
[INFO] [stdout]                                at /opt/rustwide/workdir/src/cratesio/registry_tests.rs:260:6
[INFO] [stdout]   43:     0x636dacf28807 - release_ledger[b245b92217ef90cf]::cratesio::registry::tests::dry_run_verifies_real_local_package_and_does_not_claim_upload::{closure#0}
[INFO] [stdout]                                at /opt/rustwide/workdir/src/cratesio/registry_tests.rs:249:73
[INFO] [stdout]   44:     0x636dacf89846 - <release_ledger[b245b92217ef90cf]::cratesio::registry::tests::dry_run_verifies_real_local_package_and_does_not_claim_upload::{closure#0} as core[a373ad73a504971]::ops::function::FnOnce<()>>::call_once
[INFO] [stdout]                                at /rustc/e3feeb59cd1bdd011a2bfcc0747b55125d9b8527/library/core/src/ops/function.rs:250:5
[INFO] [stdout]   45:     0x636dad34e68b - <fn() -> core[a373ad73a504971]::result::Result<(), alloc[2e1b2a31b91974c5]::string::String> as core[a373ad73a504971]::ops::function::FnOnce<()>>::call_once
[INFO] [stdout]                                at /rustc/e3feeb59cd1bdd011a2bfcc0747b55125d9b8527/library/core/src/ops/function.rs:250:5
[INFO] [stdout]   46:     0x636dad34e68b - test[aada8e7e76ba119b]::__rust_begin_short_backtrace::<core[a373ad73a504971]::result::Result<(), alloc[2e1b2a31b91974c5]::string::String>, fn() -> core[a373ad73a504971]::result::Result<(), alloc[2e1b2a31b91974c5]::string::String>>
[INFO] [stdout]                                at /rustc/e3feeb59cd1bdd011a2bfcc0747b55125d9b8527/library/test/src/lib.rs:701:18
[INFO] [stdout]   47:     0x636dad35b865 - test[aada8e7e76ba119b]::run_test_in_process::{closure#0}
[INFO] [stdout]                                at /rustc/e3feeb59cd1bdd011a2bfcc0747b55125d9b8527/library/test/src/lib.rs:724:74
[INFO] [stdout]   48:     0x636dad35b865 - <core[a373ad73a504971]::panic::unwind_safe::AssertUnwindSafe<test[aada8e7e76ba119b]::run_test_in_process::{closure#0}> as core[a373ad73a504971]::ops::function::FnOnce<()>>::call_once
[INFO] [stdout]                                at /rustc/e3feeb59cd1bdd011a2bfcc0747b55125d9b8527/library/core/src/panic/unwind_safe.rs:275:9
[INFO] [stdout]   49:     0x636dad35b865 - std[617be2ca0a6fd877]::panicking::catch_unwind::do_call::<core[a373ad73a504971]::panic::unwind_safe::AssertUnwindSafe<test[aada8e7e76ba119b]::run_test_in_process::{closure#0}>, core[a373ad73a504971]::result::Result<(), alloc[2e1b2a31b91974c5]::string::String>>
[INFO] [stdout]                                at /rustc/e3feeb59cd1bdd011a2bfcc0747b55125d9b8527/library/std/src/panicking.rs:573:43
[INFO] [stdout]   50:     0x636dad35b865 - std[617be2ca0a6fd877]::panicking::catch_unwind::<core[a373ad73a504971]::result::Result<(), alloc[2e1b2a31b91974c5]::string::String>, core[a373ad73a504971]::panic::unwind_safe::AssertUnwindSafe<test[aada8e7e76ba119b]::run_test_in_process::{closure#0}>>
[INFO] [stdout]                                at /rustc/e3feeb59cd1bdd011a2bfcc0747b55125d9b8527/library/std/src/panicking.rs:541:19
[INFO] [stdout]   51:     0x636dad35b865 - std[617be2ca0a6fd877]::panic::catch_unwind::<core[a373ad73a504971]::panic::unwind_safe::AssertUnwindSafe<test[aada8e7e76ba119b]::run_test_in_process::{closure#0}>, core[a373ad73a504971]::result::Result<(), alloc[2e1b2a31b91974c5]::string::String>>
[INFO] [stdout]                                at /rustc/e3feeb59cd1bdd011a2bfcc0747b55125d9b8527/library/std/src/panic.rs:359:14
[INFO] [stdout]   52:     0x636dad35b865 - test[aada8e7e76ba119b]::run_test_in_process
[INFO] [stdout]                                at /rustc/e3feeb59cd1bdd011a2bfcc0747b55125d9b8527/library/test/src/lib.rs:724:27
[INFO] [stdout]   53:     0x636dad35b865 - test[aada8e7e76ba119b]::run_test::{closure#0}
[INFO] [stdout]                                at /rustc/e3feeb59cd1bdd011a2bfcc0747b55125d9b8527/library/test/src/lib.rs:645:43
[INFO] [stdout]   54:     0x636dad355154 - test[aada8e7e76ba119b]::run_test::{closure#1}
[INFO] [stdout]                                at /rustc/e3feeb59cd1bdd011a2bfcc0747b55125d9b8527/library/test/src/lib.rs:675:41
[INFO] [stdout]   55:     0x636dad355154 - std[617be2ca0a6fd877]::sys::backtrace::__rust_begin_short_backtrace::<test[aada8e7e76ba119b]::run_test::{closure#1}, ()>
[INFO] [stdout]                                at /rustc/e3feeb59cd1bdd011a2bfcc0747b55125d9b8527/library/std/src/sys/backtrace.rs:166:18
[INFO] [stdout]   56:     0x636dad35e8f2 - std[617be2ca0a6fd877]::thread::lifecycle::spawn_unchecked::<test[aada8e7e76ba119b]::run_test::{closure#1}, ()>::{closure#1}::{closure#0}
[INFO] [stdout]                                at /rustc/e3feeb59cd1bdd011a2bfcc0747b55125d9b8527/library/std/src/thread/lifecycle.rs:70:13
[INFO] [stdout]   57:     0x636dad35e8f2 - <core[a373ad73a504971]::panic::unwind_safe::AssertUnwindSafe<std[617be2ca0a6fd877]::thread::lifecycle::spawn_unchecked<test[aada8e7e76ba119b]::run_test::{closure#1}, ()>::{closure#1}::{closure#0}> as core[a373ad73a504971]::ops::function::FnOnce<()>>::call_once
[INFO] [stdout]                                at /rustc/e3feeb59cd1bdd011a2bfcc0747b55125d9b8527/library/core/src/panic/unwind_safe.rs:275:9
[INFO] [stdout]   58:     0x636dad35e8f2 - std[617be2ca0a6fd877]::panicking::catch_unwind::do_call::<core[a373ad73a504971]::panic::unwind_safe::AssertUnwindSafe<std[617be2ca0a6fd877]::thread::lifecycle::spawn_unchecked<test[aada8e7e76ba119b]::run_test::{closure#1}, ()>::{closure#1}::{closure#0}>, ()>
[INFO] [stdout]                                at /rustc/e3feeb59cd1bdd011a2bfcc0747b55125d9b8527/library/std/src/panicking.rs:573:43
[INFO] [stdout]   59:     0x636dad35e8f2 - std[617be2ca0a6fd877]::panicking::catch_unwind::<(), core[a373ad73a504971]::panic::unwind_safe::AssertUnwindSafe<std[617be2ca0a6fd877]::thread::lifecycle::spawn_unchecked<test[aada8e7e76ba119b]::run_test::{closure#1}, ()>::{closure#1}::{closure#0}>>
[INFO] [stdout]                                at /rustc/e3feeb59cd1bdd011a2bfcc0747b55125d9b8527/library/std/src/panicking.rs:541:19
[INFO] [stdout]   60:     0x636dad35e8f2 - std[617be2ca0a6fd877]::panic::catch_unwind::<core[a373ad73a504971]::panic::unwind_safe::AssertUnwindSafe<std[617be2ca0a6fd877]::thread::lifecycle::spawn_unchecked<test[aada8e7e76ba119b]::run_test::{closure#1}, ()>::{closure#1}::{closure#0}>, ()>
[INFO] [stdout]                                at /rustc/e3feeb59cd1bdd011a2bfcc0747b55125d9b8527/library/std/src/panic.rs:359:14
[INFO] [stdout]   61:     0x636dad35e8f2 - std[617be2ca0a6fd877]::thread::lifecycle::spawn_unchecked::<test[aada8e7e76ba119b]::run_test::{closure#1}, ()>::{closure#1}
[INFO] [stdout]                                at /rustc/e3feeb59cd1bdd011a2bfcc0747b55125d9b8527/library/std/src/thread/lifecycle.rs:68:26
[INFO] [stdout]   62:     0x636dad35e8f2 - <std[617be2ca0a6fd877]::thread::lifecycle::spawn_unchecked<test[aada8e7e76ba119b]::run_test::{closure#1}, ()>::{closure#1} as core[a373ad73a504971]::ops::function::FnOnce<()>>::call_once::{shim:vtable#0}
[INFO] [stdout]                                at /rustc/e3feeb59cd1bdd011a2bfcc0747b55125d9b8527/library/core/src/ops/function.rs:250:5
[INFO] [stdout]   63:     0x636dad6854ff - <alloc[2e1b2a31b91974c5]::boxed::Box<dyn core[a373ad73a504971]::ops::function::FnOnce<(), Output = ()> + core[a373ad73a504971]::marker::Send> as core[a373ad73a504971]::ops::function::FnOnce<()>>::call_once
[INFO] [stdout]                                at /rustc/e3feeb59cd1bdd011a2bfcc0747b55125d9b8527/library/alloc/src/boxed.rs:2314:9
[INFO] [stdout]   64:     0x636dad6854ff - <std[617be2ca0a6fd877]::sys::thread::unix::Thread>::new::thread_start
[INFO] [stdout]                                at /rustc/e3feeb59cd1bdd011a2bfcc0747b55125d9b8527/library/std/src/sys/thread/unix.rs:127:17
[INFO] [stdout]   65:     0x7871ca9cbdfa - <unknown>
[INFO] [stdout]   66:     0x7871caa5f3d4 - clone
[INFO] [stdout]   67:                0x0 - <unknown>
[INFO] [stdout] 
[INFO] [stdout] 
[INFO] [stdout] failures:
[INFO] [stdout]     cratesio::registry::tests::dry_run_verifies_real_local_package_and_does_not_claim_upload
[INFO] [stdout] 
[INFO] [stdout] test result: FAILED. 157 passed; 1 failed; 0 ignored; 0 measured; 0 filtered out; finished in 2.16s
[INFO] [stdout] 
[INFO] [stderr] error: test failed, to rerun pass `--lib`
[INFO] running `Command { std: "docker" "inspect" "7653e4ebc33457bbbb017d1be0a4bc44afbafa591169c87373eb24e2875d993c", kill_on_drop: false }`
[INFO] running `Command { std: "docker" "rm" "-f" "7653e4ebc33457bbbb017d1be0a4bc44afbafa591169c87373eb24e2875d993c", kill_on_drop: false }`
[INFO] [stdout] 7653e4ebc33457bbbb017d1be0a4bc44afbafa591169c87373eb24e2875d993c
