[INFO] fetching crate release-kit 0.8.7...
[INFO] testing release-kit-0.8.7 against 1.100.0-beta.1 for beta-1.100-2
[INFO] extracting crate release-kit 0.8.7 into /workspace/builds/worker-4-tc2/source
[INFO] removed /workspace/builds/worker-4-tc2/source/rust-toolchain.toml
[INFO] started tweaking crates.io crate release-kit 0.8.7
[INFO] finished tweaking crates.io crate release-kit 0.8.7
[INFO] tweaked toml for crates.io crate release-kit 0.8.7 written to /workspace/builds/worker-4-tc2/source/Cargo.toml
[INFO] validating manifest of crates.io crate release-kit 0.8.7 on toolchain 1.100.0-beta.1
[INFO] running `Command { std: CARGO_HOME="/workspace/cargo-home" RUSTUP_HOME="/workspace/rustup-home" "/workspace/cargo-home/bin/cargo" "+1.100.0-beta.1" "metadata" "--manifest-path" "Cargo.toml" "--no-deps", kill_on_drop: false }`
[INFO] crate crates.io crate release-kit 0.8.7 already has a lockfile, it will not be regenerated
[INFO] running `Command { std: CARGO_HOME="/workspace/cargo-home" RUSTUP_HOME="/workspace/rustup-home" "/workspace/cargo-home/bin/cargo" "+1.100.0-beta.1" "fetch" "--manifest-path" "Cargo.toml", kill_on_drop: false }`
[INFO] [stderr] warning: `package.homepage` is redundant with `package.repository`
[INFO] [stderr]    --> Cargo.toml:98:12
[INFO] [stderr]     |
[INFO] [stderr]  98 | homepage = "https://github.com/gubasso/release-kit"
[INFO] [stderr]     |            ^^^^^^^^^^^^^^^^^^^^^^^^^^^^^^^^^^^^^^^^
[INFO] [stderr] ...
[INFO] [stderr] 103 | repository = "https://github.com/gubasso/release-kit"
[INFO] [stderr]     |              ----------------------------------------
[INFO] [stderr]     |
[INFO] [stderr]     = note: `cargo::redundant_homepage` is set to `warn` by default
[INFO] [stderr] help: consider removing `package.homepage`
[INFO] [stderr] warning: `release-kit` (manifest) generated 1 warning
[INFO] running `Command { std: "docker" "create" "-v" "/var/lib/crater-agent-workspace/builds/worker-4-tc2/source:/opt/rustwide/workdir:ro,Z" "-v" "/var/lib/crater-agent-workspace/builds/worker-4-tc2/target:/opt/rustwide/target:rw,Z" "-v" "/var/lib/crater-agent-workspace/cargo-home:/opt/rustwide/cargo-home:ro,Z" "-v" "/var/lib/crater-agent-workspace/rustup-home:/opt/rustwide/rustup-home:ro,Z" "-m" "1610612736" "--network" "none" "ghcr.io/rust-lang/crates-build-env/linux@sha256:3111399a4047eeb3a02b7a90e478d715f38a8c6669b5c4b49d30a17385265909" "sleep" "infinity", kill_on_drop: false }`
[INFO] [stdout] 32cfa5eee6a0c871f451580c4928f131cab7b77a72a5804a1f9fa1327a832b50
[INFO] running `Command { std: "docker" "start" "32cfa5eee6a0c871f451580c4928f131cab7b77a72a5804a1f9fa1327a832b50", kill_on_drop: false }`
[INFO] running `Command { std: "docker" "inspect" "32cfa5eee6a0c871f451580c4928f131cab7b77a72a5804a1f9fa1327a832b50", kill_on_drop: false }`
[INFO] running `Command { std: "docker" "exec" "-e" "SOURCE_DIR=/opt/rustwide/workdir" "-e" "CARGO_HOME=/opt/rustwide/cargo-home" "-e" "RUSTUP_HOME=/opt/rustwide/rustup-home" "-e" "CARGO_TARGET_DIR=/opt/rustwide/target" "-w" "/opt/rustwide/workdir" "--user" "0:0" "32cfa5eee6a0c871f451580c4928f131cab7b77a72a5804a1f9fa1327a832b50" "/opt/rustwide/cargo-home/bin/cargo" "+1.100.0-beta.1" "metadata" "--no-deps" "--format-version=1", kill_on_drop: false }`
[INFO] running `Command { std: "docker" "inspect" "32cfa5eee6a0c871f451580c4928f131cab7b77a72a5804a1f9fa1327a832b50", kill_on_drop: false }`
[INFO] running `Command { std: "docker" "exec" "-e" "SOURCE_DIR=/opt/rustwide/workdir" "-e" "CARGO_HOME=/opt/rustwide/cargo-home" "-e" "RUSTUP_HOME=/opt/rustwide/rustup-home" "-e" "CARGO_TARGET_DIR=/opt/rustwide/target" "-e" "CARGO_INCREMENTAL=0" "-e" "RUST_BACKTRACE=full" "-e" "RUSTFLAGS=--cap-lints=warn" "-e" "RUSTDOCFLAGS=--cap-lints=warn" "-w" "/opt/rustwide/workdir" "--user" "0:0" "32cfa5eee6a0c871f451580c4928f131cab7b77a72a5804a1f9fa1327a832b50" "/opt/rustwide/cargo-home/bin/cargo" "+1.100.0-beta.1" "build" "--frozen" "--message-format=json", kill_on_drop: false }`
[INFO] [stderr] warning: `package.homepage` is redundant with `package.repository`
[INFO] [stderr]    --> Cargo.toml:98:12
[INFO] [stderr]     |
[INFO] [stderr]  98 | homepage = "https://github.com/gubasso/release-kit"
[INFO] [stderr]     |            ^^^^^^^^^^^^^^^^^^^^^^^^^^^^^^^^^^^^^^^^
[INFO] [stderr] ...
[INFO] [stderr] 103 | repository = "https://github.com/gubasso/release-kit"
[INFO] [stderr]     |              ----------------------------------------
[INFO] [stderr]     |
[INFO] [stderr]     = note: `cargo::redundant_homepage` is set to `warn` by default
[INFO] [stderr] help: consider removing `package.homepage`
[INFO] [stderr] warning: `release-kit` (manifest) generated 1 warning
[INFO] [stderr]    Compiling rustix v1.1.4
[INFO] [stderr]    Compiling bitflags v2.13.1
[INFO] [stderr]    Compiling hybrid-array v0.4.14
[INFO] [stderr]    Compiling syn v3.0.4
[INFO] [stderr]    Compiling winnow v1.0.4
[INFO] [stderr]    Compiling toml_datetime v1.1.1+spec-1.1.0
[INFO] [stderr]    Compiling camino v1.2.5
[INFO] [stderr]    Compiling toml_writer v1.1.2+spec-1.1.0
[INFO] [stderr]    Compiling indexmap v2.14.1
[INFO] [stderr]    Compiling serde_spanned v1.1.1
[INFO] [stderr]    Compiling include_dir_macros v0.7.4
[INFO] [stderr]    Compiling memchr v2.8.3
[INFO] [stderr]    Compiling cpufeatures v0.3.1
[INFO] [stderr]    Compiling release-kit v0.8.7 (/opt/rustwide/workdir)
[INFO] [stderr]    Compiling include_dir v0.7.4
[INFO] [stderr]    Compiling humantime v2.4.0
[INFO] [stderr]    Compiling block-buffer v0.12.1
[INFO] [stderr]    Compiling crypto-common v0.2.2
[INFO] [stderr]    Compiling serde_json v1.0.151
[INFO] [stderr]    Compiling terminal_size v0.4.4
[INFO] [stderr]    Compiling toml_parser v1.1.3+spec-1.1.0
[INFO] [stderr]    Compiling clap_builder v4.6.6
[INFO] [stderr]    Compiling toml_edit v0.25.13+spec-1.1.0
[INFO] [stderr]    Compiling toml v1.1.4+spec-1.1.0
[INFO] [stderr]    Compiling digest v0.11.3
[INFO] [stderr]    Compiling sha2 v0.11.0
[INFO] [stderr]    Compiling clap_derive v4.6.4
[INFO] [stderr]    Compiling thiserror-impl v2.0.20
[INFO] [stderr]    Compiling serde_derive v1.0.229
[INFO] [stderr]    Compiling thiserror v2.0.20
[INFO] [stderr]    Compiling clap v4.6.6
[INFO] [stderr]    Compiling clap_complete v4.6.9
[INFO] [stderr]    Compiling serde v1.0.229
[INFO] [stderr]     Finished `dev` profile [unoptimized + debuginfo] target(s) in 55.39s
[INFO] running `Command { std: "docker" "inspect" "32cfa5eee6a0c871f451580c4928f131cab7b77a72a5804a1f9fa1327a832b50", kill_on_drop: false }`
[INFO] running `Command { std: "docker" "exec" "-e" "SOURCE_DIR=/opt/rustwide/workdir" "-e" "CARGO_HOME=/opt/rustwide/cargo-home" "-e" "RUSTUP_HOME=/opt/rustwide/rustup-home" "-e" "CARGO_TARGET_DIR=/opt/rustwide/target" "-e" "CARGO_INCREMENTAL=0" "-e" "RUST_BACKTRACE=full" "-e" "RUSTFLAGS=--cap-lints=warn" "-e" "RUSTDOCFLAGS=--cap-lints=warn" "-w" "/opt/rustwide/workdir" "--user" "0:0" "32cfa5eee6a0c871f451580c4928f131cab7b77a72a5804a1f9fa1327a832b50" "/opt/rustwide/cargo-home/bin/cargo" "+1.100.0-beta.1" "test" "--frozen" "--no-run" "--message-format=json", kill_on_drop: false }`
[INFO] [stderr] warning: `package.homepage` is redundant with `package.repository`
[INFO] [stderr]    --> Cargo.toml:98:12
[INFO] [stderr]     |
[INFO] [stderr]  98 | homepage = "https://github.com/gubasso/release-kit"
[INFO] [stderr]     |            ^^^^^^^^^^^^^^^^^^^^^^^^^^^^^^^^^^^^^^^^
[INFO] [stderr] ...
[INFO] [stderr] 103 | repository = "https://github.com/gubasso/release-kit"
[INFO] [stderr]     |              ----------------------------------------
[INFO] [stderr]     |
[INFO] [stderr]     = note: `cargo::redundant_homepage` is set to `warn` by default
[INFO] [stderr] help: consider removing `package.homepage`
[INFO] [stderr] warning: `release-kit` (manifest) generated 1 warning
[INFO] [stderr]    Compiling rustix v1.1.4
[INFO] [stderr]    Compiling aho-corasick v1.1.5
[INFO] [stderr]    Compiling num-traits v0.2.19
[INFO] [stderr]    Compiling inotify-sys v0.1.8
[INFO] [stderr]    Compiling difflib v0.4.0
[INFO] [stderr]    Compiling assert_cmd v2.2.2
[INFO] [stderr]    Compiling getrandom v0.4.3
[INFO] [stderr]    Compiling wait-timeout v0.2.1
[INFO] [stderr]    Compiling once_cell v1.21.4
[INFO] [stderr]    Compiling inotify v0.11.5
[INFO] [stderr]    Compiling float-cmp v0.10.0
[INFO] [stderr]    Compiling regex-automata v0.4.18
[INFO] [stderr]    Compiling terminal_size v0.4.4
[INFO] [stderr]    Compiling tempfile v3.27.0
[INFO] [stderr]    Compiling clap_builder v4.6.6
[INFO] [stderr]    Compiling regex v1.13.1
[INFO] [stderr]    Compiling bstr v1.13.1
[INFO] [stderr]    Compiling predicates v3.1.4
[INFO] [stderr]    Compiling clap v4.6.6
[INFO] [stderr]    Compiling clap_complete v4.6.9
[INFO] [stderr]    Compiling release-kit v0.8.7 (/opt/rustwide/workdir)
[INFO] [stderr]     Finished `test` profile [unoptimized + debuginfo] target(s) in 1m 07s
[INFO] running `Command { std: "docker" "inspect" "32cfa5eee6a0c871f451580c4928f131cab7b77a72a5804a1f9fa1327a832b50", kill_on_drop: false }`
[INFO] running `Command { std: "docker" "exec" "-e" "SOURCE_DIR=/opt/rustwide/workdir" "-e" "CARGO_HOME=/opt/rustwide/cargo-home" "-e" "RUSTUP_HOME=/opt/rustwide/rustup-home" "-e" "CARGO_TARGET_DIR=/opt/rustwide/target" "-e" "CARGO_INCREMENTAL=0" "-e" "RUST_BACKTRACE=full" "-e" "RUSTFLAGS=--cap-lints=warn" "-e" "RUSTDOCFLAGS=--cap-lints=warn" "-w" "/opt/rustwide/workdir" "--user" "0:0" "32cfa5eee6a0c871f451580c4928f131cab7b77a72a5804a1f9fa1327a832b50" "/opt/rustwide/cargo-home/bin/cargo" "+1.100.0-beta.1" "test" "--frozen", kill_on_drop: false }`
[INFO] [stderr] warning: `package.homepage` is redundant with `package.repository`
[INFO] [stderr]    --> Cargo.toml:98:12
[INFO] [stderr]     |
[INFO] [stderr]  98 | homepage = "https://github.com/gubasso/release-kit"
[INFO] [stderr]     |            ^^^^^^^^^^^^^^^^^^^^^^^^^^^^^^^^^^^^^^^^
[INFO] [stderr] ...
[INFO] [stderr] 103 | repository = "https://github.com/gubasso/release-kit"
[INFO] [stderr]     |              ----------------------------------------
[INFO] [stderr]     |
[INFO] [stderr]     = note: `cargo::redundant_homepage` is set to `warn` by default
[INFO] [stderr] help: consider removing `package.homepage`
[INFO] [stderr] warning: `release-kit` (manifest) generated 1 warning
[INFO] [stderr]     Finished `test` profile [unoptimized + debuginfo] target(s) in 0.32s
[INFO] [stderr]      Running unittests src/lib.rs (/opt/rustwide/target/debug/build/release-kit/06c05e6cb9b50263/out/release_kit-06c05e6cb9b50263)
[INFO] [stdout] 
[INFO] [stdout] running 377 tests
[INFO] [stdout] test assess::tests::a_mechanism_beside_activity_is_still_brownfield ... ok
[INFO] [stdout] test assess::tests::long_lived_branches_are_read_from_the_full_ref_names ... ok
[INFO] [stdout] test assess::tests::nothing_is_greenfield ... ok
[INFO] [stdout] test applog::tests::rust_log_filters_info_records ... ok
[INFO] [stdout] test applog::tests::the_timestamp_matches_known_epochs ... ok
[INFO] [stdout] test assess::tests::activity_with_no_mechanism_needs_a_decision ... ok
[INFO] [stdout] test assess::tests::the_verdict_words_are_the_wire_form ... ok
[INFO] [stdout] test atomic::tests::a_failed_write_leaves_the_destination_alone ... ok
[INFO] [stdout] test branches::tests::a_for_each_ref_line_parses_into_a_branch ... ok
[INFO] [stdout] test branches::tests::a_merged_request_confirms_only_on_head_sha_equality ... ok
[INFO] [stdout] test branches::tests::classification_guards_current_worktree_and_protected_branches ... ok
[INFO] [stdout] test cargo_package::tests::a_change_touches_the_package_only_through_a_listed_path ... ok
[INFO] [stdout] test cargo_package::tests::a_listing_is_trimmed_lines_without_blanks ... ok
[INFO] [stdout] test cargo_package::tests::a_shipped_path_is_an_exact_line ... ok
[INFO] [stdout] test cargo_package::tests::another_shape_runs_no_listing ... ok
[INFO] [stdout] test cargo_package::tests::exclude_entries_collapse_the_own_directory_first ... ok
[INFO] [stdout] test applog::tests::a_record_appends_one_logfmt_line ... ok
[INFO] [stdout] test cargo_package::tests::the_reporting_policy_is_never_claimed ... ok
[INFO] [stdout] test cargo_package::tests::a_failed_listing_is_named_not_guessed ... ok
[INFO] [stdout] test cargo_package::tests::list_flags_sit_between_allow_dirty_and_the_manifest ... ok
[INFO] [stdout] test cargo_package::tests::without_a_record_only_the_two_own_files_are_claimed ... ok
[INFO] [stdout] test assess::tests::a_release_marker_or_a_collision_is_brownfield ... ok
[INFO] [stdout] test commands::adopt::tests::the_adopt_report_schema_snapshot_holds ... ok
[INFO] [stdout] test commands::branches::tests::the_branches_prune_schema_snapshot_holds ... ok
[INFO] [stdout] test commands::assess::tests::the_assess_report_schema_snapshot_holds ... ok
[INFO] [stdout] test atomic::tests::a_dropped_transaction_removes_what_it_staged ... ok
[INFO] [stdout] test atomic::tests::a_write_creates_parents_lands_whole_and_leaves_no_temp ... ok
[INFO] [stdout] test commands::depend::tests::the_depend_assess_schema_snapshot_holds ... ok
[INFO] [stdout] test commands::doctor::tests::the_doctor_report_schema_snapshot_holds ... ok
[INFO] [stdout] test commands::doctor::tests::the_probe_schema_snapshot_holds ... ok
[INFO] [stdout] test commands::guide::tests::a_pair_variant_selects_on_both_axes ... ok
[INFO] [stdout] test commands::guide::tests::a_resolved_render_selects_and_substitutes ... ok
[INFO] [stdout] test commands::guide::tests::a_resolved_tech_fills_the_placeholder ... ok
[INFO] [stdout] test commands::guide::tests::a_style_variant_selects_on_the_style ... ok
[INFO] [stdout] test commands::guide::tests::a_paragraph_variant_renders ... ok
[INFO] [stdout] test atomic::tests::a_transaction_lands_every_write_in_order_and_leaves_no_temp ... ok
[INFO] [stdout] test commands::branches::tests::the_recheck_verdict_fails_closed ... ok
[INFO] [stdout] test atomic::tests::an_interrupted_commit_names_what_landed_and_leaves_the_rest_whole ... ok
[INFO] [stdout] test commands::guide::tests::a_workflow_variant_selects_on_the_mode ... ok
[INFO] [stdout] test commands::guide::tests::an_unresolved_render_is_byte_identical ... ok
[INFO] [stdout] test commands::init::tests::the_init_report_schema_snapshot_holds ... ok
[INFO] [stdout] test commands::integrate::tests::a_trunk_subject_is_held_to_the_landed_convention ... ok
[INFO] [stdout] test commands::message::tests::a_path_token_is_two_segments_without_url_flag_or_variable ... ok
[INFO] [stdout] test commands::message::tests::the_fixed_pattern_matches_decorated_references_only_at_a_boundary ... ok
[INFO] [stdout] test commands::depend::tests::the_depend_add_schema_snapshot_holds ... ok
[INFO] [stdout] test commands::message::tests::the_message_schema_snapshot_holds ... ok
[INFO] [stdout] test commands::profile::tests::the_profile_report_schema_snapshot_holds ... ok
[INFO] [stdout] test commands::message::tests::a_multibyte_prefix_neither_panics_nor_hides_the_trailer ... ok
[INFO] [stdout] test commands::message::tests::the_attribution_matchers_cover_the_patterns ... ok
[INFO] [stdout] test commands::message::tests::the_bot_exemption_is_the_title_checks_bot_alternative ... ok
[INFO] [stdout] test commands::message::tests::the_guard_file_holds_the_patterns_the_matchers_implement ... ok
[INFO] [stdout] test commands::self_depend::tests::the_self_depend_add_schema_snapshot_holds ... ok
[INFO] [stdout] test commands::self_depend::tests::the_self_depend_clean_schema_snapshot_holds ... ok
[INFO] [stdout] test commands::self_depend::tests::the_self_depend_sync_schema_snapshot_holds ... ok
[INFO] [stdout] test commands::self_depend::tests::the_status_schema_is_versioned_and_snapshot_tested ... ok
[INFO] [stdout] test commands::setup::tests::a_step_count_carries_a_noun_that_agrees_with_it ... ok
[INFO] [stdout] test commands::skill::tests::each_agent_selects_its_own_roots ... ok
[INFO] [stdout] test commands::skill::tests::the_skill_action_schema_snapshot_holds ... ok
[INFO] [stdout] test commands::skill::tests::the_skill_report_schema_snapshot_holds ... ok
[INFO] [stdout] test commands::stage::tests::the_stage_clean_report_schema_snapshot_holds ... ok
[INFO] [stdout] test commands::stage::tests::the_stage_report_schema_snapshot_holds ... ok
[INFO] [stdout] test commands::status::tests::the_status_report_schema_snapshot_holds ... ok
[INFO] [stdout] test commands::upgrade::tests::the_upgrade_report_schema_snapshot_holds ... ok
[INFO] [stdout] test commands::versions::tests::a_major_only_pin_is_current_within_its_major ... ok
[INFO] [stdout] test commands::worktree::tests::the_worktree_add_schema_snapshot_holds ... ok
[INFO] [stdout] test commands::versions::tests::a_source_version_is_read_from_both_answer_shapes ... ok
[INFO] [stdout] test commands::versions::tests::a_tags_answer_reads_the_greatest_name ... ok
[INFO] [stdout] test commands::versions::tests::the_versions_check_schema_snapshot_holds ... ok
[INFO] [stdout] test commands::worktree::tests::the_worktree_list_schema_snapshot_holds ... ok
[INFO] [stdout] test commands::worktree::tests::the_worktree_prune_schema_snapshot_holds ... ok
[INFO] [stdout] test config::floors::tests::a_local_target_still_refuses_a_developer_wide_trunk_push ... ok
[INFO] [stdout] test config::floors::tests::a_stricter_value_passes_the_floor ... ok
[INFO] [stdout] test config::floors::tests::a_silent_config_is_judged_as_forge_integrated ... ok
[INFO] [stdout] test config::floors::tests::a_value_below_a_floor_refuses_naming_the_invariants ... ok
[INFO] [stdout] test config::floors::tests::every_floor_names_a_real_invariant_heading ... ok
[INFO] [stdout] test config::floors::tests::one_policy_is_judged_by_the_recorded_integration_mode ... ok
[INFO] [stdout] test config::floors::tests::the_tag_floors_hold_under_both_integration_modes ... ok
[INFO] [stdout] test commands::integrate::tests::a_trunk_body_is_judged_by_the_one_message_owner ... ok
[INFO] [stdout] test config::migrate::tests::an_empty_detect_answer_becomes_an_absent_key ... ok
[INFO] [stdout] test config::tests::a_config_at_an_unknown_schema_refuses ... ok
[INFO] [stdout] test config::migrate::tests::a_dropped_schema_1_key_keeps_the_operators_comment ... ok
[INFO] [stdout] test config::migrate::tests::an_empty_technology_still_clears_the_automatic_release_keys ... ok
[INFO] [stdout] test config::migrate::tests::a_schema_1_file_with_a_schema_2_shape_refuses ... ok
[INFO] [stdout] test config::migrate::tests::a_schema_1_text_migrates_with_its_comments ... ok
[INFO] [stdout] test config::migrate::tests::an_emptied_project_header_goes_and_its_comment_stays ... ok
[INFO] [stdout] test config::migrate::tests::an_unknown_schema_1_landing_key_refuses_by_name ... ok
[INFO] [stdout] test config::tests::a_retired_key_drops_the_template_comment_and_keeps_the_operators ... ok
[INFO] [stdout] test config::tests::an_absent_config_reads_as_none ... ok
[INFO] [stdout] test config::tests::a_pruned_header_leaves_no_comment_behind ... ok
[INFO] [stdout] test config::tests::a_config_with_an_unknown_key_refuses_by_name ... ok
[INFO] [stdout] test config::tests::an_omitted_key_is_distinguishable_from_an_explicit_default ... ok
[INFO] [stdout] test config::tests::an_unparsable_config_refuses_naming_the_position ... ok
[INFO] [stdout] test config::tests::loading_checks_floors_and_trunk_of_propagates_invalid_content ... ok
[INFO] [stdout] test config::tests::every_invalid_release_state_names_its_key ... ok
[INFO] [stdout] test config::migrate::tests::a_moved_key_takes_the_comment_above_it ... ok
[INFO] [stdout] test config::tests::a_config_from_the_release_that_wrote_installation_id_still_reads ... ok
[INFO] [stdout] test config::tests::the_security_answers_are_held_to_their_grammar ... ok
[INFO] [stdout] test depend::fragments::tests::a_package_name_becomes_a_nix_identifier ... ok
[INFO] [stdout] test depend::fragments::tests::a_seed_keeps_its_final_newline_and_a_fragment_drops_it ... ok
[INFO] [stdout] test config::tests::an_exclusion_does_not_lift_a_floor ... ok
[INFO] [stdout] test depend::fragments::tests::the_flake_ref_carries_no_owner_of_its_own ... ok
[INFO] [stdout] test depend::fragments::tests::the_outputs_head_is_judged_lexically ... ok
[INFO] [stdout] test depend::matrix::tests::a_cargo_dist_source_offers_crates_before_the_archive_on_mise ... ok
[INFO] [stdout] test depend::fragments::tests::every_depend_block_renders_all_its_tokens ... ok
[INFO] [stdout] test config::tests::a_newly_written_key_takes_the_templates_comment ... ok
[INFO] [stdout] test depend::matrix::tests::a_target_with_no_manager_lists_every_manager_as_a_seed ... ok
[INFO] [stdout] test depend::matrix::tests::a_flake_source_is_the_only_fragment_channel_for_flake_and_devbox ... ok
[INFO] [stdout] test depend::fragments::tests::an_input_binding_is_read_to_its_close ... ok
[INFO] [stdout] test depend::matrix::tests::one_present_manager_is_chosen_without_a_flag ... ok
[INFO] [stdout] test depend::matrix::tests::asdf_is_always_manual_with_its_reason ... ok
[INFO] [stdout] test depend::matrix::tests::a_technology_mismatch_is_manual_for_prod ... ok
[INFO] [stdout] test depend::matrix::tests::prod_returns_the_native_command_per_technology ... ok
[INFO] [stdout] test depend::matrix::tests::two_present_managers_need_the_flag ... ok
[INFO] [stdout] test depend::nix::tests::a_binding_value_survives_let_and_brackets ... ok
[INFO] [stdout] test depend::matrix::tests::every_pair_in_the_matrix_is_classified_once ... ok
[INFO] [stdout] test depend::nix::tests::an_attribute_is_a_whole_token ... ok
[INFO] [stdout] test depend::nix::tests::a_default_package_path_is_system_qualified_or_bare ... ok
[INFO] [stdout] test depend::nix::tests::a_let_binding_is_not_an_attribute_of_the_value ... ok
[INFO] [stdout] test depend::nix::tests::an_attribute_value_is_read_in_every_declaration_form ... ok
[INFO] [stdout] test depend::nix::tests::an_input_declaration_is_scoped_to_the_inputs ... ok
[INFO] [stdout] test config::tests::a_schema_1_config_migrates_into_its_domains ... ok
[INFO] [stdout] test config::tests::an_exclusion_names_a_real_step_and_states_why ... ok
[INFO] [stdout] test depend::source::tests::a_flake_that_serves_packages_default_is_recognized ... ok
[INFO] [stdout] test depend::source::tests::a_package_json_yields_bin_in_both_forms ... ok
[INFO] [stdout] test depend::source::tests::a_cargo_manifest_yields_name_version_bins_and_repository ... ok
[INFO] [stdout] test depend::source::tests::dist_hosting_is_read_from_the_dist_table ... ok
[INFO] [stdout] test depend::source::tests::the_channels_follow_the_evidence ... ok
[INFO] [stdout] test depend::source::tests::the_tag_style_is_read_from_the_tags ... ok
[INFO] [stdout] test depend::target::tests::the_default_file_is_the_managers_own ... ok
[INFO] [stdout] test depend::tests::a_missing_directory_is_a_missing_error ... ok
[INFO] [stdout] test depend::tests::a_url_is_refused_before_the_disk_is_read ... ok
[INFO] [stdout] test depend::version::tests::no_version_is_a_usage_error ... ok
[INFO] [stdout] test depend::version::tests::the_argument_overrides_the_tree ... ok
[INFO] [stdout] test depend::version::tests::the_tag_follows_the_source_tag_style ... ok
[INFO] [stdout] test depend::nix::tests::the_scrub_blanks_comments_and_strings_only ... ok
[INFO] [stdout] test depend::source::tests::binstall_counts_only_as_a_release_asset_of_this_repository ... ok
[INFO] [stdout] test diagnostic::tests::the_diagnostic_schema_snapshot_holds ... ok
[INFO] [stdout] test diagnostic::tests::the_reason_vocabulary_is_closed ... ok
[INFO] [stdout] test depend::target::tests::node_is_read_from_package_json_after_the_version_files ... ok
[INFO] [stdout] test digest::tests::a_digest_round_trips_through_its_hex_form ... ok
[INFO] [stdout] test detect::tests::a_host_maps_to_its_forge_and_an_unknown_host_to_none ... ok
[INFO] [stdout] test detect::tests::a_remote_splits_into_host_and_path_in_both_forms ... ok
[INFO] [stdout] test digest::tests::a_malformed_digest_is_rejected ... ok
[INFO] [stdout] test embedded::tests::every_block_is_authored_with_one_final_newline ... ok
[INFO] [stdout] test depend::source::tests::a_pyproject_yields_scripts_as_bins ... ok
[INFO] [stdout] test embedded::tests::every_declared_root_serves_at_least_one_file ... ok
[INFO] [stdout] test diagnostic::tests::the_human_rendering_answers_only_what_is_known ... ok
[INFO] [stdout] test diagnostic::tests::the_serde_rendering_and_the_wire_form_agree ... ok
[INFO] [stdout] test error::tests::exit_code_matrix ... ok
[INFO] [stdout] test events::tests::a_child_output_event_carries_the_chunk_losslessly ... ok
[INFO] [stdout] test embedded::tests::the_inventory_and_the_embed_declare_the_same_roots ... ok
[INFO] [stdout] test events::tests::the_event_schema_snapshot_holds ... ok
[INFO] [stdout] test error::tests::every_error_carries_a_reason ... ok
[INFO] [stdout] test events::tests::the_base64_encoder_matches_the_rfc_vectors ... ok
[INFO] [stdout] test integrate::tests::a_ledger_round_trips_and_refuses_an_unknown_schema ... ok
[INFO] [stdout] test integrate::tests::a_proof_needs_the_tip_the_integration_recorded ... ok
[INFO] [stdout] test integrate::tests::a_re_integration_replaces_its_predecessor ... ok
[INFO] [stdout] test integrate::tests::a_trunk_that_moved_under_the_gate_refuses ... ok
[INFO] [stdout] test integrate::tests::an_absent_ledger_reads_as_empty_and_proves_nothing ... ok
[INFO] [stdout] test integrate::tests::only_a_diverged_trunk_refuses ... ok
[INFO] [stdout] test integrate::tests::release_intent_reads_the_type_the_bang_and_the_footer ... ok
[INFO] [stdout] test integrate::tests::the_uncounted_release_warning_names_both_fixes ... ok
[INFO] [stdout] test issue::tests::a_confidential_issue_ignores_the_template ... ok
[INFO] [stdout] test integrate::tests::the_trunk_and_a_misshapen_branch_each_refuse_by_name ... ok
[INFO] [stdout] test issue::tests::a_bare_number_agrees_with_any_clone ... ok
[INFO] [stdout] test issue::tests::a_customized_template_can_render_a_name_the_grammar_refuses ... ok
[INFO] [stdout] test held::tests::a_hold_creates_and_refuses_a_linked_component ... ok
[INFO] [stdout] test embedded::tests::the_artifact_list_is_stable_and_complete ... ok
[INFO] [stdout] test issue::tests::a_linked_branch_answer_judges_absent_one_and_many ... ok
[INFO] [stdout] test issue::tests::a_long_name_truncates_at_100_and_drops_the_partial_segment ... ok
[INFO] [stdout] test issue::tests::a_malformed_linked_branch_answer_is_unknown ... ok
[INFO] [stdout] test issue::tests::a_name_renders_from_id_and_title_without_a_template ... ok
[INFO] [stdout] test issue::tests::a_nested_gitlab_group_keeps_every_segment ... ok
[INFO] [stdout] test issue::tests::a_reference_parses_from_every_accepted_form ... ok
[INFO] [stdout] test issue::tests::a_reference_that_names_another_project_disagrees ... ok
[INFO] [stdout] test issue::tests::an_unknown_placeholder_survives_into_the_name ... ok
[INFO] [stdout] test issue::tests::a_template_substitutes_every_supported_variable ... ok
[INFO] [stdout] test issue::tests::a_title_outside_the_table_reports_approximated ... ok
[INFO] [stdout] test issue::tests::parameterize_matches_the_documented_example ... ok
[INFO] [stdout] test issue::tests::parameterize_preserves_case_when_asked ... ok
[INFO] [stdout] test issue::tests::an_empty_title_yields_the_bare_number ... ok
[INFO] [stdout] test landing::invariants::tests::a_configured_attestation_with_no_attest_step_fails ... ok
[INFO] [stdout] test landing::invariants::tests::a_generated_workflow_that_triggers_on_a_request_fails ... ok
[INFO] [stdout] test landing::invariants::tests::a_missing_or_stale_action_commit_table_fails ... ok
[INFO] [stdout] test landing::invariants::tests::a_movable_reference_fails_whatever_the_configuration_says ... ok
[INFO] [stdout] test landing::invariants::tests::a_configuration_that_reports_on_a_request_fails ... ok
[INFO] [stdout] test landing::invariants::tests::a_step_the_reader_cannot_resolve_is_reported ... ok
[INFO] [stdout] test landing::invariants::tests::a_workflow_left_at_a_movable_tag_fails ... ok
[INFO] [stdout] test landing::invariants::tests::every_real_step_shape_reaches_the_judgment ... ok
[INFO] [stdout] test landing::invariants::tests::each_degraded_form_fails_with_its_code ... ok
[INFO] [stdout] test config::tests::rewrite_key_preserves_comments ... ok
[INFO] [stdout] test landing::invariants::tests::the_rule_is_keyed_by_pair_and_destination ... ok
[INFO] [stdout] test landing::invariants::tests::the_generated_workflow_at_the_configured_commits_fails_nothing ... ok
[INFO] [stdout] test landing::lock::tests::a_host_with_no_state_root_refuses ... ok
[INFO] [stdout] test landing::invariants::tests::the_cross_file_judgment_needs_both_files ... ok
[INFO] [stdout] test landing::invariants::tests::the_seeded_configuration_is_judged_effectively ... ok
[INFO] [stdout] test landing::lock::tests::one_run_holds_a_target_at_a_time ... ok
[INFO] [stdout] test landing::lock::tests::a_non_regular_lock_entry_is_refused_and_the_lock_stays_owner_only ... ok
[INFO] [stdout] test config::tests::the_landed_config_template_round_trips ... ok
[INFO] [stdout] test landing::lock::tests::two_targets_are_two_locks ... ok
[INFO] [stdout] test landing::lock::tests::a_lock_file_without_a_live_holder_is_taken_over ... ok
[INFO] [stdout] test landing::manifest::tests::alignment_orders_numeric_prerelease_identifiers_numerically ... ok
[INFO] [stdout] test landing::manifest::tests::alignment_ignores_build_metadata ... ok
[INFO] [stdout] test landing::manifest::tests::alignment_orders_versions_numerically ... ok
[INFO] [stdout] test landing::manifest::tests::the_manifest_schema_snapshot_holds ... ok
[INFO] [stdout] test landing::manifest::tests::a_schema_1_record_reads_as_branches_and_a_newer_schema_refuses ... ok
[INFO] [stdout] test landing::tests::a_landed_integrate_note_names_both_axes ... ok
[INFO] [stdout] test landing::tests::a_landed_sweep_note_invites_the_projects_own_skips ... ok
[INFO] [stdout] test landing::tests::a_splice_decodes_no_byte_the_target_wrote ... ok
[INFO] [stdout] test landing::tests::an_append_rewrites_no_byte_the_target_wrote ... ok
[INFO] [stdout] test landing::tests::each_forge_policy_carries_one_ordered_pair_of_every_span ... ok
[INFO] [stdout] test landing::manifest::tests::a_record_carrying_an_uncanonical_security_parameter_refuses ... ok
[INFO] [stdout] test landing::tests::a_projection_renders_owned_files_and_keeps_seeded_judgment ... ok
[INFO] [stdout] test landing::tests::rendering_substitutes_every_owner_occurrence ... ok
[INFO] [stdout] test landing::tests::the_block_splices_into_every_agents_shape ... ok
[INFO] [stdout] test landing::tests::the_blocks_render_per_mode_and_carry_the_one_grammar ... ok
[INFO] [stdout] test landing::tests::a_defective_span_renders_unchanged ... ok
[INFO] [stdout] test landing::tests::the_glossary_block_carries_no_parameter ... ok
[INFO] [stdout] test landing::tests::the_glossary_leaves_the_targets_region_alone ... ok
[INFO] [stdout] test landing::tests::the_glossary_splices_into_every_shape ... ok
[INFO] [stdout] test landing::tests::private_reporting_path_tokens_are_reproducible ... ok
[INFO] [stdout] test landing::tests::the_hook_marker_defects_are_named ... ok
[INFO] [stdout] test landing::tests::the_hook_block_splices_under_repos ... ok
[INFO] [stdout] test landing::tests::the_kind_table_closes_over_every_snippet ... ok
[INFO] [stdout] test landing::tests::the_integration_mode_decides_which_trunk_guards_render ... ok
[INFO] [stdout] test landing::tests::the_nix_seeds_are_identical_across_forge_pairs ... ok
[INFO] [stdout] test landing::tests::the_scope_predicate_and_the_rendered_pattern_agree ... ok
[INFO] [stdout] test landing::tests::the_scope_shape_drops_into_the_title_check ... ok
[INFO] [stdout] test landing::apply::tests::every_collision_is_collected_and_the_refusal_writes_nothing ... ok
[INFO] [stdout] test landing::tests::the_security_spans_render_per_answer ... ok
[INFO] [stdout] test maintenance::tests::a_row_owes_until_nothing_is_left_to_ask ... ok
[INFO] [stdout] test landing::apply::tests::a_released_destination_stays_and_leaves_the_receipt ... ok
[INFO] [stdout] test probes::tests::a_floor_comparison_orders_by_component ... ok
[INFO] [stdout] test landing::tests::the_shared_zone_composes_into_the_pair ... ok
[INFO] [stdout] test probes::tests::a_version_line_parses_from_both_forge_clis ... ok
[INFO] [stdout] test profile::catalog::tests::a_no_forge_input_selects_the_guards_alone ... ok
[INFO] [stdout] test profile::catalog::tests::an_unknown_forge_reads_as_unknown_and_lands_the_guards ... ok
[INFO] [stdout] test profile::catalog::tests::code_scanning_selects_the_providers_own_file ... ok
[INFO] [stdout] test profile::catalog::tests::every_embedded_snippet_has_one_owner ... ok
[INFO] [stdout] test profile::catalog::tests::the_catalog_answers_availability_per_tuple ... ok
[INFO] [stdout] test probes::tests::a_remote_host_parses_from_both_url_forms ... ok
[INFO] [stdout] test landing::tests::the_nix_destinations_project_only_under_the_opt_in ... ok
[INFO] [stdout] test embedded::tests::no_artifact_body_lives_as_a_source_literal ... ok
[INFO] [stdout] test projection::tests::a_whole_file_colliding_with_a_marked_region_names_both_source_paths ... ok
[INFO] [stdout] test projection::tests::a_recorded_provider_its_pair_cannot_run_is_named ... ok
[INFO] [stdout] test projection::tests::duplicate_whole_file_destinations_and_overlapping_marked_regions_refuse_with_the_conflicting_source_names ... ok
[INFO] [stdout] test projection::tests::a_hook_document_that_is_not_utf8_collides_instead_of_being_rewritten ... ok
[INFO] [stdout] test projection::tests::the_licence_judgment_holds_the_expression_to_the_spdx_grammar ... ok
[INFO] [stdout] test projection::tests::equal_projection_inputs_yield_byte_identical_projections ... ok
[INFO] [stdout] test output::tests::no_handler_prints_past_the_boundary ... ok
[INFO] [stdout] test landing::tests::the_nix_withhold_judgment_covers_the_three_shapes ... ok
[INFO] [stdout] test projection::tests::marked_region_projection_preserves_every_target_byte_outside_the_markers ... ok
[INFO] [stdout] test registry::tests::every_used_by_entry_names_a_catalogued_capability ... ok
[INFO] [stdout] test registry::tests::a_provider_keyed_pin_reaches_that_provider_alone ... ok
[INFO] [stdout] test projection::tests::the_projection_performs_no_filesystem_git_environment_clock_registry_or_network_read ... ok
[INFO] [stdout] test self_depend::discover::tests::the_latest_url_derives_from_the_pin_grammar ... ok
[INFO] [stdout] test registry::tests::pins_filter_by_selected_capability ... ok
[INFO] [stdout] test self_depend::fragments::tests::every_fragment_renders_its_tag_and_keeps_the_system_interpolation ... ok
[INFO] [stdout] test self_depend::fragments::tests::no_fragment_is_a_source_literal ... ok
[INFO] [stdout] test self_depend::discover::tests::the_version_order_is_semantic_not_textual ... ok
[INFO] [stdout] test projection::tests::the_licence_judgment_reads_what_every_reader_obtains ... ok
[INFO] [stdout] test registry::tests::the_embedded_registry_parses_with_every_field ... ok
[INFO] [stdout] test self_depend::fragments::tests::the_devshell_package_is_judged_lexically ... ok
[INFO] [stdout] test self_depend::guard::tests::the_lock_is_exclusive_and_released_on_drop ... ok
[INFO] [stdout] test self_depend::fragments::tests::the_pin_matcher_matches_the_authored_input_fragment ... ok
[INFO] [stdout] test self_depend::guard::tests::the_acquired_vocabulary_is_three_states ... ok
[INFO] [stdout] test self_depend::fragments::tests::the_outputs_head_is_judged_lexically ... ok
[INFO] [stdout] test self_depend::leftovers::tests::the_envrc_swap_keeps_every_other_line ... ok
[INFO] [stdout] test self_depend::leftovers::tests::a_catalog_file_matches_on_its_content_and_not_on_its_name_alone ... ok
[INFO] [stdout] test self_depend::manager::tests::a_mention_is_found_by_line ... ok
[INFO] [stdout] test self_depend::leftovers::tests::the_line_matchers_are_bounded ... ok
[INFO] [stdout] test self_depend::manager::tests::the_asdf_reader_takes_the_second_word ... ok
[INFO] [stdout] test self_depend::manager::tests::a_one_fact_line_is_rewritten_in_place ... ok
[INFO] [stdout] test self_depend::manager::tests::freshness_compares_with_the_binary ... ok
[INFO] [stdout] test self_depend::manager::tests::the_flake_reader_is_the_pin_matcher ... ok
[INFO] [stdout] test self_depend::manager::tests::the_first_mise_file_in_precedence_wins ... ok
[INFO] [stdout] test self_depend::matrix::tests::every_manual_pair_names_a_closed_reason ... ok
[INFO] [stdout] test self_depend::manager::tests::every_manager_has_its_files_and_the_enum_is_closed ... ok
[INFO] [stdout] test self_depend::manager::tests::the_devbox_reader_takes_the_flake_tag_or_the_version_suffix ... ok
[INFO] [stdout] test self_depend::manager::tests::the_mise_reader_names_the_tool_in_any_backend ... ok
[INFO] [stdout] test self_depend::matrix::tests::the_asdf_rows_are_manual_with_their_reason ... ok
[INFO] [stdout] test self_depend::pin::tests::an_unpinned_url_is_reported_not_rewritten ... ok
[INFO] [stdout] test self_depend::matrix::tests::every_pair_in_the_matrix_is_classified_once ... ok
[INFO] [stdout] test self_depend::pin::tests::the_rewrite_changes_only_the_tag_substring ... ok
[INFO] [stdout] test self_depend::pin::tests::the_pin_matcher_is_anchored_at_both_ends ... ok
[INFO] [stdout] test self_depend::tests::the_state_key_is_stable_per_checkout ... ok
[INFO] [stdout] test self_depend::tests::the_sync_line_is_found_by_its_verb ... ok
[INFO] [stdout] test self_depend::tests::the_tag_normalizer_folds_three_shapes_to_one ... ok
[INFO] [stdout] test self_depend::pin::tests::two_pin_lines_count_as_two ... ok
[INFO] [stdout] test self_depend::tests::the_locked_node_reads_the_release_kit_input ... ok
[INFO] [stdout] test self_depend::txn::tests::a_finished_marker_is_not_pending ... ok
[INFO] [stdout] test self_depend::txn::tests::a_finished_marker_is_cleared_and_named ... ok
[INFO] [stdout] test self_depend::txn::tests::a_failed_restore_keeps_its_material ... ok
[INFO] [stdout] test self_depend::txn::tests::a_live_owner_is_left_alone ... ok
[INFO] [stdout] test self_depend::txn::tests::a_dropped_transaction_restores_and_a_committed_one_keeps ... ok
[INFO] [stdout] test landing::apply::tests::a_fresh_landing_creates_and_a_rerun_decides_by_the_receipt ... ok
[INFO] [stdout] test self_depend::txn::tests::a_missing_backup_for_a_present_file_deletes_nothing ... ok
[INFO] [stdout] test self_depend::venue::tests::each_venue_renders_its_reference_form ... ok
[INFO] [stdout] test self_depend::venue::tests::the_venue_list_is_closed_and_ordered ... ok
[INFO] [stdout] test self_depend::txn::tests::a_marker_with_a_dead_owner_is_recovered ... ok
[INFO] [stdout] test setup::app_jwt::tests::the_fixed_header_encodes_stably ... ok
[INFO] [stdout] test setup::branch_reminder::tests::the_hook_body_carries_the_marker_and_never_fails ... ok
[INFO] [stdout] test setup::app_jwt::tests::base64url_matches_the_rfc_vectors ... ok
[INFO] [stdout] test self_depend::txn::tests::a_malformed_marker_with_backups_is_recovered_now ... ok
[INFO] [stdout] test setup::branch_reminder::tests::the_hook_body_is_the_authored_file_verbatim ... ok
[INFO] [stdout] test setup::context::tests::each_ruleset_composes_its_half_of_the_owned_rule_key ... ok
[INFO] [stdout] test setup::context::tests::the_effective_policy_follows_the_recorded_authority ... ok
[INFO] [stdout] test setup::journal::tests::the_meta_schema_snapshot_holds ... ok
[INFO] [stdout] test setup::process::tests::a_debug_rendering_omits_the_stdin_bytes ... ok
[INFO] [stdout] test setup::process::tests::a_signalled_child_surfaces_as_128_plus_n ... ok
[INFO] [stdout] test setup::process::tests::invalid_utf8_is_preserved ... ok
[INFO] [stdout] test setup::proof::tests::a_changed_contract_names_each_field ... ok
[INFO] [stdout] test setup::proof::tests::each_unreadable_proof_names_its_own_reason ... ok
[INFO] [stdout] test setup::proof::tests::the_setup_proof_shape_is_held ... ok
[INFO] [stdout] test setup::proof::tests::the_setup_status_shape_is_held ... ok
[INFO] [stdout] test setup::report::tests::an_observation_keeps_its_distinctions ... ok
[INFO] [stdout] test setup::process::tests::redaction_replaces_every_occurrence ... ok
[INFO] [stdout] test setup::secrets::tests::a_body_that_is_not_base64_is_refused ... ok
[INFO] [stdout] test setup::secrets::tests::a_key_file_debug_prints_no_key_material ... ok
[INFO] [stdout] test setup::secrets::tests::armor_is_the_shape_the_check_accepts ... ok
[INFO] [stdout] test setup::secrets::tests::armor_that_is_only_the_two_markers_is_refused ... ok
[INFO] [stdout] test setup::steps::tests::every_prereq_is_an_earlier_step ... ok
[INFO] [stdout] test setup::steps::tests::the_applicability_matrix_follows_the_profile ... ok
[INFO] [stdout] test setup::steps::tests::the_packaging_gate_needs_a_named_driver ... ok
[INFO] [stdout] test setup::steps::tests::the_reporting_channel_follows_the_requested_policy ... ok
[INFO] [stdout] test setup::workflow_jobs::tests::a_condition_is_proven_only_as_always_or_a_readable_not_cancelled ... ok
[INFO] [stdout] test setup::workflow_jobs::tests::a_nested_jobs_key_opens_no_region ... ok
[INFO] [stdout] test setup::workflow_jobs::tests::an_unreadable_workflow_is_named_not_skipped ... ok
[INFO] [stdout] test setup::workflow_jobs::tests::fault_texts_are_one_line_each ... ok
[INFO] [stdout] test setup::workflow_jobs::tests::flow_lists_keep_quoted_scalars_whole ... ok
[INFO] [stdout] test setup::workflow_jobs::tests::jobs_read_names_needs_and_conditions_in_every_form ... ok
[INFO] [stdout] test setup::report::tests::only_a_complete_observation_is_checkpointable ... ok
[INFO] [stdout] test setup::workflow_jobs::tests::the_trigger_is_read_in_every_on_form ... ok
[INFO] [stdout] test setup::workflow_jobs::tests::the_waking_workflow_contains_the_named_check ... ok
[INFO] [stdout] test setup::workflow_jobs::tests::read_gate_judges_the_gates_shape ... ok
[INFO] [stdout] test projection::tests::the_scorecard_destination_projects_only_under_the_opt_in ... ok
[INFO] [stdout] test skills::installer::tests::a_preview_lists_every_destination_and_writes_nothing ... ok
[INFO] [stdout] test skills::installer::tests::a_failed_write_restores_every_destination ... ok
[INFO] [stdout] test self_depend::txn::tests::a_marker_that_cannot_be_finished_keeps_its_backups_and_is_reported ... FAILED
[INFO] [stdout] test self_depend::txn::tests::an_unremovable_marker_is_neutralized_before_the_backups_go ... FAILED
[INFO] [stdout] test skills::installer::tests::a_symlinked_shared_destination_refuses_before_writing ... ok
[INFO] [stdout] test skills::installer::tests::a_symlinked_destination_refuses_before_anything_is_written ... ok
[INFO] [stdout] test skills::installer::tests::a_symlinked_shared_root_refuses_install_and_uninstall ... ok
[INFO] [stdout] test setup::process::tests::a_chatty_child_with_stdin_does_not_deadlock ... ok
[INFO] [stdout] test skills::installer::tests::a_sweep_leaves_an_edited_leftover_alone ... ok
[INFO] [stdout] test skills::installer::tests::an_apply_is_idempotent_and_records_what_it_wrote ... ok
[INFO] [stdout] test skills::installer::tests::a_copy_a_previous_release_wrote_is_replaced_without_force ... ok
[INFO] [stdout] test skills::installer::tests::an_edited_shared_artifact_refuses_an_install_and_survives_an_uninstall ... ok
[INFO] [stdout] test skills::installer::tests::an_install_sweeps_a_destination_the_binary_dropped ... ok
[INFO] [stdout] test skills::installer::tests::an_edit_refuses_and_names_every_conflict ... ok
[INFO] [stdout] test skills::installer::tests::one_root_installs_and_uninstalls_without_touching_the_other ... ok
[INFO] [stdout] test skills::record::tests::a_missing_record_loads_empty ... ok
[INFO] [stdout] test skills::record::tests::a_record_round_trips_through_its_text_form ... ok
[INFO] [stdout] test skills::record::tests::a_record_vouches_only_for_the_digest_it_holds ... ok
[INFO] [stdout] test skills::record::tests::every_unreadable_shape_resolves_to_an_empty_record ... ok
[INFO] [stdout] test skills::tests::the_binary_carries_every_authored_skill ... ok
[INFO] [stdout] test skills::tests::the_binary_carries_the_shared_plan_gate ... ok
[INFO] [stdout] test projection::tests::the_code_scanning_destinations_follow_the_recorded_provider ... ok
[INFO] [stdout] test stage::clean::tests::a_directory_that_does_not_name_itself_refuses ... ok
[INFO] [stdout] test stage::clean::tests::a_valid_stage_is_removed_and_its_siblings_stand ... ok
[INFO] [stdout] test stage::clean::tests::a_malformed_receipt_refuses_before_anything_is_removed ... ok
[INFO] [stdout] test skills::installer::tests::an_uninstall_removes_what_it_wrote_and_keeps_the_rest ... ok
[INFO] [stdout] test stage::tests::a_pre_existing_temp_sibling_is_never_touched ... ok
[INFO] [stdout] test stage::tests::a_stage_root_inside_the_target_refuses_before_anything_is_created ... ok
[INFO] [stdout] test stage::tests::every_reference_root_serves_a_file_and_nothing_else_is_served ... ok
[INFO] [stdout] test stage::tests::the_stage_receipt_schema_snapshot_holds ... ok
[INFO] [stdout] test stage::tests::the_target_key_is_one_flat_digest ... ok
[INFO] [stdout] test worktree::tests::a_branch_flattens_into_a_sibling_directory_name ... ok
[INFO] [stdout] test worktree::tests::porcelain_parsing_refuses_what_it_cannot_trust ... ok
[INFO] [stdout] test worktree::tests::classification_guards_hold_in_order ... ok
[INFO] [stdout] test worktree::tests::a_reobservation_clears_only_the_verified_resource ... ok
[INFO] [stdout] test skills::installer::tests::the_last_uninstall_previews_the_shared_artifacts ... ok
[INFO] [stdout] test skills::installer::tests::the_shared_artifacts_stay_while_another_root_still_holds_skills ... ok
[INFO] [stdout] test skills::installer::tests::either_agent_alone_still_lands_the_shared_artifacts ... ok
[INFO] [stdout] test skills::installer::tests::an_uninstall_keeps_an_edited_destination ... ok
[INFO] [stdout] test worktree::tests::the_matcher_agrees_with_the_one_branch_grammar ... ok
[INFO] [stdout] test landing::tests::params_from_a_record_round_trips ... ok
[INFO] [stderr] error: test failed, to rerun pass `--lib`
[INFO] [stdout] 
[INFO] [stdout] failures:
[INFO] [stdout] 
[INFO] [stdout] ---- self_depend::txn::tests::a_marker_that_cannot_be_finished_keeps_its_backups_and_is_reported stdout ----
[INFO] [stdout] 
[INFO] [stdout] thread 'self_depend::txn::tests::a_marker_that_cannot_be_finished_keeps_its_backups_and_is_reported' (1292) panicked at src/self_depend/txn.rs:722:80:
[INFO] [stdout] unlocks: Os { code: 2, kind: NotFound, message: "No such file or directory" }
[INFO] [stdout] stack backtrace:
[INFO] [stdout]    0:     0x55f614cd12e1 - std[617be2ca0a6fd877]::backtrace_rs::backtrace::libunwind::trace
[INFO] [stdout]                                at /rustc/e3feeb59cd1bdd011a2bfcc0747b55125d9b8527/library/std/src/../../backtrace/src/backtrace/libunwind.rs:117:9
[INFO] [stdout]    1:     0x55f614cd12e1 - std[617be2ca0a6fd877]::backtrace_rs::backtrace::trace_unsynchronized::<std[617be2ca0a6fd877]::sys::backtrace::_print_fmt::{closure#1}>
[INFO] [stdout]                                at /rustc/e3feeb59cd1bdd011a2bfcc0747b55125d9b8527/library/std/src/../../backtrace/src/backtrace/mod.rs:66:14
[INFO] [stdout]    2:     0x55f614cd12e1 - std[617be2ca0a6fd877]::sys::backtrace::_print_fmt
[INFO] [stdout]                                at /rustc/e3feeb59cd1bdd011a2bfcc0747b55125d9b8527/library/std/src/sys/backtrace.rs:74:9
[INFO] [stdout]    3:     0x55f614cd12e1 - <<std[617be2ca0a6fd877]::sys::backtrace::BacktraceLock>::print::DisplayBacktrace as core[a373ad73a504971]::fmt::Display>::fmt
[INFO] [stdout]                                at /rustc/e3feeb59cd1bdd011a2bfcc0747b55125d9b8527/library/std/src/sys/backtrace.rs:44:26
[INFO] [stdout]    4:     0x55f614ce8a2a - <core[a373ad73a504971]::fmt::rt::Argument>::fmt
[INFO] [stdout]                                at /rustc/e3feeb59cd1bdd011a2bfcc0747b55125d9b8527/library/core/src/fmt/rt.rs:152:76
[INFO] [stdout]    5:     0x55f614ce8a2a - core[a373ad73a504971]::fmt::write
[INFO] [stdout]    6:     0x55f614cd5e3c - core[a373ad73a504971]::io::write::default_write_fmt::<alloc[2e1b2a31b91974c5]::vec::Vec<u8>>
[INFO] [stdout]                                at /rustc/e3feeb59cd1bdd011a2bfcc0747b55125d9b8527/library/core/src/io/write.rs:402:11
[INFO] [stdout]    7:     0x55f614cd5e3c - <alloc[2e1b2a31b91974c5]::vec::Vec<u8> as core[a373ad73a504971]::io::write::Write>::write_fmt
[INFO] [stdout]                                at /rustc/e3feeb59cd1bdd011a2bfcc0747b55125d9b8527/library/core/src/io/write.rs:335:13
[INFO] [stdout]    8:     0x55f614ca7ac6 - <std[617be2ca0a6fd877]::sys::backtrace::BacktraceLock>::print
[INFO] [stdout]                                at /rustc/e3feeb59cd1bdd011a2bfcc0747b55125d9b8527/library/std/src/sys/backtrace.rs:47:9
[INFO] [stdout]    9:     0x55f614ca7ac6 - std[617be2ca0a6fd877]::panicking::default_hook::{closure#0}
[INFO] [stdout]                                at /rustc/e3feeb59cd1bdd011a2bfcc0747b55125d9b8527/library/std/src/panicking.rs:289:27
[INFO] [stdout]   10:     0x55f614cc6ce9 - std[617be2ca0a6fd877]::panicking::default_hook
[INFO] [stdout]                                at /rustc/e3feeb59cd1bdd011a2bfcc0747b55125d9b8527/library/std/src/panicking.rs:313:9
[INFO] [stdout]   11:     0x55f614b6e820 - <alloc[2e1b2a31b91974c5]::boxed::Box<dyn for<'a, 'b> core[a373ad73a504971]::ops::function::Fn<(&'a std[617be2ca0a6fd877]::panic::PanicHookInfo<'b>,), Output = ()> + core[a373ad73a504971]::marker::Sync + core[a373ad73a504971]::marker::Send> as core[a373ad73a504971]::ops::function::Fn<(&std[617be2ca0a6fd877]::panic::PanicHookInfo,)>>::call
[INFO] [stdout]                                at /rustc/e3feeb59cd1bdd011a2bfcc0747b55125d9b8527/library/alloc/src/boxed.rs:2328:9
[INFO] [stdout]   12:     0x55f614b6e820 - test[aada8e7e76ba119b]::test_main_inner::{closure#0}
[INFO] [stdout]                                at /rustc/e3feeb59cd1bdd011a2bfcc0747b55125d9b8527/library/test/src/lib.rs:137:21
[INFO] [stdout]   13:     0x55f614cc6ea2 - <alloc[2e1b2a31b91974c5]::boxed::Box<dyn for<'a, 'b> core[a373ad73a504971]::ops::function::Fn<(&'a std[617be2ca0a6fd877]::panic::PanicHookInfo<'b>,), Output = ()> + core[a373ad73a504971]::marker::Sync + core[a373ad73a504971]::marker::Send> as core[a373ad73a504971]::ops::function::Fn<(&std[617be2ca0a6fd877]::panic::PanicHookInfo,)>>::call
[INFO] [stdout]                                at /rustc/e3feeb59cd1bdd011a2bfcc0747b55125d9b8527/library/alloc/src/boxed.rs:2328:9
[INFO] [stdout]   14:     0x55f614cc6ea2 - std[617be2ca0a6fd877]::panicking::panic_with_hook
[INFO] [stdout]                                at /rustc/e3feeb59cd1bdd011a2bfcc0747b55125d9b8527/library/std/src/panicking.rs:819:13
[INFO] [stdout]   15:     0x55f614ca7b72 - std[617be2ca0a6fd877]::panicking::panic_handler::{closure#0}
[INFO] [stdout]                                at /rustc/e3feeb59cd1bdd011a2bfcc0747b55125d9b8527/library/std/src/panicking.rs:685:13
[INFO] [stdout]   16:     0x55f614c9fee9 - std[617be2ca0a6fd877]::sys::backtrace::__rust_end_short_backtrace::<std[617be2ca0a6fd877]::panicking::panic_handler::{closure#0}, !>
[INFO] [stdout]                                at /rustc/e3feeb59cd1bdd011a2bfcc0747b55125d9b8527/library/std/src/sys/backtrace.rs:182:18
[INFO] [stdout]   17:     0x55f614ca8b2d - __rustc[ea4f61d10b84890b]::rust_begin_unwind
[INFO] [stdout]                                at /rustc/e3feeb59cd1bdd011a2bfcc0747b55125d9b8527/library/std/src/panicking.rs:676:5
[INFO] [stdout]   18:     0x55f614ce921c - core[a373ad73a504971]::panicking::panic_fmt
[INFO] [stdout]                                at /rustc/e3feeb59cd1bdd011a2bfcc0747b55125d9b8527/library/core/src/panicking.rs:80:14
[INFO] [stdout]   19:     0x55f614ce8f72 - core[a373ad73a504971]::result::unwrap_failed
[INFO] [stdout]                                at /rustc/e3feeb59cd1bdd011a2bfcc0747b55125d9b8527/library/core/src/result.rs:1870:5
[INFO] [stdout]   20:     0x55f614c3a11c - <core[a373ad73a504971]::result::Result<(), core[a373ad73a504971]::io::error::Error>>::expect
[INFO] [stdout]                                at /rustc/e3feeb59cd1bdd011a2bfcc0747b55125d9b8527/library/core/src/result.rs:1184:23
[INFO] [stdout]   21:     0x55f614a492e2 - release_kit[a0b7a33737900ef6]::self_depend::txn::tests::a_marker_that_cannot_be_finished_keeps_its_backups_and_is_reported
[INFO] [stdout]                                at /opt/rustwide/workdir/src/self_depend/txn.rs:722:80
[INFO] [stdout]   22:     0x55f614a1ed67 - release_kit[a0b7a33737900ef6]::self_depend::txn::tests::a_marker_that_cannot_be_finished_keeps_its_backups_and_is_reported::{closure#0}
[INFO] [stdout]                                at /opt/rustwide/workdir/src/self_depend/txn.rs:709:76
[INFO] [stdout]   23:     0x55f6148c8e26 - <release_kit[a0b7a33737900ef6]::self_depend::txn::tests::a_marker_that_cannot_be_finished_keeps_its_backups_and_is_reported::{closure#0} as core[a373ad73a504971]::ops::function::FnOnce<()>>::call_once
[INFO] [stdout]                                at /rustc/e3feeb59cd1bdd011a2bfcc0747b55125d9b8527/library/core/src/ops/function.rs:250:5
[INFO] [stdout]   24:     0x55f614b61c6b - <fn() -> core[a373ad73a504971]::result::Result<(), alloc[2e1b2a31b91974c5]::string::String> as core[a373ad73a504971]::ops::function::FnOnce<()>>::call_once
[INFO] [stdout]                                at /rustc/e3feeb59cd1bdd011a2bfcc0747b55125d9b8527/library/core/src/ops/function.rs:250:5
[INFO] [stdout]   25:     0x55f614b61c6b - test[aada8e7e76ba119b]::__rust_begin_short_backtrace::<core[a373ad73a504971]::result::Result<(), alloc[2e1b2a31b91974c5]::string::String>, fn() -> core[a373ad73a504971]::result::Result<(), alloc[2e1b2a31b91974c5]::string::String>>
[INFO] [stdout]                                at /rustc/e3feeb59cd1bdd011a2bfcc0747b55125d9b8527/library/test/src/lib.rs:701:18
[INFO] [stdout]   26:     0x55f614b6ee45 - test[aada8e7e76ba119b]::run_test_in_process::{closure#0}
[INFO] [stdout]                                at /rustc/e3feeb59cd1bdd011a2bfcc0747b55125d9b8527/library/test/src/lib.rs:724:74
[INFO] [stdout]   27:     0x55f614b6ee45 - <core[a373ad73a504971]::panic::unwind_safe::AssertUnwindSafe<test[aada8e7e76ba119b]::run_test_in_process::{closure#0}> as core[a373ad73a504971]::ops::function::FnOnce<()>>::call_once
[INFO] [stdout]                                at /rustc/e3feeb59cd1bdd011a2bfcc0747b55125d9b8527/library/core/src/panic/unwind_safe.rs:275:9
[INFO] [stdout]   28:     0x55f614b6ee45 - std[617be2ca0a6fd877]::panicking::catch_unwind::do_call::<core[a373ad73a504971]::panic::unwind_safe::AssertUnwindSafe<test[aada8e7e76ba119b]::run_test_in_process::{closure#0}>, core[a373ad73a504971]::result::Result<(), alloc[2e1b2a31b91974c5]::string::String>>
[INFO] [stdout]                                at /rustc/e3feeb59cd1bdd011a2bfcc0747b55125d9b8527/library/std/src/panicking.rs:573:43
[INFO] [stdout]   29:     0x55f614b6ee45 - std[617be2ca0a6fd877]::panicking::catch_unwind::<core[a373ad73a504971]::result::Result<(), alloc[2e1b2a31b91974c5]::string::String>, core[a373ad73a504971]::panic::unwind_safe::AssertUnwindSafe<test[aada8e7e76ba119b]::run_test_in_process::{closure#0}>>
[INFO] [stdout]                                at /rustc/e3feeb59cd1bdd011a2bfcc0747b55125d9b8527/library/std/src/panicking.rs:541:19
[INFO] [stdout]   30:     0x55f614b6ee45 - std[617be2ca0a6fd877]::panic::catch_unwind::<core[a373ad73a504971]::panic::unwind_safe::AssertUnwindSafe<test[aada8e7e76ba119b]::run_test_in_process::{closure#0}>, core[a373ad73a504971]::result::Result<(), alloc[2e1b2a31b91974c5]::string::String>>
[INFO] [stdout]                                at /rustc/e3feeb59cd1bdd011a2bfcc0747b55125d9b8527/library/std/src/panic.rs:359:14
[INFO] [stdout]   31:     0x55f614b6ee45 - test[aada8e7e76ba119b]::run_test_in_process
[INFO] [stdout]                                at /rustc/e3feeb59cd1bdd011a2bfcc0747b55125d9b8527/library/test/src/lib.rs:724:27
[INFO] [stdout]   32:     0x55f614b6ee45 - test[aada8e7e76ba119b]::run_test::{closure#0}
[INFO] [stdout]                                at /rustc/e3feeb59cd1bdd011a2bfcc0747b55125d9b8527/library/test/src/lib.rs:645:43
[INFO] [stdout]   33:     0x55f614b68734 - test[aada8e7e76ba119b]::run_test::{closure#1}
[INFO] [stdout]                                at /rustc/e3feeb59cd1bdd011a2bfcc0747b55125d9b8527/library/test/src/lib.rs:675:41
[INFO] [stdout]   34:     0x55f614b68734 - std[617be2ca0a6fd877]::sys::backtrace::__rust_begin_short_backtrace::<test[aada8e7e76ba119b]::run_test::{closure#1}, ()>
[INFO] [stdout]                                at /rustc/e3feeb59cd1bdd011a2bfcc0747b55125d9b8527/library/std/src/sys/backtrace.rs:166:18
[INFO] [stdout]   35:     0x55f614b71ed2 - std[617be2ca0a6fd877]::thread::lifecycle::spawn_unchecked::<test[aada8e7e76ba119b]::run_test::{closure#1}, ()>::{closure#1}::{closure#0}
[INFO] [stdout]                                at /rustc/e3feeb59cd1bdd011a2bfcc0747b55125d9b8527/library/std/src/thread/lifecycle.rs:70:13
[INFO] [stdout]   36:     0x55f614b71ed2 - <core[a373ad73a504971]::panic::unwind_safe::AssertUnwindSafe<std[617be2ca0a6fd877]::thread::lifecycle::spawn_unchecked<test[aada8e7e76ba119b]::run_test::{closure#1}, ()>::{closure#1}::{closure#0}> as core[a373ad73a504971]::ops::function::FnOnce<()>>::call_once
[INFO] [stdout]                                at /rustc/e3feeb59cd1bdd011a2bfcc0747b55125d9b8527/library/core/src/panic/unwind_safe.rs:275:9
[INFO] [stdout]   37:     0x55f614b71ed2 - std[617be2ca0a6fd877]::panicking::catch_unwind::do_call::<core[a373ad73a504971]::panic::unwind_safe::AssertUnwindSafe<std[617be2ca0a6fd877]::thread::lifecycle::spawn_unchecked<test[aada8e7e76ba119b]::run_test::{closure#1}, ()>::{closure#1}::{closure#0}>, ()>
[INFO] [stdout]                                at /rustc/e3feeb59cd1bdd011a2bfcc0747b55125d9b8527/library/std/src/panicking.rs:573:43
[INFO] [stdout]   38:     0x55f614b71ed2 - std[617be2ca0a6fd877]::panicking::catch_unwind::<(), core[a373ad73a504971]::panic::unwind_safe::AssertUnwindSafe<std[617be2ca0a6fd877]::thread::lifecycle::spawn_unchecked<test[aada8e7e76ba119b]::run_test::{closure#1}, ()>::{closure#1}::{closure#0}>>
[INFO] [stdout]                                at /rustc/e3feeb59cd1bdd011a2bfcc0747b55125d9b8527/library/std/src/panicking.rs:541:19
[INFO] [stdout]   39:     0x55f614b71ed2 - std[617be2ca0a6fd877]::panic::catch_unwind::<core[a373ad73a504971]::panic::unwind_safe::AssertUnwindSafe<std[617be2ca0a6fd877]::thread::lifecycle::spawn_unchecked<test[aada8e7e76ba119b]::run_test::{closure#1}, ()>::{closure#1}::{closure#0}>, ()>
[INFO] [stdout]                                at /rustc/e3feeb59cd1bdd011a2bfcc0747b55125d9b8527/library/std/src/panic.rs:359:14
[INFO] [stdout]   40:     0x55f614b71ed2 - std[617be2ca0a6fd877]::thread::lifecycle::spawn_unchecked::<test[aada8e7e76ba119b]::run_test::{closure#1}, ()>::{closure#1}
[INFO] [stdout]                                at /rustc/e3feeb59cd1bdd011a2bfcc0747b55125d9b8527/library/std/src/thread/lifecycle.rs:68:26
[INFO] [stdout]   41:     0x55f614b71ed2 - <std[617be2ca0a6fd877]::thread::lifecycle::spawn_unchecked<test[aada8e7e76ba119b]::run_test::{closure#1}, ()>::{closure#1} as core[a373ad73a504971]::ops::function::FnOnce<()>>::call_once::{shim:vtable#0}
[INFO] [stdout]                                at /rustc/e3feeb59cd1bdd011a2bfcc0747b55125d9b8527/library/core/src/ops/function.rs:250:5
[INFO] [stdout]   42:     0x55f614cd022f - <alloc[2e1b2a31b91974c5]::boxed::Box<dyn core[a373ad73a504971]::ops::function::FnOnce<(), Output = ()> + core[a373ad73a504971]::marker::Send> as core[a373ad73a504971]::ops::function::FnOnce<()>>::call_once
[INFO] [stdout]                                at /rustc/e3feeb59cd1bdd011a2bfcc0747b55125d9b8527/library/alloc/src/boxed.rs:2314:9
[INFO] [stdout]   43:     0x55f614cd022f - <std[617be2ca0a6fd877]::sys::thread::unix::Thread>::new::thread_start
[INFO] [stdout]                                at /rustc/e3feeb59cd1bdd011a2bfcc0747b55125d9b8527/library/std/src/sys/thread/unix.rs:127:17
[INFO] [stdout]   44:     0x74ba23470dfa - <unknown>
[INFO] [stdout]   45:     0x74ba235043d4 - clone
[INFO] [stdout]   46:                0x0 - <unknown>
[INFO] [stdout] 
[INFO] [stdout] ---- self_depend::txn::tests::an_unremovable_marker_is_neutralized_before_the_backups_go stdout ----
[INFO] [stdout] 
[INFO] [stdout] thread 'self_depend::txn::tests::an_unremovable_marker_is_neutralized_before_the_backups_go' (1295) panicked at src/self_depend/txn.rs:616:9:
[INFO] [stdout] the marker could not be removed
[INFO] [stdout] stack backtrace:
[INFO] [stdout]    0:     0x55f614cd12e1 - std[617be2ca0a6fd877]::backtrace_rs::backtrace::libunwind::trace
[INFO] [stdout]                                at /rustc/e3feeb59cd1bdd011a2bfcc0747b55125d9b8527/library/std/src/../../backtrace/src/backtrace/libunwind.rs:117:9
[INFO] [stdout]    1:     0x55f614cd12e1 - std[617be2ca0a6fd877]::backtrace_rs::backtrace::trace_unsynchronized::<std[617be2ca0a6fd877]::sys::backtrace::_print_fmt::{closure#1}>
[INFO] [stdout]                                at /rustc/e3feeb59cd1bdd011a2bfcc0747b55125d9b8527/library/std/src/../../backtrace/src/backtrace/mod.rs:66:14
[INFO] [stdout]    2:     0x55f614cd12e1 - std[617be2ca0a6fd877]::sys::backtrace::_print_fmt
[INFO] [stdout]                                at /rustc/e3feeb59cd1bdd011a2bfcc0747b55125d9b8527/library/std/src/sys/backtrace.rs:74:9
[INFO] [stdout]    3:     0x55f614cd12e1 - <<std[617be2ca0a6fd877]::sys::backtrace::BacktraceLock>::print::DisplayBacktrace as core[a373ad73a504971]::fmt::Display>::fmt
[INFO] [stdout]                                at /rustc/e3feeb59cd1bdd011a2bfcc0747b55125d9b8527/library/std/src/sys/backtrace.rs:44:26
[INFO] [stdout]    4:     0x55f614ce8a2a - <core[a373ad73a504971]::fmt::rt::Argument>::fmt
[INFO] [stdout]                                at /rustc/e3feeb59cd1bdd011a2bfcc0747b55125d9b8527/library/core/src/fmt/rt.rs:152:76
[INFO] [stdout]    5:     0x55f614ce8a2a - core[a373ad73a504971]::fmt::write
[INFO] [stdout]    6:     0x55f614cd5e3c - core[a373ad73a504971]::io::write::default_write_fmt::<alloc[2e1b2a31b91974c5]::vec::Vec<u8>>
[INFO] [stdout]                                at /rustc/e3feeb59cd1bdd011a2bfcc0747b55125d9b8527/library/core/src/io/write.rs:402:11
[INFO] [stdout]    7:     0x55f614cd5e3c - <alloc[2e1b2a31b91974c5]::vec::Vec<u8> as core[a373ad73a504971]::io::write::Write>::write_fmt
[INFO] [stdout]                                at /rustc/e3feeb59cd1bdd011a2bfcc0747b55125d9b8527/library/core/src/io/write.rs:335:13
[INFO] [stdout]    8:     0x55f614ca7ac6 - <std[617be2ca0a6fd877]::sys::backtrace::BacktraceLock>::print
[INFO] [stdout]                                at /rustc/e3feeb59cd1bdd011a2bfcc0747b55125d9b8527/library/std/src/sys/backtrace.rs:47:9
[INFO] [stdout]    9:     0x55f614ca7ac6 - std[617be2ca0a6fd877]::panicking::default_hook::{closure#0}
[INFO] [stdout]                                at /rustc/e3feeb59cd1bdd011a2bfcc0747b55125d9b8527/library/std/src/panicking.rs:289:27
[INFO] [stdout]   10:     0x55f614cc6ce9 - std[617be2ca0a6fd877]::panicking::default_hook
[INFO] [stdout]                                at /rustc/e3feeb59cd1bdd011a2bfcc0747b55125d9b8527/library/std/src/panicking.rs:313:9
[INFO] [stdout]   11:     0x55f614b6e820 - <alloc[2e1b2a31b91974c5]::boxed::Box<dyn for<'a, 'b> core[a373ad73a504971]::ops::function::Fn<(&'a std[617be2ca0a6fd877]::panic::PanicHookInfo<'b>,), Output = ()> + core[a373ad73a504971]::marker::Sync + core[a373ad73a504971]::marker::Send> as core[a373ad73a504971]::ops::function::Fn<(&std[617be2ca0a6fd877]::panic::PanicHookInfo,)>>::call
[INFO] [stdout]                                at /rustc/e3feeb59cd1bdd011a2bfcc0747b55125d9b8527/library/alloc/src/boxed.rs:2328:9
[INFO] [stdout]   12:     0x55f614b6e820 - test[aada8e7e76ba119b]::test_main_inner::{closure#0}
[INFO] [stdout]                                at /rustc/e3feeb59cd1bdd011a2bfcc0747b55125d9b8527/library/test/src/lib.rs:137:21
[INFO] [stdout]   13:     0x55f614cc6ea2 - <alloc[2e1b2a31b91974c5]::boxed::Box<dyn for<'a, 'b> core[a373ad73a504971]::ops::function::Fn<(&'a std[617be2ca0a6fd877]::panic::PanicHookInfo<'b>,), Output = ()> + core[a373ad73a504971]::marker::Sync + core[a373ad73a504971]::marker::Send> as core[a373ad73a504971]::ops::function::Fn<(&std[617be2ca0a6fd877]::panic::PanicHookInfo,)>>::call
[INFO] [stdout]                                at /rustc/e3feeb59cd1bdd011a2bfcc0747b55125d9b8527/library/alloc/src/boxed.rs:2328:9
[INFO] [stdout]   14:     0x55f614cc6ea2 - std[617be2ca0a6fd877]::panicking::panic_with_hook
[INFO] [stdout]                                at /rustc/e3feeb59cd1bdd011a2bfcc0747b55125d9b8527/library/std/src/panicking.rs:819:13
[INFO] [stdout]   15:     0x55f614ca7ba4 - std[617be2ca0a6fd877]::panicking::panic_handler::{closure#0}
[INFO] [stdout]                                at /rustc/e3feeb59cd1bdd011a2bfcc0747b55125d9b8527/library/std/src/panicking.rs:678:13
[INFO] [stdout]   16:     0x55f614c9fee9 - std[617be2ca0a6fd877]::sys::backtrace::__rust_end_short_backtrace::<std[617be2ca0a6fd877]::panicking::panic_handler::{closure#0}, !>
[INFO] [stdout]                                at /rustc/e3feeb59cd1bdd011a2bfcc0747b55125d9b8527/library/std/src/sys/backtrace.rs:182:18
[INFO] [stdout]   17:     0x55f614ca8b2d - __rustc[ea4f61d10b84890b]::rust_begin_unwind
[INFO] [stdout]                                at /rustc/e3feeb59cd1bdd011a2bfcc0747b55125d9b8527/library/std/src/panicking.rs:676:5
[INFO] [stdout]   18:     0x55f614ce921c - core[a373ad73a504971]::panicking::panic_fmt
[INFO] [stdout]                                at /rustc/e3feeb59cd1bdd011a2bfcc0747b55125d9b8527/library/core/src/panicking.rs:80:14
[INFO] [stdout]   19:     0x55f614a48682 - release_kit[a0b7a33737900ef6]::self_depend::txn::tests::an_unremovable_marker_is_neutralized_before_the_backups_go
[INFO] [stdout]                                at /opt/rustwide/workdir/src/self_depend/txn.rs:616:9
[INFO] [stdout]   20:     0x55f614a1ed37 - release_kit[a0b7a33737900ef6]::self_depend::txn::tests::an_unremovable_marker_is_neutralized_before_the_backups_go::{closure#0}
[INFO] [stdout]                                at /opt/rustwide/workdir/src/self_depend/txn.rs:599:68
[INFO] [stdout]   21:     0x55f6148c8e06 - <release_kit[a0b7a33737900ef6]::self_depend::txn::tests::an_unremovable_marker_is_neutralized_before_the_backups_go::{closure#0} as core[a373ad73a504971]::ops::function::FnOnce<()>>::call_once
[INFO] [stdout]                                at /rustc/e3feeb59cd1bdd011a2bfcc0747b55125d9b8527/library/core/src/ops/function.rs:250:5
[INFO] [stdout]   22:     0x55f614b61c6b - <fn() -> core[a373ad73a504971]::result::Result<(), alloc[2e1b2a31b91974c5]::string::String> as core[a373ad73a504971]::ops::function::FnOnce<()>>::call_once
[INFO] [stdout]                                at /rustc/e3feeb59cd1bdd011a2bfcc0747b55125d9b8527/library/core/src/ops/function.rs:250:5
[INFO] [stdout]   23:     0x55f614b61c6b - test[aada8e7e76ba119b]::__rust_begin_short_backtrace::<core[a373ad73a504971]::result::Result<(), alloc[2e1b2a31b91974c5]::string::String>, fn() -> core[a373ad73a504971]::result::Result<(), alloc[2e1b2a31b91974c5]::string::String>>
[INFO] [stdout]                                at /rustc/e3feeb59cd1bdd011a2bfcc0747b55125d9b8527/library/test/src/lib.rs:701:18
[INFO] [stdout]   24:     0x55f614b6ee45 - test[aada8e7e76ba119b]::run_test_in_process::{closure#0}
[INFO] [stdout]                                at /rustc/e3feeb59cd1bdd011a2bfcc0747b55125d9b8527/library/test/src/lib.rs:724:74
[INFO] [stdout]   25:     0x55f614b6ee45 - <core[a373ad73a504971]::panic::unwind_safe::AssertUnwindSafe<test[aada8e7e76ba119b]::run_test_in_process::{closure#0}> as core[a373ad73a504971]::ops::function::FnOnce<()>>::call_once
[INFO] [stdout]                                at /rustc/e3feeb59cd1bdd011a2bfcc0747b55125d9b8527/library/core/src/panic/unwind_safe.rs:275:9
[INFO] [stdout]   26:     0x55f614b6ee45 - std[617be2ca0a6fd877]::panicking::catch_unwind::do_call::<core[a373ad73a504971]::panic::unwind_safe::AssertUnwindSafe<test[aada8e7e76ba119b]::run_test_in_process::{closure#0}>, core[a373ad73a504971]::result::Result<(), alloc[2e1b2a31b91974c5]::string::String>>
[INFO] [stdout]                                at /rustc/e3feeb59cd1bdd011a2bfcc0747b55125d9b8527/library/std/src/panicking.rs:573:43
[INFO] [stdout]   27:     0x55f614b6ee45 - std[617be2ca0a6fd877]::panicking::catch_unwind::<core[a373ad73a504971]::result::Result<(), alloc[2e1b2a31b91974c5]::string::String>, core[a373ad73a504971]::panic::unwind_safe::AssertUnwindSafe<test[aada8e7e76ba119b]::run_test_in_process::{closure#0}>>
[INFO] [stdout]                                at /rustc/e3feeb59cd1bdd011a2bfcc0747b55125d9b8527/library/std/src/panicking.rs:541:19
[INFO] [stdout]   28:     0x55f614b6ee45 - std[617be2ca0a6fd877]::panic::catch_unwind::<core[a373ad73a504971]::panic::unwind_safe::AssertUnwindSafe<test[aada8e7e76ba119b]::run_test_in_process::{closure#0}>, core[a373ad73a504971]::result::Result<(), alloc[2e1b2a31b91974c5]::string::String>>
[INFO] [stdout]                                at /rustc/e3feeb59cd1bdd011a2bfcc0747b55125d9b8527/library/std/src/panic.rs:359:14
[INFO] [stdout]   29:     0x55f614b6ee45 - test[aada8e7e76ba119b]::run_test_in_process
[INFO] [stdout]                                at /rustc/e3feeb59cd1bdd011a2bfcc0747b55125d9b8527/library/test/src/lib.rs:724:27
[INFO] [stdout]   30:     0x55f614b6ee45 - test[aada8e7e76ba119b]::run_test::{closure#0}
[INFO] [stdout]                                at /rustc/e3feeb59cd1bdd011a2bfcc0747b55125d9b8527/library/test/src/lib.rs:645:43
[INFO] [stdout]   31:     0x55f614b68734 - test[aada8e7e76ba119b]::run_test::{closure#1}
[INFO] [stdout]                                at /rustc/e3feeb59cd1bdd011a2bfcc0747b55125d9b8527/library/test/src/lib.rs:675:41
[INFO] [stdout]   32:     0x55f614b68734 - std[617be2ca0a6fd877]::sys::backtrace::__rust_begin_short_backtrace::<test[aada8e7e76ba119b]::run_test::{closure#1}, ()>
[INFO] [stdout]                                at /rustc/e3feeb59cd1bdd011a2bfcc0747b55125d9b8527/library/std/src/sys/backtrace.rs:166:18
[INFO] [stdout]   33:     0x55f614b71ed2 - std[617be2ca0a6fd877]::thread::lifecycle::spawn_unchecked::<test[aada8e7e76ba119b]::run_test::{closure#1}, ()>::{closure#1}::{closure#0}
[INFO] [stdout]                                at /rustc/e3feeb59cd1bdd011a2bfcc0747b55125d9b8527/library/std/src/thread/lifecycle.rs:70:13
[INFO] [stdout]   34:     0x55f614b71ed2 - <core[a373ad73a504971]::panic::unwind_safe::AssertUnwindSafe<std[617be2ca0a6fd877]::thread::lifecycle::spawn_unchecked<test[aada8e7e76ba119b]::run_test::{closure#1}, ()>::{closure#1}::{closure#0}> as core[a373ad73a504971]::ops::function::FnOnce<()>>::call_once
[INFO] [stdout]                                at /rustc/e3feeb59cd1bdd011a2bfcc0747b55125d9b8527/library/core/src/panic/unwind_safe.rs:275:9
[INFO] [stdout]   35:     0x55f614b71ed2 - std[617be2ca0a6fd877]::panicking::catch_unwind::do_call::<core[a373ad73a504971]::panic::unwind_safe::AssertUnwindSafe<std[617be2ca0a6fd877]::thread::lifecycle::spawn_unchecked<test[aada8e7e76ba119b]::run_test::{closure#1}, ()>::{closure#1}::{closure#0}>, ()>
[INFO] [stdout]                                at /rustc/e3feeb59cd1bdd011a2bfcc0747b55125d9b8527/library/std/src/panicking.rs:573:43
[INFO] [stdout]   36:     0x55f614b71ed2 - std[617be2ca0a6fd877]::panicking::catch_unwind::<(), core[a373ad73a504971]::panic::unwind_safe::AssertUnwindSafe<std[617be2ca0a6fd877]::thread::lifecycle::spawn_unchecked<test[aada8e7e76ba119b]::run_test::{closure#1}, ()>::{closure#1}::{closure#0}>>
[INFO] [stdout]                                at /rustc/e3feeb59cd1bdd011a2bfcc0747b55125d9b8527/library/std/src/panicking.rs:541:19
[INFO] [stdout]   37:     0x55f614b71ed2 - std[617be2ca0a6fd877]::panic::catch_unwind::<core[a373ad73a504971]::panic::unwind_safe::AssertUnwindSafe<std[617be2ca0a6fd877]::thread::lifecycle::spawn_unchecked<test[aada8e7e76ba119b]::run_test::{closure#1}, ()>::{closure#1}::{closure#0}>, ()>
[INFO] [stdout]                                at /rustc/e3feeb59cd1bdd011a2bfcc0747b55125d9b8527/library/std/src/panic.rs:359:14
[INFO] [stdout]   38:     0x55f614b71ed2 - std[617be2ca0a6fd877]::thread::lifecycle::spawn_unchecked::<test[aada8e7e76ba119b]::run_test::{closure#1}, ()>::{closure#1}
[INFO] [stdout]                                at /rustc/e3feeb59cd1bdd011a2bfcc0747b55125d9b8527/library/std/src/thread/lifecycle.rs:68:26
[INFO] [stdout]   39:     0x55f614b71ed2 - <std[617be2ca0a6fd877]::thread::lifecycle::spawn_unchecked<test[aada8e7e76ba119b]::run_test::{closure#1}, ()>::{closure#1} as core[a373ad73a504971]::ops::function::FnOnce<()>>::call_once::{shim:vtable#0}
[INFO] [stdout]                                at /rustc/e3feeb59cd1bdd011a2bfcc0747b55125d9b8527/library/core/src/ops/function.rs:250:5
[INFO] [stdout]   40:     0x55f614cd022f - <alloc[2e1b2a31b91974c5]::boxed::Box<dyn core[a373ad73a504971]::ops::function::FnOnce<(), Output = ()> + core[a373ad73a504971]::marker::Send> as core[a373ad73a504971]::ops::function::FnOnce<()>>::call_once
[INFO] [stdout]                                at /rustc/e3feeb59cd1bdd011a2bfcc0747b55125d9b8527/library/alloc/src/boxed.rs:2314:9
[INFO] [stdout]   41:     0x55f614cd022f - <std[617be2ca0a6fd877]::sys::thread::unix::Thread>::new::thread_start
[INFO] [stdout]                                at /rustc/e3feeb59cd1bdd011a2bfcc0747b55125d9b8527/library/std/src/sys/thread/unix.rs:127:17
[INFO] [stdout]   42:     0x74ba23470dfa - <unknown>
[INFO] [stdout]   43:     0x74ba235043d4 - clone
[INFO] [stdout]   44:                0x0 - <unknown>
[INFO] [stdout] 
[INFO] [stdout] 
[INFO] [stdout] failures:
[INFO] [stdout]     self_depend::txn::tests::a_marker_that_cannot_be_finished_keeps_its_backups_and_is_reported
[INFO] [stdout]     self_depend::txn::tests::an_unremovable_marker_is_neutralized_before_the_backups_go
[INFO] [stdout] 
[INFO] [stdout] test result: FAILED. 375 passed; 2 failed; 0 ignored; 0 measured; 0 filtered out; finished in 6.58s
[INFO] [stdout] 
[INFO] running `Command { std: "docker" "inspect" "32cfa5eee6a0c871f451580c4928f131cab7b77a72a5804a1f9fa1327a832b50", kill_on_drop: false }`
[INFO] running `Command { std: "docker" "rm" "-f" "32cfa5eee6a0c871f451580c4928f131cab7b77a72a5804a1f9fa1327a832b50", kill_on_drop: false }`
[INFO] [stdout] 32cfa5eee6a0c871f451580c4928f131cab7b77a72a5804a1f9fa1327a832b50
