[INFO] fetching crate relative-duration 1.0.7...
[INFO] testing relative-duration-1.0.7 against 1.99.0-beta.8 for beta-1.100-2
[INFO] extracting crate relative-duration 1.0.7 into /workspace/builds/worker-6-tc1/source
[INFO] started tweaking crates.io crate relative-duration 1.0.7
[INFO] finished tweaking crates.io crate relative-duration 1.0.7
[INFO] tweaked toml for crates.io crate relative-duration 1.0.7 written to /workspace/builds/worker-6-tc1/source/Cargo.toml
[INFO] validating manifest of crates.io crate relative-duration 1.0.7 on toolchain 1.99.0-beta.8
[INFO] running `Command { std: CARGO_HOME="/workspace/cargo-home" RUSTUP_HOME="/workspace/rustup-home" "/workspace/cargo-home/bin/cargo" "+1.99.0-beta.8" "metadata" "--manifest-path" "Cargo.toml" "--no-deps", kill_on_drop: false }`
[INFO] crate crates.io crate relative-duration 1.0.7 already has a lockfile, it will not be regenerated
[INFO] running `Command { std: CARGO_HOME="/workspace/cargo-home" RUSTUP_HOME="/workspace/rustup-home" "/workspace/cargo-home/bin/cargo" "+1.99.0-beta.8" "fetch" "--manifest-path" "Cargo.toml", kill_on_drop: false }`
[INFO] [stderr]     Updating crates.io index
[INFO] [stderr]  Downloading crates ...
[INFO] [stderr]   Downloaded test-case-macros v3.3.1
[INFO] [stderr]   Downloaded test-case v3.3.1
[INFO] [stderr]   Downloaded test-case-core v3.3.1
[INFO] running `Command { std: "docker" "create" "-v" "/var/lib/crater-agent-workspace/builds/worker-6-tc1/source:/opt/rustwide/workdir:ro,Z" "-v" "/var/lib/crater-agent-workspace/builds/worker-6-tc1/target:/opt/rustwide/target:rw,Z" "-v" "/var/lib/crater-agent-workspace/cargo-home:/opt/rustwide/cargo-home:ro,Z" "-v" "/var/lib/crater-agent-workspace/rustup-home:/opt/rustwide/rustup-home:ro,Z" "-m" "1610612736" "--network" "none" "ghcr.io/rust-lang/crates-build-env/linux@sha256:3111399a4047eeb3a02b7a90e478d715f38a8c6669b5c4b49d30a17385265909" "sleep" "infinity", kill_on_drop: false }`
[INFO] [stdout] 9709126b231a5555bbef649a907d6a564290f7e4e40c03c898a6bf251900cd33
[INFO] running `Command { std: "docker" "start" "9709126b231a5555bbef649a907d6a564290f7e4e40c03c898a6bf251900cd33", kill_on_drop: false }`
[INFO] running `Command { std: "docker" "inspect" "9709126b231a5555bbef649a907d6a564290f7e4e40c03c898a6bf251900cd33", kill_on_drop: false }`
[INFO] running `Command { std: "docker" "exec" "-e" "SOURCE_DIR=/opt/rustwide/workdir" "-e" "CARGO_HOME=/opt/rustwide/cargo-home" "-e" "RUSTUP_HOME=/opt/rustwide/rustup-home" "-e" "CARGO_TARGET_DIR=/opt/rustwide/target" "-w" "/opt/rustwide/workdir" "--user" "0:0" "9709126b231a5555bbef649a907d6a564290f7e4e40c03c898a6bf251900cd33" "/opt/rustwide/cargo-home/bin/cargo" "+1.99.0-beta.8" "metadata" "--no-deps" "--format-version=1", kill_on_drop: false }`
[INFO] running `Command { std: "docker" "inspect" "9709126b231a5555bbef649a907d6a564290f7e4e40c03c898a6bf251900cd33", kill_on_drop: false }`
[INFO] running `Command { std: "docker" "exec" "-e" "SOURCE_DIR=/opt/rustwide/workdir" "-e" "CARGO_HOME=/opt/rustwide/cargo-home" "-e" "RUSTUP_HOME=/opt/rustwide/rustup-home" "-e" "CARGO_TARGET_DIR=/opt/rustwide/target" "-e" "CARGO_INCREMENTAL=0" "-e" "RUST_BACKTRACE=full" "-e" "RUSTFLAGS=--cap-lints=warn" "-e" "RUSTDOCFLAGS=--cap-lints=warn" "-w" "/opt/rustwide/workdir" "--user" "0:0" "9709126b231a5555bbef649a907d6a564290f7e4e40c03c898a6bf251900cd33" "/opt/rustwide/cargo-home/bin/cargo" "+1.99.0-beta.8" "build" "--frozen" "--message-format=json", kill_on_drop: false }`
[INFO] [stderr]    Compiling relative-duration v1.0.7 (/opt/rustwide/workdir)
[INFO] [stderr]     Finished `dev` profile [unoptimized + debuginfo] target(s) in 0.14s
[INFO] running `Command { std: "docker" "inspect" "9709126b231a5555bbef649a907d6a564290f7e4e40c03c898a6bf251900cd33", kill_on_drop: false }`
[INFO] running `Command { std: "docker" "exec" "-e" "SOURCE_DIR=/opt/rustwide/workdir" "-e" "CARGO_HOME=/opt/rustwide/cargo-home" "-e" "RUSTUP_HOME=/opt/rustwide/rustup-home" "-e" "CARGO_TARGET_DIR=/opt/rustwide/target" "-e" "CARGO_INCREMENTAL=0" "-e" "RUST_BACKTRACE=full" "-e" "RUSTFLAGS=--cap-lints=warn" "-e" "RUSTDOCFLAGS=--cap-lints=warn" "-w" "/opt/rustwide/workdir" "--user" "0:0" "9709126b231a5555bbef649a907d6a564290f7e4e40c03c898a6bf251900cd33" "/opt/rustwide/cargo-home/bin/cargo" "+1.99.0-beta.8" "test" "--frozen" "--no-run" "--message-format=json", kill_on_drop: false }`
[INFO] [stderr]    Compiling proc-macro2 v1.0.94
[INFO] [stderr]    Compiling unicode-ident v1.0.18
[INFO] [stderr]    Compiling cfg-if v1.0.0
[INFO] [stderr]    Compiling quote v1.0.39
[INFO] [stderr]    Compiling syn v2.0.99
[INFO] [stderr]    Compiling test-case-core v3.3.1
[INFO] [stderr]    Compiling test-case-macros v3.3.1
[INFO] [stderr]    Compiling test-case v3.3.1
[INFO] [stderr]    Compiling relative-duration v1.0.7 (/opt/rustwide/workdir)
[INFO] [stderr]     Finished `test` profile [unoptimized + debuginfo] target(s) in 7.29s
[INFO] running `Command { std: "docker" "inspect" "9709126b231a5555bbef649a907d6a564290f7e4e40c03c898a6bf251900cd33", kill_on_drop: false }`
[INFO] running `Command { std: "docker" "exec" "-e" "SOURCE_DIR=/opt/rustwide/workdir" "-e" "CARGO_HOME=/opt/rustwide/cargo-home" "-e" "RUSTUP_HOME=/opt/rustwide/rustup-home" "-e" "CARGO_TARGET_DIR=/opt/rustwide/target" "-e" "CARGO_INCREMENTAL=0" "-e" "RUST_BACKTRACE=full" "-e" "RUSTFLAGS=--cap-lints=warn" "-e" "RUSTDOCFLAGS=--cap-lints=warn" "-w" "/opt/rustwide/workdir" "--user" "0:0" "9709126b231a5555bbef649a907d6a564290f7e4e40c03c898a6bf251900cd33" "/opt/rustwide/cargo-home/bin/cargo" "+1.99.0-beta.8" "test" "--frozen", kill_on_drop: false }`
[INFO] [stderr]     Finished `test` profile [unoptimized + debuginfo] target(s) in 0.03s
[INFO] [stderr]      Running unittests src/lib.rs (/opt/rustwide/target/debug/deps/relative_duration-57da7af185ec6c20)
[INFO] [stdout] 
[INFO] [stdout] running 173 tests
[INFO] [stdout] test cmp::tests::test_comparison::all_positive_cmp_2 ... ok
[INFO] [stdout] test disp::tests::debug::negative_secs ... ok
[INFO] [stdout] test cmp::tests::test_comparison::all_positive_cmp_1 ... ok
[INFO] [stdout] test disp::tests::debug::positive_nanos ... ok
[INFO] [stdout] test disp::tests::display::negative_millis ... ok
[INFO] [stdout] test cmp::tests::test_comparison::left_negative_right_positive_cmp ... ok
[INFO] [stdout] test disp::tests::debug::positive_micros ... ok
[INFO] [stdout] test disp::tests::debug::positive_millis ... ok
[INFO] [stdout] test disp::tests::debug::negative_micros ... ok
[INFO] [stdout] test cmp::tests::test_comparison::left_negative_right_positive_cmp_2 ... ok
[INFO] [stdout] test disp::tests::display::negative_nanos ... ok
[INFO] [stdout] test cmp::tests::test_comparison::equal_negative ... ok
[INFO] [stdout] test cmp::tests::test_comparison::all_negative_cmp ... ok
[INFO] [stdout] test disp::tests::display::negative_secs ... ok
[INFO] [stdout] test ops::tests::test_add::all_negatives ... ok
[INFO] [stdout] test disp::tests::display::positive_micros ... ok
[INFO] [stdout] test disp::tests::display::positive_millis ... ok
[INFO] [stdout] test disp::tests::debug::positive_secs ... ok
[INFO] [stdout] test ops::tests::test_add::first_negative_stronger ... ok
[INFO] [stdout] test disp::tests::display::positive_nanos ... ok
[INFO] [stdout] test disp::tests::display::negative_micros ... ok
[INFO] [stdout] test ops::tests::test_add::first_negative_weaker ... ok
[INFO] [stdout] test disp::tests::display::positive_secs ... ok
[INFO] [stdout] test cmp::tests::test_comparison::left_positive_right_negative_cmp_1 ... ok
[INFO] [stdout] test ops::tests::test_add::second_negative_stronger ... ok
[INFO] [stdout] test ops::tests::test_div::positive_by_scalar ... ok
[INFO] [stdout] test ops::tests::test_mul::positive_by_scalar ... ok
[INFO] [stdout] test ops::tests::test_add::second_negative_opposite ... ok
[INFO] [stdout] test ops::tests::test_sub::all_negative ... ok
[INFO] [stdout] test cmp::tests::test_comparison::equal_positive ... ok
[INFO] [stdout] test ops::tests::test_add::second_negative_weaker ... ok
[INFO] [stdout] test ops::tests::test_add::all_positive_durations ... ok
[INFO] [stdout] test relative_duration::tests::abs::positive ... ok
[INFO] [stdout] test ops::tests::test_div::negative_by_scalar ... ok
[INFO] [stdout] test ops::tests::test_sub::first_negative_weaker ... ok
[INFO] [stdout] test ops::tests::test_add::first_negative_and_opposites ... ok
[INFO] [stdout] test disp::tests::debug::negative_millis ... ok
[INFO] [stdout] test ops::tests::test_mul::negative_by_scalar ... ok
[INFO] [stdout] test relative_duration::tests::as_secs::null ... ok
[INFO] [stdout] test relative_duration::tests::as_secs::positive ... ok
[INFO] [stdout] test ops::tests::test_sub::first_negative_stronger ... ok
[INFO] [stdout] test relative_duration::tests::as_secs_f32::negative ... ok
[INFO] [stdout] test relative_duration::tests::div_duration_f32::negative_by_positive ... ok
[INFO] [stdout] test relative_duration::tests::as_secs::less_than_zero_positive ... ok
[INFO] [stdout] test relative_duration::tests::div_duration_f32::negative_by_negative ... ok
[INFO] [stdout] test relative_duration::tests::as_secs::negative ... ok
[INFO] [stdout] test ops::tests::test_sub::positive_first_strong ... ok
[INFO] [stdout] test relative_duration::tests::as_secs_f32::positive ... ok
[INFO] [stdout] test ops::tests::test_sub::positive_second_strong ... ok
[INFO] [stdout] test ops::tests::test_sub::same_positive_durations ... ok
[INFO] [stdout] test ops::tests::test_sub::second_negative_stronger ... ok
[INFO] [stdout] test ops::tests::test_sub::second_negative_weaker ... ok
[INFO] [stdout] test relative_duration::tests::abs::negative ... ok
[INFO] [stdout] test relative_duration::tests::div_duration_f64::positive_by_positive ... ok
[INFO] [stdout] test relative_duration::tests::as_secs::less_than_zero_negative ... ok
[INFO] [stdout] test relative_duration::tests::div_f32::positive_by_negative_scalar ... ok
[INFO] [stdout] test relative_duration::tests::as_secs_f64::negative ... ok
[INFO] [stdout] test relative_duration::tests::as_secs_f64::positive ... ok
[INFO] [stdout] test relative_duration::tests::div_duration_f32::positive_by_negative ... ok
[INFO] [stdout] test relative_duration::tests::div_duration_f64::negative_by_negative ... ok
[INFO] [stdout] test relative_duration::tests::div_f64::negative_by_positive_scalar ... ok
[INFO] [stdout] test relative_duration::tests::div_f64::positive_by_negative_scalar ... ok
[INFO] [stdout] test disp::tests::debug::negative_nanos ... ok
[INFO] [stdout] test relative_duration::tests::into ... ok
[INFO] [stdout] test relative_duration::tests::div_f64::positive_by_positive_scalar ... ok
[INFO] [stdout] test relative_duration::tests::mul_f32::negative_by_negative_scalar ... ok
[INFO] [stdout] test relative_duration::tests::is_negative::positive ... ok
[INFO] [stdout] test relative_duration::tests::mul_f32::negative_by_null_scalar ... ok
[INFO] [stdout] test relative_duration::tests::mul_f32::negative_by_positive_scalar ... ok
[INFO] [stdout] test relative_duration::tests::from_micros ... ok
[INFO] [stdout] test relative_duration::tests::from ... ok
[INFO] [stdout] test relative_duration::tests::mul_f64::negative_by_positive_scalar ... ok
[INFO] [stdout] test relative_duration::tests::is_negative::negative ... ok
[INFO] [stdout] test relative_duration::tests::mul_f32::positive_by_positive_scalar ... ok
[INFO] [stdout] test relative_duration::tests::mul_f64::negative_by_null_scalar ... ok
[INFO] [stdout] test relative_duration::tests::mul_f64::positive_by_negative_scalar ... ok
[INFO] [stdout] test relative_duration::tests::div_duration_f64::negative_by_positive ... ok
[INFO] [stdout] test relative_duration::tests::mul_f64::positive_by_null_scalar ... ok
[INFO] [stdout] test relative_duration::tests::subsec_micros::negative_undersec ... ok
[INFO] [stdout] test relative_duration::tests::subsec_micros::positive_oversec ... ok
[INFO] [stdout] test relative_duration::tests::subsec_micros::positive_undersec ... ok
[INFO] [stdout] test relative_duration::tests::subsec_millis::negative_oversec ... ok
[INFO] [stdout] test relative_duration::tests::mul_f32::positive_by_null_scalar ... ok
[INFO] [stdout] test relative_duration::tests::subsec_millis::positive_oversec ... ok
[INFO] [stdout] test relative_duration::tests::mul_f32::positive_by_negative_scalar ... ok
[INFO] [stdout] test relative_duration::tests::div_duration_f64::positive_by_negative ... ok
[INFO] [stdout] test relative_duration::tests::div_f32::negative_by_positive_scalar ... ok
[INFO] [stdout] test relative_duration::tests::from_secs ... ok
[INFO] [stdout] test relative_duration::tests::subsec_nanos::negative ... ok
[INFO] [stdout] test relative_duration::tests::mul_f64::negative_by_negative_scalar ... ok
[INFO] [stdout] test relative_duration::tests::mul_f64::positive_by_positive_scalar ... ok
[INFO] [stdout] test relative_duration::tests::subsec_millis::negative_undersec ... ok
[INFO] [stdout] test relative_duration::tests::neg ... ok
[INFO] [stdout] test relative_duration::tests::subsec_micros::negative_oversec ... ok
[INFO] [stdout] test relative_duration::tests::subsec_nanos::positive ... ok
[INFO] [stdout] test suffix::tests::i16_millis::positive_ms ... ok
[INFO] [stdout] test relative_duration::tests::subsec_nanos::null ... ok
[INFO] [stdout] test suffix::tests::i16_nanos::negative_ns ... ok
[INFO] [stdout] test suffix::tests::i16_millis::zero_ms ... ok
[INFO] [stdout] test suffix::tests::i16_nanos::zero_ns ... ok
[INFO] [stdout] test suffix::tests::i16_secs::negative_s ... ok
[INFO] [stdout] test suffix::tests::i16_secs::positive_s ... ok
[INFO] [stdout] test suffix::tests::i32_micros::negative_us ... ok
[INFO] [stdout] test suffix::tests::i32_micros::zero_us ... ok
[INFO] [stdout] test suffix::tests::i32_millis::positive_ms ... ok
[INFO] [stdout] test suffix::tests::i32_nanos::negative_ns ... ok
[INFO] [stdout] test relative_duration::tests::from_millis ... ok
[INFO] [stdout] test relative_duration::tests::div_duration_f32::positive_by_positive ... ok
[INFO] [stdout] test relative_duration::tests::subsec_millis::positive_undersec ... ok
[INFO] [stdout] test relative_duration::tests::from_nanos ... ok
[INFO] [stdout] test suffix::tests::i16_secs::zero_ss ... ok
[INFO] [stdout] test relative_duration::tests::div_f32::positive_by_positive_scalar ... ok
[INFO] [stdout] test suffix::tests::i16_nanos::positive_ns ... ok
[INFO] [stdout] test suffix::tests::i32_micros::positive_us ... ok
[INFO] [stdout] test suffix::tests::i16_micros::negative_us ... ok
[INFO] [stdout] test suffix::tests::i32_millis::negative_ms ... ok
[INFO] [stdout] test suffix::tests::i16_micros::positive_us ... ok
[INFO] [stdout] test suffix::tests::i32_nanos::positive_ns ... ok
[INFO] [stdout] test suffix::tests::i16_micros::zero_us ... ok
[INFO] [stdout] test suffix::tests::i64_millis::positive_ms ... ok
[INFO] [stdout] test suffix::tests::i16_millis::negative_ms ... ok
[INFO] [stdout] test suffix::tests::i64_millis::zero_ms ... ok
[INFO] [stdout] test suffix::tests::i32_nanos::zero_ns ... ok
[INFO] [stdout] test suffix::tests::i64_secs::negative_s ... ok
[INFO] [stdout] test suffix::tests::i64_micros::negative_us ... ok
[INFO] [stdout] test suffix::tests::i64_secs::zero_ss ... ok
[INFO] [stdout] test suffix::tests::i64_millis::negative_ms ... ok
[INFO] [stdout] test suffix::tests::i32_secs::zero_ss ... ok
[INFO] [stdout] test suffix::tests::i64_micros::zero_us ... ok
[INFO] [stdout] test suffix::tests::i8_millis::positive_ms ... ok
[INFO] [stdout] test suffix::tests::i8_micros::positive_us ... ok
[INFO] [stdout] test suffix::tests::i8_millis::zero_ms ... ok
[INFO] [stdout] test suffix::tests::i8_millis::negative_ms ... ok
[INFO] [stdout] test suffix::tests::i8_nanos::negative_ns ... ok
[INFO] [stdout] test suffix::tests::i8_nanos::positive_ns ... ok
[INFO] [stdout] test suffix::tests::i8_nanos::zero_ns ... ok
[INFO] [stdout] test suffix::tests::i8_secs::positive_s ... ok
[INFO] [stdout] test suffix::tests::u16_micros::zero_us ... ok
[INFO] [stdout] test suffix::tests::u16_millis::positive_ms ... ok
[INFO] [stdout] test suffix::tests::u16_millis::zero_ms ... ok
[INFO] [stdout] test suffix::tests::u16_nanos::positive_ns ... ok
[INFO] [stdout] test suffix::tests::u16_nanos::zero_ns ... ok
[INFO] [stdout] test suffix::tests::u16_secs::positive_s ... ok
[INFO] [stdout] test suffix::tests::i8_micros::zero_us ... ok
[INFO] [stdout] test suffix::tests::i64_nanos::negative_ns ... ok
[INFO] [stdout] test suffix::tests::i64_nanos::positive_ns ... ok
[INFO] [stdout] test suffix::tests::i64_nanos::zero_ns ... ok
[INFO] [stdout] test suffix::tests::i64_secs::positive_s ... ok
[INFO] [stdout] test suffix::tests::i8_micros::negative_us ... ok
[INFO] [stdout] test suffix::tests::u16_secs::zero_ss ... ok
[INFO] [stdout] test suffix::tests::i64_micros::positive_us ... ok
[INFO] [stdout] test suffix::tests::u32_micros::positive_us ... ok
[INFO] [stdout] test suffix::tests::u32_micros::zero_us ... ok
[INFO] [stdout] test suffix::tests::u32_secs::positive_s ... ok
[INFO] [stdout] test suffix::tests::i32_millis::zero_ms ... ok
[INFO] [stdout] test suffix::tests::u8_micros::positive_us ... ok
[INFO] [stdout] test suffix::tests::u8_micros::zero_us ... ok
[INFO] [stdout] test suffix::tests::u8_secs::positive_s ... ok
[INFO] [stdout] test suffix::tests::i32_secs::negative_s ... ok
[INFO] [stdout] test suffix::tests::u8_millis::positive_ms ... ok
[INFO] [stdout] test suffix::tests::i8_secs::negative_s ... ok
[INFO] [stdout] test suffix::tests::i32_secs::positive_s ... ok
[INFO] [stdout] test suffix::tests::u32_secs::zero_ss ... ok
[INFO] [stdout] test suffix::tests::i8_secs::zero_ss ... ok
[INFO] [stdout] test suffix::tests::u16_micros::positive_us ... ok
[INFO] [stdout] test suffix::tests::u32_millis::positive_ms ... ok
[INFO] [stdout] test suffix::tests::u32_millis::zero_ms ... ok
[INFO] [stdout] test suffix::tests::u32_nanos::positive_ns ... ok
[INFO] [stdout] test suffix::tests::u32_nanos::zero_ns ... ok
[INFO] [stdout] test suffix::tests::u8_nanos::positive_ns ... ok
[INFO] [stdout] test suffix::tests::u8_nanos::zero_ns ... ok
[INFO] [stdout] test suffix::tests::u8_secs::zero_ss ... ok
[INFO] [stdout] test suffix::tests::u8_millis::zero_ms ... ok
[INFO] [stdout] 
[INFO] [stdout] test result: ok. 173 passed; 0 failed; 0 ignored; 0 measured; 0 filtered out; finished in 0.02s
[INFO] [stdout] 
[INFO] [stderr]    Doc-tests relative_duration
[INFO] [stdout] 
[INFO] [stdout] running 33 tests
[INFO] [stdout] test src/../README.md - (line 102) ... ok
[INFO] [stdout] test src/../README.md - (line 91) ... ok
[INFO] [stdout] test src/relative_duration.rs - relative_duration::RelativeDuration::as_secs (line 277) ... ok
[INFO] [stdout] test src/../README.md - (line 51) ... ok
[INFO] [stdout] test src/relative_duration.rs - relative_duration::RelativeDuration::div_f64 (line 209) ... ok
[INFO] [stdout] test src/relative_duration.rs - relative_duration::RelativeDuration::from_micros (line 100) ... ok
[INFO] [stdout] test src/relative_duration.rs - relative_duration::RelativeDuration (line 15) ... ok
[INFO] [stdout] test src/relative_duration.rs - relative_duration::RelativeDuration::from_nanos (line 121) ... ok
[INFO] [stdout] test src/relative_duration.rs - relative_duration::RelativeDuration::abs (line 398) ... ok
[INFO] [stdout] test src/relative_duration.rs - relative_duration::RelativeDuration::from_secs (line 62) ... ok
[INFO] [stdout] test src/relative_duration.rs - relative_duration::RelativeDuration::is_negative (line 259) ... ok
[INFO] [stdout] test src/relative_duration.rs - relative_duration::RelativeDuration::mul_f64 (line 160) ... ok
[INFO] [stdout] test src/relative_duration.rs - relative_duration::RelativeDuration::subsec_micros (line 357) ... ok
[INFO] [stdout] test src/relative_duration.rs - relative_duration::RelativeDuration::from_millis (line 81) ... ok
[INFO] [stdout] test src/relative_duration.rs - relative_duration::RelativeDuration::subsec_millis (line 336) ... ok
[INFO] [stdout] test src/suffix.rs - suffix::Suffix::milliseconds (line 64) ... ok
[INFO] [stdout] test src/suffix.rs - suffix::Suffix::microseconds (line 49) ... ok
[INFO] [stdout] test src/relative_duration.rs - relative_duration::RelativeDuration::subsec_nanos (line 376) ... ok
[INFO] [stdout] test src/suffix.rs - suffix::Suffix::seconds (line 79) ... ok
[INFO] [stdout] test src/suffix.rs - suffix::Suffix (line 8) ... ok
[INFO] [stdout] test src/suffix.rs - suffix::Suffix::nanoseconds (line 34) ... ok
[INFO] [stdout] test src/relative_duration.rs - relative_duration::RelativeDuration::as_secs_f64 (line 316) ... ok
[INFO] [stdout] test src/../README.md - (line 10) ... ok
[INFO] [stdout] test src/cmp.rs - cmp (line 5) ... ok
[INFO] [stdout] test src/relative_duration.rs - relative_duration::RelativeDuration::as_secs_f32 (line 300) ... ok
[INFO] [stdout] test src/../README.md - (line 76) ... ok
[INFO] [stdout] test src/relative_duration.rs - relative_duration::RelativeDuration::div_duration_f64 (line 243) ... ok
[INFO] [stdout] test src/../README.md - (line 62) ... ok
[INFO] [stdout] test src/relative_duration.rs - relative_duration::RelativeDuration::mul_f32 (line 139) ... FAILED
[INFO] [stdout] test src/relative_duration.rs - relative_duration::RelativeDuration::div_f32 (line 185) ... FAILED
[INFO] [stdout] test src/relative_duration.rs - relative_duration::RelativeDuration::ZERO (line 40) ... ok
[INFO] [stdout] test src/../README.md - (line 27) ... ok
[INFO] [stdout] test src/relative_duration.rs - relative_duration::RelativeDuration::div_duration_f32 (line 227) ... ok
[INFO] [stderr] error: doctest failed, to rerun pass `--doc`
[INFO] [stdout] 
[INFO] [stdout] failures:
[INFO] [stdout] 
[INFO] [stdout] ---- src/relative_duration.rs - relative_duration::RelativeDuration::mul_f32 (line 139) stdout ----
[INFO] [stdout] Test executable failed (exit status: 101).
[INFO] [stdout] 
[INFO] [stdout] stderr:
[INFO] [stdout] 
[INFO] [stdout] thread 'main' (528) panicked at /tmp/rustdoctestWXAGYA/doctest_bundle_2024.rs:308:1:
[INFO] [stdout] assertion `left == right` failed
[INFO] [stdout]   left: 5.4s
[INFO] [stdout]  right: 5.400000095s
[INFO] [stdout] stack backtrace:
[INFO] [stdout]    0:     0x5a88d5d758e1 - std[70759c8f55707aa4]::backtrace_rs::backtrace::libunwind::trace
[INFO] [stdout]                                at /rustc/dfb0accb7f508ae8be965d8629557221c889dd98/library/std/src/../../backtrace/src/backtrace/libunwind.rs:117:9
[INFO] [stdout]    1:     0x5a88d5d758e1 - std[70759c8f55707aa4]::backtrace_rs::backtrace::trace_unsynchronized::<std[70759c8f55707aa4]::sys::backtrace::_print_fmt::{closure#1}>
[INFO] [stdout]                                at /rustc/dfb0accb7f508ae8be965d8629557221c889dd98/library/std/src/../../backtrace/src/backtrace/mod.rs:66:14
[INFO] [stdout]    2:     0x5a88d5d758e1 - std[70759c8f55707aa4]::sys::backtrace::_print_fmt
[INFO] [stdout]                                at /rustc/dfb0accb7f508ae8be965d8629557221c889dd98/library/std/src/sys/backtrace.rs:74:9
[INFO] [stdout]    3:     0x5a88d5d758e1 - <<std[70759c8f55707aa4]::sys::backtrace::BacktraceLock>::print::DisplayBacktrace as core[df12db4294e9bfd3]::fmt::Display>::fmt
[INFO] [stdout]                                at /rustc/dfb0accb7f508ae8be965d8629557221c889dd98/library/std/src/sys/backtrace.rs:44:26
[INFO] [stdout]    4:     0x5a88d5d8aaca - <core[df12db4294e9bfd3]::fmt::rt::Argument>::fmt
[INFO] [stdout]                                at /rustc/dfb0accb7f508ae8be965d8629557221c889dd98/library/core/src/fmt/rt.rs:152:76
[INFO] [stdout]    5:     0x5a88d5d8aaca - core[df12db4294e9bfd3]::fmt::write
[INFO] [stdout]    6:     0x5a88d5d7ac8c - core[df12db4294e9bfd3]::io::write::default_write_fmt::<std[70759c8f55707aa4]::sys::stdio::unix::Stderr>
[INFO] [stdout]                                at /rustc/dfb0accb7f508ae8be965d8629557221c889dd98/library/core/src/io/write.rs:402:11
[INFO] [stdout]    7:     0x5a88d5d7ac8c - <std[70759c8f55707aa4]::sys::stdio::unix::Stderr as core[df12db4294e9bfd3]::io::write::Write>::write_fmt
[INFO] [stdout]                                at /rustc/dfb0accb7f508ae8be965d8629557221c889dd98/library/core/src/io/write.rs:335:13
[INFO] [stdout]    8:     0x5a88d5d51b36 - <std[70759c8f55707aa4]::sys::backtrace::BacktraceLock>::print
[INFO] [stdout]                                at /rustc/dfb0accb7f508ae8be965d8629557221c889dd98/library/std/src/sys/backtrace.rs:47:9
[INFO] [stdout]    9:     0x5a88d5d51b36 - std[70759c8f55707aa4]::panicking::default_hook::{closure#0}
[INFO] [stdout]                                at /rustc/dfb0accb7f508ae8be965d8629557221c889dd98/library/std/src/panicking.rs:292:27
[INFO] [stdout]   10:     0x5a88d5d6def1 - std[70759c8f55707aa4]::panicking::default_hook
[INFO] [stdout]                                at /rustc/dfb0accb7f508ae8be965d8629557221c889dd98/library/std/src/panicking.rs:319:9
[INFO] [stdout]   11:     0x5a88d5d6e0ab - std[70759c8f55707aa4]::panicking::panic_with_hook
[INFO] [stdout]                                at /rustc/dfb0accb7f508ae8be965d8629557221c889dd98/library/std/src/panicking.rs:815:13
[INFO] [stdout]   12:     0x5a88d5d51be2 - std[70759c8f55707aa4]::panicking::panic_handler::{closure#0}
[INFO] [stdout]                                at /rustc/dfb0accb7f508ae8be965d8629557221c889dd98/library/std/src/panicking.rs:688:13
[INFO] [stdout]   13:     0x5a88d5d4a8b9 - std[70759c8f55707aa4]::sys::backtrace::__rust_end_short_backtrace::<std[70759c8f55707aa4]::panicking::panic_handler::{closure#0}, !>
[INFO] [stdout]                                at /rustc/dfb0accb7f508ae8be965d8629557221c889dd98/library/std/src/sys/backtrace.rs:182:18
[INFO] [stdout]   14:     0x5a88d5d5295d - __rustc[8fa7c3cbc660c2b3]::rust_begin_unwind
[INFO] [stdout]                                at /rustc/dfb0accb7f508ae8be965d8629557221c889dd98/library/std/src/panicking.rs:679:5
[INFO] [stdout]   15:     0x5a88d5d8b23c - core[df12db4294e9bfd3]::panicking::panic_fmt
[INFO] [stdout]                                at /rustc/dfb0accb7f508ae8be965d8629557221c889dd98/library/core/src/panicking.rs:80:14
[INFO] [stdout]   16:     0x5a88d5d8b153 - core[df12db4294e9bfd3]::panicking::assert_failed_inner
[INFO] [stdout]                                at /rustc/dfb0accb7f508ae8be965d8629557221c889dd98/library/core/src/panicking.rs:452:17
[INFO] [stdout]   17:     0x5a88d5cf9214 - core[df12db4294e9bfd3]::panicking::assert_failed::<relative_duration[90a21d969157c98c]::relative_duration::RelativeDuration, relative_duration[90a21d969157c98c]::relative_duration::RelativeDuration>
[INFO] [stdout]   18:     0x5a88d5cfb42d - doctest_bundle_2024[72c4b0461e1faad2]::__doctest_23::main
[INFO] [stdout]   19:     0x5a88d5cfb43e - doctest_bundle_2024[72c4b0461e1faad2]::__doctest_23::__main_fn
[INFO] [stdout]   20:     0x5a88d5cf3451 - doctest_runner_2024[37d7b32fe5ed358d]::__doctest_23::TEST::{closure#0}
[INFO] [stdout]   21:     0x5a88d5cf8bf6 - <doctest_runner_2024[37d7b32fe5ed358d]::__doctest_23::TEST::{closure#0} as core[df12db4294e9bfd3]::ops::function::FnOnce<()>>::call_once
[INFO] [stdout]   22:     0x5a88d5cf458c - doctest_runner_2024[37d7b32fe5ed358d]::main
[INFO] [stdout]   23:     0x5a88d5cf8843 - <fn() -> std[70759c8f55707aa4]::process::ExitCode as core[df12db4294e9bfd3]::ops::function::FnOnce<()>>::call_once
[INFO] [stdout]   24:     0x5a88d5cf1dce - std[70759c8f55707aa4]::sys::backtrace::__rust_begin_short_backtrace::<fn() -> std[70759c8f55707aa4]::process::ExitCode, std[70759c8f55707aa4]::process::ExitCode>
[INFO] [stdout]   25:     0x5a88d5cf26e9 - std[70759c8f55707aa4]::rt::lang_start::<std[70759c8f55707aa4]::process::ExitCode>::{closure#0}
[INFO] [stdout]   26:     0x5a88d5d6ce79 - <&dyn core[df12db4294e9bfd3]::ops::function::Fn<(), Output = i32> + core[df12db4294e9bfd3]::panic::unwind_safe::RefUnwindSafe + core[df12db4294e9bfd3]::marker::Sync as core[df12db4294e9bfd3]::ops::function::FnOnce<()>>::call_once
[INFO] [stdout]                                at /rustc/dfb0accb7f508ae8be965d8629557221c889dd98/library/core/src/ops/function.rs:287:21
[INFO] [stdout]   27:     0x5a88d5d6ce79 - std[70759c8f55707aa4]::panicking::catch_unwind::do_call::<&dyn core[df12db4294e9bfd3]::ops::function::Fn<(), Output = i32> + core[df12db4294e9bfd3]::panic::unwind_safe::RefUnwindSafe + core[df12db4294e9bfd3]::marker::Sync, i32>
[INFO] [stdout]                                at /rustc/dfb0accb7f508ae8be965d8629557221c889dd98/library/std/src/panicking.rs:576:43
[INFO] [stdout]   28:     0x5a88d5d6ce79 - std[70759c8f55707aa4]::panicking::catch_unwind::<i32, &dyn core[df12db4294e9bfd3]::ops::function::Fn<(), Output = i32> + core[df12db4294e9bfd3]::panic::unwind_safe::RefUnwindSafe + core[df12db4294e9bfd3]::marker::Sync>
[INFO] [stdout]                                at /rustc/dfb0accb7f508ae8be965d8629557221c889dd98/library/std/src/panicking.rs:544:19
[INFO] [stdout]   29:     0x5a88d5d6ce79 - std[70759c8f55707aa4]::panic::catch_unwind::<&dyn core[df12db4294e9bfd3]::ops::function::Fn<(), Output = i32> + core[df12db4294e9bfd3]::panic::unwind_safe::RefUnwindSafe + core[df12db4294e9bfd3]::marker::Sync, i32>
[INFO] [stdout]                                at /rustc/dfb0accb7f508ae8be965d8629557221c889dd98/library/std/src/panic.rs:359:14
[INFO] [stdout]   30:     0x5a88d5d6ce79 - std[70759c8f55707aa4]::rt::lang_start_internal::{closure#0}
[INFO] [stdout]                                at /rustc/dfb0accb7f508ae8be965d8629557221c889dd98/library/std/src/rt.rs:175:24
[INFO] [stdout]   31:     0x5a88d5d6ce79 - std[70759c8f55707aa4]::panicking::catch_unwind::do_call::<std[70759c8f55707aa4]::rt::lang_start_internal::{closure#0}, isize>
[INFO] [stdout]                                at /rustc/dfb0accb7f508ae8be965d8629557221c889dd98/library/std/src/panicking.rs:576:43
[INFO] [stdout]   32:     0x5a88d5d6ce79 - std[70759c8f55707aa4]::panicking::catch_unwind::<isize, std[70759c8f55707aa4]::rt::lang_start_internal::{closure#0}>
[INFO] [stdout]                                at /rustc/dfb0accb7f508ae8be965d8629557221c889dd98/library/std/src/panicking.rs:544:19
[INFO] [stdout]   33:     0x5a88d5d6ce79 - std[70759c8f55707aa4]::panic::catch_unwind::<std[70759c8f55707aa4]::rt::lang_start_internal::{closure#0}, isize>
[INFO] [stdout]                                at /rustc/dfb0accb7f508ae8be965d8629557221c889dd98/library/std/src/panic.rs:359:14
[INFO] [stdout]   34:     0x5a88d5d6ce79 - std[70759c8f55707aa4]::rt::lang_start_internal
[INFO] [stdout]                                at /rustc/dfb0accb7f508ae8be965d8629557221c889dd98/library/std/src/rt.rs:171:5
[INFO] [stdout]   35:     0x5a88d5cf1011 - std[70759c8f55707aa4]::rt::lang_start::<std[70759c8f55707aa4]::process::ExitCode>
[INFO] [stdout]   36:     0x5a88d5cf9055 - main
[INFO] [stdout]   37:     0x723a7bf38601 - <unknown>
[INFO] [stdout]   38:     0x723a7bf38718 - __libc_start_main
[INFO] [stdout]   39:     0x5a88d5cf01e5 - _start
[INFO] [stdout]   40:                0x0 - <unknown>
[INFO] [stdout] 
[INFO] [stdout] 
[INFO] [stdout] ---- src/relative_duration.rs - relative_duration::RelativeDuration::div_f32 (line 185) stdout ----
[INFO] [stdout] Test executable failed (exit status: 101).
[INFO] [stdout] 
[INFO] [stdout] stderr:
[INFO] [stdout] 
[INFO] [stdout] thread 'main' (515) panicked at /tmp/rustdoctestWXAGYA/doctest_bundle_2024.rs:221:1:
[INFO] [stdout] assertion `left == right` failed
[INFO] [stdout]   left: -859.872583ms
[INFO] [stdout]  right: -859.87258ms
[INFO] [stdout] stack backtrace:
[INFO] [stdout]    0:     0x59a02ad188e1 - std[70759c8f55707aa4]::backtrace_rs::backtrace::libunwind::trace
[INFO] [stdout]                                at /rustc/dfb0accb7f508ae8be965d8629557221c889dd98/library/std/src/../../backtrace/src/backtrace/libunwind.rs:117:9
[INFO] [stdout]    1:     0x59a02ad188e1 - std[70759c8f55707aa4]::backtrace_rs::backtrace::trace_unsynchronized::<std[70759c8f55707aa4]::sys::backtrace::_print_fmt::{closure#1}>
[INFO] [stdout]                                at /rustc/dfb0accb7f508ae8be965d8629557221c889dd98/library/std/src/../../backtrace/src/backtrace/mod.rs:66:14
[INFO] [stdout]    2:     0x59a02ad188e1 - std[70759c8f55707aa4]::sys::backtrace::_print_fmt
[INFO] [stdout]                                at /rustc/dfb0accb7f508ae8be965d8629557221c889dd98/library/std/src/sys/backtrace.rs:74:9
[INFO] [stdout]    3:     0x59a02ad188e1 - <<std[70759c8f55707aa4]::sys::backtrace::BacktraceLock>::print::DisplayBacktrace as core[df12db4294e9bfd3]::fmt::Display>::fmt
[INFO] [stdout]                                at /rustc/dfb0accb7f508ae8be965d8629557221c889dd98/library/std/src/sys/backtrace.rs:44:26
[INFO] [stdout]    4:     0x59a02ad2daca - <core[df12db4294e9bfd3]::fmt::rt::Argument>::fmt
[INFO] [stdout]                                at /rustc/dfb0accb7f508ae8be965d8629557221c889dd98/library/core/src/fmt/rt.rs:152:76
[INFO] [stdout]    5:     0x59a02ad2daca - core[df12db4294e9bfd3]::fmt::write
[INFO] [stdout]    6:     0x59a02ad1dc8c - core[df12db4294e9bfd3]::io::write::default_write_fmt::<std[70759c8f55707aa4]::sys::stdio::unix::Stderr>
[INFO] [stdout]                                at /rustc/dfb0accb7f508ae8be965d8629557221c889dd98/library/core/src/io/write.rs:402:11
[INFO] [stdout]    7:     0x59a02ad1dc8c - <std[70759c8f55707aa4]::sys::stdio::unix::Stderr as core[df12db4294e9bfd3]::io::write::Write>::write_fmt
[INFO] [stdout]                                at /rustc/dfb0accb7f508ae8be965d8629557221c889dd98/library/core/src/io/write.rs:335:13
[INFO] [stdout]    8:     0x59a02acf4b36 - <std[70759c8f55707aa4]::sys::backtrace::BacktraceLock>::print
[INFO] [stdout]                                at /rustc/dfb0accb7f508ae8be965d8629557221c889dd98/library/std/src/sys/backtrace.rs:47:9
[INFO] [stdout]    9:     0x59a02acf4b36 - std[70759c8f55707aa4]::panicking::default_hook::{closure#0}
[INFO] [stdout]                                at /rustc/dfb0accb7f508ae8be965d8629557221c889dd98/library/std/src/panicking.rs:292:27
[INFO] [stdout]   10:     0x59a02ad10ef1 - std[70759c8f55707aa4]::panicking::default_hook
[INFO] [stdout]                                at /rustc/dfb0accb7f508ae8be965d8629557221c889dd98/library/std/src/panicking.rs:319:9
[INFO] [stdout]   11:     0x59a02ad110ab - std[70759c8f55707aa4]::panicking::panic_with_hook
[INFO] [stdout]                                at /rustc/dfb0accb7f508ae8be965d8629557221c889dd98/library/std/src/panicking.rs:815:13
[INFO] [stdout]   12:     0x59a02acf4be2 - std[70759c8f55707aa4]::panicking::panic_handler::{closure#0}
[INFO] [stdout]                                at /rustc/dfb0accb7f508ae8be965d8629557221c889dd98/library/std/src/panicking.rs:688:13
[INFO] [stdout]   13:     0x59a02aced8b9 - std[70759c8f55707aa4]::sys::backtrace::__rust_end_short_backtrace::<std[70759c8f55707aa4]::panicking::panic_handler::{closure#0}, !>
[INFO] [stdout]                                at /rustc/dfb0accb7f508ae8be965d8629557221c889dd98/library/std/src/sys/backtrace.rs:182:18
[INFO] [stdout]   14:     0x59a02acf595d - __rustc[8fa7c3cbc660c2b3]::rust_begin_unwind
[INFO] [stdout]                                at /rustc/dfb0accb7f508ae8be965d8629557221c889dd98/library/std/src/panicking.rs:679:5
[INFO] [stdout]   15:     0x59a02ad2e23c - core[df12db4294e9bfd3]::panicking::panic_fmt
[INFO] [stdout]                                at /rustc/dfb0accb7f508ae8be965d8629557221c889dd98/library/core/src/panicking.rs:80:14
[INFO] [stdout]   16:     0x59a02ad2e153 - core[df12db4294e9bfd3]::panicking::assert_failed_inner
[INFO] [stdout]                                at /rustc/dfb0accb7f508ae8be965d8629557221c889dd98/library/core/src/panicking.rs:452:17
[INFO] [stdout]   17:     0x59a02ac9c214 - core[df12db4294e9bfd3]::panicking::assert_failed::<relative_duration[90a21d969157c98c]::relative_duration::RelativeDuration, relative_duration[90a21d969157c98c]::relative_duration::RelativeDuration>
[INFO] [stdout]   18:     0x59a02ac9dffa - doctest_bundle_2024[72c4b0461e1faad2]::__doctest_16::main
[INFO] [stdout]   19:     0x59a02ac9e006 - doctest_bundle_2024[72c4b0461e1faad2]::__doctest_16::__main_fn
[INFO] [stdout]   20:     0x59a02ac960d1 - doctest_runner_2024[37d7b32fe5ed358d]::__doctest_16::TEST::{closure#0}
[INFO] [stdout]   21:     0x59a02ac9bb16 - <doctest_runner_2024[37d7b32fe5ed358d]::__doctest_16::TEST::{closure#0} as core[df12db4294e9bfd3]::ops::function::FnOnce<()>>::call_once
[INFO] [stdout]   22:     0x59a02ac9758c - doctest_runner_2024[37d7b32fe5ed358d]::main
[INFO] [stdout]   23:     0x59a02ac9b843 - <fn() -> std[70759c8f55707aa4]::process::ExitCode as core[df12db4294e9bfd3]::ops::function::FnOnce<()>>::call_once
[INFO] [stdout]   24:     0x59a02ac94dce - std[70759c8f55707aa4]::sys::backtrace::__rust_begin_short_backtrace::<fn() -> std[70759c8f55707aa4]::process::ExitCode, std[70759c8f55707aa4]::process::ExitCode>
[INFO] [stdout]   25:     0x59a02ac956e9 - std[70759c8f55707aa4]::rt::lang_start::<std[70759c8f55707aa4]::process::ExitCode>::{closure#0}
[INFO] [stdout]   26:     0x59a02ad0fe79 - <&dyn core[df12db4294e9bfd3]::ops::function::Fn<(), Output = i32> + core[df12db4294e9bfd3]::panic::unwind_safe::RefUnwindSafe + core[df12db4294e9bfd3]::marker::Sync as core[df12db4294e9bfd3]::ops::function::FnOnce<()>>::call_once
[INFO] [stdout]                                at /rustc/dfb0accb7f508ae8be965d8629557221c889dd98/library/core/src/ops/function.rs:287:21
[INFO] [stdout]   27:     0x59a02ad0fe79 - std[70759c8f55707aa4]::panicking::catch_unwind::do_call::<&dyn core[df12db4294e9bfd3]::ops::function::Fn<(), Output = i32> + core[df12db4294e9bfd3]::panic::unwind_safe::RefUnwindSafe + core[df12db4294e9bfd3]::marker::Sync, i32>
[INFO] [stdout]                                at /rustc/dfb0accb7f508ae8be965d8629557221c889dd98/library/std/src/panicking.rs:576:43
[INFO] [stdout]   28:     0x59a02ad0fe79 - std[70759c8f55707aa4]::panicking::catch_unwind::<i32, &dyn core[df12db4294e9bfd3]::ops::function::Fn<(), Output = i32> + core[df12db4294e9bfd3]::panic::unwind_safe::RefUnwindSafe + core[df12db4294e9bfd3]::marker::Sync>
[INFO] [stdout]                                at /rustc/dfb0accb7f508ae8be965d8629557221c889dd98/library/std/src/panicking.rs:544:19
[INFO] [stdout]   29:     0x59a02ad0fe79 - std[70759c8f55707aa4]::panic::catch_unwind::<&dyn core[df12db4294e9bfd3]::ops::function::Fn<(), Output = i32> + core[df12db4294e9bfd3]::panic::unwind_safe::RefUnwindSafe + core[df12db4294e9bfd3]::marker::Sync, i32>
[INFO] [stdout]                                at /rustc/dfb0accb7f508ae8be965d8629557221c889dd98/library/std/src/panic.rs:359:14
[INFO] [stdout]   30:     0x59a02ad0fe79 - std[70759c8f55707aa4]::rt::lang_start_internal::{closure#0}
[INFO] [stdout]                                at /rustc/dfb0accb7f508ae8be965d8629557221c889dd98/library/std/src/rt.rs:175:24
[INFO] [stdout]   31:     0x59a02ad0fe79 - std[70759c8f55707aa4]::panicking::catch_unwind::do_call::<std[70759c8f55707aa4]::rt::lang_start_internal::{closure#0}, isize>
[INFO] [stdout]                                at /rustc/dfb0accb7f508ae8be965d8629557221c889dd98/library/std/src/panicking.rs:576:43
[INFO] [stdout]   32:     0x59a02ad0fe79 - std[70759c8f55707aa4]::panicking::catch_unwind::<isize, std[70759c8f55707aa4]::rt::lang_start_internal::{closure#0}>
[INFO] [stdout]                                at /rustc/dfb0accb7f508ae8be965d8629557221c889dd98/library/std/src/panicking.rs:544:19
[INFO] [stdout]   33:     0x59a02ad0fe79 - std[70759c8f55707aa4]::panic::catch_unwind::<std[70759c8f55707aa4]::rt::lang_start_internal::{closure#0}, isize>
[INFO] [stdout]                                at /rustc/dfb0accb7f508ae8be965d8629557221c889dd98/library/std/src/panic.rs:359:14
[INFO] [stdout]   34:     0x59a02ad0fe79 - std[70759c8f55707aa4]::rt::lang_start_internal
[INFO] [stdout]                                at /rustc/dfb0accb7f508ae8be965d8629557221c889dd98/library/std/src/rt.rs:171:5
[INFO] [stdout]   35:     0x59a02ac94011 - std[70759c8f55707aa4]::rt::lang_start::<std[70759c8f55707aa4]::process::ExitCode>
[INFO] [stdout]   36:     0x59a02ac9c055 - main
[INFO] [stdout]   37:     0x78c4161e1601 - <unknown>
[INFO] [stdout]   38:     0x78c4161e1718 - __libc_start_main
[INFO] [stdout]   39:     0x59a02ac931e5 - _start
[INFO] [stdout]   40:                0x0 - <unknown>
[INFO] [stdout] 
[INFO] [stdout] 
[INFO] [stdout] 
[INFO] [stdout] failures:
[INFO] [stdout]     src/relative_duration.rs - relative_duration::RelativeDuration::div_f32 (line 185)
[INFO] [stdout]     src/relative_duration.rs - relative_duration::RelativeDuration::mul_f32 (line 139)
[INFO] [stdout] 
[INFO] [stdout] test result: FAILED. 31 passed; 2 failed; 0 ignored; 0 measured; 0 filtered out; finished in 0.16s
[INFO] [stdout] 
[INFO] [stdout] all doctests ran in 0.73s; merged doctests compilation took 0.56s
[INFO] running `Command { std: "docker" "inspect" "9709126b231a5555bbef649a907d6a564290f7e4e40c03c898a6bf251900cd33", kill_on_drop: false }`
[INFO] running `Command { std: "docker" "rm" "-f" "9709126b231a5555bbef649a907d6a564290f7e4e40c03c898a6bf251900cd33", kill_on_drop: false }`
[INFO] [stdout] 9709126b231a5555bbef649a907d6a564290f7e4e40c03c898a6bf251900cd33
