[INFO] fetching crate relateby-gram 0.6.0...
[INFO] testing relateby-gram-0.6.0 against 1.99.0-beta.8 for beta-1.100-2
[INFO] extracting crate relateby-gram 0.6.0 into /workspace/builds/worker-6-tc1/source
[INFO] started tweaking crates.io crate relateby-gram 0.6.0
[INFO] removed 0 missing examples
[INFO] removed 0 missing tests
[INFO] finished tweaking crates.io crate relateby-gram 0.6.0
[INFO] tweaked toml for crates.io crate relateby-gram 0.6.0 written to /workspace/builds/worker-6-tc1/source/Cargo.toml
[INFO] validating manifest of crates.io crate relateby-gram 0.6.0 on toolchain 1.99.0-beta.8
[INFO] running `Command { std: CARGO_HOME="/workspace/cargo-home" RUSTUP_HOME="/workspace/rustup-home" "/workspace/cargo-home/bin/cargo" "+1.99.0-beta.8" "metadata" "--manifest-path" "Cargo.toml" "--no-deps", kill_on_drop: false }`
[INFO] crate crates.io crate relateby-gram 0.6.0 already has a lockfile, it will not be regenerated
[INFO] running `Command { std: CARGO_HOME="/workspace/cargo-home" RUSTUP_HOME="/workspace/rustup-home" "/workspace/cargo-home/bin/cargo" "+1.99.0-beta.8" "fetch" "--manifest-path" "Cargo.toml", kill_on_drop: false }`
[INFO] [stderr]     Updating crates.io index
[INFO] [stderr]  Downloading crates ...
[INFO] [stderr]   Downloaded wasm-bindgen-shared v0.2.125
[INFO] [stderr]   Downloaded tree-sitter-gram v0.3.11
[INFO] [stderr]   Downloaded wasm-bindgen-macro v0.2.125
[INFO] [stderr]   Downloaded wasm-bindgen v0.2.125
[INFO] [stderr]   Downloaded unindent v0.2.4
[INFO] [stderr]   Downloaded pythonize v0.23.0
[INFO] [stderr]   Downloaded pyo3-macros v0.23.5
[INFO] [stderr]   Downloaded target-lexicon v0.12.16
[INFO] [stderr]   Downloaded pyo3-build-config v0.23.5
[INFO] [stderr]   Downloaded wasm-bindgen-macro-support v0.2.125
[INFO] [stderr]   Downloaded pyo3-macros-backend v0.23.5
[INFO] [stderr]   Downloaded pyo3-ffi v0.23.5
[INFO] [stderr]   Downloaded cc v1.2.64
[INFO] [stderr]   Downloaded js-sys v0.3.102
[INFO] [stderr]   Downloaded tree-sitter v0.25.10
[INFO] [stderr]   Downloaded pyo3 v0.23.5
[INFO] [stderr]   Downloaded relateby-pattern v0.6.0
[INFO] running `Command { std: "docker" "create" "-v" "/var/lib/crater-agent-workspace/builds/worker-6-tc1/source:/opt/rustwide/workdir:ro,Z" "-v" "/var/lib/crater-agent-workspace/builds/worker-6-tc1/target:/opt/rustwide/target:rw,Z" "-v" "/var/lib/crater-agent-workspace/cargo-home:/opt/rustwide/cargo-home:ro,Z" "-v" "/var/lib/crater-agent-workspace/rustup-home:/opt/rustwide/rustup-home:ro,Z" "-m" "1610612736" "--network" "none" "ghcr.io/rust-lang/crates-build-env/linux@sha256:3111399a4047eeb3a02b7a90e478d715f38a8c6669b5c4b49d30a17385265909" "sleep" "infinity", kill_on_drop: false }`
[INFO] [stdout] 93071536407eb9b00d66eaf5b53c1a9079f27bfb5e7795ae05455b8f9389512c
[INFO] running `Command { std: "docker" "start" "93071536407eb9b00d66eaf5b53c1a9079f27bfb5e7795ae05455b8f9389512c", kill_on_drop: false }`
[INFO] running `Command { std: "docker" "inspect" "93071536407eb9b00d66eaf5b53c1a9079f27bfb5e7795ae05455b8f9389512c", kill_on_drop: false }`
[INFO] running `Command { std: "docker" "exec" "-e" "SOURCE_DIR=/opt/rustwide/workdir" "-e" "CARGO_HOME=/opt/rustwide/cargo-home" "-e" "RUSTUP_HOME=/opt/rustwide/rustup-home" "-e" "CARGO_TARGET_DIR=/opt/rustwide/target" "-w" "/opt/rustwide/workdir" "--user" "0:0" "93071536407eb9b00d66eaf5b53c1a9079f27bfb5e7795ae05455b8f9389512c" "/opt/rustwide/cargo-home/bin/cargo" "+1.99.0-beta.8" "metadata" "--no-deps" "--format-version=1", kill_on_drop: false }`
[INFO] running `Command { std: "docker" "inspect" "93071536407eb9b00d66eaf5b53c1a9079f27bfb5e7795ae05455b8f9389512c", kill_on_drop: false }`
[INFO] running `Command { std: "docker" "exec" "-e" "SOURCE_DIR=/opt/rustwide/workdir" "-e" "CARGO_HOME=/opt/rustwide/cargo-home" "-e" "RUSTUP_HOME=/opt/rustwide/rustup-home" "-e" "CARGO_TARGET_DIR=/opt/rustwide/target" "-e" "CARGO_INCREMENTAL=0" "-e" "RUST_BACKTRACE=full" "-e" "RUSTFLAGS=--cap-lints=warn" "-e" "RUSTDOCFLAGS=--cap-lints=warn" "-w" "/opt/rustwide/workdir" "--user" "0:0" "93071536407eb9b00d66eaf5b53c1a9079f27bfb5e7795ae05455b8f9389512c" "/opt/rustwide/cargo-home/bin/cargo" "+1.99.0-beta.8" "build" "--frozen" "--message-format=json", kill_on_drop: false }`
[INFO] [stderr]    Compiling syn v2.0.117
[INFO] [stderr]    Compiling memchr v2.8.2
[INFO] [stderr]    Compiling serde_json v1.0.150
[INFO] [stderr]    Compiling minimal-lexical v0.2.1
[INFO] [stderr]    Compiling nom v7.1.3
[INFO] [stderr]    Compiling serde_derive v1.0.228
[INFO] [stderr]    Compiling thiserror-impl v2.0.18
[INFO] [stderr]    Compiling thiserror v2.0.18
[INFO] [stderr]    Compiling serde v1.0.228
[INFO] [stderr]    Compiling relateby-pattern v0.6.0
[INFO] [stderr]    Compiling relateby-gram v0.6.0 (/opt/rustwide/workdir)
[INFO] [stderr]     Finished `dev` profile [unoptimized + debuginfo] target(s) in 9.97s
[INFO] running `Command { std: "docker" "inspect" "93071536407eb9b00d66eaf5b53c1a9079f27bfb5e7795ae05455b8f9389512c", kill_on_drop: false }`
[INFO] running `Command { std: "docker" "exec" "-e" "SOURCE_DIR=/opt/rustwide/workdir" "-e" "CARGO_HOME=/opt/rustwide/cargo-home" "-e" "RUSTUP_HOME=/opt/rustwide/rustup-home" "-e" "CARGO_TARGET_DIR=/opt/rustwide/target" "-e" "CARGO_INCREMENTAL=0" "-e" "RUST_BACKTRACE=full" "-e" "RUSTFLAGS=--cap-lints=warn" "-e" "RUSTDOCFLAGS=--cap-lints=warn" "-w" "/opt/rustwide/workdir" "--user" "0:0" "93071536407eb9b00d66eaf5b53c1a9079f27bfb5e7795ae05455b8f9389512c" "/opt/rustwide/cargo-home/bin/cargo" "+1.99.0-beta.8" "test" "--frozen" "--no-run" "--message-format=json", kill_on_drop: false }`
[INFO] [stderr]    Compiling zerocopy v0.8.52
[INFO] [stderr]    Compiling getrandom v0.3.4
[INFO] [stderr]    Compiling bitflags v2.13.0
[INFO] [stderr]    Compiling num-traits v0.2.19
[INFO] [stderr]    Compiling regex-syntax v0.8.11
[INFO] [stderr]    Compiling syn v2.0.117
[INFO] [stderr]    Compiling either v1.16.0
[INFO] [stderr]    Compiling ciborium-io v0.2.2
[INFO] [stderr]    Compiling fnv v1.0.7
[INFO] [stderr]    Compiling bit-vec v0.8.0
[INFO] [stderr]    Compiling serde_json v1.0.150
[INFO] [stderr]    Compiling clap_builder v4.6.0
[INFO] [stderr]    Compiling wait-timeout v0.2.1
[INFO] [stderr]    Compiling cast v0.3.0
[INFO] [stderr]    Compiling quick-error v1.2.3
[INFO] [stderr]    Compiling console v0.16.3
[INFO] [stderr]    Compiling is-terminal v0.4.17
[INFO] [stderr]    Compiling unarray v0.1.4
[INFO] [stderr]    Compiling oorandom v11.1.5
[INFO] [stderr]    Compiling similar v2.7.0
[INFO] [stderr]    Compiling anes v0.1.6
[INFO] [stderr]    Compiling rustix v1.1.4
[INFO] [stderr]    Compiling itertools v0.10.5
[INFO] [stderr]    Compiling bit-set v0.8.0
[INFO] [stderr]    Compiling rand_core v0.9.5
[INFO] [stderr]    Compiling rand v0.9.4
[INFO] [stderr]    Compiling rand_xorshift v0.4.0
[INFO] [stderr]    Compiling regex-automata v0.4.14
[INFO] [stderr]    Compiling tempfile v3.27.0
[INFO] [stderr]    Compiling criterion-plot v0.5.0
[INFO] [stderr]    Compiling rusty-fork v0.3.1
[INFO] [stderr]    Compiling insta v1.48.0
[INFO] [stderr]    Compiling clap v4.6.1
[INFO] [stderr]    Compiling zerocopy-derive v0.8.52
[INFO] [stderr]    Compiling serde_derive v1.0.228
[INFO] [stderr]    Compiling thiserror-impl v2.0.18
[INFO] [stderr]    Compiling regex v1.12.4
[INFO] [stderr]    Compiling thiserror v2.0.18
[INFO] [stderr]    Compiling serde v1.0.228
[INFO] [stderr]    Compiling tinytemplate v1.2.1
[INFO] [stderr]    Compiling relateby-pattern v0.6.0
[INFO] [stderr]    Compiling relateby-gram v0.6.0 (/opt/rustwide/workdir)
[INFO] [stderr]    Compiling half v2.7.1
[INFO] [stderr]    Compiling ppv-lite86 v0.2.21
[INFO] [stderr]    Compiling ciborium-ll v0.2.2
[INFO] [stderr]    Compiling ciborium v0.2.2
[INFO] [stderr]    Compiling rand_chacha v0.9.0
[INFO] [stderr]    Compiling proptest v1.11.0
[INFO] [stderr]    Compiling criterion v0.5.1
[INFO] [stdout] warning: unused import: `serde_json::Value as JsonValue`
[INFO] [stdout]  --> tests/interop_gram_hs_tests.rs:7:5
[INFO] [stdout]   |
[INFO] [stdout] 7 | use serde_json::Value as JsonValue;
[INFO] [stdout]   |     ^^^^^^^^^^^^^^^^^^^^^^^^^^^^^^
[INFO] [stdout]   |
[INFO] [stdout]   = note: `#[warn(unused_imports)]` (part of `#[warn(unused)]`) on by default
[INFO] [stdout] 
[INFO] [stdout] 
[INFO] [stdout] warning: constant `SCHEMA_JSON` is never used
[INFO] [stdout]   --> tests/schema_validation.rs:10:7
[INFO] [stdout]    |
[INFO] [stdout] 10 | const SCHEMA_JSON: &str = include_str!("fixtures/pattern.schema.json");
[INFO] [stdout]    |       ^^^^^^^^^^^
[INFO] [stdout]    |
[INFO] [stdout]    = note: `#[warn(dead_code)]` (part of `#[warn(unused)]`) on by default
[INFO] [stdout] 
[INFO] [stdout] 
[INFO] [stdout] warning: function `load_canonical_schema` is never used
[INFO] [stdout]   --> tests/schema_validation.rs:12:4
[INFO] [stdout]    |
[INFO] [stdout] 12 | fn load_canonical_schema() -> JsonValue {
[INFO] [stdout]    |    ^^^^^^^^^^^^^^^^^^^^^
[INFO] [stdout] 
[INFO] [stdout] 
[INFO] [stdout] warning: field `corpus_dir` is never read
[INFO] [stdout]    --> tests/corpus/mod.rs:139:9
[INFO] [stdout]     |
[INFO] [stdout] 134 | pub struct CorpusTestSuite {
[INFO] [stdout]     |            --------------- field in this struct
[INFO] [stdout] ...
[INFO] [stdout] 139 |     pub corpus_dir: PathBuf,
[INFO] [stdout]     |         ^^^^^^^^^^
[INFO] [stdout]     |
[INFO] [stdout]     = note: `CorpusTestSuite` has derived impls for the traits `Clone` and `Debug`, but these are intentionally ignored during dead code analysis
[INFO] [stdout]     = note: `#[warn(dead_code)]` (part of `#[warn(unused)]`) on by default
[INFO] [stdout] 
[INFO] [stdout] 
[INFO] [stderr]     Finished `test` profile [unoptimized + debuginfo] target(s) in 28.93s
[INFO] running `Command { std: "docker" "inspect" "93071536407eb9b00d66eaf5b53c1a9079f27bfb5e7795ae05455b8f9389512c", kill_on_drop: false }`
[INFO] running `Command { std: "docker" "exec" "-e" "SOURCE_DIR=/opt/rustwide/workdir" "-e" "CARGO_HOME=/opt/rustwide/cargo-home" "-e" "RUSTUP_HOME=/opt/rustwide/rustup-home" "-e" "CARGO_TARGET_DIR=/opt/rustwide/target" "-e" "CARGO_INCREMENTAL=0" "-e" "RUST_BACKTRACE=full" "-e" "RUSTFLAGS=--cap-lints=warn" "-e" "RUSTDOCFLAGS=--cap-lints=warn" "-w" "/opt/rustwide/workdir" "--user" "0:0" "93071536407eb9b00d66eaf5b53c1a9079f27bfb5e7795ae05455b8f9389512c" "/opt/rustwide/cargo-home/bin/cargo" "+1.99.0-beta.8" "test" "--frozen", kill_on_drop: false }`
[INFO] [stderr] warning: field `corpus_dir` is never read
[INFO] [stderr]    --> tests/corpus/mod.rs:139:9
[INFO] [stderr]     |
[INFO] [stderr] 134 | pub struct CorpusTestSuite {
[INFO] [stderr]     |            --------------- field in this struct
[INFO] [stderr] ...
[INFO] [stderr] 139 |     pub corpus_dir: PathBuf,
[INFO] [stderr]     |         ^^^^^^^^^^
[INFO] [stderr]     |
[INFO] [stderr]     = note: `CorpusTestSuite` has derived impls for the traits `Clone` and `Debug`, but these are intentionally ignored during dead code analysis
[INFO] [stderr]     = note: `#[warn(dead_code)]` (part of `#[warn(unused)]`) on by default
[INFO] [stderr] 
[INFO] [stderr] warning: constant `SCHEMA_JSON` is never used
[INFO] [stderr]   --> tests/schema_validation.rs:10:7
[INFO] [stderr]    |
[INFO] [stderr] 10 | const SCHEMA_JSON: &str = include_str!("fixtures/pattern.schema.json");
[INFO] [stderr]    |       ^^^^^^^^^^^
[INFO] [stderr]    |
[INFO] [stderr]    = note: `#[warn(dead_code)]` (part of `#[warn(unused)]`) on by default
[INFO] [stderr] 
[INFO] [stderr] warning: function `load_canonical_schema` is never used
[INFO] [stderr]   --> tests/schema_validation.rs:12:4
[INFO] [stderr]    |
[INFO] [stderr] 12 | fn load_canonical_schema() -> JsonValue {
[INFO] [stderr]    |    ^^^^^^^^^^^^^^^^^^^^^
[INFO] [stderr] 
[INFO] [stderr] warning: `relateby-gram` (test "corpus_integration") generated 1 warning
[INFO] [stderr] warning: `relateby-gram` (test "schema_validation") generated 2 warnings
[INFO] [stderr] warning: unused import: `serde_json::Value as JsonValue`
[INFO] [stderr]  --> tests/interop_gram_hs_tests.rs:7:5
[INFO] [stderr]   |
[INFO] [stderr] 7 | use serde_json::Value as JsonValue;
[INFO] [stderr]   |     ^^^^^^^^^^^^^^^^^^^^^^^^^^^^^^
[INFO] [stderr]   |
[INFO] [stderr]   = note: `#[warn(unused_imports)]` (part of `#[warn(unused)]`) on by default
[INFO] [stderr] 
[INFO] [stderr] warning: `relateby-gram` (test "interop_gram_hs_tests") generated 1 warning (run `cargo fix --test "interop_gram_hs_tests" -p relateby-gram` to apply 1 suggestion)
[INFO] [stderr]     Finished `test` profile [unoptimized + debuginfo] target(s) in 0.11s
[INFO] [stderr]      Running unittests src/lib.rs (/opt/rustwide/target/debug/deps/gram_codec-3b6dd0b83c98673f)
[INFO] [stdout] 
[INFO] [stdout] running 129 tests
[INFO] [stdout] test ast::tests::test_nested_patterns ... ok
[INFO] [stdout] test ast::tests::test_json_serialization ... ok
[INFO] [stdout] test ast::tests::test_from_pattern_with_properties ... ok
[INFO] [stdout] test error::tests::test_serialize_error_invalid_identifier ... ok
[INFO] [stdout] test ast::tests::test_from_pattern_simple ... ok
[INFO] [stdout] test error::tests::test_location_creation ... ok
[INFO] [stdout] test ast::tests::test_value_serialization_tagged_types ... ok
[INFO] [stdout] test error::tests::test_location_start ... ok
[INFO] [stdout] test error::tests::test_serialize_error_invalid_value ... ok
[INFO] [stdout] test error::tests::test_serialize_error_io_conversion ... ok
[INFO] [stdout] test error::tests::test_parse_error_with_recovery ... ok
[INFO] [stdout] test ast::tests::test_empty_pattern ... ok
[INFO] [stdout] test error::tests::test_parse_error_display ... ok
[INFO] [stdout] test error::tests::test_serialize_error_validation_failed ... ok
[INFO] [stdout] test error::tests::test_location_display ... ok
[INFO] [stdout] test ast::tests::test_value_serialization_simple_types ... ok
[INFO] [stdout] test ast::tests::test_value_serialization_map ... ok
[INFO] [stdout] test error::tests::test_parse_error_creation ... ok
[INFO] [stdout] test error::tests::test_serialize_error_invalid_structure ... ok
[INFO] [stdout] test json::tests::test_json_interchange_format_subject_key ... ok
[INFO] [stdout] test json::tests::test_json_to_value_rejects_null ... ok
[INFO] [stdout] test json::tests::test_json_to_value_tagged_types ... ok
[INFO] [stdout] test json::tests::test_parse_empty_input ... ok
[INFO] [stdout] test json::tests::test_parse_relationship ... ok
[INFO] [stdout] test json::tests::test_json_to_value_rejects_unknown_tagged_type ... ok
[INFO] [stdout] test json::tests::test_stringify_rejects_malformed_tagged_value ... ok
[INFO] [stdout] test json::tests::test_stringify_rejects_null_property_in_json ... ok
[INFO] [stdout] test json::tests::test_stringify_round_trip ... ok
[INFO] [stdout] test json::tests::test_validate_invalid_input ... ok
[INFO] [stdout] test json::tests::test_validate_valid_input ... ok
[INFO] [stdout] test json::tests::test_parse_simple_node ... ok
[INFO] [stdout] test json::tests::test_parse_node_with_properties ... ok
[INFO] [stdout] test parser::annotation::tests::test_annotation_key_only ... ok
[INFO] [stdout] test json::tests::test_value_types_in_json ... ok
[INFO] [stdout] test parser::annotation::tests::test_annotation_with_value ... ok
[INFO] [stdout] test parser::annotation::tests::test_annotation_with_whitespace ... ok
[INFO] [stdout] test parser::annotation::tests::test_annotations_accept_identified_then_properties ... ok
[INFO] [stdout] test parser::annotation::tests::test_identified_annotation_with_identity_and_label ... ok
[INFO] [stdout] test parser::annotation::tests::test_identified_annotation_with_double_colon_label ... ok
[INFO] [stdout] test parser::combinators::tests::test_comment_end_of_file ... ok
[INFO] [stdout] test parser::combinators::tests::test_with_span ... ok
[INFO] [stdout] test parser::combinators::tests::test_padded ... ok
[INFO] [stdout] test parser::combinators::tests::test_comment_basic ... ok
[INFO] [stdout] test parser::combinators::tests::test_ws_empty ... ok
[INFO] [stdout] test parser::combinators::tests::test_ws_spaces ... ok
[INFO] [stdout] test parser::combinators::tests::test_ws_with_comment ... ok
[INFO] [stdout] test parser::error::tests::test_error_location ... ok
[INFO] [stdout] test parser::error::tests::test_error_with_context ... ok
[INFO] [stdout] test parser::node::tests::test_node_empty ... ok
[INFO] [stdout] test parser::node::tests::test_node_simple ... ok
[INFO] [stdout] test parser::node::tests::test_node_with_whitespace ... ok
[INFO] [stdout] test parser::node::tests::test_node_with_label ... ok
[INFO] [stdout] test parser::node::tests::test_node_full ... ok
[INFO] [stdout] test parser::relationship::tests::test_arrow_double_bidirectional ... ok
[INFO] [stdout] test parser::relationship::tests::test_arrow_double_left ... ok
[INFO] [stdout] test parser::relationship::tests::test_arrow_double_right ... ok
[INFO] [stdout] test parser::relationship::tests::test_arrow_left ... ok
[INFO] [stdout] test parser::node::tests::test_node_with_properties ... ok
[INFO] [stdout] test parser::relationship::tests::test_arrow_right ... ok
[INFO] [stdout] test parser::relationship::tests::test_arrow_squiggle ... ok
[INFO] [stdout] test parser::relationship::tests::test_arrow_squiggle_right ... ok
[INFO] [stdout] test parser::relationship::tests::test_arrow_squiggle_left ... ok
[INFO] [stdout] test parser::relationship::tests::test_arrow_squiggle_bidirectional ... ok
[INFO] [stdout] test parser::relationship::tests::test_path_three_nodes ... ok
[INFO] [stdout] test parser::relationship::tests::test_arrow_bidirectional ... ok
[INFO] [stdout] test parser::relationship::tests::test_arrow_undirected ... ok
[INFO] [stdout] test parser::relationship::tests::test_path_with_mixed_arrows ... ok
[INFO] [stdout] test parser::subject::tests::test_labels_multiple ... ok
[INFO] [stdout] test parser::subject::tests::test_label_backtick ... ok
[INFO] [stdout] test parser::relationship::tests::test_relationship_with_labels ... ok
[INFO] [stdout] test parser::subject::tests::test_property_pair ... ok
[INFO] [stdout] test parser::relationship::tests::test_relationship_simple ... ok
[INFO] [stdout] test parser::relationship::tests::test_relationship_left_arrow ... ok
[INFO] [stdout] test parser::subject::tests::test_label ... ok
[INFO] [stdout] test parser::subject::tests::test_record ... ok
[INFO] [stdout] test parser::subject::tests::test_property_pair_backtick_key ... ok
[INFO] [stdout] test parser::subject::tests::test_property_pair_double_quoted_key ... ok
[INFO] [stdout] test parser::subject::tests::test_subject_full ... ok
[INFO] [stdout] test parser::subject::tests::test_subject_label_and_props_no_id ... ok
[INFO] [stdout] test parser::subject::tests::test_subject_properties_only ... ok
[INFO] [stdout] test parser::subject::tests::test_subject_with_multiple_labels ... ok
[INFO] [stdout] test parser::subject::tests::test_record_empty ... ok
[INFO] [stdout] test parser::subject::tests::test_subject_with_properties ... ok
[INFO] [stdout] test parser::subject::tests::test_subject_identifier_only ... ok
[INFO] [stdout] test parser::tests::test_gram_pattern_node ... ok
[INFO] [stdout] test parser::subject::tests::test_subject_with_label ... ok
[INFO] [stdout] test parser::tests::test_gram_pattern_relationship ... ok
[INFO] [stdout] test parser::tests::test_gram_pattern_subject_pattern ... ok
[INFO] [stdout] test parser::tests::test_gram_patterns_multiple ... ok
[INFO] [stdout] test parser::tests::test_mid_document_record_is_error ... ok
[INFO] [stdout] test parser::value::tests::test_boolean ... ok
[INFO] [stdout] test parser::value::tests::test_key_name_backtick ... ok
[INFO] [stdout] test parser::value::tests::test_key_name_symbol ... ok
[INFO] [stdout] test parser::value::tests::test_identifier_rejects_double_quoted ... ok
[INFO] [stdout] test parser::tests::test_gram_patterns_with_leading_record ... ok
[INFO] [stdout] test parser::tests::test_gram_patterns_empty ... ok
[INFO] [stdout] test parser::value::tests::test_key_name_rejects_single_quoted ... ok
[INFO] [stdout] test parser::value::tests::test_identifier_rejects_single_quoted ... ok
[INFO] [stdout] test parser::value::tests::test_decimal ... ok
[INFO] [stdout] test parser::value::tests::test_array ... ok
[INFO] [stdout] test parser::value::tests::test_integer ... ok
[INFO] [stdout] test parser::value::tests::test_identifier_backtick ... ok
[INFO] [stdout] test parser::value::tests::test_range ... ok
[INFO] [stdout] test parser::types::tests::test_arrow_type_predicates ... ok
[INFO] [stdout] test parser::value::tests::test_range_to ... ok
[INFO] [stdout] test parser::value::tests::test_key_name_double_quoted ... ok
[INFO] [stdout] test parser::value::tests::test_range_unbounded ... ok
[INFO] [stdout] test parser::value::tests::test_range_from ... ok
[INFO] [stdout] test parser::value::tests::test_tagged_string ... ok
[INFO] [stdout] test parser::tests::test_gram_patterns_with_whitespace ... ok
[INFO] [stdout] test parser::types::tests::test_location_from_offset ... ok
[INFO] [stdout] test parser::value::tests::test_unquoted_identifier ... ok
[INFO] [stdout] test parser::value::tests::test_value_parser_array ... ok
[INFO] [stdout] test parser::value::tests::test_value_parser_boolean ... ok
[INFO] [stdout] test parser::value::tests::test_value_parser_integer ... ok
[INFO] [stdout] test parser::value::tests::test_value_parser_range ... ok
[INFO] [stdout] test parser::value::tests::test_value_parser_string ... ok
[INFO] [stdout] test value::tests::test_array_value_serialization ... ok
[INFO] [stdout] test parser::value::tests::test_string_value ... ok
[INFO] [stdout] test value::tests::test_boolean_value_serialization ... ok
[INFO] [stdout] test value::tests::test_decimal_value_serialization ... ok
[INFO] [stdout] test value::tests::test_escape_string ... ok
[INFO] [stdout] test value::tests::test_format_decimal ... ok
[INFO] [stdout] test value::tests::test_integer_value_serialization ... ok
[INFO] [stdout] test value::tests::test_range_value_serialization ... ok
[INFO] [stdout] test value::tests::test_string_value_serialization ... ok
[INFO] [stdout] test value::tests::test_tagged_string_serialization ... ok
[INFO] [stdout] test value::tests::test_value_equality ... ok
[INFO] [stdout] test value::tests::test_value_type_names ... ok
[INFO] [stdout] 
[INFO] [stdout] test result: ok. 129 passed; 0 failed; 0 ignored; 0 measured; 0 filtered out; finished in 0.03s
[INFO] [stdout] 
[INFO] [stderr]      Running tests/advanced_features_tests.rs (/opt/rustwide/target/debug/deps/advanced_features_tests-4b36a4ea8e56097c)
[INFO] [stdout] 
[INFO] [stdout] running 22 tests
[INFO] [stdout] test test_parse_arabic_text ... ok
[INFO] [stdout] test test_parse_emoji_identifier ... ok
[INFO] [stdout] test test_parse_long_path_pattern ... ok
[INFO] [stdout] test test_parse_property_with_newline ... ok
[INFO] [stdout] test test_deeply_nested_subject_patterns ... ok
[INFO] [stdout] test test_parse_quoted_identifier_needs_quoting ... ok
[INFO] [stdout] test test_parse_path_pattern_three_nodes ... ok
[INFO] [stdout] test test_parse_unicode_property_value ... ok
[INFO] [stdout] test test_round_trip_deeply_nested ... ok
[INFO] [stdout] test test_path_pattern_nested_structure ... ok
[INFO] [stdout] test test_round_trip_unicode ... ok
[INFO] [stdout] test test_parse_cyrillic_text ... ok
[INFO] [stdout] test test_parse_path_pattern_with_labels ... ok
[INFO] [stdout] test test_serialize_identifier_with_special_chars ... ok
[INFO] [stdout] test test_parse_root_record_with_pattern ... ok
[INFO] [stdout] test test_parse_unicode_identifier ... ok
[INFO] [stdout] test test_round_trip_simple_path ... ok
[INFO] [stdout] test test_serialize_unicode_identifier ... ok
[INFO] [stdout] test test_serialize_large_property_array ... ok
[INFO] [stdout] test test_parse_root_record_with_multiple_patterns ... ok
[INFO] [stdout] test test_parse_node_with_many_labels ... ok
[INFO] [stdout] test test_parse_many_nodes ... ok
[INFO] [stdout] 
[INFO] [stdout] test result: ok. 22 passed; 0 failed; 0 ignored; 0 measured; 0 filtered out; finished in 0.01s
[INFO] [stdout] 
[INFO] [stderr]      Running tests/arrow_style_variants_tests.rs (/opt/rustwide/target/debug/deps/arrow_style_variants_tests-90d29af4ea5aa1fa)
[INFO] [stdout] 
[INFO] [stdout] running 19 tests
[INFO] [stdout] test test_double_stroke_left_with_label ... ok
[INFO] [stdout] test test_mixed_arrow_styles_in_path ... ok
[INFO] [stdout] test test_double_stroke_left_arrow ... ok
[INFO] [stdout] test test_double_stroke_right_with_label ... ok
[INFO] [stdout] test test_double_stroke_undirected_arrow ... ok
[INFO] [stdout] test test_arrow_kind_documentation ... ok
[INFO] [stdout] test test_round_trip_preserves_semantics_double_stroke ... ok
[INFO] [stdout] test test_round_trip_preserves_semantics_squiggle ... ok
[INFO] [stdout] test test_squiggle_left_arrow ... ok
[INFO] [stdout] test test_squiggle_right_arrow ... ok
[INFO] [stdout] test test_single_stroke_left_arrow ... ok
[INFO] [stdout] test test_squiggle_undirected_arrow ... ok
[INFO] [stdout] test test_squiggle_right_with_label ... ok
[INFO] [stdout] test test_undirected_chain ... ok
[INFO] [stdout] test test_alternating_directions ... ok
[INFO] [stdout] test test_single_stroke_right_arrow ... ok
[INFO] [stdout] test test_double_stroke_bidirectional_arrow ... ok
[INFO] [stdout] test test_single_stroke_bidirectional_arrow ... ok
[INFO] [stdout] test test_double_stroke_right_arrow ... ok
[INFO] [stdout] 
[INFO] [stdout] test result: ok. 19 passed; 0 failed; 0 ignored; 0 measured; 0 filtered out; finished in 0.01s
[INFO] [stdout] 
[INFO] [stderr]      Running tests/arrow_types_tests.rs (/opt/rustwide/target/debug/deps/arrow_types_tests-d4c2c9370fd47543)
[INFO] [stdout] 
[INFO] [stdout] running 15 tests
[INFO] [stdout] test test_chained_relationships ... ok
[INFO] [stdout] test test_complex_nodes_in_relationship ... ok
[INFO] [stdout] test test_left_arrow_element_reversal ... ok
[INFO] [stdout] test test_relationship_with_label ... ok
[INFO] [stdout] test test_relationship_empty_edge ... ok
[INFO] [stdout] test test_relationship_with_properties ... ok
[INFO] [stdout] test test_relationship_with_label_and_properties ... ok
[INFO] [stdout] test test_squiggle_directed ... ignored
[INFO] [stdout] test test_round_trip_squiggle ... ok
[INFO] [stdout] test test_right_arrow_simple ... ok
[INFO] [stdout] test test_bidirectional_arrow ... ok
[INFO] [stdout] test test_squiggle_undirected ... ok
[INFO] [stdout] test test_round_trip_labeled_relationship ... ok
[INFO] [stdout] test test_round_trip_left_arrow ... ok
[INFO] [stdout] test test_round_trip_bidirectional ... ok
[INFO] [stdout] 
[INFO] [stdout] test result: ok. 14 passed; 0 failed; 1 ignored; 0 measured; 0 filtered out; finished in 0.01s
[INFO] [stdout] 
[INFO] [stderr]      Running tests/ast_integration_tests.rs (/opt/rustwide/target/debug/deps/ast_integration_tests-6d8b0c0115cd3ae7)
[INFO] [stdout] 
[INFO] [stdout] running 7 tests
[INFO] [stdout] test test_parse_to_ast_empty ... ok
[INFO] [stdout] test test_parse_to_ast_path_notation ... ok
[INFO] [stdout] test test_parse_to_ast_empty_node ... ok
[INFO] [stdout] test test_parse_to_ast_invalid_input ... ok
[INFO] [stdout] test test_parse_to_ast_with_elements ... ok
[INFO] [stdout] test test_parse_to_ast_json_serialization ... ok
[INFO] [stdout] test test_parse_to_ast_simple_node ... ok
[INFO] [stdout] 
[INFO] [stdout] test result: ok. 7 passed; 0 failed; 0 ignored; 0 measured; 0 filtered out; finished in 0.00s
[INFO] [stdout] 
[INFO] [stderr]      Running tests/ast_roundtrip_tests.rs (/opt/rustwide/target/debug/deps/ast_roundtrip_tests-a183934adf4c75f6)
[INFO] [stdout] 
[INFO] [stdout] running 10 tests
[INFO] [stdout] test test_ast_json_roundtrip_nested ... ok
[INFO] [stdout] test test_ast_json_roundtrip_empty ... ok
[INFO] [stdout] test test_ast_json_roundtrip_path_notation ... ok
[INFO] [stdout] test test_ast_json_roundtrip_node_full ... ok
[INFO] [stdout] test test_ast_json_roundtrip_node_with_label ... ok
[INFO] [stdout] test test_ast_json_roundtrip_all_value_types ... ok
[INFO] [stdout] test test_ast_json_preserves_structure ... ok
[INFO] [stdout] test test_ast_json_roundtrip_with_elements ... ok
[INFO] [stdout] test test_ast_json_roundtrip_simple_node ... ok
[INFO] [stdout] test test_ast_json_roundtrip_node_with_properties ... ok
[INFO] [stdout] 
[INFO] [stdout] test result: ok. 10 passed; 0 failed; 0 ignored; 0 measured; 0 filtered out; finished in 0.00s
[INFO] [stdout] 
[INFO] [stderr]      Running tests/corpus_integration.rs (/opt/rustwide/target/debug/deps/corpus_integration-afabd165d33137fb)
[INFO] [stdout] 
[INFO] [stdout] running 14 tests
[INFO] [stdout] test corpus::validator::tests::test_count_gram_patterns_for_record_root_only ... ok
[INFO] [stdout] test corpus::parser::tests::test_parse_simple_test ... ok
[INFO] [stdout] test corpus::validator::tests::test_validate_empty_node ... ok
[INFO] [stdout] test corpus::validator::tests::test_pattern_count_mismatch ... ok
[INFO] [stdout] test corpus::parser::tests::test_parse_error_marked_test ... ok
[INFO] [stdout] test corpus::parser::tests::test_parse_error_marked_test_without_expected_output ... ok
[INFO] [stdout] test corpus::validator::tests::test_count_gram_patterns_for_multi_pattern_document ... ok
[INFO] [stdout] test corpus::parser::tests::test_parse_multiple_tests ... ok
[INFO] [stdout] test corpus::runner::tests::test_stats_calculation ... ok
[INFO] [stdout] test corpus::validator::tests::test_count_gram_patterns_for_record_root_and_node ... ok
[INFO] [stdout] test corpus::validator::tests::test_validate_identified_node ... ok
[INFO] [stdout] test corpus::runner::tests::test_stats_count_expected_error_skips ... ok
[INFO] [stdout] test test_load_corpus_suite ... FAILED
[INFO] [stderr] error: test failed, to rerun pass `--test corpus_integration`
[INFO] [stdout] test test_corpus_conformance ... FAILED
[INFO] [stdout] 
[INFO] [stdout] failures:
[INFO] [stdout] 
[INFO] [stdout] ---- test_load_corpus_suite stdout ----
[INFO] [stdout] 
[INFO] [stdout] thread 'test_load_corpus_suite' (1843) panicked at tests/corpus_integration.rs:55:53:
[INFO] [stdout] Failed to load corpus test suite: "Corpus directory does not exist: /opt/rustwide/workdir/../../external/tree-sitter-gram/test/corpus"
[INFO] [stdout] stack backtrace:
[INFO] [stdout]    0:     0x5c1852d67841 - std[70759c8f55707aa4]::backtrace_rs::backtrace::libunwind::trace
[INFO] [stdout]                                at /rustc/dfb0accb7f508ae8be965d8629557221c889dd98/library/std/src/../../backtrace/src/backtrace/libunwind.rs:117:9
[INFO] [stdout]    1:     0x5c1852d67841 - std[70759c8f55707aa4]::backtrace_rs::backtrace::trace_unsynchronized::<std[70759c8f55707aa4]::sys::backtrace::_print_fmt::{closure#1}>
[INFO] [stdout]                                at /rustc/dfb0accb7f508ae8be965d8629557221c889dd98/library/std/src/../../backtrace/src/backtrace/mod.rs:66:14
[INFO] [stdout]    2:     0x5c1852d67841 - std[70759c8f55707aa4]::sys::backtrace::_print_fmt
[INFO] [stdout]                                at /rustc/dfb0accb7f508ae8be965d8629557221c889dd98/library/std/src/sys/backtrace.rs:74:9
[INFO] [stdout]    3:     0x5c1852d67841 - <<std[70759c8f55707aa4]::sys::backtrace::BacktraceLock>::print::DisplayBacktrace as core[df12db4294e9bfd3]::fmt::Display>::fmt
[INFO] [stdout]                                at /rustc/dfb0accb7f508ae8be965d8629557221c889dd98/library/std/src/sys/backtrace.rs:44:26
[INFO] [stdout]    4:     0x5c1852d7cf9a - <core[df12db4294e9bfd3]::fmt::rt::Argument>::fmt
[INFO] [stdout]                                at /rustc/dfb0accb7f508ae8be965d8629557221c889dd98/library/core/src/fmt/rt.rs:152:76
[INFO] [stdout]    5:     0x5c1852d7cf9a - core[df12db4294e9bfd3]::fmt::write
[INFO] [stdout]    6:     0x5c1852d6bfcc - core[df12db4294e9bfd3]::io::write::default_write_fmt::<alloc[2182bb758b4b3781]::vec::Vec<u8>>
[INFO] [stdout]                                at /rustc/dfb0accb7f508ae8be965d8629557221c889dd98/library/core/src/io/write.rs:402:11
[INFO] [stdout]    7:     0x5c1852d6bfcc - <alloc[2182bb758b4b3781]::vec::Vec<u8> as core[df12db4294e9bfd3]::io::write::Write>::write_fmt
[INFO] [stdout]                                at /rustc/dfb0accb7f508ae8be965d8629557221c889dd98/library/core/src/io/write.rs:335:13
[INFO] [stdout]    8:     0x5c1852d43486 - <std[70759c8f55707aa4]::sys::backtrace::BacktraceLock>::print
[INFO] [stdout]                                at /rustc/dfb0accb7f508ae8be965d8629557221c889dd98/library/std/src/sys/backtrace.rs:47:9
[INFO] [stdout]    9:     0x5c1852d43486 - std[70759c8f55707aa4]::panicking::default_hook::{closure#0}
[INFO] [stdout]                                at /rustc/dfb0accb7f508ae8be965d8629557221c889dd98/library/std/src/panicking.rs:292:27
[INFO] [stdout]   10:     0x5c1852d5fa29 - std[70759c8f55707aa4]::panicking::default_hook
[INFO] [stdout]                                at /rustc/dfb0accb7f508ae8be965d8629557221c889dd98/library/std/src/panicking.rs:316:9
[INFO] [stdout]   11:     0x5c1852c8a030 - <alloc[2182bb758b4b3781]::boxed::Box<dyn for<'a, 'b> core[df12db4294e9bfd3]::ops::function::Fn<(&'a std[70759c8f55707aa4]::panic::PanicHookInfo<'b>,), Output = ()> + core[df12db4294e9bfd3]::marker::Send + core[df12db4294e9bfd3]::marker::Sync> as core[df12db4294e9bfd3]::ops::function::Fn<(&std[70759c8f55707aa4]::panic::PanicHookInfo,)>>::call
[INFO] [stdout]                                at /rustc/dfb0accb7f508ae8be965d8629557221c889dd98/library/alloc/src/boxed.rs:2334:9
[INFO] [stdout]   12:     0x5c1852c8a030 - test[9d35eded1c95d3be]::test_main_inner::<test[9d35eded1c95d3be]::test_main_static::{closure#0}>::{closure#0}
[INFO] [stdout]                                at /rustc/dfb0accb7f508ae8be965d8629557221c889dd98/library/test/src/lib.rs:155:21
[INFO] [stdout]   13:     0x5c1852d5fbe2 - <alloc[2182bb758b4b3781]::boxed::Box<dyn for<'a, 'b> core[df12db4294e9bfd3]::ops::function::Fn<(&'a std[70759c8f55707aa4]::panic::PanicHookInfo<'b>,), Output = ()> + core[df12db4294e9bfd3]::marker::Send + core[df12db4294e9bfd3]::marker::Sync> as core[df12db4294e9bfd3]::ops::function::Fn<(&std[70759c8f55707aa4]::panic::PanicHookInfo,)>>::call
[INFO] [stdout]                                at /rustc/dfb0accb7f508ae8be965d8629557221c889dd98/library/alloc/src/boxed.rs:2334:9
[INFO] [stdout]   14:     0x5c1852d5fbe2 - std[70759c8f55707aa4]::panicking::panic_with_hook
[INFO] [stdout]                                at /rustc/dfb0accb7f508ae8be965d8629557221c889dd98/library/std/src/panicking.rs:823:13
[INFO] [stdout]   15:     0x5c1852d43532 - std[70759c8f55707aa4]::panicking::panic_handler::{closure#0}
[INFO] [stdout]                                at /rustc/dfb0accb7f508ae8be965d8629557221c889dd98/library/std/src/panicking.rs:688:13
[INFO] [stdout]   16:     0x5c1852d3c089 - std[70759c8f55707aa4]::sys::backtrace::__rust_end_short_backtrace::<std[70759c8f55707aa4]::panicking::panic_handler::{closure#0}, !>
[INFO] [stdout]                                at /rustc/dfb0accb7f508ae8be965d8629557221c889dd98/library/std/src/sys/backtrace.rs:182:18
[INFO] [stdout]   17:     0x5c1852d4412d - __rustc[8fa7c3cbc660c2b3]::rust_begin_unwind
[INFO] [stdout]                                at /rustc/dfb0accb7f508ae8be965d8629557221c889dd98/library/std/src/panicking.rs:679:5
[INFO] [stdout]   18:     0x5c1852d7d76c - core[df12db4294e9bfd3]::panicking::panic_fmt
[INFO] [stdout]                                at /rustc/dfb0accb7f508ae8be965d8629557221c889dd98/library/core/src/panicking.rs:80:14
[INFO] [stdout]   19:     0x5c1852d7d4e2 - core[df12db4294e9bfd3]::result::unwrap_failed
[INFO] [stdout]                                at /rustc/dfb0accb7f508ae8be965d8629557221c889dd98/library/core/src/result.rs:1871:5
[INFO] [stdout]   20:     0x5c1852c6c89c - <core[df12db4294e9bfd3]::result::Result<corpus_integration[a6e025c00835f37a]::corpus::CorpusTestSuite, alloc[2182bb758b4b3781]::string::String>>::expect
[INFO] [stdout]                                at /rustc/dfb0accb7f508ae8be965d8629557221c889dd98/library/core/src/result.rs:1184:23
[INFO] [stdout]   21:     0x5c1852c728f6 - corpus_integration[a6e025c00835f37a]::test_load_corpus_suite
[INFO] [stdout]                                at /opt/rustwide/workdir/tests/corpus_integration.rs:55:53
[INFO] [stdout]   22:     0x5c1852c72537 - corpus_integration[a6e025c00835f37a]::test_load_corpus_suite::{closure#0}
[INFO] [stdout]                                at /opt/rustwide/workdir/tests/corpus_integration.rs:51:28
[INFO] [stdout]   23:     0x5c1852c71216 - <corpus_integration[a6e025c00835f37a]::test_load_corpus_suite::{closure#0} as core[df12db4294e9bfd3]::ops::function::FnOnce<()>>::call_once
[INFO] [stdout]                                at /rustc/dfb0accb7f508ae8be965d8629557221c889dd98/library/core/src/ops/function.rs:250:5
[INFO] [stdout]   24:     0x5c1852c7d31b - <fn() -> core[df12db4294e9bfd3]::result::Result<(), alloc[2182bb758b4b3781]::string::String> as core[df12db4294e9bfd3]::ops::function::FnOnce<()>>::call_once
[INFO] [stdout]                                at /rustc/dfb0accb7f508ae8be965d8629557221c889dd98/library/core/src/ops/function.rs:250:5
[INFO] [stdout]   25:     0x5c1852c7d31b - test[9d35eded1c95d3be]::__rust_begin_short_backtrace::<core[df12db4294e9bfd3]::result::Result<(), alloc[2182bb758b4b3781]::string::String>, fn() -> core[df12db4294e9bfd3]::result::Result<(), alloc[2182bb758b4b3781]::string::String>>
[INFO] [stdout]                                at /rustc/dfb0accb7f508ae8be965d8629557221c889dd98/library/test/src/lib.rs:733:18
[INFO] [stdout]   26:     0x5c1852c8a985 - test[9d35eded1c95d3be]::run_test_in_process::{closure#0}
[INFO] [stdout]                                at /rustc/dfb0accb7f508ae8be965d8629557221c889dd98/library/test/src/lib.rs:756:74
[INFO] [stdout]   27:     0x5c1852c8a985 - <core[df12db4294e9bfd3]::panic::unwind_safe::AssertUnwindSafe<test[9d35eded1c95d3be]::run_test_in_process::{closure#0}> as core[df12db4294e9bfd3]::ops::function::FnOnce<()>>::call_once
[INFO] [stdout]                                at /rustc/dfb0accb7f508ae8be965d8629557221c889dd98/library/core/src/panic/unwind_safe.rs:275:9
[INFO] [stdout]   28:     0x5c1852c8a985 - std[70759c8f55707aa4]::panicking::catch_unwind::do_call::<core[df12db4294e9bfd3]::panic::unwind_safe::AssertUnwindSafe<test[9d35eded1c95d3be]::run_test_in_process::{closure#0}>, core[df12db4294e9bfd3]::result::Result<(), alloc[2182bb758b4b3781]::string::String>>
[INFO] [stdout]                                at /rustc/dfb0accb7f508ae8be965d8629557221c889dd98/library/std/src/panicking.rs:576:43
[INFO] [stdout]   29:     0x5c1852c8a985 - std[70759c8f55707aa4]::panicking::catch_unwind::<core[df12db4294e9bfd3]::result::Result<(), alloc[2182bb758b4b3781]::string::String>, core[df12db4294e9bfd3]::panic::unwind_safe::AssertUnwindSafe<test[9d35eded1c95d3be]::run_test_in_process::{closure#0}>>
[INFO] [stdout]                                at /rustc/dfb0accb7f508ae8be965d8629557221c889dd98/library/std/src/panicking.rs:544:19
[INFO] [stdout]   30:     0x5c1852c8a985 - std[70759c8f55707aa4]::panic::catch_unwind::<core[df12db4294e9bfd3]::panic::unwind_safe::AssertUnwindSafe<test[9d35eded1c95d3be]::run_test_in_process::{closure#0}>, core[df12db4294e9bfd3]::result::Result<(), alloc[2182bb758b4b3781]::string::String>>
[INFO] [stdout]                                at /rustc/dfb0accb7f508ae8be965d8629557221c889dd98/library/std/src/panic.rs:359:14
[INFO] [stdout]   31:     0x5c1852c8a985 - test[9d35eded1c95d3be]::run_test_in_process
[INFO] [stdout]                                at /rustc/dfb0accb7f508ae8be965d8629557221c889dd98/library/test/src/lib.rs:756:27
[INFO] [stdout]   32:     0x5c1852c8a985 - test[9d35eded1c95d3be]::run_test::{closure#0}
[INFO] [stdout]                                at /rustc/dfb0accb7f508ae8be965d8629557221c889dd98/library/test/src/lib.rs:677:43
[INFO] [stdout]   33:     0x5c1852c84244 - test[9d35eded1c95d3be]::run_test::{closure#1}
[INFO] [stdout]                                at /rustc/dfb0accb7f508ae8be965d8629557221c889dd98/library/test/src/lib.rs:707:41
[INFO] [stdout]   34:     0x5c1852c84244 - std[70759c8f55707aa4]::sys::backtrace::__rust_begin_short_backtrace::<test[9d35eded1c95d3be]::run_test::{closure#1}, ()>
[INFO] [stdout]                                at /rustc/dfb0accb7f508ae8be965d8629557221c889dd98/library/std/src/sys/backtrace.rs:166:18
[INFO] [stdout]   35:     0x5c1852c8dae2 - std[70759c8f55707aa4]::thread::lifecycle::spawn_unchecked::<test[9d35eded1c95d3be]::run_test::{closure#1}, ()>::{closure#1}::{closure#0}
[INFO] [stdout]                                at /rustc/dfb0accb7f508ae8be965d8629557221c889dd98/library/std/src/thread/lifecycle.rs:70:13
[INFO] [stdout]   36:     0x5c1852c8dae2 - <core[df12db4294e9bfd3]::panic::unwind_safe::AssertUnwindSafe<std[70759c8f55707aa4]::thread::lifecycle::spawn_unchecked<test[9d35eded1c95d3be]::run_test::{closure#1}, ()>::{closure#1}::{closure#0}> as core[df12db4294e9bfd3]::ops::function::FnOnce<()>>::call_once
[INFO] [stdout]                                at /rustc/dfb0accb7f508ae8be965d8629557221c889dd98/library/core/src/panic/unwind_safe.rs:275:9
[INFO] [stdout]   37:     0x5c1852c8dae2 - std[70759c8f55707aa4]::panicking::catch_unwind::do_call::<core[df12db4294e9bfd3]::panic::unwind_safe::AssertUnwindSafe<std[70759c8f55707aa4]::thread::lifecycle::spawn_unchecked<test[9d35eded1c95d3be]::run_test::{closure#1}, ()>::{closure#1}::{closure#0}>, ()>
[INFO] [stdout]                                at /rustc/dfb0accb7f508ae8be965d8629557221c889dd98/library/std/src/panicking.rs:576:43
[INFO] [stdout]   38:     0x5c1852c8dae2 - std[70759c8f55707aa4]::panicking::catch_unwind::<(), core[df12db4294e9bfd3]::panic::unwind_safe::AssertUnwindSafe<std[70759c8f55707aa4]::thread::lifecycle::spawn_unchecked<test[9d35eded1c95d3be]::run_test::{closure#1}, ()>::{closure#1}::{closure#0}>>
[INFO] [stdout]                                at /rustc/dfb0accb7f508ae8be965d8629557221c889dd98/library/std/src/panicking.rs:544:19
[INFO] [stdout]   39:     0x5c1852c8dae2 - std[70759c8f55707aa4]::panic::catch_unwind::<core[df12db4294e9bfd3]::panic::unwind_safe::AssertUnwindSafe<std[70759c8f55707aa4]::thread::lifecycle::spawn_unchecked<test[9d35eded1c95d3be]::run_test::{closure#1}, ()>::{closure#1}::{closure#0}>, ()>
[INFO] [stdout]                                at /rustc/dfb0accb7f508ae8be965d8629557221c889dd98/library/std/src/panic.rs:359:14
[INFO] [stdout]   40:     0x5c1852c8dae2 - std[70759c8f55707aa4]::thread::lifecycle::spawn_unchecked::<test[9d35eded1c95d3be]::run_test::{closure#1}, ()>::{closure#1}
[INFO] [stdout]                                at /rustc/dfb0accb7f508ae8be965d8629557221c889dd98/library/std/src/thread/lifecycle.rs:68:26
[INFO] [stdout]   41:     0x5c1852c8dae2 - <std[70759c8f55707aa4]::thread::lifecycle::spawn_unchecked<test[9d35eded1c95d3be]::run_test::{closure#1}, ()>::{closure#1} as core[df12db4294e9bfd3]::ops::function::FnOnce<()>>::call_once::{shim:vtable#0}
[INFO] [stdout]                                at /rustc/dfb0accb7f508ae8be965d8629557221c889dd98/library/core/src/ops/function.rs:250:5
[INFO] [stdout]   42:     0x5c1852d66da9 - <alloc[2182bb758b4b3781]::boxed::Box<dyn core[df12db4294e9bfd3]::ops::function::FnOnce<(), Output = ()> + core[df12db4294e9bfd3]::marker::Send> as core[df12db4294e9bfd3]::ops::function::FnOnce<()>>::call_once
[INFO] [stdout]                                at /rustc/dfb0accb7f508ae8be965d8629557221c889dd98/library/alloc/src/boxed.rs:2320:9
[INFO] [stdout]   43:     0x5c1852d66da9 - <std[70759c8f55707aa4]::sys::thread::unix::Thread>::new::thread_start
[INFO] [stdout]                                at /rustc/dfb0accb7f508ae8be965d8629557221c889dd98/library/std/src/sys/thread/unix.rs:123:17
[INFO] [stdout]   44:     0x73cc7413cdfa - <unknown>
[INFO] [stdout]   45:     0x73cc741d03d4 - clone
[INFO] [stdout]   46:                0x0 - <unknown>
[INFO] [stdout] 
[INFO] [stdout] ---- test_corpus_conformance stdout ----
[INFO] [stdout] 
[INFO] [stdout] 🔍 Loading corpus from: /opt/rustwide/workdir/../../external/tree-sitter-gram/test/corpus
[INFO] [stdout] 
[INFO] [stdout] thread 'test_corpus_conformance' (1842) panicked at tests/corpus_integration.rs:20:53:
[INFO] [stdout] Failed to load corpus test suite: "Corpus directory does not exist: /opt/rustwide/workdir/../../external/tree-sitter-gram/test/corpus"
[INFO] [stdout] stack backtrace:
[INFO] [stdout]    0:     0x5c1852d67841 - std[70759c8f55707aa4]::backtrace_rs::backtrace::libunwind::trace
[INFO] [stdout]                                at /rustc/dfb0accb7f508ae8be965d8629557221c889dd98/library/std/src/../../backtrace/src/backtrace/libunwind.rs:117:9
[INFO] [stdout]    1:     0x5c1852d67841 - std[70759c8f55707aa4]::backtrace_rs::backtrace::trace_unsynchronized::<std[70759c8f55707aa4]::sys::backtrace::_print_fmt::{closure#1}>
[INFO] [stdout]                                at /rustc/dfb0accb7f508ae8be965d8629557221c889dd98/library/std/src/../../backtrace/src/backtrace/mod.rs:66:14
[INFO] [stdout]    2:     0x5c1852d67841 - std[70759c8f55707aa4]::sys::backtrace::_print_fmt
[INFO] [stdout]                                at /rustc/dfb0accb7f508ae8be965d8629557221c889dd98/library/std/src/sys/backtrace.rs:74:9
[INFO] [stdout]    3:     0x5c1852d67841 - <<std[70759c8f55707aa4]::sys::backtrace::BacktraceLock>::print::DisplayBacktrace as core[df12db4294e9bfd3]::fmt::Display>::fmt
[INFO] [stdout]                                at /rustc/dfb0accb7f508ae8be965d8629557221c889dd98/library/std/src/sys/backtrace.rs:44:26
[INFO] [stdout]    4:     0x5c1852d7cf9a - <core[df12db4294e9bfd3]::fmt::rt::Argument>::fmt
[INFO] [stdout]                                at /rustc/dfb0accb7f508ae8be965d8629557221c889dd98/library/core/src/fmt/rt.rs:152:76
[INFO] [stdout]    5:     0x5c1852d7cf9a - core[df12db4294e9bfd3]::fmt::write
[INFO] [stdout]    6:     0x5c1852d6bfcc - core[df12db4294e9bfd3]::io::write::default_write_fmt::<alloc[2182bb758b4b3781]::vec::Vec<u8>>
[INFO] [stdout]                                at /rustc/dfb0accb7f508ae8be965d8629557221c889dd98/library/core/src/io/write.rs:402:11
[INFO] [stdout]    7:     0x5c1852d6bfcc - <alloc[2182bb758b4b3781]::vec::Vec<u8> as core[df12db4294e9bfd3]::io::write::Write>::write_fmt
[INFO] [stdout]                                at /rustc/dfb0accb7f508ae8be965d8629557221c889dd98/library/core/src/io/write.rs:335:13
[INFO] [stdout]    8:     0x5c1852d43486 - <std[70759c8f55707aa4]::sys::backtrace::BacktraceLock>::print
[INFO] [stdout]                                at /rustc/dfb0accb7f508ae8be965d8629557221c889dd98/library/std/src/sys/backtrace.rs:47:9
[INFO] [stdout]    9:     0x5c1852d43486 - std[70759c8f55707aa4]::panicking::default_hook::{closure#0}
[INFO] [stdout]                                at /rustc/dfb0accb7f508ae8be965d8629557221c889dd98/library/std/src/panicking.rs:292:27
[INFO] [stdout]   10:     0x5c1852d5fa29 - std[70759c8f55707aa4]::panicking::default_hook
[INFO] [stdout]                                at /rustc/dfb0accb7f508ae8be965d8629557221c889dd98/library/std/src/panicking.rs:316:9
[INFO] [stdout]   11:     0x5c1852c8a030 - <alloc[2182bb758b4b3781]::boxed::Box<dyn for<'a, 'b> core[df12db4294e9bfd3]::ops::function::Fn<(&'a std[70759c8f55707aa4]::panic::PanicHookInfo<'b>,), Output = ()> + core[df12db4294e9bfd3]::marker::Send + core[df12db4294e9bfd3]::marker::Sync> as core[df12db4294e9bfd3]::ops::function::Fn<(&std[70759c8f55707aa4]::panic::PanicHookInfo,)>>::call
[INFO] [stdout]                                at /rustc/dfb0accb7f508ae8be965d8629557221c889dd98/library/alloc/src/boxed.rs:2334:9
[INFO] [stdout]   12:     0x5c1852c8a030 - test[9d35eded1c95d3be]::test_main_inner::<test[9d35eded1c95d3be]::test_main_static::{closure#0}>::{closure#0}
[INFO] [stdout]                                at /rustc/dfb0accb7f508ae8be965d8629557221c889dd98/library/test/src/lib.rs:155:21
[INFO] [stdout]   13:     0x5c1852d5fbe2 - <alloc[2182bb758b4b3781]::boxed::Box<dyn for<'a, 'b> core[df12db4294e9bfd3]::ops::function::Fn<(&'a std[70759c8f55707aa4]::panic::PanicHookInfo<'b>,), Output = ()> + core[df12db4294e9bfd3]::marker::Send + core[df12db4294e9bfd3]::marker::Sync> as core[df12db4294e9bfd3]::ops::function::Fn<(&std[70759c8f55707aa4]::panic::PanicHookInfo,)>>::call
[INFO] [stdout]                                at /rustc/dfb0accb7f508ae8be965d8629557221c889dd98/library/alloc/src/boxed.rs:2334:9
[INFO] [stdout]   14:     0x5c1852d5fbe2 - std[70759c8f55707aa4]::panicking::panic_with_hook
[INFO] [stdout]                                at /rustc/dfb0accb7f508ae8be965d8629557221c889dd98/library/std/src/panicking.rs:823:13
[INFO] [stdout]   15:     0x5c1852d43532 - std[70759c8f55707aa4]::panicking::panic_handler::{closure#0}
[INFO] [stdout]                                at /rustc/dfb0accb7f508ae8be965d8629557221c889dd98/library/std/src/panicking.rs:688:13
[INFO] [stdout]   16:     0x5c1852d3c089 - std[70759c8f55707aa4]::sys::backtrace::__rust_end_short_backtrace::<std[70759c8f55707aa4]::panicking::panic_handler::{closure#0}, !>
[INFO] [stdout]                                at /rustc/dfb0accb7f508ae8be965d8629557221c889dd98/library/std/src/sys/backtrace.rs:182:18
[INFO] [stdout]   17:     0x5c1852d4412d - __rustc[8fa7c3cbc660c2b3]::rust_begin_unwind
[INFO] [stdout]                                at /rustc/dfb0accb7f508ae8be965d8629557221c889dd98/library/std/src/panicking.rs:679:5
[INFO] [stdout]   18:     0x5c1852d7d76c - core[df12db4294e9bfd3]::panicking::panic_fmt
[INFO] [stdout]                                at /rustc/dfb0accb7f508ae8be965d8629557221c889dd98/library/core/src/panicking.rs:80:14
[INFO] [stdout]   19:     0x5c1852d7d4e2 - core[df12db4294e9bfd3]::result::unwrap_failed
[INFO] [stdout]                                at /rustc/dfb0accb7f508ae8be965d8629557221c889dd98/library/core/src/result.rs:1871:5
[INFO] [stdout]   20:     0x5c1852c6c89c - <core[df12db4294e9bfd3]::result::Result<corpus_integration[a6e025c00835f37a]::corpus::CorpusTestSuite, alloc[2182bb758b4b3781]::string::String>>::expect
[INFO] [stdout]                                at /rustc/dfb0accb7f508ae8be965d8629557221c889dd98/library/core/src/result.rs:1184:23
[INFO] [stdout]   21:     0x5c1852c72d35 - corpus_integration[a6e025c00835f37a]::test_corpus_conformance
[INFO] [stdout]                                at /opt/rustwide/workdir/tests/corpus_integration.rs:20:53
[INFO] [stdout]   22:     0x5c1852c72567 - corpus_integration[a6e025c00835f37a]::test_corpus_conformance::{closure#0}
[INFO] [stdout]                                at /opt/rustwide/workdir/tests/corpus_integration.rs:12:29
[INFO] [stdout]   23:     0x5c1852c71236 - <corpus_integration[a6e025c00835f37a]::test_corpus_conformance::{closure#0} as core[df12db4294e9bfd3]::ops::function::FnOnce<()>>::call_once
[INFO] [stdout]                                at /rustc/dfb0accb7f508ae8be965d8629557221c889dd98/library/core/src/ops/function.rs:250:5
[INFO] [stdout]   24:     0x5c1852c7d31b - <fn() -> core[df12db4294e9bfd3]::result::Result<(), alloc[2182bb758b4b3781]::string::String> as core[df12db4294e9bfd3]::ops::function::FnOnce<()>>::call_once
[INFO] [stdout]                                at /rustc/dfb0accb7f508ae8be965d8629557221c889dd98/library/core/src/ops/function.rs:250:5
[INFO] [stdout]   25:     0x5c1852c7d31b - test[9d35eded1c95d3be]::__rust_begin_short_backtrace::<core[df12db4294e9bfd3]::result::Result<(), alloc[2182bb758b4b3781]::string::String>, fn() -> core[df12db4294e9bfd3]::result::Result<(), alloc[2182bb758b4b3781]::string::String>>
[INFO] [stdout]                                at /rustc/dfb0accb7f508ae8be965d8629557221c889dd98/library/test/src/lib.rs:733:18
[INFO] [stdout]   26:     0x5c1852c8a985 - test[9d35eded1c95d3be]::run_test_in_process::{closure#0}
[INFO] [stdout]                                at /rustc/dfb0accb7f508ae8be965d8629557221c889dd98/library/test/src/lib.rs:756:74
[INFO] [stdout]   27:     0x5c1852c8a985 - <core[df12db4294e9bfd3]::panic::unwind_safe::AssertUnwindSafe<test[9d35eded1c95d3be]::run_test_in_process::{closure#0}> as core[df12db4294e9bfd3]::ops::function::FnOnce<()>>::call_once
[INFO] [stdout]                                at /rustc/dfb0accb7f508ae8be965d8629557221c889dd98/library/core/src/panic/unwind_safe.rs:275:9
[INFO] [stdout]   28:     0x5c1852c8a985 - std[70759c8f55707aa4]::panicking::catch_unwind::do_call::<core[df12db4294e9bfd3]::panic::unwind_safe::AssertUnwindSafe<test[9d35eded1c95d3be]::run_test_in_process::{closure#0}>, core[df12db4294e9bfd3]::result::Result<(), alloc[2182bb758b4b3781]::string::String>>
[INFO] [stdout]                                at /rustc/dfb0accb7f508ae8be965d8629557221c889dd98/library/std/src/panicking.rs:576:43
[INFO] [stdout]   29:     0x5c1852c8a985 - std[70759c8f55707aa4]::panicking::catch_unwind::<core[df12db4294e9bfd3]::result::Result<(), alloc[2182bb758b4b3781]::string::String>, core[df12db4294e9bfd3]::panic::unwind_safe::AssertUnwindSafe<test[9d35eded1c95d3be]::run_test_in_process::{closure#0}>>
[INFO] [stdout]                                at /rustc/dfb0accb7f508ae8be965d8629557221c889dd98/library/std/src/panicking.rs:544:19
[INFO] [stdout]   30:     0x5c1852c8a985 - std[70759c8f55707aa4]::panic::catch_unwind::<core[df12db4294e9bfd3]::panic::unwind_safe::AssertUnwindSafe<test[9d35eded1c95d3be]::run_test_in_process::{closure#0}>, core[df12db4294e9bfd3]::result::Result<(), alloc[2182bb758b4b3781]::string::String>>
[INFO] [stdout]                                at /rustc/dfb0accb7f508ae8be965d8629557221c889dd98/library/std/src/panic.rs:359:14
[INFO] [stdout]   31:     0x5c1852c8a985 - test[9d35eded1c95d3be]::run_test_in_process
[INFO] [stdout]                                at /rustc/dfb0accb7f508ae8be965d8629557221c889dd98/library/test/src/lib.rs:756:27
[INFO] [stdout]   32:     0x5c1852c8a985 - test[9d35eded1c95d3be]::run_test::{closure#0}
[INFO] [stdout]                                at /rustc/dfb0accb7f508ae8be965d8629557221c889dd98/library/test/src/lib.rs:677:43
[INFO] [stdout]   33:     0x5c1852c84244 - test[9d35eded1c95d3be]::run_test::{closure#1}
[INFO] [stdout]                                at /rustc/dfb0accb7f508ae8be965d8629557221c889dd98/library/test/src/lib.rs:707:41
[INFO] [stdout]   34:     0x5c1852c84244 - std[70759c8f55707aa4]::sys::backtrace::__rust_begin_short_backtrace::<test[9d35eded1c95d3be]::run_test::{closure#1}, ()>
[INFO] [stdout]                                at /rustc/dfb0accb7f508ae8be965d8629557221c889dd98/library/std/src/sys/backtrace.rs:166:18
[INFO] [stdout]   35:     0x5c1852c8dae2 - std[70759c8f55707aa4]::thread::lifecycle::spawn_unchecked::<test[9d35eded1c95d3be]::run_test::{closure#1}, ()>::{closure#1}::{closure#0}
[INFO] [stdout]                                at /rustc/dfb0accb7f508ae8be965d8629557221c889dd98/library/std/src/thread/lifecycle.rs:70:13
[INFO] [stdout]   36:     0x5c1852c8dae2 - <core[df12db4294e9bfd3]::panic::unwind_safe::AssertUnwindSafe<std[70759c8f55707aa4]::thread::lifecycle::spawn_unchecked<test[9d35eded1c95d3be]::run_test::{closure#1}, ()>::{closure#1}::{closure#0}> as core[df12db4294e9bfd3]::ops::function::FnOnce<()>>::call_once
[INFO] [stdout]                                at /rustc/dfb0accb7f508ae8be965d8629557221c889dd98/library/core/src/panic/unwind_safe.rs:275:9
[INFO] [stdout]   37:     0x5c1852c8dae2 - std[70759c8f55707aa4]::panicking::catch_unwind::do_call::<core[df12db4294e9bfd3]::panic::unwind_safe::AssertUnwindSafe<std[70759c8f55707aa4]::thread::lifecycle::spawn_unchecked<test[9d35eded1c95d3be]::run_test::{closure#1}, ()>::{closure#1}::{closure#0}>, ()>
[INFO] [stdout]                                at /rustc/dfb0accb7f508ae8be965d8629557221c889dd98/library/std/src/panicking.rs:576:43
[INFO] [stdout]   38:     0x5c1852c8dae2 - std[70759c8f55707aa4]::panicking::catch_unwind::<(), core[df12db4294e9bfd3]::panic::unwind_safe::AssertUnwindSafe<std[70759c8f55707aa4]::thread::lifecycle::spawn_unchecked<test[9d35eded1c95d3be]::run_test::{closure#1}, ()>::{closure#1}::{closure#0}>>
[INFO] [stdout]                                at /rustc/dfb0accb7f508ae8be965d8629557221c889dd98/library/std/src/panicking.rs:544:19
[INFO] [stdout]   39:     0x5c1852c8dae2 - std[70759c8f55707aa4]::panic::catch_unwind::<core[df12db4294e9bfd3]::panic::unwind_safe::AssertUnwindSafe<std[70759c8f55707aa4]::thread::lifecycle::spawn_unchecked<test[9d35eded1c95d3be]::run_test::{closure#1}, ()>::{closure#1}::{closure#0}>, ()>
[INFO] [stdout]                                at /rustc/dfb0accb7f508ae8be965d8629557221c889dd98/library/std/src/panic.rs:359:14
[INFO] [stdout]   40:     0x5c1852c8dae2 - std[70759c8f55707aa4]::thread::lifecycle::spawn_unchecked::<test[9d35eded1c95d3be]::run_test::{closure#1}, ()>::{closure#1}
[INFO] [stdout]                                at /rustc/dfb0accb7f508ae8be965d8629557221c889dd98/library/std/src/thread/lifecycle.rs:68:26
[INFO] [stdout]   41:     0x5c1852c8dae2 - <std[70759c8f55707aa4]::thread::lifecycle::spawn_unchecked<test[9d35eded1c95d3be]::run_test::{closure#1}, ()>::{closure#1} as core[df12db4294e9bfd3]::ops::function::FnOnce<()>>::call_once::{shim:vtable#0}
[INFO] [stdout]                                at /rustc/dfb0accb7f508ae8be965d8629557221c889dd98/library/core/src/ops/function.rs:250:5
[INFO] [stdout]   42:     0x5c1852d66da9 - <alloc[2182bb758b4b3781]::boxed::Box<dyn core[df12db4294e9bfd3]::ops::function::FnOnce<(), Output = ()> + core[df12db4294e9bfd3]::marker::Send> as core[df12db4294e9bfd3]::ops::function::FnOnce<()>>::call_once
[INFO] [stdout]                                at /rustc/dfb0accb7f508ae8be965d8629557221c889dd98/library/alloc/src/boxed.rs:2320:9
[INFO] [stdout]   43:     0x5c1852d66da9 - <std[70759c8f55707aa4]::sys::thread::unix::Thread>::new::thread_start
[INFO] [stdout]                                at /rustc/dfb0accb7f508ae8be965d8629557221c889dd98/library/std/src/sys/thread/unix.rs:123:17
[INFO] [stdout]   44:     0x73cc7413cdfa - <unknown>
[INFO] [stdout]   45:     0x73cc741d03d4 - clone
[INFO] [stdout]   46:                0x0 - <unknown>
[INFO] [stdout] 
[INFO] [stdout] 
[INFO] [stdout] failures:
[INFO] [stdout]     test_corpus_conformance
[INFO] [stdout]     test_load_corpus_suite
[INFO] [stdout] 
[INFO] [stdout] test result: FAILED. 12 passed; 2 failed; 0 ignored; 0 measured; 0 filtered out; finished in 0.03s
[INFO] [stdout] 
[INFO] running `Command { std: "docker" "inspect" "93071536407eb9b00d66eaf5b53c1a9079f27bfb5e7795ae05455b8f9389512c", kill_on_drop: false }`
[INFO] running `Command { std: "docker" "rm" "-f" "93071536407eb9b00d66eaf5b53c1a9079f27bfb5e7795ae05455b8f9389512c", kill_on_drop: false }`
[INFO] [stdout] 93071536407eb9b00d66eaf5b53c1a9079f27bfb5e7795ae05455b8f9389512c
