[INFO] fetching crate reifydb-runtime 0.9.3...
[INFO] testing reifydb-runtime-0.9.3 against 1.100.0-beta.1 for beta-1.100-2
[INFO] extracting crate reifydb-runtime 0.9.3 into /workspace/builds/worker-1-tc2/source
[INFO] started tweaking crates.io crate reifydb-runtime 0.9.3
[INFO] removed 0 missing tests
[INFO] finished tweaking crates.io crate reifydb-runtime 0.9.3
[INFO] tweaked toml for crates.io crate reifydb-runtime 0.9.3 written to /workspace/builds/worker-1-tc2/source/Cargo.toml
[INFO] validating manifest of crates.io crate reifydb-runtime 0.9.3 on toolchain 1.100.0-beta.1
[INFO] running `Command { std: CARGO_HOME="/workspace/cargo-home" RUSTUP_HOME="/workspace/rustup-home" "/workspace/cargo-home/bin/cargo" "+1.100.0-beta.1" "metadata" "--manifest-path" "Cargo.toml" "--no-deps", kill_on_drop: false }`
[INFO] crate crates.io crate reifydb-runtime 0.9.3 already has a lockfile, it will not be regenerated
[INFO] running `Command { std: CARGO_HOME="/workspace/cargo-home" RUSTUP_HOME="/workspace/rustup-home" "/workspace/cargo-home/bin/cargo" "+1.100.0-beta.1" "fetch" "--manifest-path" "Cargo.toml", kill_on_drop: false }`
[INFO] running `Command { std: "docker" "create" "-v" "/var/lib/crater-agent-workspace/builds/worker-1-tc2/source:/opt/rustwide/workdir:ro,Z" "-v" "/var/lib/crater-agent-workspace/builds/worker-1-tc2/target:/opt/rustwide/target:rw,Z" "-v" "/var/lib/crater-agent-workspace/cargo-home:/opt/rustwide/cargo-home:ro,Z" "-v" "/var/lib/crater-agent-workspace/rustup-home:/opt/rustwide/rustup-home:ro,Z" "-m" "1610612736" "--network" "none" "ghcr.io/rust-lang/crates-build-env/linux@sha256:3111399a4047eeb3a02b7a90e478d715f38a8c6669b5c4b49d30a17385265909" "sleep" "infinity", kill_on_drop: false }`
[INFO] [stdout] d1623519b2a38abef502830b664631d0a6cb786506d3bb9553f5e06eb7570de4
[INFO] running `Command { std: "docker" "start" "d1623519b2a38abef502830b664631d0a6cb786506d3bb9553f5e06eb7570de4", kill_on_drop: false }`
[INFO] running `Command { std: "docker" "inspect" "d1623519b2a38abef502830b664631d0a6cb786506d3bb9553f5e06eb7570de4", kill_on_drop: false }`
[INFO] running `Command { std: "docker" "exec" "-e" "SOURCE_DIR=/opt/rustwide/workdir" "-e" "CARGO_HOME=/opt/rustwide/cargo-home" "-e" "RUSTUP_HOME=/opt/rustwide/rustup-home" "-e" "CARGO_TARGET_DIR=/opt/rustwide/target" "-w" "/opt/rustwide/workdir" "--user" "0:0" "d1623519b2a38abef502830b664631d0a6cb786506d3bb9553f5e06eb7570de4" "/opt/rustwide/cargo-home/bin/cargo" "+1.100.0-beta.1" "metadata" "--no-deps" "--format-version=1", kill_on_drop: false }`
[INFO] running `Command { std: "docker" "inspect" "d1623519b2a38abef502830b664631d0a6cb786506d3bb9553f5e06eb7570de4", kill_on_drop: false }`
[INFO] running `Command { std: "docker" "exec" "-e" "SOURCE_DIR=/opt/rustwide/workdir" "-e" "CARGO_HOME=/opt/rustwide/cargo-home" "-e" "RUSTUP_HOME=/opt/rustwide/rustup-home" "-e" "CARGO_TARGET_DIR=/opt/rustwide/target" "-e" "CARGO_INCREMENTAL=0" "-e" "RUST_BACKTRACE=full" "-e" "RUSTFLAGS=--cap-lints=warn" "-e" "RUSTDOCFLAGS=--cap-lints=warn" "-w" "/opt/rustwide/workdir" "--user" "0:0" "d1623519b2a38abef502830b664631d0a6cb786506d3bb9553f5e06eb7570de4" "/opt/rustwide/cargo-home/bin/cargo" "+1.100.0-beta.1" "build" "--frozen" "--message-format=json", kill_on_drop: false }`
[INFO] [stderr]    Compiling serde_core v1.0.228
[INFO] [stderr]    Compiling serde v1.0.228
[INFO] [stderr]    Compiling num-traits v0.2.19
[INFO] [stderr]    Compiling lock_api v0.4.14
[INFO] [stderr]    Compiling getrandom v0.4.2
[INFO] [stderr]    Compiling syn v2.0.117
[INFO] [stderr]    Compiling semver v1.0.28
[INFO] [stderr]    Compiling reifydb-build v0.9.3
[INFO] [stderr]    Compiling crossbeam-epoch v0.9.18
[INFO] [stderr]    Compiling smallvec v1.15.1
[INFO] [stderr]    Compiling rustc_version v0.4.1
[INFO] [stderr]    Compiling hash32 v0.2.1
[INFO] [stderr]    Compiling parking_lot_core v0.9.12
[INFO] [stderr]    Compiling spin v0.9.8
[INFO] [stderr]    Compiling bigdecimal v0.4.10
[INFO] [stderr]    Compiling serde_json v1.0.150
[INFO] [stderr]    Compiling heapless v0.7.17
[INFO] [stderr]    Compiling portable-atomic v1.13.1
[INFO] [stderr]    Compiling crossbeam-deque v0.8.6
[INFO] [stderr]    Compiling reifydb-value v0.9.3
[INFO] [stderr]    Compiling memchr v2.8.1
[INFO] [stderr]    Compiling chacha20 v0.10.0
[INFO] [stderr]    Compiling rayon-core v1.13.0
[INFO] [stderr]    Compiling parking_lot v0.12.5
[INFO] [stderr]    Compiling num-integer v0.1.46
[INFO] [stderr]    Compiling reifydb-runtime v0.9.3 (/opt/rustwide/workdir)
[INFO] [stderr]    Compiling crossbeam-channel v0.5.15
[INFO] [stderr]    Compiling mio v1.2.1
[INFO] [stderr]    Compiling socket2 v0.6.4
[INFO] [stderr]    Compiling hashbrown v0.15.5
[INFO] [stderr]    Compiling either v1.16.0
[INFO] [stderr]    Compiling xxhash-rust v0.8.15
[INFO] [stderr]    Compiling rayon v1.12.0
[INFO] [stderr]    Compiling rand v0.10.1
[INFO] [stderr]    Compiling dashmap v7.0.0-rc2
[INFO] [stderr]    Compiling uuid v1.23.2
[INFO] [stderr]    Compiling serde_bytes v0.11.19
[INFO] [stderr]    Compiling moka v0.12.15
[INFO] [stderr]    Compiling serde_derive v1.0.228
[INFO] [stderr]    Compiling thiserror-impl v2.0.18
[INFO] [stderr]    Compiling tokio-macros v2.7.0
[INFO] [stderr]    Compiling tracing-attributes v0.1.31
[INFO] [stderr]    Compiling futures-macro v0.3.32
[INFO] [stderr]    Compiling tokio v1.52.3
[INFO] [stderr]    Compiling futures-util v0.3.32
[INFO] [stderr]    Compiling tracing v0.1.44
[INFO] [stderr]    Compiling thiserror v2.0.18
[INFO] [stderr]    Compiling cobs v0.3.0
[INFO] [stderr]    Compiling num-bigint v0.4.6
[INFO] [stderr]    Compiling postcard v1.1.3
[INFO] [stderr] warning: unused dependency `futures-util`
[INFO] [stderr]  --> Cargo.toml:7:15
[INFO] [stderr]   |
[INFO] [stderr] 7 | [dependencies.futures-util]
[INFO] [stderr]   |               ^^^^^^^^^^^^^
[INFO] [stderr]   |
[INFO] [stderr]   = note: `cargo::unused_dependencies` is set to `warn` by default
[INFO] [stderr] help: consider removing the dependency on `futures-util`
[INFO] [stderr] warning: `reifydb-runtime` (manifest) generated 1 warning
[INFO] [stderr]     Finished `dev` profile [unoptimized + debuginfo] target(s) in 55.87s
[INFO] running `Command { std: "docker" "inspect" "d1623519b2a38abef502830b664631d0a6cb786506d3bb9553f5e06eb7570de4", kill_on_drop: false }`
[INFO] running `Command { std: "docker" "exec" "-e" "SOURCE_DIR=/opt/rustwide/workdir" "-e" "CARGO_HOME=/opt/rustwide/cargo-home" "-e" "RUSTUP_HOME=/opt/rustwide/rustup-home" "-e" "CARGO_TARGET_DIR=/opt/rustwide/target" "-e" "CARGO_INCREMENTAL=0" "-e" "RUST_BACKTRACE=full" "-e" "RUSTFLAGS=--cap-lints=warn" "-e" "RUSTDOCFLAGS=--cap-lints=warn" "-w" "/opt/rustwide/workdir" "--user" "0:0" "d1623519b2a38abef502830b664631d0a6cb786506d3bb9553f5e06eb7570de4" "/opt/rustwide/cargo-home/bin/cargo" "+1.100.0-beta.1" "test" "--frozen" "--no-run" "--message-format=json", kill_on_drop: false }`
[INFO] [stderr]    Compiling reifydb-runtime v0.9.3 (/opt/rustwide/workdir)
[INFO] [stderr]     Finished `test` profile [unoptimized + debuginfo] target(s) in 12.50s
[INFO] running `Command { std: "docker" "inspect" "d1623519b2a38abef502830b664631d0a6cb786506d3bb9553f5e06eb7570de4", kill_on_drop: false }`
[INFO] running `Command { std: "docker" "exec" "-e" "SOURCE_DIR=/opt/rustwide/workdir" "-e" "CARGO_HOME=/opt/rustwide/cargo-home" "-e" "RUSTUP_HOME=/opt/rustwide/rustup-home" "-e" "CARGO_TARGET_DIR=/opt/rustwide/target" "-e" "CARGO_INCREMENTAL=0" "-e" "RUST_BACKTRACE=full" "-e" "RUSTFLAGS=--cap-lints=warn" "-e" "RUSTDOCFLAGS=--cap-lints=warn" "-w" "/opt/rustwide/workdir" "--user" "0:0" "d1623519b2a38abef502830b664631d0a6cb786506d3bb9553f5e06eb7570de4" "/opt/rustwide/cargo-home/bin/cargo" "+1.100.0-beta.1" "test" "--frozen", kill_on_drop: false }`
[INFO] [stderr]     Finished `test` profile [unoptimized + debuginfo] target(s) in 0.12s
[INFO] [stderr]      Running unittests src/lib.rs (/opt/rustwide/target/debug/build/reifydb-runtime/0489526d3b71c14c/out/reifydb_runtime-0489526d3b71c14c)
[INFO] [stdout] 
[INFO] [stdout] running 117 tests
[INFO] [stdout] test actor::system::host::tests::test_spawn_and_send ... ok
[INFO] [stdout] test actor::system::host::tests::test_shutdown_join ... ok
[INFO] [stdout] test actor::system::host::tests::test_shutdown_stops_the_timer_scheduler ... ok
[INFO] [stdout] test actor::timers::scheduler::tests::test_callback_runs_on_scheduler_thread ... ok
[INFO] [stdout] test actor::timers::scheduler::tests::test_drop_from_callback_detaches_instead_of_self_joining ... ok
[INFO] [stdout] test actor::system::host::tests::an_actor_batch_size_holds_its_turn_for_that_many_messages ... ok
[INFO] [stdout] test actor::testing::tests::test_harness_idle ... ok
[INFO] [stdout] test actor::testing::tests::test_harness_stops_on_stop ... ok
[INFO] [stdout] test actor::timers::scheduler::tests::test_schedule_once_zero_delay ... ok
[INFO] [stdout] test actor::testing::tests::test_harness_basic ... ok
[INFO] [stdout] test actor::timers::tests::a_closed_mailbox_retires_the_timer ... ok
[INFO] [stdout] test actor::testing::tests::test_harness_process_one ... ok
[INFO] [stdout] test actor::timers::tests::a_full_mailbox_drops_the_tick_but_keeps_the_timer_armed ... ok
[INFO] [stdout] test cache::slab::tests::test_basic_operations ... ok
[INFO] [stdout] test actor::timers::scheduler::tests::test_reentrant_schedule_from_callback ... ok
[INFO] [stdout] test cache::slab::tests::test_clear_then_reuse ... ok
[INFO] [stdout] test cache::slab::tests::test_eviction_removes_lru ... ok
[INFO] [stdout] test cache::slab::tests::test_contains_key_does_not_promote ... ok
[INFO] [stdout] test cache::slab::tests::test_get_promotes_recency ... ok
[INFO] [stdout] test cache::slab::tests::test_keys_yields_every_resident_key ... ok
[INFO] [stdout] test cache::slab::tests::test_pop_tail_removes_lru_first ... ok
[INFO] [stdout] test cache::slab::tests::test_remove ... ok
[INFO] [stdout] test actor::timers::scheduler::tests::test_schedule_once ... ok
[INFO] [stdout] test cache::slab::tests::test_slab_recycles_slots_no_unbounded_growth ... ok
[INFO] [stdout] test cache::slab::tests::test_update_existing_returns_old_and_keeps_len ... ok
[INFO] [stdout] test cache::sync::tests::eviction_at_capacity_releases_the_victims_memory ... ok
[INFO] [stdout] test cache::sync::tests::get_with_on_a_present_key_neither_reruns_the_initializer_nor_double_counts ... ok
[INFO] [stdout] test cache::sync::tests::measured_cache_counts_entries_heap_and_payload ... ok
[INFO] [stdout] test cache::sync::tests::measured_values_shared_via_arc_count_their_heap_once_per_slot ... ok
[INFO] [stdout] test cache::sync::tests::removal_and_clear_release_accounted_memory ... ok
[INFO] [stdout] test cache::sync::tests::replacing_a_key_keeps_single_entry_accounting ... ok
[INFO] [stdout] test cache::sync::tests::test_basic_operations ... ok
[INFO] [stdout] test cache::slab::tests::test_unbounded_never_evicts_on_put ... ok
[INFO] [stdout] test cache::sync::tests::get_with_runs_the_initializer_once_under_concurrent_misses ... ok
[INFO] [stdout] test cache::sync::tests::test_contains_key ... ok
[INFO] [stdout] test cache::sync::tests::test_clear ... ok
[INFO] [stdout] test cache::sync::tests::test_eviction ... ok
[INFO] [stdout] test cache::sync::tests::test_lru_order ... ok
[INFO] [stdout] test cache::sync::tests::test_remove ... ok
[INFO] [stdout] test cache::sync::tests::test_update_existing ... ok
[INFO] [stdout] test context::clock::tests::test_mock_clock_advance ... ok
[INFO] [stdout] test context::clock::tests::test_mock_clock_initial ... ok
[INFO] [stdout] test cache::sync::tests::unmeasured_cache_reports_no_memory_usage ... ok
[INFO] [stdout] test context::clock::tests::test_mock_clock_set ... ok
[INFO] [stdout] test context::clock::tests::test_nanosecond_precision ... ok
[INFO] [stdout] test context::clock::tests::test_mock_clock_thread_safe ... ok
[INFO] [stdout] test actor::timers::scheduler::tests::test_cancel_before_fire ... ok
[INFO] [stdout] test context::clock::tests::test_real_clock ... ok
[INFO] [stdout] test fatal::report::tests::a_missing_backtrace_says_how_to_get_one_instead_of_going_silent ... ok
[INFO] [stdout] test fatal::report::tests::the_thread_is_recorded_because_the_hook_fires_far_from_the_caller ... ok
[INFO] [stdout] test fatal::report::tests::the_render_carries_every_field_a_ticket_needs ... ok
[INFO] [stdout] test fatal::tests::a_static_str_panic_payload_survives_into_the_reason ... ok
[INFO] [stdout] test fatal::report::tests::a_report_without_an_origin_still_renders_an_id_rather_than_dying ... ok
[INFO] [stdout] test fatal::report::tests::the_error_id_pins_the_source_line_so_two_tickets_from_one_seam_collapse ... ok
[INFO] [stdout] test fatal::tests::the_default_config_is_armed_because_a_forgotten_flag_must_not_reopen_the_hole ... ok
[INFO] [stdout] test fatal::tests::the_env_override_only_accepts_known_spellings ... ok
[INFO] [stdout] test io::fs::host::tests::test_create_existing_path_is_already_exists ... ok
[INFO] [stdout] test io::fs::host::tests::test_mkdir_creates_and_rejects_existing ... ok
[INFO] [stdout] test io::fs::host::tests::test_open_missing_path_is_not_found ... ok
[INFO] [stdout] test fatal::tests::an_opaque_panic_payload_is_named_rather_than_rendered_empty ... ok
[INFO] [stdout] test io::fs::host::tests::test_create_preallocates_length ... ok
[INFO] [stdout] test fatal::tests::a_string_panic_payload_survives_into_the_reason ... ok
[INFO] [stdout] test actor::timers::scheduler::tests::test_schedule_repeat ... ok
[INFO] [stdout] test io::fs::host::tests::test_read_dir_returns_sorted_entries ... ok
[INFO] [stdout] test io::fs::host::tests::test_open_reads_and_open_mut_writes_same_file ... ok
[INFO] [stdout] test io::fs::host::tests::test_pwrite_pread_roundtrip_at_offsets ... ok
[INFO] [stdout] test io::fs::host::tests::test_unlink_removes_file ... ok
[INFO] [stdout] test io::fs::host::tests::test_truncate_shortens_file ... ok
[INFO] [stdout] test io::fs::memory::tests::a_cloned_handle_shares_one_filesystem ... ok
[INFO] [stdout] test io::fs::memory::tests::crash_after_truncate_drops_shadow_beyond_the_new_end ... ok
[INFO] [stdout] test io::fs::memory::tests::crash_reverts_dirty_sectors_to_their_prior_bytes_and_state ... ok
[INFO] [stdout] test io::fs::memory::tests::create_needs_a_parent_directory_and_rejects_an_existing_path ... ok
[INFO] [stdout] test io::fs::memory::tests::mask_ignores_out_of_range_indices ... ok
[INFO] [stdout] test io::fs::memory::tests::create_leaves_every_sector_unwritten_and_zeroed ... ok
[INFO] [stdout] test io::fs::memory::tests::mkdir_needs_a_parent_directory_and_rejects_an_existing_path ... ok
[INFO] [stdout] test io::fs::memory::tests::open_and_open_mut_report_a_missing_file ... ok
[INFO] [stdout] test io::fs::memory::tests::open_shares_the_state_with_the_creating_handle ... ok
[INFO] [stdout] test io::fs::memory::tests::pread_round_trips_clamps_and_stops_at_the_end ... ok
[INFO] [stdout] test io::fs::memory::tests::read_dir_lists_direct_children_in_ascending_order ... ok
[INFO] [stdout] test io::fs::memory::tests::rename_moves_the_entry_and_keeps_the_contents ... ok
[INFO] [stdout] test io::fs::memory::tests::sector_size_is_configurable_and_consistent ... ok
[INFO] [stdout] test io::fs::memory::tests::sync_clears_the_shadow_so_a_later_crash_keeps_the_data ... ok
[INFO] [stdout] test io::fs::memory::tests::sync_dir_checks_the_directory_exists ... ok
[INFO] [stdout] test io::fs::memory::tests::sync_promotes_every_dirty_sector ... ok
[INFO] [stdout] test io::fs::memory::tests::truncate_shortens_bytes_and_sector_states_together ... ok
[INFO] [stdout] test io::fs::memory::tests::unlink_removes_the_entry_or_reports_it_missing ... ok
[INFO] [stdout] test io::fs::memory::tests::write_dirties_every_grazed_sector_whole ... ok
[INFO] [stdout] test io::fs::memory::tests::write_masked_skips_unmasked_sectors_but_reports_full_length ... ok
[INFO] [stdout] test io::fs::memory::tests::write_past_the_end_grows_bytes_and_sectors_together ... ok
[INFO] [stdout] test pool::actor_pool::tests::work_queued_behind_a_blocked_thread_runs_on_a_sleeping_sibling ... ok
[INFO] [stdout] test io::fs::memory::tests::rename_into_a_missing_directory_leaves_the_source_in_place ... ok
[INFO] [stdout] test io::fs::host::tests::test_sync_data_succeeds ... ok
[INFO] [stdout] test sync::waiter::tests::callback_fires_exactly_once ... ok
[INFO] [stdout] test io::fs::host::tests::test_pread_past_end_is_short_not_error ... ok
[INFO] [stdout] test io::fs::host::tests::test_rename_moves_file_and_old_path_is_gone ... ok
[INFO] [stdout] test pool::actor_pool::tests::work_queued_on_a_sleeping_thread_runs ... ok
[INFO] [stdout] test tests::test_runtime_creation ... ok
[INFO] [stdout] test version_epoch::tests::a_bucket_holds_one_sample_however_many_commits_land_in_it ... ok
[INFO] [stdout] test version_epoch::tests::a_stale_timestamp_never_rewrites_a_newer_bucket ... ok
[INFO] [stdout] test version_epoch::tests::an_unresolvable_floor_is_counted ... ok
[INFO] [stdout] test version_epoch::tests::cold_epoch_returns_none_so_gc_deletes_nothing ... ok
[INFO] [stdout] test version_epoch::tests::coverage_reports_the_span_the_map_can_answer ... ok
[INFO] [stdout] test version_epoch::tests::floor_returns_latest_sample_at_or_before_target ... ok
[INFO] [stdout] test version_epoch::tests::guaranteed_coverage_exceeds_the_default_retention_horizon_floor ... ok
[INFO] [stdout] test version_epoch::tests::a_narrowed_retention_compacts_the_existing_map_immediately ... ok
[INFO] [stdout] test version_epoch::tests::old_samples_survive_far_beyond_the_uniform_eviction_limit ... ok
[INFO] [stdout] test tests::test_actor_system_accessible ... ok
[INFO] [stdout] test version_epoch::tests::record_keeps_highest_version_within_a_bucket ... ok
[INFO] [stdout] test tests::test_shutdown_drops_runtime ... ok
[INFO] [stdout] test version_epoch::tests::the_newest_samples_keep_full_resolution ... ok
[INFO] [stdout] test version_epoch::tests::the_open_bucket_is_invisible_until_the_target_clears_it ... ok
[INFO] [stdout] test version_epoch::tests::thinning_never_reports_a_version_newer_than_the_true_floor ... ok
[INFO] [stdout] test version_epoch::tests::the_minimum_ttl_covers_at_least_one_whole_bucket ... ok
[INFO] [stdout] test tests::test_spawn ... ok
[INFO] [stdout] test actor::timers::scheduler::tests::test_multiple_timers ... ok
[INFO] [stdout] test actor::timers::scheduler::tests::test_schedule_repeat_stops_on_cancel ... ok
[INFO] [stdout] test cache::slab::tests::test_zero_capacity_panics - should panic ... ok
[INFO] [stdout] 
[INFO] [stdout] test result: ok. 117 passed; 0 failed; 0 ignored; 0 measured; 0 filtered out; finished in 0.19s
[INFO] [stdout] 
[INFO] [stderr]      Running tests/actor_pool.rs (/opt/rustwide/target/debug/build/reifydb-runtime/135e9a921f94d293/out/actor_pool-135e9a921f94d293)
[INFO] [stdout] 
[INFO] [stdout] running 7 tests
[INFO] [stdout] test yield_fairness ... ok
[INFO] [stdout] test ephemeral_lifecycle_and_spawn_task ... ok
[INFO] [stdout] test ordering_and_mutual_exclusion_under_steal ... ok
[INFO] [stdout] test shutdown_drains_and_joins ... ok
[INFO] [stdout] test lost_wake_stress ... ok
[INFO] [stdout] test group_isolation ... ok
[INFO] [stdout] test steal_liveness ... ok
[INFO] [stdout] 
[INFO] [stdout] test result: ok. 7 passed; 0 failed; 0 ignored; 0 measured; 0 filtered out; finished in 0.69s
[INFO] [stdout] 
[INFO] [stderr]      Running tests/dst.rs (/opt/rustwide/target/debug/build/reifydb-runtime/b93779022e385a3a/out/dst-b93779022e385a3a)
[INFO] [stderr]      Running tests/fatal.rs (/opt/rustwide/target/debug/build/reifydb-runtime/d811d32c1099fe59/out/fatal-d811d32c1099fe59)
[INFO] [stdout] 
[INFO] [stdout] running 0 tests
[INFO] [stdout] 
[INFO] [stdout] test result: ok. 0 passed; 0 failed; 0 ignored; 0 measured; 0 filtered out; finished in 0.00s
[INFO] [stdout] 
[INFO] [stdout] 
[INFO] [stdout] running 8 tests
[INFO] [stdout] test a_disarmed_hook_reports_but_lets_the_panic_unwind ... ok
[INFO] [stdout] test the_env_var_disarms_a_config_that_asked_to_be_armed ... ok
[INFO] [stdout] test the_report_carries_the_stack_from_the_panic_site_not_the_handler ... ok
[INFO] [stdout] test an_armed_fatal_beats_a_catch_unwind_that_would_have_swallowed_it ... ok
[INFO] [stdout] test a_violated_invariant_can_be_declared_fatal_without_a_panic ... FAILED
[INFO] [stdout] test a_panic_on_a_background_thread_takes_the_whole_process_down ... ok
[INFO] [stdout] test an_unexpected_error_can_be_routed_into_the_same_fatal_path ... ok
[INFO] [stdout] test an_armed_panic_aborts_the_process_and_prints_a_ticket_grade_report ... ok
[INFO] [stdout] 
[INFO] [stdout] failures:
[INFO] [stdout] 
[INFO] [stdout] ---- a_violated_invariant_can_be_declared_fatal_without_a_panic stdout ----
[INFO] [stdout] 
[INFO] [stdout] thread 'a_violated_invariant_can_be_declared_fatal_without_a_panic' (1462) panicked at tests/fatal.rs:184:5:
[INFO] [stdout] the macro must record its own call site
[INFO] [stdout] stack backtrace:
[INFO] [stdout]    0:     0x63b10a51a801 - std[617be2ca0a6fd877]::backtrace_rs::backtrace::libunwind::trace
[INFO] [stdout]                                at /rustc/e3feeb59cd1bdd011a2bfcc0747b55125d9b8527/library/std/src/../../backtrace/src/backtrace/libunwind.rs:117:9
[INFO] [stdout]    1:     0x63b10a51a801 - std[617be2ca0a6fd877]::backtrace_rs::backtrace::trace_unsynchronized::<std[617be2ca0a6fd877]::sys::backtrace::_print_fmt::{closure#1}>
[INFO] [stdout]                                at /rustc/e3feeb59cd1bdd011a2bfcc0747b55125d9b8527/library/std/src/../../backtrace/src/backtrace/mod.rs:66:14
[INFO] [stdout]    2:     0x63b10a51a801 - std[617be2ca0a6fd877]::sys::backtrace::_print_fmt
[INFO] [stdout]                                at /rustc/e3feeb59cd1bdd011a2bfcc0747b55125d9b8527/library/std/src/sys/backtrace.rs:74:9
[INFO] [stdout]    3:     0x63b10a51a801 - <<std[617be2ca0a6fd877]::sys::backtrace::BacktraceLock>::print::DisplayBacktrace as core[a373ad73a504971]::fmt::Display>::fmt
[INFO] [stdout]                                at /rustc/e3feeb59cd1bdd011a2bfcc0747b55125d9b8527/library/std/src/sys/backtrace.rs:44:26
[INFO] [stdout]    4:     0x63b10a52ef7a - <core[a373ad73a504971]::fmt::rt::Argument>::fmt
[INFO] [stdout]                                at /rustc/e3feeb59cd1bdd011a2bfcc0747b55125d9b8527/library/core/src/fmt/rt.rs:152:76
[INFO] [stdout]    5:     0x63b10a52ef7a - core[a373ad73a504971]::fmt::write
[INFO] [stdout]    6:     0x63b10a51effc - core[a373ad73a504971]::io::write::default_write_fmt::<alloc[2e1b2a31b91974c5]::vec::Vec<u8>>
[INFO] [stdout]                                at /rustc/e3feeb59cd1bdd011a2bfcc0747b55125d9b8527/library/core/src/io/write.rs:402:11
[INFO] [stdout]    7:     0x63b10a51effc - <alloc[2e1b2a31b91974c5]::vec::Vec<u8> as core[a373ad73a504971]::io::write::Write>::write_fmt
[INFO] [stdout]                                at /rustc/e3feeb59cd1bdd011a2bfcc0747b55125d9b8527/library/core/src/io/write.rs:335:13
[INFO] [stdout]    8:     0x63b10a4f66b6 - <std[617be2ca0a6fd877]::sys::backtrace::BacktraceLock>::print
[INFO] [stdout]                                at /rustc/e3feeb59cd1bdd011a2bfcc0747b55125d9b8527/library/std/src/sys/backtrace.rs:47:9
[INFO] [stdout]    9:     0x63b10a4f66b6 - std[617be2ca0a6fd877]::panicking::default_hook::{closure#0}
[INFO] [stdout]                                at /rustc/e3feeb59cd1bdd011a2bfcc0747b55125d9b8527/library/std/src/panicking.rs:289:27
[INFO] [stdout]   10:     0x63b10a512ce9 - std[617be2ca0a6fd877]::panicking::default_hook
[INFO] [stdout]                                at /rustc/e3feeb59cd1bdd011a2bfcc0747b55125d9b8527/library/std/src/panicking.rs:313:9
[INFO] [stdout]   11:     0x63b10a497400 - <alloc[2e1b2a31b91974c5]::boxed::Box<dyn for<'a, 'b> core[a373ad73a504971]::ops::function::Fn<(&'a std[617be2ca0a6fd877]::panic::PanicHookInfo<'b>,), Output = ()> + core[a373ad73a504971]::marker::Sync + core[a373ad73a504971]::marker::Send> as core[a373ad73a504971]::ops::function::Fn<(&std[617be2ca0a6fd877]::panic::PanicHookInfo,)>>::call
[INFO] [stdout]                                at /rustc/e3feeb59cd1bdd011a2bfcc0747b55125d9b8527/library/alloc/src/boxed.rs:2328:9
[INFO] [stdout]   12:     0x63b10a497400 - test[aada8e7e76ba119b]::test_main_inner::{closure#0}
[INFO] [stdout]                                at /rustc/e3feeb59cd1bdd011a2bfcc0747b55125d9b8527/library/test/src/lib.rs:137:21
[INFO] [stdout]   13:     0x63b10a512ea2 - <alloc[2e1b2a31b91974c5]::boxed::Box<dyn for<'a, 'b> core[a373ad73a504971]::ops::function::Fn<(&'a std[617be2ca0a6fd877]::panic::PanicHookInfo<'b>,), Output = ()> + core[a373ad73a504971]::marker::Sync + core[a373ad73a504971]::marker::Send> as core[a373ad73a504971]::ops::function::Fn<(&std[617be2ca0a6fd877]::panic::PanicHookInfo,)>>::call
[INFO] [stdout]                                at /rustc/e3feeb59cd1bdd011a2bfcc0747b55125d9b8527/library/alloc/src/boxed.rs:2328:9
[INFO] [stdout]   14:     0x63b10a512ea2 - std[617be2ca0a6fd877]::panicking::panic_with_hook
[INFO] [stdout]                                at /rustc/e3feeb59cd1bdd011a2bfcc0747b55125d9b8527/library/std/src/panicking.rs:819:13
[INFO] [stdout]   15:     0x63b10a4f6794 - std[617be2ca0a6fd877]::panicking::panic_handler::{closure#0}
[INFO] [stdout]                                at /rustc/e3feeb59cd1bdd011a2bfcc0747b55125d9b8527/library/std/src/panicking.rs:678:13
[INFO] [stdout]   16:     0x63b10a4eeee9 - std[617be2ca0a6fd877]::sys::backtrace::__rust_end_short_backtrace::<std[617be2ca0a6fd877]::panicking::panic_handler::{closure#0}, !>
[INFO] [stdout]                                at /rustc/e3feeb59cd1bdd011a2bfcc0747b55125d9b8527/library/std/src/sys/backtrace.rs:182:18
[INFO] [stdout]   17:     0x63b10a4f747d - __rustc[ea4f61d10b84890b]::rust_begin_unwind
[INFO] [stdout]                                at /rustc/e3feeb59cd1bdd011a2bfcc0747b55125d9b8527/library/std/src/panicking.rs:676:5
[INFO] [stdout]   18:     0x63b10a52f79c - core[a373ad73a504971]::panicking::panic_fmt
[INFO] [stdout]                                at /rustc/e3feeb59cd1bdd011a2bfcc0747b55125d9b8527/library/core/src/panicking.rs:80:14
[INFO] [stdout]   19:     0x63b10a483f69 - fatal[e78f7cdd0eb93e0f]::a_violated_invariant_can_be_declared_fatal_without_a_panic
[INFO] [stdout]                                at /opt/rustwide/workdir/tests/fatal.rs:184:2
[INFO] [stdout]   20:     0x63b10a482c87 - fatal[e78f7cdd0eb93e0f]::a_violated_invariant_can_be_declared_fatal_without_a_panic::{closure#0}
[INFO] [stdout]                                at /opt/rustwide/workdir/tests/fatal.rs:170:64
[INFO] [stdout]   21:     0x63b10a48a6f6 - <fatal[e78f7cdd0eb93e0f]::a_violated_invariant_can_be_declared_fatal_without_a_panic::{closure#0} as core[a373ad73a504971]::ops::function::FnOnce<()>>::call_once
[INFO] [stdout]                                at /rustc/e3feeb59cd1bdd011a2bfcc0747b55125d9b8527/library/core/src/ops/function.rs:250:5
[INFO] [stdout]   22:     0x63b10a48a84b - <fn() -> core[a373ad73a504971]::result::Result<(), alloc[2e1b2a31b91974c5]::string::String> as core[a373ad73a504971]::ops::function::FnOnce<()>>::call_once
[INFO] [stdout]                                at /rustc/e3feeb59cd1bdd011a2bfcc0747b55125d9b8527/library/core/src/ops/function.rs:250:5
[INFO] [stdout]   23:     0x63b10a48a84b - test[aada8e7e76ba119b]::__rust_begin_short_backtrace::<core[a373ad73a504971]::result::Result<(), alloc[2e1b2a31b91974c5]::string::String>, fn() -> core[a373ad73a504971]::result::Result<(), alloc[2e1b2a31b91974c5]::string::String>>
[INFO] [stdout]                                at /rustc/e3feeb59cd1bdd011a2bfcc0747b55125d9b8527/library/test/src/lib.rs:701:18
[INFO] [stdout]   24:     0x63b10a497a25 - test[aada8e7e76ba119b]::run_test_in_process::{closure#0}
[INFO] [stdout]                                at /rustc/e3feeb59cd1bdd011a2bfcc0747b55125d9b8527/library/test/src/lib.rs:724:74
[INFO] [stdout]   25:     0x63b10a497a25 - <core[a373ad73a504971]::panic::unwind_safe::AssertUnwindSafe<test[aada8e7e76ba119b]::run_test_in_process::{closure#0}> as core[a373ad73a504971]::ops::function::FnOnce<()>>::call_once
[INFO] [stdout]                                at /rustc/e3feeb59cd1bdd011a2bfcc0747b55125d9b8527/library/core/src/panic/unwind_safe.rs:275:9
[INFO] [stdout]   26:     0x63b10a497a25 - std[617be2ca0a6fd877]::panicking::catch_unwind::do_call::<core[a373ad73a504971]::panic::unwind_safe::AssertUnwindSafe<test[aada8e7e76ba119b]::run_test_in_process::{closure#0}>, core[a373ad73a504971]::result::Result<(), alloc[2e1b2a31b91974c5]::string::String>>
[INFO] [stdout]                                at /rustc/e3feeb59cd1bdd011a2bfcc0747b55125d9b8527/library/std/src/panicking.rs:573:43
[INFO] [stdout]   27:     0x63b10a497a25 - std[617be2ca0a6fd877]::panicking::catch_unwind::<core[a373ad73a504971]::result::Result<(), alloc[2e1b2a31b91974c5]::string::String>, core[a373ad73a504971]::panic::unwind_safe::AssertUnwindSafe<test[aada8e7e76ba119b]::run_test_in_process::{closure#0}>>
[INFO] [stdout]                                at /rustc/e3feeb59cd1bdd011a2bfcc0747b55125d9b8527/library/std/src/panicking.rs:541:19
[INFO] [stdout]   28:     0x63b10a497a25 - std[617be2ca0a6fd877]::panic::catch_unwind::<core[a373ad73a504971]::panic::unwind_safe::AssertUnwindSafe<test[aada8e7e76ba119b]::run_test_in_process::{closure#0}>, core[a373ad73a504971]::result::Result<(), alloc[2e1b2a31b91974c5]::string::String>>
[INFO] [stdout]                                at /rustc/e3feeb59cd1bdd011a2bfcc0747b55125d9b8527/library/std/src/panic.rs:359:14
[INFO] [stdout]   29:     0x63b10a497a25 - test[aada8e7e76ba119b]::run_test_in_process
[INFO] [stdout]                                at /rustc/e3feeb59cd1bdd011a2bfcc0747b55125d9b8527/library/test/src/lib.rs:724:27
[INFO] [stdout]   30:     0x63b10a497a25 - test[aada8e7e76ba119b]::run_test::{closure#0}
[INFO] [stdout]                                at /rustc/e3feeb59cd1bdd011a2bfcc0747b55125d9b8527/library/test/src/lib.rs:645:43
[INFO] [stdout]   31:     0x63b10a491314 - test[aada8e7e76ba119b]::run_test::{closure#1}
[INFO] [stdout]                                at /rustc/e3feeb59cd1bdd011a2bfcc0747b55125d9b8527/library/test/src/lib.rs:675:41
[INFO] [stdout]   32:     0x63b10a491314 - std[617be2ca0a6fd877]::sys::backtrace::__rust_begin_short_backtrace::<test[aada8e7e76ba119b]::run_test::{closure#1}, ()>
[INFO] [stdout]                                at /rustc/e3feeb59cd1bdd011a2bfcc0747b55125d9b8527/library/std/src/sys/backtrace.rs:166:18
[INFO] [stdout]   33:     0x63b10a49aab2 - std[617be2ca0a6fd877]::thread::lifecycle::spawn_unchecked::<test[aada8e7e76ba119b]::run_test::{closure#1}, ()>::{closure#1}::{closure#0}
[INFO] [stdout]                                at /rustc/e3feeb59cd1bdd011a2bfcc0747b55125d9b8527/library/std/src/thread/lifecycle.rs:70:13
[INFO] [stdout]   34:     0x63b10a49aab2 - <core[a373ad73a504971]::panic::unwind_safe::AssertUnwindSafe<std[617be2ca0a6fd877]::thread::lifecycle::spawn_unchecked<test[aada8e7e76ba119b]::run_test::{closure#1}, ()>::{closure#1}::{closure#0}> as core[a373ad73a504971]::ops::function::FnOnce<()>>::call_once
[INFO] [stdout]                                at /rustc/e3feeb59cd1bdd011a2bfcc0747b55125d9b8527/library/core/src/panic/unwind_safe.rs:275:9
[INFO] [stdout]   35:     0x63b10a49aab2 - std[617be2ca0a6fd877]::panicking::catch_unwind::do_call::<core[a373ad73a504971]::panic::unwind_safe::AssertUnwindSafe<std[617be2ca0a6fd877]::thread::lifecycle::spawn_unchecked<test[aada8e7e76ba119b]::run_test::{closure#1}, ()>::{closure#1}::{closure#0}>, ()>
[INFO] [stdout]                                at /rustc/e3feeb59cd1bdd011a2bfcc0747b55125d9b8527/library/std/src/panicking.rs:573:43
[INFO] [stdout]   36:     0x63b10a49aab2 - std[617be2ca0a6fd877]::panicking::catch_unwind::<(), core[a373ad73a504971]::panic::unwind_safe::AssertUnwindSafe<std[617be2ca0a6fd877]::thread::lifecycle::spawn_unchecked<test[aada8e7e76ba119b]::run_test::{closure#1}, ()>::{closure#1}::{closure#0}>>
[INFO] [stdout]                                at /rustc/e3feeb59cd1bdd011a2bfcc0747b55125d9b8527/library/std/src/panicking.rs:541:19
[INFO] [stdout]   37:     0x63b10a49aab2 - std[617be2ca0a6fd877]::panic::catch_unwind::<core[a373ad73a504971]::panic::unwind_safe::AssertUnwindSafe<std[617be2ca0a6fd877]::thread::lifecycle::spawn_unchecked<test[aada8e7e76ba119b]::run_test::{closure#1}, ()>::{closure#1}::{closure#0}>, ()>
[INFO] [stdout]                                at /rustc/e3feeb59cd1bdd011a2bfcc0747b55125d9b8527/library/std/src/panic.rs:359:14
[INFO] [stdout]   38:     0x63b10a49aab2 - std[617be2ca0a6fd877]::thread::lifecycle::spawn_unchecked::<test[aada8e7e76ba119b]::run_test::{closure#1}, ()>::{closure#1}
[INFO] [stdout]                                at /rustc/e3feeb59cd1bdd011a2bfcc0747b55125d9b8527/library/std/src/thread/lifecycle.rs:68:26
[INFO] [stdout]   39:     0x63b10a49aab2 - <std[617be2ca0a6fd877]::thread::lifecycle::spawn_unchecked<test[aada8e7e76ba119b]::run_test::{closure#1}, ()>::{closure#1} as core[a373ad73a504971]::ops::function::FnOnce<()>>::call_once::{shim:vtable#0}
[INFO] [stdout]                                at /rustc/e3feeb59cd1bdd011a2bfcc0747b55125d9b8527/library/core/src/ops/function.rs:250:5
[INFO] [stdout]   40:     0x63b10a51a02f - <alloc[2e1b2a31b91974c5]::boxed::Box<dyn core[a373ad73a504971]::ops::function::FnOnce<(), Output = ()> + core[a373ad73a504971]::marker::Send> as core[a373ad73a504971]::ops::function::FnOnce<()>>::call_once
[INFO] [stdout]                                at /rustc/e3feeb59cd1bdd011a2bfcc0747b55125d9b8527/library/alloc/src/boxed.rs:2314:9
[INFO] [stdout]   41:     0x63b10a51a02f - <std[617be2ca0a6fd877]::sys::thread::unix::Thread>::new::thread_start
[INFO] [stdout]                                at /rustc/e3feeb59cd1bdd011a2bfcc0747b55125d9b8527/library/std/src/sys/thread/unix.rs:127:17
[INFO] [stdout]   42:     0x76c14930adfa - <unknown>
[INFO] [stdout]   43:     0x76c14939e3d4 - clone
[INFO] [stdout]   44:                0x0 - <unknown>
[INFO] [stdout] 
[INFO] [stdout] 
[INFO] [stdout] failures:
[INFO] [stdout]     a_violated_invariant_can_be_declared_fatal_without_a_panic
[INFO] [stdout] 
[INFO] [stdout] test result: FAILED. 7 passed; 1 failed; 0 ignored; 0 measured; 0 filtered out; finished in 0.65s
[INFO] [stdout] 
[INFO] [stderr] error: test failed, to rerun pass `--test fatal`
[INFO] running `Command { std: "docker" "inspect" "d1623519b2a38abef502830b664631d0a6cb786506d3bb9553f5e06eb7570de4", kill_on_drop: false }`
[INFO] running `Command { std: "docker" "rm" "-f" "d1623519b2a38abef502830b664631d0a6cb786506d3bb9553f5e06eb7570de4", kill_on_drop: false }`
[INFO] [stdout] d1623519b2a38abef502830b664631d0a6cb786506d3bb9553f5e06eb7570de4
