[INFO] fetching crate regexr 0.6.0...
[INFO] testing regexr-0.6.0 against 1.100.0-beta.1 for beta-1.100-2
[INFO] extracting crate regexr 0.6.0 into /workspace/builds/worker-2-tc2/source
[INFO] started tweaking crates.io crate regexr 0.6.0
[INFO] removed 0 missing examples
[INFO] removed 0 missing tests
[INFO] finished tweaking crates.io crate regexr 0.6.0
[INFO] tweaked toml for crates.io crate regexr 0.6.0 written to /workspace/builds/worker-2-tc2/source/Cargo.toml
[INFO] validating manifest of crates.io crate regexr 0.6.0 on toolchain 1.100.0-beta.1
[INFO] running `Command { std: CARGO_HOME="/workspace/cargo-home" RUSTUP_HOME="/workspace/rustup-home" "/workspace/cargo-home/bin/cargo" "+1.100.0-beta.1" "metadata" "--manifest-path" "Cargo.toml" "--no-deps", kill_on_drop: false }`
[INFO] crate crates.io crate regexr 0.6.0 already has a lockfile, it will not be regenerated
[INFO] running `Command { std: CARGO_HOME="/workspace/cargo-home" RUSTUP_HOME="/workspace/rustup-home" "/workspace/cargo-home/bin/cargo" "+1.100.0-beta.1" "fetch" "--manifest-path" "Cargo.toml", kill_on_drop: false }`
[INFO] running `Command { std: "docker" "create" "-v" "/var/lib/crater-agent-workspace/builds/worker-2-tc2/source:/opt/rustwide/workdir:ro,Z" "-v" "/var/lib/crater-agent-workspace/builds/worker-2-tc2/target:/opt/rustwide/target:rw,Z" "-v" "/var/lib/crater-agent-workspace/cargo-home:/opt/rustwide/cargo-home:ro,Z" "-v" "/var/lib/crater-agent-workspace/rustup-home:/opt/rustwide/rustup-home:ro,Z" "-m" "1610612736" "--network" "none" "ghcr.io/rust-lang/crates-build-env/linux@sha256:3111399a4047eeb3a02b7a90e478d715f38a8c6669b5c4b49d30a17385265909" "sleep" "infinity", kill_on_drop: false }`
[INFO] [stdout] 147e27de5def34b0cd88ad352ac22881f4fea3a08c5263330d15a07d4be0f450
[INFO] running `Command { std: "docker" "start" "147e27de5def34b0cd88ad352ac22881f4fea3a08c5263330d15a07d4be0f450", kill_on_drop: false }`
[INFO] running `Command { std: "docker" "inspect" "147e27de5def34b0cd88ad352ac22881f4fea3a08c5263330d15a07d4be0f450", kill_on_drop: false }`
[INFO] running `Command { std: "docker" "exec" "-e" "SOURCE_DIR=/opt/rustwide/workdir" "-e" "CARGO_HOME=/opt/rustwide/cargo-home" "-e" "RUSTUP_HOME=/opt/rustwide/rustup-home" "-e" "CARGO_TARGET_DIR=/opt/rustwide/target" "-w" "/opt/rustwide/workdir" "--user" "0:0" "147e27de5def34b0cd88ad352ac22881f4fea3a08c5263330d15a07d4be0f450" "/opt/rustwide/cargo-home/bin/cargo" "+1.100.0-beta.1" "metadata" "--no-deps" "--format-version=1", kill_on_drop: false }`
[INFO] running `Command { std: "docker" "inspect" "147e27de5def34b0cd88ad352ac22881f4fea3a08c5263330d15a07d4be0f450", kill_on_drop: false }`
[INFO] running `Command { std: "docker" "exec" "-e" "SOURCE_DIR=/opt/rustwide/workdir" "-e" "CARGO_HOME=/opt/rustwide/cargo-home" "-e" "RUSTUP_HOME=/opt/rustwide/rustup-home" "-e" "CARGO_TARGET_DIR=/opt/rustwide/target" "-e" "CARGO_INCREMENTAL=0" "-e" "RUST_BACKTRACE=full" "-e" "RUSTFLAGS=--cap-lints=warn" "-e" "RUSTDOCFLAGS=--cap-lints=warn" "-w" "/opt/rustwide/workdir" "--user" "0:0" "147e27de5def34b0cd88ad352ac22881f4fea3a08c5263330d15a07d4be0f450" "/opt/rustwide/cargo-home/bin/cargo" "+1.100.0-beta.1" "build" "--frozen" "--message-format=json", kill_on_drop: false }`
[INFO] [stderr]    Compiling aho-corasick v1.1.5
[INFO] [stderr]    Compiling regexr v0.6.0 (/opt/rustwide/workdir)
[INFO] [stderr]     Finished `dev` profile [unoptimized + debuginfo] target(s) in 8.16s
[INFO] running `Command { std: "docker" "inspect" "147e27de5def34b0cd88ad352ac22881f4fea3a08c5263330d15a07d4be0f450", kill_on_drop: false }`
[INFO] running `Command { std: "docker" "exec" "-e" "SOURCE_DIR=/opt/rustwide/workdir" "-e" "CARGO_HOME=/opt/rustwide/cargo-home" "-e" "RUSTUP_HOME=/opt/rustwide/rustup-home" "-e" "CARGO_TARGET_DIR=/opt/rustwide/target" "-e" "CARGO_INCREMENTAL=0" "-e" "RUST_BACKTRACE=full" "-e" "RUSTFLAGS=--cap-lints=warn" "-e" "RUSTDOCFLAGS=--cap-lints=warn" "-w" "/opt/rustwide/workdir" "--user" "0:0" "147e27de5def34b0cd88ad352ac22881f4fea3a08c5263330d15a07d4be0f450" "/opt/rustwide/cargo-home/bin/cargo" "+1.100.0-beta.1" "test" "--frozen" "--no-run" "--message-format=json", kill_on_drop: false }`
[INFO] [stderr]    Compiling libc v0.2.189
[INFO] [stderr]    Compiling zerocopy v0.8.59
[INFO] [stderr]    Compiling syn v3.0.6
[INFO] [stderr]    Compiling serde v1.0.229
[INFO] [stderr]    Compiling zerocopy-derive v0.8.59
[INFO] [stderr]    Compiling either v1.18.0
[INFO] [stderr]    Compiling regex-automata v0.4.18
[INFO] [stderr]    Compiling plotters-backend v0.3.7
[INFO] [stderr]    Compiling anstyle v1.0.14
[INFO] [stderr]    Compiling clap_lex v1.1.1
[INFO] [stderr]    Compiling ciborium-io v0.2.2
[INFO] [stderr]    Compiling itertools v0.13.0
[INFO] [stderr]    Compiling serde_json v1.0.151
[INFO] [stderr]    Compiling clap_builder v4.6.7
[INFO] [stderr]    Compiling plotters-svg v0.3.7
[INFO] [stderr]    Compiling cast v0.3.0
[INFO] [stderr]    Compiling bit-vec v0.8.0
[INFO] [stderr]    Compiling bit-set v0.8.0
[INFO] [stderr]    Compiling rayon v1.12.0
[INFO] [stderr]    Compiling jobserver v0.1.35
[INFO] [stderr]    Compiling cc v1.5.1
[INFO] [stderr]    Compiling page_size v0.6.0
[INFO] [stderr]    Compiling plotters v0.3.7
[INFO] [stderr]    Compiling criterion-plot v0.8.2
[INFO] [stderr]    Compiling oorandom v11.1.5
[INFO] [stderr]    Compiling anes v0.1.6
[INFO] [stderr]    Compiling clap v4.6.7
[INFO] [stderr]    Compiling serde_derive v1.0.229
[INFO] [stderr]    Compiling pcre2-sys v0.2.10
[INFO] [stderr]    Compiling alloca v0.4.0
[INFO] [stderr]    Compiling regex v1.13.1
[INFO] [stderr]    Compiling pcre2 v0.2.11
[INFO] [stderr]    Compiling fancy-regex v0.19.2
[INFO] [stderr]    Compiling tinytemplate v1.2.1
[INFO] [stderr]    Compiling half v2.7.1
[INFO] [stderr]    Compiling ciborium-ll v0.2.2
[INFO] [stderr]    Compiling ciborium v0.2.2
[INFO] [stderr]    Compiling criterion v0.8.2
[INFO] [stderr]    Compiling regexr v0.6.0 (/opt/rustwide/workdir)
[INFO] [stderr]     Finished `test` profile [unoptimized + debuginfo] target(s) in 1m 07s
[INFO] running `Command { std: "docker" "inspect" "147e27de5def34b0cd88ad352ac22881f4fea3a08c5263330d15a07d4be0f450", kill_on_drop: false }`
[INFO] running `Command { std: "docker" "exec" "-e" "SOURCE_DIR=/opt/rustwide/workdir" "-e" "CARGO_HOME=/opt/rustwide/cargo-home" "-e" "RUSTUP_HOME=/opt/rustwide/rustup-home" "-e" "CARGO_TARGET_DIR=/opt/rustwide/target" "-e" "CARGO_INCREMENTAL=0" "-e" "RUST_BACKTRACE=full" "-e" "RUSTFLAGS=--cap-lints=warn" "-e" "RUSTDOCFLAGS=--cap-lints=warn" "-w" "/opt/rustwide/workdir" "--user" "0:0" "147e27de5def34b0cd88ad352ac22881f4fea3a08c5263330d15a07d4be0f450" "/opt/rustwide/cargo-home/bin/cargo" "+1.100.0-beta.1" "test" "--frozen", kill_on_drop: false }`
[INFO] [stderr]     Finished `test` profile [unoptimized + debuginfo] target(s) in 0.17s
[INFO] [stderr]      Running unittests src/lib.rs (/opt/rustwide/target/debug/build/regexr/cb314901ac497431/out/regexr-cb314901ac497431)
[INFO] [stdout] 
[INFO] [stdout] running 429 tests
[INFO] [stdout] test dfa::eager::tests::test_engine_from_lazy ... ok
[INFO] [stdout] test dfa::eager::tests::test_multiline_end ... ok
[INFO] [stdout] test dfa::eager::tests::test_multiline_start ... ok
[INFO] [stdout] test dfa::eager::tests::test_email_pattern ... ok
[INFO] [stdout] test dfa::eager::tests::test_repetition ... ok
[INFO] [stdout] test dfa::eager::tests::test_anchored_pattern ... ok
[INFO] [stdout] test dfa::eager::tests::test_simple_literal ... ok
[INFO] [stdout] test dfa::eager::tests::test_word_boundary ... ok
[INFO] [stdout] test dfa::eager::tests::test_alternation ... ok
[INFO] [stdout] test dfa::eager::tests::test_start_anchor ... ok
[INFO] [stdout] test dfa::eager::tests::test_end_anchor ... ok
[INFO] [stdout] test dfa::eager::tests::test_engine_state_count ... ok
[INFO] [stdout] test dfa::lazy::interpreter::dfa::tests::closure_scratch_does_not_leak_between_calls ... ok
[INFO] [stdout] test dfa::lazy::interpreter::dfa::tests::context_transitions_merge_into_few_runs ... ok
[INFO] [stdout] test dfa::lazy::interpreter::dfa::tests::end_anchor_in_one_branch_does_not_gate_the_others ... ok
[INFO] [stdout] test dfa::lazy::interpreter::dfa::tests::get_or_create_state_interns_repeated_subset ... ok
[INFO] [stdout] test dfa::lazy::interpreter::dfa::tests::independently_built_identical_subsets_intern_to_one_state ... ok
[INFO] [stdout] test dfa::lazy::tests::flush_mid_search_does_not_truncate_the_match ... ok
[INFO] [stdout] test dfa::eager::tests::test_engine_facade ... ok
[INFO] [stdout] test dfa::lazy::tests::test_anchor_with_pattern ... ok
[INFO] [stdout] test dfa::lazy::tests::test_alternation ... ok
[INFO] [stdout] test dfa::lazy::tests::test_anchor_empty_input ... ok
[INFO] [stdout] test dfa::lazy::tests::test_both_anchors ... ok
[INFO] [stdout] test dfa::lazy::tests::test_end_of_text_anchor ... ok
[INFO] [stdout] test dfa::lazy::tests::cache_ceiling_gives_up_rather_than_answering_wrongly ... ok
[INFO] [stdout] test dfa::lazy::tests::test_cache_flush ... ok
[INFO] [stdout] test dfa::lazy::tests::test_class ... ok
[INFO] [stdout] test dfa::lazy::tests::deferred_flush_runs_once_the_search_ends ... ok
[INFO] [stdout] test dfa::lazy::tests::test_engine_facade ... ok
[INFO] [stdout] test dfa::lazy::tests::test_multiline_start_anchor ... ok
[INFO] [stdout] test dfa::lazy::tests::test_not_word_boundary ... ok
[INFO] [stdout] test dfa::lazy::tests::test_repetition ... ok
[INFO] [stdout] test dfa::lazy::tests::test_engine_state_count ... ok
[INFO] [stdout] test dfa::lazy::tests::test_find ... ok
[INFO] [stdout] test dfa::lazy::tests::test_simple_match ... ok
[INFO] [stdout] test dfa::lazy::tests::test_multiline_end_anchor ... ok
[INFO] [stdout] test dfa::lazy::tests::test_start_anchor_optimization ... ok
[INFO] [stdout] test dfa::lazy::tests::test_word_boundary_no_partial ... ok
[INFO] [stdout] test dfa::lazy::tests::test_start_of_text_anchor ... ok
[INFO] [stdout] test dfa::lazy::tests::test_word_boundary_basic ... ok
[INFO] [stdout] test engine::executor::tests::end_first_search_finds_the_leftmost_match ... ok
[INFO] [stdout] test engine::executor::tests::one_pass_is_built_lazily_and_memoized ... ok
[INFO] [stdout] test engine::executor::tests::one_pass_is_none_without_a_capture_nfa ... ok
[INFO] [stdout] test engine::executor::tests::test_alternation ... ok
[INFO] [stdout] test engine::executor::tests::test_class ... ok
[INFO] [stdout] test engine::executor::tests::test_find ... ok
[INFO] [stdout] test engine::executor::tests::test_is_match ... ok
[INFO] [stdout] test engine::executor::tests::test_legacy_api ... ok
[INFO] [stdout] test engine::executor::tests::test_no_prefilter_class_start ... ok
[INFO] [stdout] test engine::executor::tests::test_prefilter_find_position ... ok
[INFO] [stdout] test engine::executor::tests::test_prefilter_large_input ... ok
[INFO] [stdout] test engine::executor::tests::test_prefilter_literal_extraction ... ok
[INFO] [stdout] test engine::executor::tests::test_prefilter_multiple_matches ... ok
[INFO] [stdout] test engine::executor::tests::test_prefilter_alternation ... ok
[INFO] [stdout] test dfa::lazy::interpreter::linear::tests::linear_search_agrees_with_every_start ... ok
[INFO] [stdout] test engine::executor::tests::test_prefilter_single_literal ... ok
[INFO] [stdout] test engine::executor::tests::test_prefilter_no_match ... ok
[INFO] [stdout] test engine::selector::tests::test_backref_uses_backtracking ... ok
[INFO] [stdout] test engine::selector::tests::test_medium_pattern_uses_shift_or_wide ... ok
[INFO] [stdout] test engine::selector::tests::test_nfa_api_defaults_to_lazy_dfa ... ok
[INFO] [stdout] test engine::selector::tests::test_simple_pattern_uses_shift_or ... ok
[INFO] [stdout] test engine::selector::tests::test_anchors_engine_selection ... ok
[INFO] [stdout] test engine::executor::tests::end_first_search_is_wired_at_every_tagged_site ... ok
[INFO] [stdout] test engine::selector::tests::test_very_long_pattern_uses_lazy_dfa ... ok
[INFO] [stdout] test error::tests::test_error_kind_display ... ok
[INFO] [stdout] test engine::selector::tests::test_word_boundary_uses_lazy_dfa ... ok
[INFO] [stdout] test hash::tests::hashmap_round_trips_with_collisions_by_construction ... ok
[INFO] [stdout] test hash::tests::same_input_hashes_equal ... ok
[INFO] [stdout] test hir::builder::tests::expanded_size_never_returns_zero_for_a_leaf ... ok
[INFO] [stdout] test hir::builder::tests::test_backref_validation ... ok
[INFO] [stdout] test error::tests::test_error_display ... ok
[INFO] [stdout] test hir::builder::tests::test_large_unicode_class_detection ... ok
[INFO] [stdout] test hir::builder::tests::test_merge_ranges ... ok
[INFO] [stdout] test hir::builder::tests::test_case_fold_range_enumeration_matches_brute_force ... ok
[INFO] [stdout] test hash::tests::different_inputs_hash_differently ... ok
[INFO] [stdout] test hir::builder::tests::test_translate_class ... ok
[INFO] [stdout] test engine::executor::tests::end_first_search_agrees_with_the_forward_scan ... ok
[INFO] [stdout] test hir::builder::tests::test_translate_full_codepoint_range ... ok
[INFO] [stdout] test hir::builder::tests::test_translate_high_codepoint_range ... ok
[INFO] [stdout] test dfa::lazy::interpreter::dfa::tests::batched_context_transitions_match_the_per_byte_path ... ok
[INFO] [stdout] test hir::builder::tests::test_translate_literal ... ok
[INFO] [stdout] test hir::builder::tests::test_named_groups_tracking ... ok
[INFO] [stdout] test engine::executor::tests::test_prefilter_with_dot_star ... ok
[INFO] [stdout] test hir::builder::tests::test_translate_emoji_class ... ok
[INFO] [stdout] test engine::executor::tests::every_entry_point_agrees_with_the_end_first_search ... ok
[INFO] [stdout] test hir::builder::tests::test_translate_unicode_single_char ... ok
[INFO] [stdout] test hir::builder::tests::test_translate_mixed_ascii_unicode ... ok
[INFO] [stdout] test hir::builder::tests::translate_ranges_to_hir_unicode_cp_class_fallback_matches_only_named_codepoints ... ok
[INFO] [stdout] test hir::builder::tests::test_translate_unicode_class_greek ... ok
[INFO] [stdout] test hir::grapheme::tests::union_covers_every_input_codepoint ... ok
[INFO] [stdout] test hir::prefix_opt::tests::test_optimize_small_alternation ... ok
[INFO] [stdout] test hir::grapheme::tests::union_is_sorted_and_disjoint ... ok
[INFO] [stdout] test hir::prefix_opt::tests::test_no_common_prefix ... ok
[INFO] [stdout] test hir::prefix_opt::tests::test_optimize_mixed ... ok
[INFO] [stdout] test hir::unicode::tests::test_is_whitespace_byte ... ok
[INFO] [stdout] test hir::prefix_opt::tests::test_optimize_large_alternation ... ok
[INFO] [stdout] test hir::unicode_data::tests::test_ascii_letter ... ok
[INFO] [stdout] test hir::prefix_opt::tests::test_trie_simple ... ok
[INFO] [stdout] test hir::prefix_opt::tests::test_partial_overlap ... ok
[INFO] [stdout] test hir::unicode::tests::test_is_word_byte ... ok
[INFO] [stdout] test hir::builder::tests::translate_ranges_to_hir_negated_excludes_only_named_codepoints ... ok
[INFO] [stdout] test hir::unicode_data::tests::test_case_folding ... ok
[INFO] [stdout] test hir::unicode_data::tests::test_han ... ok
[INFO] [stdout] test hir::unicode_data::tests::test_greek ... ok
[INFO] [stdout] test hir::unicode_data::tests::test_perl_word ... ok
[INFO] [stdout] test hir::unicode_data::tests::test_property_aliases ... ok
[INFO] [stdout] test literal::extractor::tests::test_alternation_multi_prefix ... ok
[INFO] [stdout] test hir::unicode_data::tests::test_scripts ... ok
[INFO] [stdout] test literal::extractor::tests::test_class_no_prefix ... ok
[INFO] [stdout] test literal::extractor::tests::test_concat_break_then_trailing_literal_does_not_double ... ok
[INFO] [stdout] test hir::unicode_data::tests::test_emoji ... ok
[INFO] [stdout] test literal::extractor::tests::test_concat_doubling_shape_extracts_leading_literal_only ... ok
[INFO] [stdout] test literal::extractor::tests::test_concat_extends_prefix ... ok
[INFO] [stdout] test literal::extractor::tests::test_leading_lookaround_does_not_hide_the_prefilter ... ok
[INFO] [stdout] test literal::extractor::tests::test_leading_lookbehind_literal_becomes_an_offset_prefix ... ok
[INFO] [stdout] test literal::extractor::tests::test_alt_doubling_shape_has_no_prefix ... ok
[INFO] [stdout] test literal::extractor::tests::test_alternation_common_prefix ... ok
[INFO] [stdout] test literal::extractor::tests::test_literal_then_class ... ok
[INFO] [stdout] test literal::extractor::tests::test_literal_then_star ... ok
[INFO] [stdout] test literal::extractor::tests::test_long_literal_truncated ... ok
[INFO] [stdout] test literal::extractor::tests::test_no_required_literal_when_a_branch_may_not_need_it ... ok
[INFO] [stdout] test literal::extractor::tests::test_required_literal_from_positive_lookahead ... ok
[INFO] [stdout] test literal::extractor::tests::test_required_literal_from_the_pattern_itself ... ok
[INFO] [stdout] test literal::extractor::tests::test_simple_literal ... ok
[INFO] [stdout] test literal::extractor::tests::test_lookbehind_offset_prefix_is_refused_when_unsound ... ok
[INFO] [stdout] test literal::extractor::tests::test_small_leading_class_yields_a_byte_set ... ok
[INFO] [stdout] test literal::extractor::tests::test_too_many_alternations ... ok
[INFO] [stdout] test literal::prefilter::tests::test_candidate_iter ... ok
[INFO] [stdout] test literal::prefilter::tests::test_candidate_iter_from ... ok
[INFO] [stdout] test literal::prefilter::tests::test_from_literals_single ... ok
[INFO] [stdout] test literal::extractor::tests::test_repeat_one_or_more ... ok
[INFO] [stdout] test literal::extractor::tests::test_nested_alternation ... ok
[INFO] [stdout] test literal::extractor::tests::test_no_prefix ... ok
[INFO] [stdout] test literal::extractor::tests::test_repeat_zero_or_more_no_prefix ... ok
[INFO] [stdout] test literal::prefilter::tests::test_from_literals_empty ... ok
[INFO] [stdout] test literal::prefilter::tests::test_single_byte_prefilter ... ok
[INFO] [stdout] test literal::prefilter::tests::test_multi_literal_prefilter_incomplete ... ok
[INFO] [stdout] test literal::prefilter::tests::test_none_prefilter ... ok
[INFO] [stdout] test literal::prefilter::tests::test_literal_prefilter ... ok
[INFO] [stdout] test literal::prefilter::tests::test_from_literals_single_byte ... ok
[INFO] [stdout] test literal::prefilter::tests::test_multi_literal_prefilter ... ok
[INFO] [stdout] test literal::reverse_suffix::tests::test_plan_accepts_a_class_run_before_a_literal_lookahead ... ok
[INFO] [stdout] test literal::reverse_suffix::tests::test_plan_refuses_everything_that_is_not_one_class_run ... ok
[INFO] [stdout] test literal::reverse_suffix::tests::test_search_confirms_one_start_per_run ... ok
[INFO] [stdout] test literal::reverse_suffix::tests::test_search_never_confirms_a_start_before_the_resume_point ... ok
[INFO] [stdout] test nfa::assertions::tests::edge_assertions_are_accepted ... ok
[INFO] [stdout] test nfa::assertions::tests::interior_or_stacked_assertions_are_refused ... ok
[INFO] [stdout] test nfa::glushkov::tests::test_alternation ... ok
[INFO] [stdout] test nfa::glushkov::tests::test_class ... ok
[INFO] [stdout] test nfa::glushkov::tests::test_dot_star_glushkov ... ok
[INFO] [stdout] test literal::reverse_suffix::tests::test_run_scan_over_a_byte_class ... ok
[INFO] [stdout] test literal::reverse_suffix::tests::test_run_scan_over_a_codepoint_class ... ok
[INFO] [stdout] test literal::reverse_suffix::tests::test_run_start_never_walks_past_the_floor ... ok
[INFO] [stdout] test nfa::glushkov::tests::test_optional ... ok
[INFO] [stdout] test literal::reverse_suffix::tests::test_search_skips_an_empty_run_only_when_the_repeat_needs_one ... ok
[INFO] [stdout] test nfa::glushkov::tests::test_simple_literal ... ok
[INFO] [stdout] test nfa::glushkov::tests::test_star ... ok
[INFO] [stdout] test nfa::glushkov::tests::test_too_many_positions ... ok
[INFO] [stdout] test nfa::reverse::tests::anchors_and_lookaround_are_not_reversed ... ok
[INFO] [stdout] test nfa::priority::tests::a_cut_that_loses_input_is_found ... ok
[INFO] [stdout] test literal::reverse_suffix::tests::test_plan_accepts_a_codepoint_class_run ... ok
[INFO] [stdout] test nfa::priority::tests::single_position_repeats_are_proven ... ok
[INFO] [stdout] test nfa::reverse::tests::reversed_nfa_accepts_the_reversed_strings ... ok
[INFO] [stdout] test nfa::state::max_match_len_tests::backreferences_are_unbounded ... ok
[INFO] [stdout] test nfa::state::max_match_len_tests::optional_and_alternation_take_the_longest_branch ... ok
[INFO] [stdout] test nfa::state::max_match_len_tests::repetition_is_unbounded ... ok
[INFO] [stdout] test nfa::state::max_match_len_tests::zero_width_assertions_add_nothing ... ok
[INFO] [stdout] test nfa::state::tests::test_byte_range ... ok
[INFO] [stdout] test nfa::state::tests::test_epsilon_closure ... ok
[INFO] [stdout] test nfa::tagged::engine::tests::match_at_is_anchored_to_the_position ... ok
[INFO] [stdout] test nfa::state::max_match_len_tests::bound_is_an_upper_bound_on_real_matches ... ok
[INFO] [stdout] test nfa::tagged::engine::tests::match_at_is_anchored_with_lookbehind ... ok
[INFO] [stdout] test nfa::state::max_match_len_tests::fixed_length_patterns_are_exact ... ok
[INFO] [stdout] test nfa::state::max_match_len_tests::multibyte_literals_are_measured_in_bytes ... ok
[INFO] [stdout] test nfa::tagged::interpreter::tagged_nfa::greedy_lookahead_skip_tests::backtrack_lands_on_the_occurrence_that_satisfies_the_assertion ... ok
[INFO] [stdout] test nfa::tagged::interpreter::tagged_nfa::greedy_lookahead_skip_tests::negative_lookahead_satisfied_at_the_greedy_end_keeps_the_whole_run ... ok
[INFO] [stdout] test nfa::tagged::interpreter::tagged_nfa::greedy_lookahead_skip_tests::greedy_prefers_the_longer_of_two_valid_ends ... ok
[INFO] [stdout] test nfa::tagged::interpreter::tagged_nfa::greedy_lookahead_skip_tests::run_reaching_end_of_input_and_exhausted_windows ... ok
[INFO] [stdout] test nfa::tagged::interpreter::tagged_nfa::greedy_lookahead_skip_tests::negative_lookahead_with_a_literal_first_byte_still_backtracks ... ok
[INFO] [stdout] test nfa::tagged::interpreter::tagged_nfa::greedy_lookahead_skip_tests::skip_does_not_overshoot_repeated_first_bytes ... ok
[INFO] [stdout] test nfa::tagged::interpreter::tagged_nfa::greedy_lookahead_skip_tests::star_variant_skips_the_same_way ... ok
[INFO] [stdout] test nfa::tagged::interpreter::tagged_nfa::metering_tests::a_run_that_ends_the_answer_costs_nothing ... ok
[INFO] [stdout] test nfa::tagged::interpreter::tagged_nfa::metering_tests::a_discarded_branch_pays_for_the_run_that_ends_it ... ok
[INFO] [stdout] test nfa::tagged::interpreter::tagged_nfa::multi_width_lookbehind_tests::a_candidate_width_wider_than_the_haystack_is_skipped ... ok
[INFO] [stdout] test nfa::tagged::interpreter::tagged_nfa::multi_width_lookbehind_tests::positive_lookbehind_accepts_every_whitespace_width ... ok
[INFO] [stdout] test nfa::tagged::liveness::tests::test_alternation_no_captures ... ok
[INFO] [stdout] test nfa::tagged::interpreter::tagged_nfa::multi_width_lookbehind_tests::widths_of_two_lookbehind_classes_combine ... ok
[INFO] [stdout] test nfa::tagged::interpreter::tagged_nfa::metering_tests::a_run_with_steps_after_it_runs_out_on_a_quadratic_input ... ok
[INFO] [stdout] test nfa::glushkov::tests::test_plus ... ok
[INFO] [stdout] test nfa::tagged::liveness::tests::test_backref_makes_capture_live ... ok
[INFO] [stdout] test nfa::tagged::liveness::tests::test_alternation_with_captures ... ok
[INFO] [stdout] test nfa::tagged::liveness::tests::test_nested_captures ... ok
[INFO] [stdout] test nfa::glushkov::tests::test_shift_or_masks ... ok
[INFO] [stdout] test nfa::tagged::interpreter::tagged_nfa::multi_width_lookbehind_tests::negative_lookbehind_negates_the_whole_candidate_set ... ok
[INFO] [stdout] test nfa::tagged::liveness::tests::test_lookaround_count ... ok
[INFO] [stdout] test nfa::tagged::steps::fixed_byte_len_tests::a_range_straddling_an_encoding_boundary_spans_both_widths ... ok
[INFO] [stdout] test nfa::tagged::steps::fixed_byte_len_tests::assertions_and_capture_markers_are_zero_width ... ok
[INFO] [stdout] test nfa::tagged::steps::fixed_byte_len_tests::consuming_steps_add_their_width ... ok
[INFO] [stdout] test nfa::tagged::steps::fixed_byte_len_tests::fixed_byte_len_is_the_single_candidate_case ... ok
[INFO] [stdout] test nfa::tagged::steps::fixed_byte_len_tests::codepoint_class_counts_its_utf8_width ... ok
[INFO] [stdout] test nfa::tagged::steps::fixed_byte_len_tests::separate_ranges_contribute_their_own_widths ... ok
[INFO] [stdout] test nfa::tagged::steps::fixed_byte_len_tests::variable_width_codepoint_classes_are_refused ... ok
[INFO] [stdout] test nfa::tagged::liveness::tests::test_simple_capture ... ok
[INFO] [stdout] test nfa::tagged::liveness::tests::test_bitset_operations ... ok
[INFO] [stdout] test nfa::tagged::steps::fixed_byte_len_tests::variable_width_steps_have_no_width_set ... ok
[INFO] [stdout] test nfa::tagged::steps::fixed_byte_len_tests::width_set_of_a_fixed_program_is_a_single_total ... ok
[INFO] [stdout] test nfa::tagged::steps::fixed_byte_len_tests::width_sets_that_fan_out_past_the_cap_are_declined ... ok
[INFO] [stdout] test nfa::tagged::steps::fixed_byte_len_tests::widths_of_successive_steps_form_a_sumset ... ok
[INFO] [stdout] test nfa::tagged::steps::nullable_run_with_assertion_tests::a_genuine_alternation_is_not_recognised_as_a_star ... ok
[INFO] [stdout] test nfa::tagged::steps::nullable_run_with_assertion_tests::a_greedy_byte_class_run_beside_an_assertion_now_extracts ... ok
[INFO] [stdout] test nfa::tagged::steps::nullable_run_with_assertion_tests::a_nullable_run_that_is_not_a_greedy_byte_class_is_still_declined ... ok
[INFO] [stdout] test nfa::tagged::steps::nullable_run_with_assertion_tests::the_non_nullable_sibling_still_takes_the_fast_path ... ok
[INFO] [stdout] test nfa::thompson::tests::test_alternation ... ok
[INFO] [stdout] test nfa::thompson::tests::test_class ... ok
[INFO] [stdout] test nfa::thompson::tests::test_literal ... ok
[INFO] [stdout] test nfa::thompson::tests::test_repetition ... ok
[INFO] [stdout] test nfa::utf8_automata::tests::test_compile_1byte_range ... ok
[INFO] [stdout] test nfa::utf8_automata::tests::test_compile_2byte_range ... ok
[INFO] [stdout] test nfa::utf8_automata::tests::test_compile_cross_boundary_1_2 ... ok
[INFO] [stdout] test nfa::utf8_automata::tests::test_compile_emoji ... ok
[INFO] [stdout] test nfa::utf8_automata::tests::test_compile_greek_letters ... ok
[INFO] [stdout] test nfa::utf8_automata::tests::test_compile_cjk ... ok
[INFO] [stdout] test nfa::tagged::steps::fixed_byte_len_tests::one_refusal_refuses_the_whole_program ... ok
[INFO] [stdout] test nfa::tagged::steps::fixed_byte_len_tests::variable_width_steps_are_refused ... ok
[INFO] [stdout] test nfa::utf8_automata::tests::test_complement_ascii ... ok
[INFO] [stdout] test nfa::utf8_automata::tests::test_complement_cjk ... ok
[INFO] [stdout] test nfa::utf8_automata::tests::test_complement_emoji ... ok
[INFO] [stdout] test nfa::utf8_automata::tests::test_complement_greek ... ok
[INFO] [stdout] test nfa::utf8_automata::tests::test_complement_excludes_surrogates ... ok
[INFO] [stdout] test nfa::tagged::steps::extraction_budget_tests::tokenizer_patterns_stay_under_the_budget ... ok
[INFO] [stdout] test nfa::utf8_automata::tests::test_encode_code_point_2byte ... ok
[INFO] [stdout] test nfa::utf8_automata::tests::test_encode_code_point_3byte ... ok
[INFO] [stdout] test nfa::utf8_automata::tests::test_complement_multiple_ranges ... ok
[INFO] [stdout] test nfa::utf8_automata::tests::test_encode_code_point_4byte ... ok
[INFO] [stdout] test nfa::utf8_automata::tests::test_encode_code_point_ascii ... ok
[INFO] [stdout] test nfa::utf8_automata::tests::test_encode_code_point_invalid ... ok
[INFO] [stdout] test hir::builder::tests::test_small_perl_classes_are_not_large_unicode ... ok
[INFO] [stdout] test nfa::utf8_automata::tests::test_complement_of_small_class_stays_compact ... ok
[INFO] [stdout] test nfa::utf8_automata::tests::test_optimize_sequences ... ok
[INFO] [stdout] test nfa::utf8_automata::tests::test_full_unicode_range ... ok
[INFO] [stdout] test nfa::utf8_automata::tests::test_single_code_point ... ok
[INFO] [stdout] test nfa::utf8_automata::tests::test_complement_single_char ... ok
[INFO] [stdout] test parser::ast::tests::test_is_nullable ... ok
[INFO] [stdout] test nfa::utf8_automata::tests::test_surrogate_skip ... ok
[INFO] [stdout] test parser::ast::tests::test_class_range ... ok
[INFO] [stdout] test parser::class::tests::ascii_control_char_is_never_a_word_char_in_class_either_mode ... ok
[INFO] [stdout] test nfa::utf8_automata::tests::test_full_range_collapses_to_one_sequence_per_width ... ok
[INFO] [stdout] test nfa::utf8_automata::tests::test_utf8_ranges_equality_uses_live_prefix_only ... ok
[INFO] [stdout] test parser::ast::tests::test_repeat_constructors ... ok
[INFO] [stdout] test parser::class::tests::alpha_is_ascii_letters_only ... ok
[INFO] [stdout] test parser::class::tests::ascii_w_in_class_still_excludes_unicode_word_chars ... ok
[INFO] [stdout] test parser::class::tests::non_unicode_d_in_class_ranges_unchanged ... ok
[INFO] [stdout] test parser::class::tests::non_unicode_not_d_in_class_ranges_unchanged ... ok
[INFO] [stdout] test parser::class::tests::non_unicode_w_in_class_ranges_unchanged ... ok
[INFO] [stdout] test parser::class::tests::recognizes_all_14_posix_class_names ... ok
[INFO] [stdout] test parser::class::tests::rejects_unknown_names ... ok
[INFO] [stdout] test parser::class::tests::ascii_d_in_class_still_excludes_unicode_decimal_digits ... ok
[INFO] [stdout] test parser::class::tests::set_ops_match_naive_membership_oracle ... ok
[INFO] [stdout] test parser::class::tests::unicode_d_in_class_matches_unicode_decimal_digits ... ok
[INFO] [stdout] test parser::class::tests::unicode_not_d_in_class_excludes_unicode_decimal_digits ... ok
[INFO] [stdout] test parser::class::tests::space_matches_space_and_tab_but_not_a ... ok
[INFO] [stdout] test parser::class::tests::word_matches_underscore ... ok
[INFO] [stdout] test parser::class::tests::unicode_not_w_in_class_excludes_unicode_word_chars ... ok
[INFO] [stdout] test parser::class::tests::unicode_w_in_class_matches_unicode_word_chars ... ok
[INFO] [stdout] test parser::lexer::tests::test_alert_and_escape_character_escapes ... ok
[INFO] [stdout] test parser::lexer::tests::test_escaped_non_ascii_is_invalid ... ok
[INFO] [stdout] test parser::class::tests::non_unicode_not_w_in_class_ranges_unchanged ... ok
[INFO] [stdout] test parser::lexer::tests::test_backref ... ok
[INFO] [stdout] test parser::lexer::tests::test_escaped_ascii_punctuation_is_literal ... ok
[INFO] [stdout] test parser::class::tests::digit_is_0_to_9 ... ok
[INFO] [stdout] test parser::lexer::tests::test_escapes ... ok
[INFO] [stdout] test parser::lexer::tests::test_hex_escape ... ok
[INFO] [stdout] test parser::lexer::tests::test_invalid_unicode_property_no_char ... ok
[INFO] [stdout] test parser::lexer::tests::test_invalid_escape ... ok
[INFO] [stdout] test parser::lexer::tests::test_invalid_unicode_property_empty ... ok
[INFO] [stdout] test parser::lexer::tests::test_unicode_escape ... ok
[INFO] [stdout] test parser::lexer::tests::test_negated_unicode_property ... ok
[INFO] [stdout] test parser::lexer::tests::test_unicode_property ... ok
[INFO] [stdout] test parser::lexer::tests::test_simple_tokens ... ok
[INFO] [stdout] test parser::lexer::tests::test_unassigned_letter_escape_is_invalid ... ok
[INFO] [stdout] test parser::lexer::tests::test_unicode_property_short ... ok
[INFO] [stdout] test parser::lexer::tests::test_unicode_property_shorthand ... ok
[INFO] [stdout] test parser::tests::test_alternation ... ok
[INFO] [stdout] test parser::tests::test_character_class ... ok
[INFO] [stdout] test parser::tests::test_anchors ... ok
[INFO] [stdout] test parser::tests::test_capturing_group ... ok
[INFO] [stdout] test parser::tests::test_error_nested_quantifier ... ok
[INFO] [stdout] test parser::tests::test_error_quantifier_on_nothing ... ok
[INFO] [stdout] test parser::tests::test_escape_sequences ... ok
[INFO] [stdout] test parser::tests::test_literal ... ok
[INFO] [stdout] test parser::tests::test_lookahead ... ok
[INFO] [stdout] test parser::tests::test_negated_class ... ok
[INFO] [stdout] test parser::tests::test_non_capturing_group ... ok
[INFO] [stdout] test parser::tests::test_quantifiers ... ok
[INFO] [stdout] test parser::tests::test_repetition_range ... ok
[INFO] [stdout] test simd::avx2::tests::test_find_byte2_in_chunk ... ok
[INFO] [stdout] test simd::avx2::tests::test_find_byte3_in_chunk ... ok
[INFO] [stdout] test simd::avx2::tests::test_find_byte_in_chunk ... ok
[INFO] [stdout] test simd::fallback::tests::test_find_byte ... ok
[INFO] [stdout] test parser::tests::test_error_unmatched_paren ... ok
[INFO] [stdout] test simd::fallback::tests::test_find_substring ... ok
[INFO] [stdout] test simd::memchr::tests::test_memchr ... ok
[INFO] [stdout] test simd::memchr::tests::test_memchr2 ... ok
[INFO] [stdout] test simd::memchr::tests::test_memchr3 ... ok
[INFO] [stdout] test simd::memchr::tests::test_memchr_at_chunk_boundaries ... ok
[INFO] [stdout] test simd::memchr::tests::test_memchr_empty ... ok
[INFO] [stdout] test simd::memchr::tests::test_memchr_large ... ok
[INFO] [stdout] test simd::memchr::tests::test_memchr_range_all_match ... ok
[INFO] [stdout] test simd::memchr::tests::test_memchr_range_digits ... ok
[INFO] [stdout] test simd::memchr::tests::test_memchr_range_empty ... ok
[INFO] [stdout] test simd::memchr::tests::test_memchr_range_large ... ok
[INFO] [stdout] test simd::memchr::tests::test_memchr_range_letters ... ok
[INFO] [stdout] test simd::memchr::tests::test_memrchr ... ok
[INFO] [stdout] test simd::memchr::tests::test_memrchr_large ... ok
[INFO] [stdout] test simd::teddy::tests::test_teddy_at_end ... ok
[INFO] [stdout] test simd::teddy::tests::test_teddy_at_start ... ok
[INFO] [stdout] test simd::teddy::tests::test_teddy_empty_haystack ... ok
[INFO] [stdout] test simd::teddy::tests::test_teddy_empty_pattern ... ok
[INFO] [stdout] test simd::teddy::tests::test_teddy_first_pattern_wins ... ok
[INFO] [stdout] test simd::teddy::tests::test_teddy_iter ... ok
[INFO] [stdout] test simd::teddy::tests::test_teddy_iter_multiple_patterns ... ok
[INFO] [stdout] test simd::teddy::tests::test_teddy_large_input ... ok
[INFO] [stdout] test simd::teddy::tests::test_teddy_multiple ... ok
[INFO] [stdout] test simd::teddy::tests::test_teddy_no_match ... ok
[INFO] [stdout] test simd::teddy::tests::test_teddy_overlapping ... ok
[INFO] [stdout] test simd::teddy::tests::test_teddy_single ... ok
[INFO] [stdout] test simd::teddy::tests::test_teddy_too_many_patterns ... ok
[INFO] [stdout] test simd::tests::differential::a_single_match_is_found_at_every_offset ... ok
[INFO] [stdout] test simd::tests::integration_tests::test_avx2_detection ... ok
[INFO] [stdout] test simd::tests::differential::memrchr_returns_the_last_match_not_the_first ... ok
[INFO] [stdout] test simd::tests::integration_tests::test_all_bytes_search ... ok
[INFO] [stdout] test simd::tests::integration_tests::test_consecutive_searches ... ok
[INFO] [stdout] test simd::tests::integration_tests::test_empty_and_short_inputs ... ok
[INFO] [stdout] test simd::tests::integration_tests::test_memchr2_vs_teddy_two_bytes ... ok
[INFO] [stdout] test simd::tests::integration_tests::test_memchr3_priority ... ok
[INFO] [stdout] test simd::tests::integration_tests::test_memchr_family_consistency ... ok
[INFO] [stdout] test simd::tests::integration_tests::test_memchr_vs_teddy_single_byte ... ok
[INFO] [stdout] test simd::tests::integration_tests::test_memrchr_reverse_search ... ok
[INFO] [stdout] test simd::tests::integration_tests::test_multiple_pattern_precedence ... ok
[INFO] [stdout] test simd::tests::integration_tests::test_overlapping_patterns ... ok
[INFO] [stdout] test simd::tests::integration_tests::test_pattern_at_various_alignments ... ok
[INFO] [stdout] test simd::tests::integration_tests::test_repeated_pattern ... ok
[INFO] [stdout] test simd::tests::integration_tests::test_sherlock_holmes_watson ... ok
[INFO] [stdout] test simd::tests::integration_tests::test_teddy_max_patterns ... ok
[INFO] [stdout] test simd::tests::integration_tests::test_teddy_pattern_length_limits ... ok
[INFO] [stdout] test simd::tests::integration_tests::test_unicode_handling ... ok
[INFO] [stdout] test tests::test_ceil_char_boundary ... ok
[INFO] [stdout] test simd::tests::integration_tests::test_binary_data ... ok
[INFO] [stdout] test tests::test_escape_shape ... ok
[INFO] [stdout] test simd::tests::integration_tests::test_large_haystack_performance ... ok
[INFO] [stdout] test tests::test_into_string_lossy ... ok
[INFO] [stdout] test vm::backtracking::interpreter::vm::tests::test_alternation ... ok
[INFO] [stdout] test vm::backtracking::interpreter::vm::tests::test_captures ... ok
[INFO] [stdout] test vm::backtracking::interpreter::vm::tests::test_json_string ... ok
[INFO] [stdout] test vm::backtracking::interpreter::vm::tests::test_simple_literal ... ok
[INFO] [stdout] test vm::backtracking::interpreter::vm::tests::test_star ... ok
[INFO] [stdout] test vm::backtracking::tests::test_alternation ... ok
[INFO] [stdout] test vm::backtracking::tests::test_backref ... ok
[INFO] [stdout] test vm::backtracking::tests::test_captures ... ok
[INFO] [stdout] test vm::backtracking::tests::test_simple_literal ... ok
[INFO] [stdout] test vm::codepoint_class::tests::test_ascii_class ... ok
[INFO] [stdout] test vm::codepoint_class::tests::test_empty_input ... ok
[INFO] [stdout] test vm::codepoint_class::tests::test_greek_class ... ok
[INFO] [stdout] test vm::codepoint_class::tests::test_invalid_utf8 ... ok
[INFO] [stdout] test vm::codepoint_class::tests::test_negated_greek_class ... ok
[INFO] [stdout] test vm::backtracking::interpreter::vm::tests::test_capture_in_star ... ok
[INFO] [stdout] test vm::onepass::tests::a_guarded_match_kills_lower_priority_transitions ... ok
[INFO] [stdout] test vm::onepass::tests::test_compiles_anchors_and_boundaries ... ok
[INFO] [stdout] test vm::onepass::tests::test_compiles_deterministic_pattern ... ok
[INFO] [stdout] test parser::lexer::tests::test_extended_mode_strips_whitespace_and_comments ... ok
[INFO] [stdout] test vm::onepass::tests::test_guarded_match_does_not_end_scan_early ... ok
[INFO] [stdout] test vm::onepass::tests::test_no_match_at_position ... ok
[INFO] [stdout] test vm::onepass::tests::test_rejects_codepoint_class ... ok
[INFO] [stdout] test vm::onepass::tests::test_rejects_lookaround ... ok
[INFO] [stdout] test vm::onepass::tests::test_rejects_overlapping_alternation ... ok
[INFO] [stdout] test vm::onepass::tests::test_anchor_that_fails_rejects_the_position ... ok
[INFO] [stdout] test vm::onepass::tests::test_rejects_backreference ... ok
[INFO] [stdout] test simd::tests::differential::every_entry_point_agrees_with_its_scalar_definition ... ok
[INFO] [stdout] test vm::onepass::tests::test_rejects_state_reachable_under_differing_guards ... ok
[INFO] [stdout] test vm::onepass::tests::test_slot_count_matches_capture_count ... ok
[INFO] [stdout] test vm::onepass::tests::test_slots_match_pike_vm_group_in_repetition ... ok
[INFO] [stdout] test vm::onepass::tests::test_slots_match_pike_vm ... ok
[INFO] [stdout] test vm::onepass::tests::test_slots_match_pike_vm_nested_groups ... ok
[INFO] [stdout] test vm::onepass::tests::test_slots_match_pike_vm_optional_group ... ok
[INFO] [stdout] test vm::onepass::tests::test_slots_match_pike_vm_with_anchors ... ok
[INFO] [stdout] test vm::onepass::tests::test_slots_match_pike_vm_empty_leading_group ... ok
[INFO] [stdout] test vm::onepass::tests::test_slots_match_pike_vm_with_word_boundaries ... ok
[INFO] [stdout] test vm::pike::tests::test_alternation ... ok
[INFO] [stdout] test nfa::utf8_automata::tests::test_complement_boundary_cases ... ok
[INFO] [stdout] test vm::pike::tests::test_context_reuse ... ok
[INFO] [stdout] test vm::pike::tests::test_engine_captures ... ok
[INFO] [stdout] test vm::pike::tests::test_engine_facade ... ok
[INFO] [stdout] test vm::pike::tests::test_find ... ok
[INFO] [stdout] test vm::pike::tests::test_non_greedy ... ok
[INFO] [stdout] test vm::pike::tests::test_repetition ... ok
[INFO] [stdout] test vm::pike::tests::test_simple_match ... ok
[INFO] [stdout] test vm::pike::tests::test_word_boundary ... ok
[INFO] [stdout] test vm::pike::tests::test_anchors ... ok
[INFO] [stdout] test vm::pike::tests::test_backref ... ok
[INFO] [stdout] test vm::shift_or::shared::scan_bound_tests::linear_search_matches_brute_force ... ok
[INFO] [stdout] test vm::pike::tests::test_captures ... ok
[INFO] [stdout] test vm::shift_or::shared::scan_bound_tests::earliest_match_end_agrees_with_scan ... ok
[INFO] [stdout] test vm::shift_or::tests::test_alternation ... ok
[INFO] [stdout] test vm::shift_or::tests::test_anchors_not_supported ... ok
[INFO] [stdout] test vm::shift_or::tests::test_anchors_supported_with_special_constructor ... ok
[INFO] [stdout] test vm::onepass::tests::test_agrees_with_pike_vm_across_assertion_patterns ... ok
[INFO] [stdout] test vm::shift_or::tests::test_compatibility_check ... ok
[INFO] [stdout] test vm::shift_or::shared::scan_bound_tests::bounded_scan_matches_brute_force ... ok
[INFO] [stdout] test vm::shift_or::tests::test_character_class ... ok
[INFO] [stdout] test vm::shift_or::tests::test_find ... ok
[INFO] [stdout] test vm::shift_or::tests::test_hello_dot_star_world ... ok
[INFO] [stdout] test vm::shift_or::tests::test_no_false_positives ... ok
[INFO] [stdout] test vm::shift_or::tests::test_non_greedy_not_supported ... ok
[INFO] [stdout] test vm::shift_or::tests::test_nullable_pattern ... ok
[INFO] [stdout] test vm::shift_or::tests::test_dot_star ... ok
[INFO] [stdout] test vm::shift_or::tests::test_single_char ... ok
[INFO] [stdout] test vm::shift_or::tests::test_simple_literal ... ok
[INFO] [stdout] test vm::onepass::tests::test_rejects_when_closure_cap_exceeded ... ok
[INFO] [stdout] test vm::shift_or::tests::wide_tests::test_wide_compatibility_check ... ok
[INFO] [stdout] test vm::shift_or::tests::wide_tests::test_wide_find_position ... ok
[INFO] [stdout] test vm::shift_or::tests::wide_tests::test_wide_with_alternation ... ok
[INFO] [stdout] test vm::shift_or::tests::wide_tests::test_wide_100_char_literal ... ok
[INFO] [stdout] test vm::shift_or::tests::wide_tests::test_wide_with_dot_star ... ok
[INFO] [stdout] test vm::shift_or::tests::test_word_boundary_not_supported ... ok
[INFO] [stdout] test vm::shift_or::tests::wide_tests::test_wide_200_char_literal ... ok
[INFO] [stdout] test vm::shift_or::tests::wide_tests::test_wide_256_boundary ... ok
[INFO] [stdout] test vm::shift_or::shared::scan_bound_tests::wide_linear_search_matches_brute_force ... ok
[INFO] [stdout] test nfa::tagged::steps::extraction_budget_tests::pathological_sequential_alternations_are_declined_not_built ... ok
[INFO] [stderr]      Running tests/api.rs (/opt/rustwide/target/debug/build/regexr/d615a092080d8c22/out/api-d615a092080d8c22)
[INFO] [stdout] test dfa::lazy::interpreter::linear::tests::linear_search_agrees_on_generated_patterns ... ok
[INFO] [stdout] 
[INFO] [stdout] test result: ok. 429 passed; 0 failed; 0 ignored; 0 measured; 0 filtered out; finished in 1.22s
[INFO] [stdout] 
[INFO] [stdout] 
[INFO] [stdout] running 44 tests
[INFO] [stdout] test api::escape_fn::test_round_trip_empty_string ... ok
[INFO] [stdout] test api::escape_fn::test_round_trip_backslash_sequences ... ok
[INFO] [stdout] test api::escape_fn::test_round_trip_no_metacharacters ... ok
[INFO] [stdout] test api::escape_fn::test_round_trip_mixed_literal_and_meta ... ok
[INFO] [stdout] test api::escape_fn::test_round_trip_embedded_whitespace_and_newlines ... ok
[INFO] [stdout] test api::escape_fn::test_escape_used_as_literal_delimiter ... ok
[INFO] [stdout] test api::escape_fn::test_round_trip_all_metacharacters ... ok
[INFO] [stdout] test api::escape_fn::test_round_trip_unmatched_brackets_and_parens ... ok
[INFO] [stdout] test api::escape_fn::test_round_trip_context_dependent_characters ... ok
[INFO] [stdout] test api::escape_fn::test_escape_output_survives_extended_mode ... ok
[INFO] [stdout] test api::escape_fn::test_escape_does_not_over_escape_safe_characters ... ok
[INFO] [stdout] test api::test_captures_iter_positions ... ok
[INFO] [stdout] test api::test_captures_iter_named ... ok
[INFO] [stdout] test api::test_captures_iter_with_groups ... ok
[INFO] [stdout] test api::test_dot_anchored_against_single_codepoint ... ok
[INFO] [stdout] test api::test_captures_iter_over_multibyte_text ... ok
[INFO] [stdout] test api::test_dot_inside_class_is_a_literal ... ok
[INFO] [stdout] test api::test_captures ... ok
[INFO] [stdout] test api::test_find ... ok
[INFO] [stdout] test api::escape_fn::test_round_trip_repetition_like_text ... ok
[INFO] [stdout] test api::escape_fn::test_round_trip_non_ascii ... ok
[INFO] [stdout] test api::test_find_iter ... ok
[INFO] [stdout] test api::test_captures_iter_basic ... ok
[INFO] [stdout] test api::test_find_iter_dot_over_four_byte_codepoint ... ok
[INFO] [stdout] test api::test_find_iter_ascii_behaviour_unchanged ... ok
[INFO] [stdout] test api::test_find_iter_empty ... ok
[INFO] [stdout] test api::test_find_iter_empty_matches_over_multibyte_text ... ok
[INFO] [stdout] test api::test_empty_match ... ok
[INFO] [stdout] test api::test_find_none ... ok
[INFO] [stdout] test api::test_is_match ... ok
[INFO] [stdout] test api::test_find_iter_dot_over_two_byte_codepoint ... ok
[INFO] [stdout] test api::test_match_range ... ok
[INFO] [stdout] test api::test_regex_new ... ok
[INFO] [stdout] test api::test_replace ... ok
[INFO] [stdout] test api::test_dot_matches_one_whole_codepoint ... ok
[INFO] [stdout] test api::test_replace_all ... ok
[INFO] [stdout] test api::test_replace_all_no_match ... ok
[INFO] [stdout] test api::test_replace_no_match ... ok
[INFO] [stdout] test api::test_find_iter_dot_over_multibyte_text ... ok
[INFO] [stdout] test api::test_replace_over_multibyte_text ... ok
[INFO] [stdout] test api::test_find_iter_never_starts_inside_a_codepoint ... ok
[INFO] [stdout] test api::test_dot_between_ascii_literals ... ok
[INFO] [stdout] test api::test_find_iter_dot_over_three_byte_codepoint ... ok
[INFO] [stdout] test api::test_dot_and_newline ... ok
[INFO] [stdout] 
[INFO] [stdout] test result: ok. 44 passed; 0 failed; 0 ignored; 0 measured; 0 filtered out; finished in 0.03s
[INFO] [stdout] 
[INFO] [stderr]      Running tests/backtracking_jit_agreement.rs (/opt/rustwide/target/debug/build/regexr/1529e35889ee901d/out/backtracking_jit_agreement-1529e35889ee901d)
[INFO] [stdout] 
[INFO] [stdout] running 2 tests
[INFO] [stdout] test a_long_dead_run_is_scanned_without_finding_a_match ... ok
[INFO] [stdout] test backtracking_jit_agrees_with_its_interpreter ... ok
[INFO] [stdout] 
[INFO] [stderr]      Running tests/bounded_execution.rs (/opt/rustwide/target/debug/build/regexr/252e3365e6d6f4f8/out/bounded_execution-252e3365e6d6f4f8)
[INFO] [stdout] test result: ok. 2 passed; 0 failed; 0 ignored; 0 measured; 0 filtered out; finished in 0.04s
[INFO] [stdout] 
[INFO] [stdout] 
[INFO] [stdout] running 36 tests
[INFO] [stdout] 
[INFO] [stdout] running 1 test
[INFO] [stdout] test long_run_iteration_stays_linear ... 
[INFO] [stdout] running 1 test
[INFO] [stdout] test iteration_over_empty_group_loop_terminates ... ok
[INFO] [stdout] running 1 test
[INFO] [stdout] 
[INFO] [stdout] 
[INFO] [stdout] test result: ok. 1 passed; 0 failed; 0 ignored; 0 measured; 35 filtered out; finished in 0.00s
[INFO] [stdout] 
[INFO] [stdout] 
[INFO] [stdout] running 1 test
[INFO] [stdout] 
[INFO] [stdout] running 1 test
[INFO] [stdout] test iteration_over_nullable_loop_terminates ... ok
[INFO] [stdout] 
[INFO] [stdout] test result: ok. 1 passed; 0 failed; 0 ignored; 0 measured; 35 filtered out; finished in 0.00s
[INFO] [stdout] 
[INFO] [stdout] 
[INFO] [stdout] running 1 test
[INFO] [stdout] test eager_dfa_search_grows_linearly ... 
[INFO] [stdout] running 1 test
[INFO] [stdout] test long_greedy_run_before_a_literal_stays_in_bounds ... test lazy_dfa_and_dfa_jit_search_grows_linearly ... test iteration_over_nullable_loop_terminates ... ok
[INFO] [stdout] test long_greedy_run_captures_agree_with_find ... 
[INFO] [stdout] running 1 test
[INFO] [stdout] test long_run_rejection_stays_linear ... test iteration_over_empty_group_loop_terminates ... ok
[INFO] [stdout] ok
[INFO] [stdout] 
[INFO] [stdout] test result: ok. 1 passed; 0 failed; 0 ignored; 0 measured; 35 filtered out; finished in 0.02s
[INFO] [stdout] 
[INFO] [stdout] ok
[INFO] [stdout] 
[INFO] [stdout] test result: ok. 1 passed; 0 failed; 0 ignored; 0 measured; 35 filtered out; finished in 0.03s
[INFO] [stdout] 
[INFO] [stdout] 
[INFO] [stdout] running 1 test
[INFO] [stdout] test many_inline_flag_changes_is_rejected_not_crashed ... test long_greedy_run_captures_agree_with_find ... ok
[INFO] [stdout] 
[INFO] [stdout] running 1 test
[INFO] [stdout] test many_nested_classes_is_rejected_not_crashed ... test long_greedy_run_before_a_literal_stays_in_bounds ... ok
[INFO] [stdout] ok
[INFO] [stdout] 
[INFO] [stdout] test result: ok. 1 passed; 0 failed; 0 ignored; 0 measured; 35 filtered out; finished in 0.01s
[INFO] [stdout] 
[INFO] [stdout] test many_nested_classes_is_rejected_not_crashed ... ok
[INFO] [stdout] 
[INFO] [stdout] running 1 test
[INFO] [stdout] test many_unmatched_open_parens_is_rejected_not_crashed ... 
[INFO] [stdout] running 1 test
[INFO] [stdout] test nested_alt_literal_extraction_terminates ... ok
[INFO] [stdout] 
[INFO] [stdout] test result: ok. 1 passed; 0 failed; 0 ignored; 0 measured; 35 filtered out; finished in 0.02s
[INFO] [stdout] 
[INFO] [stdout] 
[INFO] [stdout] running 1 test
[INFO] [stdout] test many_well_formed_non_capturing_groups_is_rejected_not_crashed ... ok
[INFO] [stdout] 
[INFO] [stdout] test result: ok. 1 passed; 0 failed; 0 ignored; 0 measured; 35 filtered out; finished in 0.01s
[INFO] [stdout] 
[INFO] [stdout] ok
[INFO] [stdout] 
[INFO] [stdout] test result: ok. 1 passed; 0 failed; 0 ignored; 0 measured; 35 filtered out; finished in 0.06s
[INFO] [stdout] 
[INFO] [stdout] test many_inline_flag_changes_is_rejected_not_crashed ... ok
[INFO] [stdout] test many_unmatched_open_parens_is_rejected_not_crashed ... ok
[INFO] [stdout] test many_well_formed_non_capturing_groups_is_rejected_not_crashed ... ok
[INFO] [stdout] 
[INFO] [stdout] running 1 test
[INFO] [stdout] test nested_capture_inside_nullable_loop_terminates ... 
[INFO] [stdout] running 1 test
[INFO] [stdout] test nested_concat_in_lookahead_literal_extraction_terminates ... ok
[INFO] [stdout] 
[INFO] [stdout] test result: ok. 1 passed; 0 failed; 0 ignored; 0 measured; 35 filtered out; finished in 0.02s
[INFO] [stdout] 
[INFO] [stdout] 
[INFO] [stdout] running 1 test
[INFO] [stdout] test nested_concat_literal_extraction_terminates ... ok
[INFO] [stdout] 
[INFO] [stdout] test result: ok. 1 passed; 0 failed; 0 ignored; 0 measured; 35 filtered out; finished in 0.02s
[INFO] [stdout] 
[INFO] [stdout] ok
[INFO] [stdout] 
[INFO] [stdout] test result: ok. 1 passed; 0 failed; 0 ignored; 0 measured; 35 filtered out; finished in 0.02s
[INFO] [stdout] 
[INFO] [stdout] test nested_concat_in_lookahead_literal_extraction_terminates ... ok
[INFO] [stdout] test nested_capture_inside_nullable_loop_terminates ... ok
[INFO] [stdout] test nested_concat_literal_extraction_terminates ... ok
[INFO] [stdout] ok
[INFO] [stdout] 
[INFO] [stdout] test result: ok. 1 passed; 0 failed; 0 ignored; 0 measured; 35 filtered out; finished in 0.11s
[INFO] [stdout] 
[INFO] [stdout] 
[INFO] [stdout] running 1 test
[INFO] [stdout] test nested_plus_does_not_backtrack_exponentially ... 
[INFO] [stdout] running 1 test
[INFO] [stdout] test nested_star_does_not_backtrack_exponentially ... ok
[INFO] [stdout] 
[INFO] [stdout] test result: ok. 1 passed; 0 failed; 0 ignored; 0 measured; 35 filtered out; finished in 0.01s
[INFO] [stdout] 
[INFO] [stdout] ok
[INFO] [stdout] 
[INFO] [stdout] test result: ok. 1 passed; 0 failed; 0 ignored; 0 measured; 35 filtered out; finished in 0.02s
[INFO] [stdout] 
[INFO] [stdout] test nested_alt_literal_extraction_terminates ... ok
[INFO] [stdout] test nested_star_does_not_backtrack_exponentially ... ok
[INFO] [stdout] 
[INFO] [stdout] running 1 test
[INFO] [stdout] test nested_plus_reports_the_match_it_finds ... test nested_plus_does_not_backtrack_exponentially ... ok
[INFO] [stdout] 
[INFO] [stdout] running 1 test
[INFO] [stdout] test nesting_just_under_the_limit_still_compiles ... ok
[INFO] [stdout] 
[INFO] [stdout] test result: ok. 1 passed; 0 failed; 0 ignored; 0 measured; 35 filtered out; finished in 0.01s
[INFO] [stdout] 
[INFO] [stdout] 
[INFO] [stdout] running 1 test
[INFO] [stdout] test nested_star_over_nullable_body_terminates ... ok
[INFO] [stdout] 
[INFO] [stdout] test result: ok. 1 passed; 0 failed; 0 ignored; 0 measured; 35 filtered out; finished in 0.01s
[INFO] [stdout] 
[INFO] [stdout] 
[INFO] [stdout] running 1 test
[INFO] [stdout] test nested_star_over_nullable_body_matches_empty_at_start ... ok
[INFO] [stdout] 
[INFO] [stdout] test result: ok. 1 passed; 0 failed; 0 ignored; 0 measured; 35 filtered out; finished in 0.01s
[INFO] [stdout] 
[INFO] [stdout] test nesting_just_under_the_limit_still_compiles ... ok
[INFO] [stdout] 
[INFO] [stdout] running 1 test
[INFO] [stdout] test nested_plus_reports_the_match_it_finds ... ok
[INFO] [stdout] test nullable_loop_captures_agree_with_find ... ok
[INFO] [stdout] 
[INFO] [stdout] test result: ok. 1 passed; 0 failed; 0 ignored; 0 measured; 35 filtered out; finished in 0.03s
[INFO] [stdout] 
[INFO] [stdout] 
[INFO] [stdout] running 1 test
[INFO] [stdout] test nullable_loop_followed_by_literal_terminates ... oktest nested_star_over_nullable_body_terminates ... ok
[INFO] [stdout] 
[INFO] [stdout] 
[INFO] [stdout] test result: ok. 1 passed; 0 failed; 0 ignored; 0 measured; 35 filtered out; finished in 0.02s
[INFO] [stdout] 
[INFO] [stdout] ok
[INFO] [stdout] 
[INFO] [stdout] test result: ok. 1 passed; 0 failed; 0 ignored; 0 measured; 35 filtered out; finished in 0.01s
[INFO] [stdout] 
[INFO] [stdout] test nested_star_over_nullable_body_matches_empty_at_start ... ok
[INFO] [stdout] test nullable_loop_followed_by_literal_terminates ... ok
[INFO] [stdout] test nullable_loop_captures_agree_with_find ... ok
[INFO] [stdout] 
[INFO] [stdout] running 1 test
[INFO] [stdout] test plus_over_empty_group_terminates ... ok
[INFO] [stdout] 
[INFO] [stdout] test result: ok. 1 passed; 0 failed; 0 ignored; 0 measured; 35 filtered out; finished in 0.01s
[INFO] [stdout] 
[INFO] [stdout] 
[INFO] [stdout] running 1 test
[INFO] [stdout] 
[INFO] [stdout] running 1 test
[INFO] [stdout] test nullable_repetition_does_not_blow_up_compile_time ... test pathological_sequential_alternations_do_not_blow_up_compile_time ... 
[INFO] [stdout] running 1 test
[INFO] [stdout] test pikevm_search_grows_linearly ... test plus_over_empty_group_terminates ... ok
[INFO] [stdout] 
[INFO] [stdout] running 1 test
[INFO] [stdout] test plus_over_nullable_body_terminates ... ok
[INFO] [stdout] 
[INFO] [stdout] test result: ok. 1 passed; 0 failed; 0 ignored; 0 measured; 35 filtered out; finished in 0.00s
[INFO] [stdout] 
[INFO] [stdout] test plus_over_nullable_body_terminates ... ok
[INFO] [stdout] 
[INFO] [stdout] running 1 test
[INFO] [stdout] test repeated_grapheme_cluster_terminates_on_the_tagged_path ... ok
[INFO] [stdout] 
[INFO] [stdout] test result: ok. 1 passed; 0 failed; 0 ignored; 0 measured; 35 filtered out; finished in 0.11s
[INFO] [stdout] 
[INFO] [stdout] test nullable_repetition_does_not_blow_up_compile_time ... ok
[INFO] [stdout] 
[INFO] [stdout] running 1 test
[INFO] [stdout] test shift_or_search_grows_linearly ... ok
[INFO] [stdout] 
[INFO] [stdout] test result: ok. 1 passed; 0 failed; 0 ignored; 0 measured; 35 filtered out; finished in 0.30s
[INFO] [stdout] 
[INFO] [stdout] test repeated_grapheme_cluster_terminates_on_the_tagged_path ... ok
[INFO] [stdout] 
[INFO] [stdout] running 1 test
[INFO] [stdout] test star_over_bounded_nullable_body_terminates ... ok
[INFO] [stdout] 
[INFO] [stdout] test result: ok. 1 passed; 0 failed; 0 ignored; 0 measured; 35 filtered out; finished in 0.01s
[INFO] [stdout] 
[INFO] [stdout] test star_over_bounded_nullable_body_terminates ... ok
[INFO] [stdout] 
[INFO] [stdout] running 1 test
[INFO] [stdout] test star_over_optional_body_terminates ... ok
[INFO] [stdout] 
[INFO] [stdout] test result: ok. 1 passed; 0 failed; 0 ignored; 0 measured; 35 filtered out; finished in 0.00s
[INFO] [stdout] 
[INFO] [stdout] test star_over_optional_body_terminates ... ok
[INFO] [stdout] 
[INFO] [stdout] running 1 test
[INFO] [stdout] test tagged_nfa_search_grows_linearly ... ok
[INFO] [stdout] 
[INFO] [stdout] test result: ok. 1 passed; 0 failed; 0 ignored; 0 measured; 35 filtered out; finished in 1.81s
[INFO] [stdout] 
[INFO] [stdout] test pathological_sequential_alternations_do_not_blow_up_compile_time ... ok
[INFO] [stdout] 
[INFO] [stdout] running 1 test
[INFO] [stdout] test very_long_greedy_run_before_a_literal_stays_in_bounds ... ok
[INFO] [stdout] 
[INFO] [stdout] test result: ok. 1 passed; 0 failed; 0 ignored; 0 measured; 35 filtered out; finished in 0.03s
[INFO] [stdout] 
[INFO] [stdout] test very_long_greedy_run_before_a_literal_stays_in_bounds ... ok
[INFO] [stdout] 
[INFO] [stdout] running 1 test
[INFO] [stdout] test word_boundary_long_run_rejection_stays_linear ... ok
[INFO] [stdout] 
[INFO] [stdout] test result: ok. 1 passed; 0 failed; 0 ignored; 0 measured; 35 filtered out; finished in 1.36s
[INFO] [stdout] 
[INFO] [stdout] test word_boundary_long_run_rejection_stays_linear ... ok
[INFO] [stderr] 
[INFO] [stderr] thread 'eager_dfa_search_grows_linearly' (1718) panicked at tests/bounded_execution.rs:656:5:
[INFO] [stderr] superlinear growth:
[INFO] [stderr] jit EagerDfa "a.*b" find_iter: 437.82µs at n, 4.78146ms at 4n (10.9x)
[INFO] [stderr] jit EagerDfa "a.*b" captures: 452.671µs at n, 4.95935ms at 4n (11.0x)
[INFO] [stderr] interp EagerDfa "a.*b" is_match: 486.92µs at n, 8.99602ms at 4n (18.5x)
[INFO] [stderr] interp EagerDfa "a.*b" captures: 487.29µs at n, 7.05942ms at 4n (14.5x)
[INFO] [stderr] jit EagerDfa "(?is)a.*b" find: 263.18µs at n, 4.07607ms at 4n (15.5x)
[INFO] [stderr] interp EagerDfa "\\w+\\s" captures: 2.52755ms at n, 42.467188ms at 4n (16.8x)
[INFO] [stderr] stack backtrace:
[INFO] [stderr]    0:     0x5daf64062271 - std[617be2ca0a6fd877]::backtrace_rs::backtrace::libunwind::trace
[INFO] [stderr]                                at /rustc/e3feeb59cd1bdd011a2bfcc0747b55125d9b8527/library/std/src/../../backtrace/src/backtrace/libunwind.rs:117:9
[INFO] [stderr]    1:     0x5daf64062271 - std[617be2ca0a6fd877]::backtrace_rs::backtrace::trace_unsynchronized::<std[617be2ca0a6fd877]::sys::backtrace::_print_fmt::{closure#1}>
[INFO] [stderr]                                at /rustc/e3feeb59cd1bdd011a2bfcc0747b55125d9b8527/library/std/src/../../backtrace/src/backtrace/mod.rs:66:14
[INFO] [stderr]    2:     0x5daf64062271 - std[617be2ca0a6fd877]::sys::backtrace::_print_fmt
[INFO] [stderr]                                at /rustc/e3feeb59cd1bdd011a2bfcc0747b55125d9b8527/library/std/src/sys/backtrace.rs:74:9
[INFO] [stderr]    3:     0x5daf64062271 - <<std[617be2ca0a6fd877]::sys::backtrace::BacktraceLock>::print::DisplayBacktrace as core[a373ad73a504971]::fmt::Display>::fmt
[INFO] [stderr]                                at /rustc/e3feeb59cd1bdd011a2bfcc0747b55125d9b8527/library/std/src/sys/backtrace.rs:44:26
[INFO] [stderr]    4:     0x5daf6407762a - <core[a373ad73a504971]::fmt::rt::Argument>::fmt
[INFO] [stderr]                                at /rustc/e3feeb59cd1bdd011a2bfcc0747b55125d9b8527/library/core/src/fmt/rt.rs:152:76
[INFO] [stderr]    5:     0x5daf6407762a - core[a373ad73a504971]::fmt::write
[INFO] [stderr]    6:     0x5daf6406748c - core[a373ad73a504971]::io::write::default_write_fmt::<std[617be2ca0a6fd877]::sys::stdio::unix::Stderr>
[INFO] [stderr]                                at /rustc/e3feeb59cd1bdd011a2bfcc0747b55125d9b8527/library/core/src/io/write.rs:402:11
[INFO] [stderr]    7:     0x5daf6406748c - <std[617be2ca0a6fd877]::sys::stdio::unix::Stderr as core[a373ad73a504971]::io::write::Write>::write_fmt
[INFO] [stderr]                                at /rustc/e3feeb59cd1bdd011a2bfcc0747b55125d9b8527/library/core/src/io/write.rs:335:13
[INFO] [stderr]    8:     0x5daf6403e256 - <std[617be2ca0a6fd877]::sys::backtrace::BacktraceLock>::print
[INFO] [stderr]                                at /rustc/e3feeb59cd1bdd011a2bfcc0747b55125d9b8527/library/std/src/sys/backtrace.rs:47:9
[INFO] [stderr]    9:     0x5daf6403e256 - std[617be2ca0a6fd877]::panicking::default_hook::{closure#0}
[INFO] [stderr]                                at /rustc/e3feeb59cd1bdd011a2bfcc0747b55125d9b8527/library/std/src/panicking.rs:289:27
[INFO] [stderr]   10:     0x5daf6405a811 - std[617be2ca0a6fd877]::panicking::default_hook
[INFO] [stderr]                                at /rustc/e3feeb59cd1bdd011a2bfcc0747b55125d9b8527/library/std/src/panicking.rs:316:9
[INFO] [stderr]   11:     0x5daf6405a9cb - std[617be2ca0a6fd877]::panicking::panic_with_hook
[INFO] [stderr]                                at /rustc/e3feeb59cd1bdd011a2bfcc0747b55125d9b8527/library/std/src/panicking.rs:811:13
[INFO] [stderr]   12:     0x5daf6403e302 - std[617be2ca0a6fd877]::panicking::panic_handler::{closure#0}
[INFO] [stderr]                                at /rustc/e3feeb59cd1bdd011a2bfcc0747b55125d9b8527/library/std/src/panicking.rs:685:13
[INFO] [stderr]   13:     0x5daf64037019 - std[617be2ca0a6fd877]::sys::backtrace::__rust_end_short_backtrace::<std[617be2ca0a6fd877]::panicking::panic_handler::{closure#0}, !>
[INFO] [stderr]                                at /rustc/e3feeb59cd1bdd011a2bfcc0747b55125d9b8527/library/std/src/sys/backtrace.rs:182:18
[INFO] [stderr]   14:     0x5daf6403ef0d - __rustc[ea4f61d10b84890b]::rust_begin_unwind
[INFO] [stderr]                                at /rustc/e3feeb59cd1bdd011a2bfcc0747b55125d9b8527/library/std/src/panicking.rs:676:5
[INFO] [stderr]   15:     0x5daf64077e5c - core[a373ad73a504971]::panicking::panic_fmt
[INFO] [stderr]                                at /rustc/e3feeb59cd1bdd011a2bfcc0747b55125d9b8527/library/core/src/panicking.rs:80:14
[INFO] [stderr]   16:     0x5daf63d9dbe3 - bounded_execution[b1e0c2bed8fb37a7]::assert_linear_growth
[INFO] [stderr]                                at /opt/rustwide/workdir/tests/bounded_execution.rs:656:5
[INFO] [stderr]   17:     0x5daf63d94c88 - bounded_execution[b1e0c2bed8fb37a7]::eager_dfa_search_grows_linearly::{closure#0}
[INFO] [stderr]                                at /opt/rustwide/workdir/tests/bounded_execution.rs:668:9
[INFO] [stderr]   18:     0x5daf63d8346d - bounded_execution[b1e0c2bed8fb37a7]::bounded_within::<bounded_execution[b1e0c2bed8fb37a7]::eager_dfa_search_grows_linearly::{closure#0}>
[INFO] [stderr]                                at /opt/rustwide/workdir/tests/bounded_execution.rs:58:9
[INFO] [stderr]   19:     0x5daf63d9f369 - bounded_execution[b1e0c2bed8fb37a7]::eager_dfa_search_grows_linearly
[INFO] [stderr]                                at /opt/rustwide/workdir/tests/bounded_execution.rs:667:5
[INFO] [stderr]   20:     0x5daf63d93d67 - bounded_execution[b1e0c2bed8fb37a7]::eager_dfa_search_grows_linearly::{closure#0}
[INFO] [stderr]                                at /opt/rustwide/workdir/tests/bounded_execution.rs:666:37
[INFO] [stderr]   21:     0x5daf63da8826 - <bounded_execution[b1e0c2bed8fb37a7]::eager_dfa_search_grows_linearly::{closure#0} as core[a373ad73a504971]::ops::function::FnOnce<()>>::call_once
[INFO] [stderr]                                at /rustc/e3feeb59cd1bdd011a2bfcc0747b55125d9b8527/library/core/src/ops/function.rs:250:5
[INFO] [stderr]   22:     0x5daf63daf2db - <fn() -> core[a373ad73a504971]::result::Result<(), alloc[2e1b2a31b91974c5]::string::String> as core[a373ad73a504971]::ops::function::FnOnce<()>>::call_once
[INFO] [stderr]                                at /rustc/e3feeb59cd1bdd011a2bfcc0747b55125d9b8527/library/core/src/ops/function.rs:250:5
[INFO] [stderr]   23:     0x5daf63daf2db - test[aada8e7e76ba119b]::__rust_begin_short_backtrace::<core[a373ad73a504971]::result::Result<(), alloc[2e1b2a31b91974c5]::string::String>, fn() -> core[a373ad73a504971]::result::Result<(), alloc[2e1b2a31b91974c5]::string::String>>
[INFO] [stderr]                                at /rustc/e3feeb59cd1bdd011a2bfcc0747b55125d9b8527/library/test/src/lib.rs:701:18
[INFO] [stderr]   24:     0x5daf63dbc4b5 - test[aada8e7e76ba119b]::run_test_in_process::{closure#0}
[INFO] [stderr]                                at /rustc/e3feeb59cd1bdd011a2bfcc0747b55125d9b8527/library/test/src/lib.rs:724:74
[INFO] [stderr]   25:     0x5daf63dbc4b5 - <core[a373ad73a504971]::panic::unwind_safe::AssertUnwindSafe<test[aada8e7e76ba119b]::run_test_in_process::{closure#0}> as core[a373ad73a504971]::ops::function::FnOnce<()>>::call_once
[INFO] [stderr]                                at /rustc/e3feeb59cd1bdd011a2bfcc0747b55125d9b8527/library/core/src/panic/unwind_safe.rs:275:9
[INFO] [stderr]   26:     0x5daf63dbc4b5 - std[617be2ca0a6fd877]::panicking::catch_unwind::do_call::<core[a373ad73a504971]::panic::unwind_safe::AssertUnwindSafe<test[aada8e7e76ba119b]::run_test_in_process::{closure#0}>, core[a373ad73a504971]::result::Result<(), alloc[2e1b2a31b91974c5]::string::String>>
[INFO] [stderr]                                at /rustc/e3feeb59cd1bdd011a2bfcc0747b55125d9b8527/library/std/src/panicking.rs:573:43
[INFO] [stderr]   27:     0x5daf63dbc4b5 - std[617be2ca0a6fd877]::panicking::catch_unwind::<core[a373ad73a504971]::result::Result<(), alloc[2e1b2a31b91974c5]::string::String>, core[a373ad73a504971]::panic::unwind_safe::AssertUnwindSafe<test[aada8e7e76ba119b]::run_test_in_process::{closure#0}>>
[INFO] [stderr]                                at /rustc/e3feeb59cd1bdd011a2bfcc0747b55125d9b8527/library/std/src/panicking.rs:541:19
[INFO] [stderr]   28:     0x5daf63dbc4b5 - std[617be2ca0a6fd877]::panic::catch_unwind::<core[a373ad73a504971]::panic::unwind_safe::AssertUnwindSafe<test[aada8e7e76ba119b]::run_test_in_process::{closure#0}>, core[a373ad73a504971]::result::Result<(), alloc[2e1b2a31b91974c5]::string::String>>
[INFO] [stderr]                                at /rustc/e3feeb59cd1bdd011a2bfcc0747b55125d9b8527/library/std/src/panic.rs:359:14
[INFO] [stderr]   29:     0x5daf63dbc4b5 - test[aada8e7e76ba119b]::run_test_in_process
[INFO] [stderr]                                at /rustc/e3feeb59cd1bdd011a2bfcc0747b55125d9b8527/library/test/src/lib.rs:724:27
[INFO] [stderr]   30:     0x5daf63dbc4b5 - test[aada8e7e76ba119b]::run_test::{closure#0}
[INFO] [stderr]                                at /rustc/e3feeb59cd1bdd011a2bfcc0747b55125d9b8527/library/test/src/lib.rs:645:43
[INFO] [stderr]   31:     0x5daf63db5da4 - test[aada8e7e76ba119b]::run_test::{closure#1}
[INFO] [stderr]                                at /rustc/e3feeb59cd1bdd011a2bfcc0747b55125d9b8527/library/test/src/lib.rs:675:41
[INFO] [stderr]   32:     0x5daf63db5da4 - std[617be2ca0a6fd877]::sys::backtrace::__rust_begin_short_backtrace::<test[aada8e7e76ba119b]::run_test::{closure#1}, ()>
[INFO] [stderr]                                at /rustc/e3feeb59cd1bdd011a2bfcc0747b55125d9b8527/library/std/src/sys/backtrace.rs:166:18
[INFO] [stderr]   33:     0x5daf63dbf542 - std[617be2ca0a6fd877]::thread::lifecycle::spawn_unchecked::<test[aada8e7e76ba119b]::run_test::{closure#1}, ()>::{closure#1}::{closure#0}
[INFO] [stderr]                                at /rustc/e3feeb59cd1bdd011a2bfcc0747b55125d9b8527/library/std/src/thread/lifecycle.rs:70:13
[INFO] [stderr]   34:     0x5daf63dbf542 - <core[a373ad73a504971]::panic::unwind_safe::AssertUnwindSafe<std[617be2ca0a6fd877]::thread::lifecycle::spawn_unchecked<test[aada8e7e76ba119b]::run_test::{closure#1}, ()>::{closure#1}::{closure#0}> as core[a373ad73a504971]::ops::function::FnOnce<()>>::call_once
[INFO] [stderr]                                at /rustc/e3feeb59cd1bdd011a2bfcc0747b55125d9b8527/library/core/src/panic/unwind_safe.rs:275:9
[INFO] [stderr]   35:     0x5daf63dbf542 - std[617be2ca0a6fd877]::panicking::catch_unwind::do_call::<core[a373ad73a504971]::panic::unwind_safe::AssertUnwindSafe<std[617be2ca0a6fd877]::thread::lifecycle::spawn_unchecked<test[aada8e7e76ba119b]::run_test::{closure#1}, ()>::{closure#1}::{closure#0}>, ()>
[INFO] [stderr]                                at /rustc/e3feeb59cd1bdd011a2bfcc0747b55125d9b8527/library/std/src/panicking.rs:573:43
[INFO] [stderr]   36:     0x5daf63dbf542 - std[617be2ca0a6fd877]::panicking::catch_unwind::<(), core[a373ad73a504971]::panic::unwind_safe::AssertUnwindSafe<std[617be2ca0a6fd877]::thread::lifecycle::spawn_unchecked<test[aada8e7e76ba119b]::run_test::{closure#1}, ()>::{closure#1}::{closure#0}>>
[INFO] [stderr]                                at /rustc/e3feeb59cd1bdd011a2bfcc0747b55125d9b8527/library/std/src/panicking.rs:541:19
[INFO] [stderr]   37:     0x5daf63dbf542 - std[617be2ca0a6fd877]::panic::catch_unwind::<core[a373ad73a504971]::panic::unwind_safe::AssertUnwindSafe<std[617be2ca0a6fd877]::thread::lifecycle::spawn_unchecked<test[aada8e7e76ba119b]::run_test::{closure#1}, ()>::{closure#1}::{closure#0}>, ()>
[INFO] [stderr]                                at /rustc/e3feeb59cd1bdd011a2bfcc0747b55125d9b8527/library/std/src/panic.rs:359:14
[INFO] [stderr]   38:     0x5daf63dbf542 - std[617be2ca0a6fd877]::thread::lifecycle::spawn_unchecked::<test[aada8e7e76ba119b]::run_test::{closure#1}, ()>::{closure#1}
[INFO] [stderr]                                at /rustc/e3feeb59cd1bdd011a2bfcc0747b55125d9b8527/library/std/src/thread/lifecycle.rs:68:26
[INFO] [stderr]   39:     0x5daf63dbf542 - <std[617be2ca0a6fd877]::thread::lifecycle::spawn_unchecked<test[aada8e7e76ba119b]::run_test::{closure#1}, ()>::{closure#1} as core[a373ad73a504971]::ops::function::FnOnce<()>>::call_once::{shim:vtable#0}
[INFO] [stderr]                                at /rustc/e3feeb59cd1bdd011a2bfcc0747b55125d9b8527/library/core/src/ops/function.rs:250:5
[INFO] [stderr]   40:     0x5daf64061acf - <alloc[2e1b2a31b91974c5]::boxed::Box<dyn core[a373ad73a504971]::ops::function::FnOnce<(), Output = ()> + core[a373ad73a504971]::marker::Send> as core[a373ad73a504971]::ops::function::FnOnce<()>>::call_once
[INFO] [stderr]                                at /rustc/e3feeb59cd1bdd011a2bfcc0747b55125d9b8527/library/alloc/src/boxed.rs:2314:9
[INFO] [stderr]   41:     0x5daf64061acf - <std[617be2ca0a6fd877]::sys::thread::unix::Thread>::new::thread_start
[INFO] [stderr]                                at /rustc/e3feeb59cd1bdd011a2bfcc0747b55125d9b8527/library/std/src/sys/thread/unix.rs:127:17
[INFO] [stderr]   42:     0x7ba3253d5dfa - <unknown>
[INFO] [stderr]   43:     0x7ba3254693d4 - clone
[INFO] [stderr]   44:                0x0 - <unknown>
[INFO] [stdout] FAILED
[INFO] [stdout] 
[INFO] [stdout] failures:
[INFO] [stdout] 
[INFO] [stdout] failures:
[INFO] [stdout]     eager_dfa_search_grows_linearly
[INFO] [stdout] 
[INFO] [stdout] test result: FAILED. 0 passed; 1 failed; 0 ignored; 0 measured; 35 filtered out; finished in 4.08s
[INFO] [stdout] 
[INFO] [stdout] test eager_dfa_search_grows_linearly ... FAILED
[INFO] [stderr] 
[INFO] [stderr] thread 'shift_or_search_grows_linearly' (1791) panicked at tests/bounded_execution.rs:656:5:
[INFO] [stderr] superlinear growth:
[INFO] [stderr] jit ShiftOr "[a-z]+\\d" captures: 2.36753ms at n, 67.775559ms at 4n (28.6x)
[INFO] [stderr] interp ShiftOr "[a-z]+\\d" captures: 2.58282ms at n, 68.535638ms at 4n (26.5x)
[INFO] [stderr] interp ShiftOr "(a+)+$" find: 568.69µs at n, 5.28283ms at 4n (9.3x)
[INFO] [stderr] interp ShiftOr "(a+)+$" is_match: 624.5µs at n, 7.42506ms at 4n (11.9x)
[INFO] [stderr] interp ShiftOr "(a+)+$" captures: 27.190599ms at n, 304.300542ms at 4n (11.2x)
[INFO] [stderr] jit ShiftOrWide "x[a-z]*y{70}" find: 4.502829ms at n, 37.226509ms at 4n (8.3x)
[INFO] [stderr] jit ShiftOrWide "x[a-z]*y{70}" find_iter: 1.49133ms at n, 32.160909ms at 4n (21.6x)
[INFO] [stderr] jit ShiftOrWide "x[a-z]*y{70}" captures: 1.38044ms at n, 39.234709ms at 4n (28.4x)
[INFO] [stderr] interp ShiftOrWide "x[a-z]*y{70}" find: 1.46346ms at n, 50.717888ms at 4n (34.7x)
[INFO] [stderr] interp ShiftOrWide "x[a-z]*y{70}" find_iter: 1.42891ms at n, 42.382429ms at 4n (29.7x)
[INFO] [stderr] interp ShiftOrWide "x[a-z]*y{70}" is_match: 1.4072ms at n, 40.929069ms at 4n (29.1x)
[INFO] [stderr] interp ShiftOrWide "x[a-z]*y{70}" captures: 1.3755ms at n, 44.718029ms at 4n (32.5x)
[INFO] [stderr] stack backtrace:
[INFO] [stderr]    0:     0x625968384271 - std[617be2ca0a6fd877]::backtrace_rs::backtrace::libunwind::trace
[INFO] [stderr]                                at /rustc/e3feeb59cd1bdd011a2bfcc0747b55125d9b8527/library/std/src/../../backtrace/src/backtrace/libunwind.rs:117:9
[INFO] [stderr]    1:     0x625968384271 - std[617be2ca0a6fd877]::backtrace_rs::backtrace::trace_unsynchronized::<std[617be2ca0a6fd877]::sys::backtrace::_print_fmt::{closure#1}>
[INFO] [stderr]                                at /rustc/e3feeb59cd1bdd011a2bfcc0747b55125d9b8527/library/std/src/../../backtrace/src/backtrace/mod.rs:66:14
[INFO] [stderr]    2:     0x625968384271 - std[617be2ca0a6fd877]::sys::backtrace::_print_fmt
[INFO] [stderr]                                at /rustc/e3feeb59cd1bdd011a2bfcc0747b55125d9b8527/library/std/src/sys/backtrace.rs:74:9
[INFO] [stderr]    3:     0x625968384271 - <<std[617be2ca0a6fd877]::sys::backtrace::BacktraceLock>::print::DisplayBacktrace as core[a373ad73a504971]::fmt::Display>::fmt
[INFO] [stderr]                                at /rustc/e3feeb59cd1bdd011a2bfcc0747b55125d9b8527/library/std/src/sys/backtrace.rs:44:26
[INFO] [stderr]    4:     0x62596839962a - <core[a373ad73a504971]::fmt::rt::Argument>::fmt
[INFO] [stderr]                                at /rustc/e3feeb59cd1bdd011a2bfcc0747b55125d9b8527/library/core/src/fmt/rt.rs:152:76
[INFO] [stderr]    5:     0x62596839962a - core[a373ad73a504971]::fmt::write
[INFO] [stderr]    6:     0x62596838948c - core[a373ad73a504971]::io::write::default_write_fmt::<std[617be2ca0a6fd877]::sys::stdio::unix::Stderr>
[INFO] [stderr]                                at /rustc/e3feeb59cd1bdd011a2bfcc0747b55125d9b8527/library/core/src/io/write.rs:402:11
[INFO] [stderr]    7:     0x62596838948c - <std[617be2ca0a6fd877]::sys::stdio::unix::Stderr as core[a373ad73a504971]::io::write::Write>::write_fmt
[INFO] [stderr]                                at /rustc/e3feeb59cd1bdd011a2bfcc0747b55125d9b8527/library/core/src/io/write.rs:335:13
[INFO] [stderr]    8:     0x625968360256 - <std[617be2ca0a6fd877]::sys::backtrace::BacktraceLock>::print
[INFO] [stderr]                                at /rustc/e3feeb59cd1bdd011a2bfcc0747b55125d9b8527/library/std/src/sys/backtrace.rs:47:9
[INFO] [stderr]    9:     0x625968360256 - std[617be2ca0a6fd877]::panicking::default_hook::{closure#0}
[INFO] [stderr]                                at /rustc/e3feeb59cd1bdd011a2bfcc0747b55125d9b8527/library/std/src/panicking.rs:289:27
[INFO] [stderr]   10:     0x62596837c811 - std[617be2ca0a6fd877]::panicking::default_hook
[INFO] [stderr]                                at /rustc/e3feeb59cd1bdd011a2bfcc0747b55125d9b8527/library/std/src/panicking.rs:316:9
[INFO] [stderr]   11:     0x62596837c9cb - std[617be2ca0a6fd877]::panicking::panic_with_hook
[INFO] [stderr]                                at /rustc/e3feeb59cd1bdd011a2bfcc0747b55125d9b8527/library/std/src/panicking.rs:811:13
[INFO] [stderr]   12:     0x625968360302 - std[617be2ca0a6fd877]::panicking::panic_handler::{closure#0}
[INFO] [stderr]                                at /rustc/e3feeb59cd1bdd011a2bfcc0747b55125d9b8527/library/std/src/panicking.rs:685:13
[INFO] [stderr]   13:     0x625968359019 - std[617be2ca0a6fd877]::sys::backtrace::__rust_end_short_backtrace::<std[617be2ca0a6fd877]::panicking::panic_handler::{closure#0}, !>
[INFO] [stderr]                                at /rustc/e3feeb59cd1bdd011a2bfcc0747b55125d9b8527/library/std/src/sys/backtrace.rs:182:18
[INFO] [stderr]   14:     0x625968360f0d - __rustc[ea4f61d10b84890b]::rust_begin_unwind
[INFO] [stderr]                                at /rustc/e3feeb59cd1bdd011a2bfcc0747b55125d9b8527/library/std/src/panicking.rs:676:5
[INFO] [stderr]   15:     0x625968399e5c - core[a373ad73a504971]::panicking::panic_fmt
[INFO] [stderr]                                at /rustc/e3feeb59cd1bdd011a2bfcc0747b55125d9b8527/library/core/src/panicking.rs:80:14
[INFO] [stderr]   16:     0x6259680bfbe3 - bounded_execution[b1e0c2bed8fb37a7]::assert_linear_growth
[INFO] [stderr]                                at /opt/rustwide/workdir/tests/bounded_execution.rs:656:5
[INFO] [stderr]   17:     0x6259680b6770 - bounded_execution[b1e0c2bed8fb37a7]::shift_or_search_grows_linearly::{closure#0}
[INFO] [stderr]                                at /opt/rustwide/workdir/tests/bounded_execution.rs:706:9
[INFO] [stderr]   18:     0x6259680a4cbd - bounded_execution[b1e0c2bed8fb37a7]::bounded_within::<bounded_execution[b1e0c2bed8fb37a7]::shift_or_search_grows_linearly::{closure#0}>
[INFO] [stderr]                                at /opt/rustwide/workdir/tests/bounded_execution.rs:58:9
[INFO] [stderr]   19:     0x6259680c1349 - bounded_execution[b1e0c2bed8fb37a7]::shift_or_search_grows_linearly
[INFO] [stderr]                                at /opt/rustwide/workdir/tests/bounded_execution.rs:705:5
[INFO] [stderr]   20:     0x6259680b5d37 - bounded_execution[b1e0c2bed8fb37a7]::shift_or_search_grows_linearly::{closure#0}
[INFO] [stderr]                                at /opt/rustwide/workdir/tests/bounded_execution.rs:704:36
[INFO] [stderr]   21:     0x6259680ca806 - <bounded_execution[b1e0c2bed8fb37a7]::shift_or_search_grows_linearly::{closure#0} as core[a373ad73a504971]::ops::function::FnOnce<()>>::call_once
[INFO] [stderr]                                at /rustc/e3feeb59cd1bdd011a2bfcc0747b55125d9b8527/library/core/src/ops/function.rs:250:5
[INFO] [stderr]   22:     0x6259680d12db - <fn() -> core[a373ad73a504971]::result::Result<(), alloc[2e1b2a31b91974c5]::string::String> as core[a373ad73a504971]::ops::function::FnOnce<()>>::call_once
[INFO] [stderr]                                at /rustc/e3feeb59cd1bdd011a2bfcc0747b55125d9b8527/library/core/src/ops/function.rs:250:5
[INFO] [stderr]   23:     0x6259680d12db - test[aada8e7e76ba119b]::__rust_begin_short_backtrace::<core[a373ad73a504971]::result::Result<(), alloc[2e1b2a31b91974c5]::string::String>, fn() -> core[a373ad73a504971]::result::Result<(), alloc[2e1b2a31b91974c5]::string::String>>
[INFO] [stderr]                                at /rustc/e3feeb59cd1bdd011a2bfcc0747b55125d9b8527/library/test/src/lib.rs:701:18
[INFO] [stderr]   24:     0x6259680de4b5 - test[aada8e7e76ba119b]::run_test_in_process::{closure#0}
[INFO] [stderr]                                at /rustc/e3feeb59cd1bdd011a2bfcc0747b55125d9b8527/library/test/src/lib.rs:724:74
[INFO] [stderr]   25:     0x6259680de4b5 - <core[a373ad73a504971]::panic::unwind_safe::AssertUnwindSafe<test[aada8e7e76ba119b]::run_test_in_process::{closure#0}> as core[a373ad73a504971]::ops::function::FnOnce<()>>::call_once
[INFO] [stderr]                                at /rustc/e3feeb59cd1bdd011a2bfcc0747b55125d9b8527/library/core/src/panic/unwind_safe.rs:275:9
[INFO] [stderr]   26:     0x6259680de4b5 - std[617be2ca0a6fd877]::panicking::catch_unwind::do_call::<core[a373ad73a504971]::panic::unwind_safe::AssertUnwindSafe<test[aada8e7e76ba119b]::run_test_in_process::{closure#0}>, core[a373ad73a504971]::result::Result<(), alloc[2e1b2a31b91974c5]::string::String>>
[INFO] [stderr]                                at /rustc/e3feeb59cd1bdd011a2bfcc0747b55125d9b8527/library/std/src/panicking.rs:573:43
[INFO] [stderr]   27:     0x6259680de4b5 - std[617be2ca0a6fd877]::panicking::catch_unwind::<core[a373ad73a504971]::result::Result<(), alloc[2e1b2a31b91974c5]::string::String>, core[a373ad73a504971]::panic::unwind_safe::AssertUnwindSafe<test[aada8e7e76ba119b]::run_test_in_process::{closure#0}>>
[INFO] [stderr]                                at /rustc/e3feeb59cd1bdd011a2bfcc0747b55125d9b8527/library/std/src/panicking.rs:541:19
[INFO] [stderr]   28:     0x6259680de4b5 - std[617be2ca0a6fd877]::panic::catch_unwind::<core[a373ad73a504971]::panic::unwind_safe::AssertUnwindSafe<test[aada8e7e76ba119b]::run_test_in_process::{closure#0}>, core[a373ad73a504971]::result::Result<(), alloc[2e1b2a31b91974c5]::string::String>>
[INFO] [stderr]                                at /rustc/e3feeb59cd1bdd011a2bfcc0747b55125d9b8527/library/std/src/panic.rs:359:14
[INFO] [stderr]   29:     0x6259680de4b5 - test[aada8e7e76ba119b]::run_test_in_process
[INFO] [stderr]                                at /rustc/e3feeb59cd1bdd011a2bfcc0747b55125d9b8527/library/test/src/lib.rs:724:27
[INFO] [stderr]   30:     0x6259680de4b5 - test[aada8e7e76ba119b]::run_test::{closure#0}
[INFO] [stderr]                                at /rustc/e3feeb59cd1bdd011a2bfcc0747b55125d9b8527/library/test/src/lib.rs:645:43
[INFO] [stderr]   31:     0x6259680d7da4 - test[aada8e7e76ba119b]::run_test::{closure#1}
[INFO] [stderr]                                at /rustc/e3feeb59cd1bdd011a2bfcc0747b55125d9b8527/library/test/src/lib.rs:675:41
[INFO] [stderr]   32:     0x6259680d7da4 - std[617be2ca0a6fd877]::sys::backtrace::__rust_begin_short_backtrace::<test[aada8e7e76ba119b]::run_test::{closure#1}, ()>
[INFO] [stderr]                                at /rustc/e3feeb59cd1bdd011a2bfcc0747b55125d9b8527/library/std/src/sys/backtrace.rs:166:18
[INFO] [stderr]   33:     0x6259680e1542 - std[617be2ca0a6fd877]::thread::lifecycle::spawn_unchecked::<test[aada8e7e76ba119b]::run_test::{closure#1}, ()>::{closure#1}::{closure#0}
[INFO] [stderr]                                at /rustc/e3feeb59cd1bdd011a2bfcc0747b55125d9b8527/library/std/src/thread/lifecycle.rs:70:13
[INFO] [stderr]   34:     0x6259680e1542 - <core[a373ad73a504971]::panic::unwind_safe::AssertUnwindSafe<std[617be2ca0a6fd877]::thread::lifecycle::spawn_unchecked<test[aada8e7e76ba119b]::run_test::{closure#1}, ()>::{closure#1}::{closure#0}> as core[a373ad73a504971]::ops::function::FnOnce<()>>::call_once
[INFO] [stderr]                                at /rustc/e3feeb59cd1bdd011a2bfcc0747b55125d9b8527/library/core/src/panic/unwind_safe.rs:275:9
[INFO] [stderr]   35:     0x6259680e1542 - std[617be2ca0a6fd877]::panicking::catch_unwind::do_call::<core[a373ad73a504971]::panic::unwind_safe::AssertUnwindSafe<std[617be2ca0a6fd877]::thread::lifecycle::spawn_unchecked<test[aada8e7e76ba119b]::run_test::{closure#1}, ()>::{closure#1}::{closure#0}>, ()>
[INFO] [stderr]                                at /rustc/e3feeb59cd1bdd011a2bfcc0747b55125d9b8527/library/std/src/panicking.rs:573:43
[INFO] [stderr]   36:     0x6259680e1542 - std[617be2ca0a6fd877]::panicking::catch_unwind::<(), core[a373ad73a504971]::panic::unwind_safe::AssertUnwindSafe<std[617be2ca0a6fd877]::thread::lifecycle::spawn_unchecked<test[aada8e7e76ba119b]::run_test::{closure#1}, ()>::{closure#1}::{closure#0}>>
[INFO] [stderr]                                at /rustc/e3feeb59cd1bdd011a2bfcc0747b55125d9b8527/library/std/src/panicking.rs:541:19
[INFO] [stderr]   37:     0x6259680e1542 - std[617be2ca0a6fd877]::panic::catch_unwind::<core[a373ad73a504971]::panic::unwind_safe::AssertUnwindSafe<std[617be2ca0a6fd877]::thread::lifecycle::spawn_unchecked<test[aada8e7e76ba119b]::run_test::{closure#1}, ()>::{closure#1}::{closure#0}>, ()>
[INFO] [stderr]                                at /rustc/e3feeb59cd1bdd011a2bfcc0747b55125d9b8527/library/std/src/panic.rs:359:14
[INFO] [stderr]   38:     0x6259680e1542 - std[617be2ca0a6fd877]::thread::lifecycle::spawn_unchecked::<test[aada8e7e76ba119b]::run_test::{closure#1}, ()>::{closure#1}
[INFO] [stderr]                                at /rustc/e3feeb59cd1bdd011a2bfcc0747b55125d9b8527/library/std/src/thread/lifecycle.rs:68:26
[INFO] [stderr]   39:     0x6259680e1542 - <std[617be2ca0a6fd877]::thread::lifecycle::spawn_unchecked<test[aada8e7e76ba119b]::run_test::{closure#1}, ()>::{closure#1} as core[a373ad73a504971]::ops::function::FnOnce<()>>::call_once::{shim:vtable#0}
[INFO] [stderr]                                at /rustc/e3feeb59cd1bdd011a2bfcc0747b55125d9b8527/library/core/src/ops/function.rs:250:5
[INFO] [stderr]   40:     0x625968383acf - <alloc[2e1b2a31b91974c5]::boxed::Box<dyn core[a373ad73a504971]::ops::function::FnOnce<(), Output = ()> + core[a373ad73a504971]::marker::Send> as core[a373ad73a504971]::ops::function::FnOnce<()>>::call_once
[INFO] [stderr]                                at /rustc/e3feeb59cd1bdd011a2bfcc0747b55125d9b8527/library/alloc/src/boxed.rs:2314:9
[INFO] [stderr]   41:     0x625968383acf - <std[617be2ca0a6fd877]::sys::thread::unix::Thread>::new::thread_start
[INFO] [stderr]                                at /rustc/e3feeb59cd1bdd011a2bfcc0747b55125d9b8527/library/std/src/sys/thread/unix.rs:127:17
[INFO] [stderr]   42:     0x732b7697bdfa - <unknown>
[INFO] [stderr]   43:     0x732b76a0f3d4 - clone
[INFO] [stderr]   44:                0x0 - <unknown>
[INFO] [stdout] FAILED
[INFO] [stdout] 
[INFO] [stdout] failures:
[INFO] [stdout] 
[INFO] [stdout] failures:
[INFO] [stdout]     shift_or_search_grows_linearly
[INFO] [stdout] 
[INFO] [stdout] test result: FAILED. 0 passed; 1 failed; 0 ignored; 0 measured; 35 filtered out; finished in 10.98s
[INFO] [stdout] 
[INFO] [stdout] test shift_or_search_grows_linearly ... FAILED
[INFO] [stdout] ok
[INFO] [stdout] 
[INFO] [stdout] test result: ok. 1 passed; 0 failed; 0 ignored; 0 measured; 35 filtered out; finished in 14.71s
[INFO] [stdout] 
[INFO] [stdout] test long_run_iteration_stays_linear ... ok
[INFO] [stdout] ok
[INFO] [stdout] 
[INFO] [stdout] test result: ok. 1 passed; 0 failed; 0 ignored; 0 measured; 35 filtered out; finished in 15.80s
[INFO] [stdout] 
[INFO] [stdout] test long_run_rejection_stays_linear ... ok
[INFO] [stderr] 
[INFO] [stderr] thread 'lazy_dfa_and_dfa_jit_search_grows_linearly' (1720) panicked at tests/bounded_execution.rs:656:5:
[INFO] [stderr] superlinear growth:
[INFO] [stderr] jit LazyDfa "a.*b$" captures: 40.352169ms at n, 324.166941ms at 4n (8.0x)
[INFO] [stderr] jit LazyDfa "(?m)^a.*b$" find: 2.30943ms at n, 40.575029ms at 4n (17.6x)
[INFO] [stderr] jit LazyDfa "(?m)^a.*b$" find_iter: 2.41426ms at n, 42.479839ms at 4n (17.6x)
[INFO] [stderr] jit LazyDfa "(?m)^a.*b$" is_match: 2.15296ms at n, 31.43806ms at 4n (14.6x)
[INFO] [stderr] jit LazyDfa "(?m)^a.*b$" captures: 2.00824ms at n, 31.390549ms at 4n (15.6x)
[INFO] [stderr] interp LazyDfa "(?m)^a.*b$" find: 2.51536ms at n, 26.58568ms at 4n (10.6x)
[INFO] [stderr] interp LazyDfa "(?m)^a.*b$" find_iter: 2.40858ms at n, 32.496019ms at 4n (13.5x)
[INFO] [stderr] interp LazyDfa "(?m)^a.*b$" is_match: 2.29475ms at n, 30.194249ms at 4n (13.2x)
[INFO] [stderr] stack backtrace:
[INFO] [stderr]    0:     0x575cb16af271 - std[617be2ca0a6fd877]::backtrace_rs::backtrace::libunwind::trace
[INFO] [stderr]                                at /rustc/e3feeb59cd1bdd011a2bfcc0747b55125d9b8527/library/std/src/../../backtrace/src/backtrace/libunwind.rs:117:9
[INFO] [stderr]    1:     0x575cb16af271 - std[617be2ca0a6fd877]::backtrace_rs::backtrace::trace_unsynchronized::<std[617be2ca0a6fd877]::sys::backtrace::_print_fmt::{closure#1}>
[INFO] [stderr]                                at /rustc/e3feeb59cd1bdd011a2bfcc0747b55125d9b8527/library/std/src/../../backtrace/src/backtrace/mod.rs:66:14
[INFO] [stderr]    2:     0x575cb16af271 - std[617be2ca0a6fd877]::sys::backtrace::_print_fmt
[INFO] [stderr]                                at /rustc/e3feeb59cd1bdd011a2bfcc0747b55125d9b8527/library/std/src/sys/backtrace.rs:74:9
[INFO] [stderr]    3:     0x575cb16af271 - <<std[617be2ca0a6fd877]::sys::backtrace::BacktraceLock>::print::DisplayBacktrace as core[a373ad73a504971]::fmt::Display>::fmt
[INFO] [stderr]                                at /rustc/e3feeb59cd1bdd011a2bfcc0747b55125d9b8527/library/std/src/sys/backtrace.rs:44:26
[INFO] [stderr]    4:     0x575cb16c462a - <core[a373ad73a504971]::fmt::rt::Argument>::fmt
[INFO] [stderr]                                at /rustc/e3feeb59cd1bdd011a2bfcc0747b55125d9b8527/library/core/src/fmt/rt.rs:152:76
[INFO] [stderr]    5:     0x575cb16c462a - core[a373ad73a504971]::fmt::write
[INFO] [stderr]    6:     0x575cb16b448c - core[a373ad73a504971]::io::write::default_write_fmt::<std[617be2ca0a6fd877]::sys::stdio::unix::Stderr>
[INFO] [stderr]                                at /rustc/e3feeb59cd1bdd011a2bfcc0747b55125d9b8527/library/core/src/io/write.rs:402:11
[INFO] [stderr]    7:     0x575cb16b448c - <std[617be2ca0a6fd877]::sys::stdio::unix::Stderr as core[a373ad73a504971]::io::write::Write>::write_fmt
[INFO] [stderr]                                at /rustc/e3feeb59cd1bdd011a2bfcc0747b55125d9b8527/library/core/src/io/write.rs:335:13
[INFO] [stderr]    8:     0x575cb168b256 - <std[617be2ca0a6fd877]::sys::backtrace::BacktraceLock>::print
[INFO] [stderr]                                at /rustc/e3feeb59cd1bdd011a2bfcc0747b55125d9b8527/library/std/src/sys/backtrace.rs:47:9
[INFO] [stderr]    9:     0x575cb168b256 - std[617be2ca0a6fd877]::panicking::default_hook::{closure#0}
[INFO] [stderr]                                at /rustc/e3feeb59cd1bdd011a2bfcc0747b55125d9b8527/library/std/src/panicking.rs:289:27
[INFO] [stderr]   10:     0x575cb16a7811 - std[617be2ca0a6fd877]::panicking::default_hook
[INFO] [stderr]                                at /rustc/e3feeb59cd1bdd011a2bfcc0747b55125d9b8527/library/std/src/panicking.rs:316:9
[INFO] [stderr]   11:     0x575cb16a79cb - std[617be2ca0a6fd877]::panicking::panic_with_hook
[INFO] [stderr]                                at /rustc/e3feeb59cd1bdd011a2bfcc0747b55125d9b8527/library/std/src/panicking.rs:811:13
[INFO] [stderr]   12:     0x575cb168b302 - std[617be2ca0a6fd877]::panicking::panic_handler::{closure#0}
[INFO] [stderr]                                at /rustc/e3feeb59cd1bdd011a2bfcc0747b55125d9b8527/library/std/src/panicking.rs:685:13
[INFO] [stderr]   13:     0x575cb1684019 - std[617be2ca0a6fd877]::sys::backtrace::__rust_end_short_backtrace::<std[617be2ca0a6fd877]::panicking::panic_handler::{closure#0}, !>
[INFO] [stderr]                                at /rustc/e3feeb59cd1bdd011a2bfcc0747b55125d9b8527/library/std/src/sys/backtrace.rs:182:18
[INFO] [stderr]   14:     0x575cb168bf0d - __rustc[ea4f61d10b84890b]::rust_begin_unwind
[INFO] [stderr]                                at /rustc/e3feeb59cd1bdd011a2bfcc0747b55125d9b8527/library/std/src/panicking.rs:676:5
[INFO] [stderr]   15:     0x575cb16c4e5c - core[a373ad73a504971]::panicking::panic_fmt
[INFO] [stderr]                                at /rustc/e3feeb59cd1bdd011a2bfcc0747b55125d9b8527/library/core/src/panicking.rs:80:14
[INFO] [stderr]   16:     0x575cb13eabe3 - bounded_execution[b1e0c2bed8fb37a7]::assert_linear_growth
[INFO] [stderr]                                at /opt/rustwide/workdir/tests/bounded_execution.rs:656:5
[INFO] [stderr]   17:     0x575cb13e688f - bounded_execution[b1e0c2bed8fb37a7]::lazy_dfa_and_dfa_jit_search_grows_linearly::{closure#0}
[INFO] [stderr]                                at /opt/rustwide/workdir/tests/bounded_execution.rs:734:13
[INFO] [stderr]   18:     0x575cb13d700d - bounded_execution[b1e0c2bed8fb37a7]::bounded_within::<bounded_execution[b1e0c2bed8fb37a7]::lazy_dfa_and_dfa_jit_search_grows_linearly::{closure#0}>
[INFO] [stderr]                                at /opt/rustwide/workdir/tests/bounded_execution.rs:58:9
[INFO] [stderr]   19:     0x575cb13ec529 - bounded_execution[b1e0c2bed8fb37a7]::lazy_dfa_and_dfa_jit_search_grows_linearly
[INFO] [stderr]                                at /opt/rustwide/workdir/tests/bounded_execution.rs:730:5
[INFO] [stderr]   20:     0x575cb13e1007 - bounded_execution[b1e0c2bed8fb37a7]::lazy_dfa_and_dfa_jit_search_grows_linearly::{closure#0}
[INFO] [stderr]                                at /opt/rustwide/workdir/tests/bounded_execution.rs:729:48
[INFO] [stderr]   21:     0x575cb13f59e6 - <bounded_execution[b1e0c2bed8fb37a7]::lazy_dfa_and_dfa_jit_search_grows_linearly::{closure#0} as core[a373ad73a504971]::ops::function::FnOnce<()>>::call_once
[INFO] [stderr]                                at /rustc/e3feeb59cd1bdd011a2bfcc0747b55125d9b8527/library/core/src/ops/function.rs:250:5
[INFO] [stderr]   22:     0x575cb13fc2db - <fn() -> core[a373ad73a504971]::result::Result<(), alloc[2e1b2a31b91974c5]::string::String> as core[a373ad73a504971]::ops::function::FnOnce<()>>::call_once
[INFO] [stderr]                                at /rustc/e3feeb59cd1bdd011a2bfcc0747b55125d9b8527/library/core/src/ops/function.rs:250:5
[INFO] [stderr]   23:     0x575cb13fc2db - test[aada8e7e76ba119b]::__rust_begin_short_backtrace::<core[a373ad73a504971]::result::Result<(), alloc[2e1b2a31b91974c5]::string::String>, fn() -> core[a373ad73a504971]::result::Result<(), alloc[2e1b2a31b91974c5]::string::String>>
[INFO] [stderr]                                at /rustc/e3feeb59cd1bdd011a2bfcc0747b55125d9b8527/library/test/src/lib.rs:701:18
[INFO] [stderr]   24:     0x575cb14094b5 - test[aada8e7e76ba119b]::run_test_in_process::{closure#0}
[INFO] [stderr]                                at /rustc/e3feeb59cd1bdd011a2bfcc0747b55125d9b8527/library/test/src/lib.rs:724:74
[INFO] [stderr]   25:     0x575cb14094b5 - <core[a373ad73a504971]::panic::unwind_safe::AssertUnwindSafe<test[aada8e7e76ba119b]::run_test_in_process::{closure#0}> as core[a373ad73a504971]::ops::function::FnOnce<()>>::call_once
[INFO] [stderr]                                at /rustc/e3feeb59cd1bdd011a2bfcc0747b55125d9b8527/library/core/src/panic/unwind_safe.rs:275:9
[INFO] [stderr]   26:     0x575cb14094b5 - std[617be2ca0a6fd877]::panicking::catch_unwind::do_call::<core[a373ad73a504971]::panic::unwind_safe::AssertUnwindSafe<test[aada8e7e76ba119b]::run_test_in_process::{closure#0}>, core[a373ad73a504971]::result::Result<(), alloc[2e1b2a31b91974c5]::string::String>>
[INFO] [stderr]                                at /rustc/e3feeb59cd1bdd011a2bfcc0747b55125d9b8527/library/std/src/panicking.rs:573:43
[INFO] [stderr]   27:     0x575cb14094b5 - std[617be2ca0a6fd877]::panicking::catch_unwind::<core[a373ad73a504971]::result::Result<(), alloc[2e1b2a31b91974c5]::string::String>, core[a373ad73a504971]::panic::unwind_safe::AssertUnwindSafe<test[aada8e7e76ba119b]::run_test_in_process::{closure#0}>>
[INFO] [stderr]                                at /rustc/e3feeb59cd1bdd011a2bfcc0747b55125d9b8527/library/std/src/panicking.rs:541:19
[INFO] [stderr]   28:     0x575cb14094b5 - std[617be2ca0a6fd877]::panic::catch_unwind::<core[a373ad73a504971]::panic::unwind_safe::AssertUnwindSafe<test[aada8e7e76ba119b]::run_test_in_process::{closure#0}>, core[a373ad73a504971]::result::Result<(), alloc[2e1b2a31b91974c5]::string::String>>
[INFO] [stderr]                                at /rustc/e3feeb59cd1bdd011a2bfcc0747b55125d9b8527/library/std/src/panic.rs:359:14
[INFO] [stderr]   29:     0x575cb14094b5 - test[aada8e7e76ba119b]::run_test_in_process
[INFO] [stderr]                                at /rustc/e3feeb59cd1bdd011a2bfcc0747b55125d9b8527/library/test/src/lib.rs:724:27
[INFO] [stderr]   30:     0x575cb14094b5 - test[aada8e7e76ba119b]::run_test::{closure#0}
[INFO] [stderr]                                at /rustc/e3feeb59cd1bdd011a2bfcc0747b55125d9b8527/library/test/src/lib.rs:645:43
[INFO] [stderr]   31:     0x575cb1402da4 - test[aada8e7e76ba119b]::run_test::{closure#1}
[INFO] [stderr]                                at /rustc/e3feeb59cd1bdd011a2bfcc0747b55125d9b8527/library/test/src/lib.rs:675:41
[INFO] [stderr]   32:     0x575cb1402da4 - std[617be2ca0a6fd877]::sys::backtrace::__rust_begin_short_backtrace::<test[aada8e7e76ba119b]::run_test::{closure#1}, ()>
[INFO] [stderr]                                at /rustc/e3feeb59cd1bdd011a2bfcc0747b55125d9b8527/library/std/src/sys/backtrace.rs:166:18
[INFO] [stderr]   33:     0x575cb140c542 - std[617be2ca0a6fd877]::thread::lifecycle::spawn_unchecked::<test[aada8e7e76ba119b]::run_test::{closure#1}, ()>::{closure#1}::{closure#0}
[INFO] [stderr]                                at /rustc/e3feeb59cd1bdd011a2bfcc0747b55125d9b8527/library/std/src/thread/lifecycle.rs:70:13
[INFO] [stderr]   34:     0x575cb140c542 - <core[a373ad73a504971]::panic::unwind_safe::AssertUnwindSafe<std[617be2ca0a6fd877]::thread::lifecycle::spawn_unchecked<test[aada8e7e76ba119b]::run_test::{closure#1}, ()>::{closure#1}::{closure#0}> as core[a373ad73a504971]::ops::function::FnOnce<()>>::call_once
[INFO] [stderr]                                at /rustc/e3feeb59cd1bdd011a2bfcc0747b55125d9b8527/library/core/src/panic/unwind_safe.rs:275:9
[INFO] [stderr]   35:     0x575cb140c542 - std[617be2ca0a6fd877]::panicking::catch_unwind::do_call::<core[a373ad73a504971]::panic::unwind_safe::AssertUnwindSafe<std[617be2ca0a6fd877]::thread::lifecycle::spawn_unchecked<test[aada8e7e76ba119b]::run_test::{closure#1}, ()>::{closure#1}::{closure#0}>, ()>
[INFO] [stderr]                                at /rustc/e3feeb59cd1bdd011a2bfcc0747b55125d9b8527/library/std/src/panicking.rs:573:43
[INFO] [stderr]   36:     0x575cb140c542 - std[617be2ca0a6fd877]::panicking::catch_unwind::<(), core[a373ad73a504971]::panic::unwind_safe::AssertUnwindSafe<std[617be2ca0a6fd877]::thread::lifecycle::spawn_unchecked<test[aada8e7e76ba119b]::run_test::{closure#1}, ()>::{closure#1}::{closure#0}>>
[INFO] [stderr]                                at /rustc/e3feeb59cd1bdd011a2bfcc0747b55125d9b8527/library/std/src/panicking.rs:541:19
[INFO] [stderr]   37:     0x575cb140c542 - std[617be2ca0a6fd877]::panic::catch_unwind::<core[a373ad73a504971]::panic::unwind_safe::AssertUnwindSafe<std[617be2ca0a6fd877]::thread::lifecycle::spawn_unchecked<test[aada8e7e76ba119b]::run_test::{closure#1}, ()>::{closure#1}::{closure#0}>, ()>
[INFO] [stderr]                                at /rustc/e3feeb59cd1bdd011a2bfcc0747b55125d9b8527/library/std/src/panic.rs:359:14
[INFO] [stderr]   38:     0x575cb140c542 - std[617be2ca0a6fd877]::thread::lifecycle::spawn_unchecked::<test[aada8e7e76ba119b]::run_test::{closure#1}, ()>::{closure#1}
[INFO] [stderr]                                at /rustc/e3feeb59cd1bdd011a2bfcc0747b55125d9b8527/library/std/src/thread/lifecycle.rs:68:26
[INFO] [stderr]   39:     0x575cb140c542 - <std[617be2ca0a6fd877]::thread::lifecycle::spawn_unchecked<test[aada8e7e76ba119b]::run_test::{closure#1}, ()>::{closure#1} as core[a373ad73a504971]::ops::function::FnOnce<()>>::call_once::{shim:vtable#0}
[INFO] [stderr]                                at /rustc/e3feeb59cd1bdd011a2bfcc0747b55125d9b8527/library/core/src/ops/function.rs:250:5
[INFO] [stderr]   40:     0x575cb16aeacf - <alloc[2e1b2a31b91974c5]::boxed::Box<dyn core[a373ad73a504971]::ops::function::FnOnce<(), Output = ()> + core[a373ad73a504971]::marker::Send> as core[a373ad73a504971]::ops::function::FnOnce<()>>::call_once
[INFO] [stderr]                                at /rustc/e3feeb59cd1bdd011a2bfcc0747b55125d9b8527/library/alloc/src/boxed.rs:2314:9
[INFO] [stderr]   41:     0x575cb16aeacf - <std[617be2ca0a6fd877]::sys::thread::unix::Thread>::new::thread_start
[INFO] [stderr]                                at /rustc/e3feeb59cd1bdd011a2bfcc0747b55125d9b8527/library/std/src/sys/thread/unix.rs:127:17
[INFO] [stderr]   42:     0x7a49aa94fdfa - <unknown>
[INFO] [stderr]   43:     0x7a49aa9e33d4 - clone
[INFO] [stderr]   44:                0x0 - <unknown>
[INFO] [stdout] FAILED
[INFO] [stdout] 
[INFO] [stdout] failures:
[INFO] [stdout] 
[INFO] [stdout] failures:
[INFO] [stdout]     lazy_dfa_and_dfa_jit_search_grows_linearly
[INFO] [stdout] 
[INFO] [stdout] test result: FAILED. 0 passed; 1 failed; 0 ignored; 0 measured; 35 filtered out; finished in 17.32s
[INFO] [stdout] 
[INFO] [stdout] test lazy_dfa_and_dfa_jit_search_grows_linearly ... FAILED
[INFO] [stdout] ok
[INFO] [stdout] 
[INFO] [stdout] test result: ok. 1 passed; 0 failed; 0 ignored; 0 measured; 35 filtered out; finished in 17.91s
[INFO] [stdout] 
[INFO] [stdout] test pikevm_search_grows_linearly ... ok
[INFO] [stderr] 
[INFO] [stderr] thread 'tagged_nfa_search_grows_linearly' (1800) panicked at tests/bounded_execution.rs:656:5:
[INFO] [stderr] superlinear growth:
[INFO] [stderr] interp TaggedNfa "\\p{L}+z" find: 7.26496ms at n, 112.894687ms at 4n (15.5x)
[INFO] [stderr] interp TaggedNfa "\\p{L}+z" is_match: 14.227779ms at n, 117.827117ms at 4n (8.3x)
[INFO] [stderr] stack backtrace:
[INFO] [stderr]    0:     0x6134da620271 - std[617be2ca0a6fd877]::backtrace_rs::backtrace::libunwind::trace
[INFO] [stderr]                                at /rustc/e3feeb59cd1bdd011a2bfcc0747b55125d9b8527/library/std/src/../../backtrace/src/backtrace/libunwind.rs:117:9
[INFO] [stderr]    1:     0x6134da620271 - std[617be2ca0a6fd877]::backtrace_rs::backtrace::trace_unsynchronized::<std[617be2ca0a6fd877]::sys::backtrace::_print_fmt::{closure#1}>
[INFO] [stderr]                                at /rustc/e3feeb59cd1bdd011a2bfcc0747b55125d9b8527/library/std/src/../../backtrace/src/backtrace/mod.rs:66:14
[INFO] [stderr]    2:     0x6134da620271 - std[617be2ca0a6fd877]::sys::backtrace::_print_fmt
[INFO] [stderr]                                at /rustc/e3feeb59cd1bdd011a2bfcc0747b55125d9b8527/library/std/src/sys/backtrace.rs:74:9
[INFO] [stderr]    3:     0x6134da620271 - <<std[617be2ca0a6fd877]::sys::backtrace::BacktraceLock>::print::DisplayBacktrace as core[a373ad73a504971]::fmt::Display>::fmt
[INFO] [stderr]                                at /rustc/e3feeb59cd1bdd011a2bfcc0747b55125d9b8527/library/std/src/sys/backtrace.rs:44:26
[INFO] [stderr]    4:     0x6134da63562a - <core[a373ad73a504971]::fmt::rt::Argument>::fmt
[INFO] [stderr]                                at /rustc/e3feeb59cd1bdd011a2bfcc0747b55125d9b8527/library/core/src/fmt/rt.rs:152:76
[INFO] [stderr]    5:     0x6134da63562a - core[a373ad73a504971]::fmt::write
[INFO] [stderr]    6:     0x6134da62548c - core[a373ad73a504971]::io::write::default_write_fmt::<std[617be2ca0a6fd877]::sys::stdio::unix::Stderr>
[INFO] [stderr]                                at /rustc/e3feeb59cd1bdd011a2bfcc0747b55125d9b8527/library/core/src/io/write.rs:402:11
[INFO] [stderr]    7:     0x6134da62548c - <std[617be2ca0a6fd877]::sys::stdio::unix::Stderr as core[a373ad73a504971]::io::write::Write>::write_fmt
[INFO] [stderr]                                at /rustc/e3feeb59cd1bdd011a2bfcc0747b55125d9b8527/library/core/src/io/write.rs:335:13
[INFO] [stderr]    8:     0x6134da5fc256 - <std[617be2ca0a6fd877]::sys::backtrace::BacktraceLock>::print
[INFO] [stderr]                                at /rustc/e3feeb59cd1bdd011a2bfcc0747b55125d9b8527/library/std/src/sys/backtrace.rs:47:9
[INFO] [stderr]    9:     0x6134da5fc256 - std[617be2ca0a6fd877]::panicking::default_hook::{closure#0}
[INFO] [stderr]                                at /rustc/e3feeb59cd1bdd011a2bfcc0747b55125d9b8527/library/std/src/panicking.rs:289:27
[INFO] [stderr]   10:     0x6134da618811 - std[617be2ca0a6fd877]::panicking::default_hook
[INFO] [stderr]                                at /rustc/e3feeb59cd1bdd011a2bfcc0747b55125d9b8527/library/std/src/panicking.rs:316:9
[INFO] [stderr]   11:     0x6134da6189cb - std[617be2ca0a6fd877]::panicking::panic_with_hook
[INFO] [stderr]                                at /rustc/e3feeb59cd1bdd011a2bfcc0747b55125d9b8527/library/std/src/panicking.rs:811:13
[INFO] [stderr]   12:     0x6134da5fc302 - std[617be2ca0a6fd877]::panicking::panic_handler::{closure#0}
[INFO] [stderr]                                at /rustc/e3feeb59cd1bdd011a2bfcc0747b55125d9b8527/library/std/src/panicking.rs:685:13
[INFO] [stderr]   13:     0x6134da5f5019 - std[617be2ca0a6fd877]::sys::backtrace::__rust_end_short_backtrace::<std[617be2ca0a6fd877]::panicking::panic_handler::{closure#0}, !>
[INFO] [stderr]                                at /rustc/e3feeb59cd1bdd011a2bfcc0747b55125d9b8527/library/std/src/sys/backtrace.rs:182:18
[INFO] [stderr]   14:     0x6134da5fcf0d - __rustc[ea4f61d10b84890b]::rust_begin_unwind
[INFO] [stderr]                                at /rustc/e3feeb59cd1bdd011a2bfcc0747b55125d9b8527/library/std/src/panicking.rs:676:5
[INFO] [stderr]   15:     0x6134da635e5c - core[a373ad73a504971]::panicking::panic_fmt
[INFO] [stderr]                                at /rustc/e3feeb59cd1bdd011a2bfcc0747b55125d9b8527/library/core/src/panicking.rs:80:14
[INFO] [stderr]   16:     0x6134da35bbe3 - bounded_execution[b1e0c2bed8fb37a7]::assert_linear_growth
[INFO] [stderr]                                at /opt/rustwide/workdir/tests/bounded_execution.rs:656:5
[INFO] [stderr]   17:     0x6134da3540b8 - bounded_execution[b1e0c2bed8fb37a7]::tagged_nfa_search_grows_linearly::{closure#0}
[INFO] [stderr]                                at /opt/rustwide/workdir/tests/bounded_execution.rs:748:9
[INFO] [stderr]   18:     0x6134da34332d - bounded_execution[b1e0c2bed8fb37a7]::bounded_within::<bounded_execution[b1e0c2bed8fb37a7]::tagged_nfa_search_grows_linearly::{closure#0}>
[INFO] [stderr]                                at /opt/rustwide/workdir/tests/bounded_execution.rs:58:9
[INFO] [stderr]   19:     0x6134da35d3e9 - bounded_execution[b1e0c2bed8fb37a7]::tagged_nfa_search_grows_linearly
[INFO] [stderr]                                at /opt/rustwide/workdir/tests/bounded_execution.rs:747:5
[INFO] [stderr]   20:     0x6134da351e27 - bounded_execution[b1e0c2bed8fb37a7]::tagged_nfa_search_grows_linearly::{closure#0}
[INFO] [stderr]                                at /opt/rustwide/workdir/tests/bounded_execution.rs:746:38
[INFO] [stderr]   21:     0x6134da3668a6 - <bounded_execution[b1e0c2bed8fb37a7]::tagged_nfa_search_grows_linearly::{closure#0} as core[a373ad73a504971]::ops::function::FnOnce<()>>::call_once
[INFO] [stderr]                                at /rustc/e3feeb59cd1bdd011a2bfcc0747b55125d9b8527/library/core/src/ops/function.rs:250:5
[INFO] [stderr]   22:     0x6134da36d2db - <fn() -> core[a373ad73a504971]::result::Result<(), alloc[2e1b2a31b91974c5]::string::String> as core[a373ad73a504971]::ops::function::FnOnce<()>>::call_once
[INFO] [stderr]                                at /rustc/e3feeb59cd1bdd011a2bfcc0747b55125d9b8527/library/core/src/ops/function.rs:250:5
[INFO] [stderr]   23:     0x6134da36d2db - test[aada8e7e76ba119b]::__rust_begin_short_backtrace::<core[a373ad73a504971]::result::Result<(), alloc[2e1b2a31b91974c5]::string::String>, fn() -> core[a373ad73a504971]::result::Result<(), alloc[2e1b2a31b91974c5]::string::String>>
[INFO] [stderr]                                at /rustc/e3feeb59cd1bdd011a2bfcc0747b55125d9b8527/library/test/src/lib.rs:701:18
[INFO] [stderr]   24:     0x6134da37a4b5 - test[aada8e7e76ba119b]::run_test_in_process::{closure#0}
[INFO] [stderr]                                at /rustc/e3feeb59cd1bdd011a2bfcc0747b55125d9b8527/library/test/src/lib.rs:724:74
[INFO] [stderr]   25:     0x6134da37a4b5 - <core[a373ad73a504971]::panic::unwind_safe::AssertUnwindSafe<test[aada8e7e76ba119b]::run_test_in_process::{closure#0}> as core[a373ad73a504971]::ops::function::FnOnce<()>>::call_once
[INFO] [stderr]                                at /rustc/e3feeb59cd1bdd011a2bfcc0747b55125d9b8527/library/core/src/panic/unwind_safe.rs:275:9
[INFO] [stderr]   26:     0x6134da37a4b5 - std[617be2ca0a6fd877]::panicking::catch_unwind::do_call::<core[a373ad73a504971]::panic::unwind_safe::AssertUnwindSafe<test[aada8e7e76ba119b]::run_test_in_process::{closure#0}>, core[a373ad73a504971]::result::Result<(), alloc[2e1b2a31b91974c5]::string::String>>
[INFO] [stderr]                                at /rustc/e3feeb59cd1bdd011a2bfcc0747b55125d9b8527/library/std/src/panicking.rs:573:43
[INFO] [stderr]   27:     0x6134da37a4b5 - std[617be2ca0a6fd877]::panicking::catch_unwind::<core[a373ad73a504971]::result::Result<(), alloc[2e1b2a31b91974c5]::string::String>, core[a373ad73a504971]::panic::unwind_safe::AssertUnwindSafe<test[aada8e7e76ba119b]::run_test_in_process::{closure#0}>>
[INFO] [stderr]                                at /rustc/e3feeb59cd1bdd011a2bfcc0747b55125d9b8527/library/std/src/panicking.rs:541:19
[INFO] [stderr]   28:     0x6134da37a4b5 - std[617be2ca0a6fd877]::panic::catch_unwind::<core[a373ad73a504971]::panic::unwind_safe::AssertUnwindSafe<test[aada8e7e76ba119b]::run_test_in_process::{closure#0}>, core[a373ad73a504971]::result::Result<(), alloc[2e1b2a31b91974c5]::string::String>>
[INFO] [stderr]                                at /rustc/e3feeb59cd1bdd011a2bfcc0747b55125d9b8527/library/std/src/panic.rs:359:14
[INFO] [stderr]   29:     0x6134da37a4b5 - test[aada8e7e76ba119b]::run_test_in_process
[INFO] [stderr]                                at /rustc/e3feeb59cd1bdd011a2bfcc0747b55125d9b8527/library/test/src/lib.rs:724:27
[INFO] [stderr]   30:     0x6134da37a4b5 - test[aada8e7e76ba119b]::run_test::{closure#0}
[INFO] [stderr]                                at /rustc/e3feeb59cd1bdd011a2bfcc0747b55125d9b8527/library/test/src/lib.rs:645:43
[INFO] [stderr]   31:     0x6134da373da4 - test[aada8e7e76ba119b]::run_test::{closure#1}
[INFO] [stderr]                                at /rustc/e3feeb59cd1bdd011a2bfcc0747b55125d9b8527/library/test/src/lib.rs:675:41
[INFO] [stderr]   32:     0x6134da373da4 - std[617be2ca0a6fd877]::sys::backtrace::__rust_begin_short_backtrace::<test[aada8e7e76ba119b]::run_test::{closure#1}, ()>
[INFO] [stderr]                                at /rustc/e3feeb59cd1bdd011a2bfcc0747b55125d9b8527/library/std/src/sys/backtrace.rs:166:18
[INFO] [stderr]   33:     0x6134da37d542 - std[617be2ca0a6fd877]::thread::lifecycle::spawn_unchecked::<test[aada8e7e76ba119b]::run_test::{closure#1}, ()>::{closure#1}::{closure#0}
[INFO] [stderr]                                at /rustc/e3feeb59cd1bdd011a2bfcc0747b55125d9b8527/library/std/src/thread/lifecycle.rs:70:13
[INFO] [stderr]   34:     0x6134da37d542 - <core[a373ad73a504971]::panic::unwind_safe::AssertUnwindSafe<std[617be2ca0a6fd877]::thread::lifecycle::spawn_unchecked<test[aada8e7e76ba119b]::run_test::{closure#1}, ()>::{closure#1}::{closure#0}> as core[a373ad73a504971]::ops::function::FnOnce<()>>::call_once
[INFO] [stderr]                                at /rustc/e3feeb59cd1bdd011a2bfcc0747b55125d9b8527/library/core/src/panic/unwind_safe.rs:275:9
[INFO] [stderr]   35:     0x6134da37d542 - std[617be2ca0a6fd877]::panicking::catch_unwind::do_call::<core[a373ad73a504971]::panic::unwind_safe::AssertUnwindSafe<std[617be2ca0a6fd877]::thread::lifecycle::spawn_unchecked<test[aada8e7e76ba119b]::run_test::{closure#1}, ()>::{closure#1}::{closure#0}>, ()>
[INFO] [stderr]                                at /rustc/e3feeb59cd1bdd011a2bfcc0747b55125d9b8527/library/std/src/panicking.rs:573:43
[INFO] [stderr]   36:     0x6134da37d542 - std[617be2ca0a6fd877]::panicking::catch_unwind::<(), core[a373ad73a504971]::panic::unwind_safe::AssertUnwindSafe<std[617be2ca0a6fd877]::thread::lifecycle::spawn_unchecked<test[aada8e7e76ba119b]::run_test::{closure#1}, ()>::{closure#1}::{closure#0}>>
[INFO] [stderr]                                at /rustc/e3feeb59cd1bdd011a2bfcc0747b55125d9b8527/library/std/src/panicking.rs:541:19
[INFO] [stderr]   37:     0x6134da37d542 - std[617be2ca0a6fd877]::panic::catch_unwind::<core[a373ad73a504971]::panic::unwind_safe::AssertUnwindSafe<std[617be2ca0a6fd877]::thread::lifecycle::spawn_unchecked<test[aada8e7e76ba119b]::run_test::{closure#1}, ()>::{closure#1}::{closure#0}>, ()>
[INFO] [stderr]                                at /rustc/e3feeb59cd1bdd011a2bfcc0747b55125d9b8527/library/std/src/panic.rs:359:14
[INFO] [stderr]   38:     0x6134da37d542 - std[617be2ca0a6fd877]::thread::lifecycle::spawn_unchecked::<test[aada8e7e76ba119b]::run_test::{closure#1}, ()>::{closure#1}
[INFO] [stderr]                                at /rustc/e3feeb59cd1bdd011a2bfcc0747b55125d9b8527/library/std/src/thread/lifecycle.rs:68:26
[INFO] [stderr]   39:     0x6134da37d542 - <std[617be2ca0a6fd877]::thread::lifecycle::spawn_unchecked<test[aada8e7e76ba119b]::run_test::{closure#1}, ()>::{closure#1} as core[a373ad73a504971]::ops::function::FnOnce<()>>::call_once::{shim:vtable#0}
[INFO] [stderr]                                at /rustc/e3feeb59cd1bdd011a2bfcc0747b55125d9b8527/library/core/src/ops/function.rs:250:5
[INFO] [stderr]   40:     0x6134da61facf - <alloc[2e1b2a31b91974c5]::boxed::Box<dyn core[a373ad73a504971]::ops::function::FnOnce<(), Output = ()> + core[a373ad73a504971]::marker::Send> as core[a373ad73a504971]::ops::function::FnOnce<()>>::call_once
[INFO] [stderr]                                at /rustc/e3feeb59cd1bdd011a2bfcc0747b55125d9b8527/library/alloc/src/boxed.rs:2314:9
[INFO] [stderr]   41:     0x6134da61facf - <std[617be2ca0a6fd877]::sys::thread::unix::Thread>::new::thread_start
[INFO] [stderr]                                at /rustc/e3feeb59cd1bdd011a2bfcc0747b55125d9b8527/library/std/src/sys/thread/unix.rs:127:17
[INFO] [stderr]   42:     0x70c323b71dfa - <unknown>
[INFO] [stderr]   43:     0x70c323c053d4 - clone
[INFO] [stderr]   44:                0x0 - <unknown>
[INFO] [stdout] FAILED
[INFO] [stdout] 
[INFO] [stdout] failures:
[INFO] [stdout] 
[INFO] [stdout] failures:
[INFO] [stdout]     tagged_nfa_search_grows_linearly
[INFO] [stdout] 
[INFO] [stdout] test result: FAILED. 0 passed; 1 failed; 0 ignored; 0 measured; 35 filtered out; finished in 22.92s
[INFO] [stdout] 
[INFO] [stdout] test tagged_nfa_search_grows_linearly ... FAILED
[INFO] [stdout] 
[INFO] [stdout] failures:
[INFO] [stdout] 
[INFO] [stdout] ---- eager_dfa_search_grows_linearly stdout ----
[INFO] [stdout] 
[INFO] [stdout] thread 'eager_dfa_search_grows_linearly' (1699) panicked at tests/bounded_execution.rs:88:29:
[INFO] [stdout] eager_dfa_search_grows_linearly: isolated run failed (exit status: 101)
[INFO] [stdout] stack backtrace:
[INFO] [stdout]    0:     0x64c4cc7a7271 - std[617be2ca0a6fd877]::backtrace_rs::backtrace::libunwind::trace
[INFO] [stdout]                                at /rustc/e3feeb59cd1bdd011a2bfcc0747b55125d9b8527/library/std/src/../../backtrace/src/backtrace/libunwind.rs:117:9
[INFO] [stdout]    1:     0x64c4cc7a7271 - std[617be2ca0a6fd877]::backtrace_rs::backtrace::trace_unsynchronized::<std[617be2ca0a6fd877]::sys::backtrace::_print_fmt::{closure#1}>
[INFO] [stdout]                                at /rustc/e3feeb59cd1bdd011a2bfcc0747b55125d9b8527/library/std/src/../../backtrace/src/backtrace/mod.rs:66:14
[INFO] [stdout]    2:     0x64c4cc7a7271 - std[617be2ca0a6fd877]::sys::backtrace::_print_fmt
[INFO] [stdout]                                at /rustc/e3feeb59cd1bdd011a2bfcc0747b55125d9b8527/library/std/src/sys/backtrace.rs:74:9
[INFO] [stdout]    3:     0x64c4cc7a7271 - <<std[617be2ca0a6fd877]::sys::backtrace::BacktraceLock>::print::DisplayBacktrace as core[a373ad73a504971]::fmt::Display>::fmt
[INFO] [stdout]                                at /rustc/e3feeb59cd1bdd011a2bfcc0747b55125d9b8527/library/std/src/sys/backtrace.rs:44:26
[INFO] [stdout]    4:     0x64c4cc7bc62a - <core[a373ad73a504971]::fmt::rt::Argument>::fmt
[INFO] [stdout]                                at /rustc/e3feeb59cd1bdd011a2bfcc0747b55125d9b8527/library/core/src/fmt/rt.rs:152:76
[INFO] [stdout]    5:     0x64c4cc7bc62a - core[a373ad73a504971]::fmt::write
[INFO] [stdout]    6:     0x64c4cc7ab67c - core[a373ad73a504971]::io::write::default_write_fmt::<alloc[2e1b2a31b91974c5]::vec::Vec<u8>>
[INFO] [stdout]                                at /rustc/e3feeb59cd1bdd011a2bfcc0747b55125d9b8527/library/core/src/io/write.rs:402:11
[INFO] [stdout]    7:     0x64c4cc7ab67c - <alloc[2e1b2a31b91974c5]::vec::Vec<u8> as core[a373ad73a504971]::io::write::Write>::write_fmt
[INFO] [stdout]                                at /rustc/e3feeb59cd1bdd011a2bfcc0747b55125d9b8527/library/core/src/io/write.rs:335:13
[INFO] [stdout]    8:     0x64c4cc783256 - <std[617be2ca0a6fd877]::sys::backtrace::BacktraceLock>::print
[INFO] [stdout]                                at /rustc/e3feeb59cd1bdd011a2bfcc0747b55125d9b8527/library/std/src/sys/backtrace.rs:47:9
[INFO] [stdout]    9:     0x64c4cc783256 - std[617be2ca0a6fd877]::panicking::default_hook::{closure#0}
[INFO] [stdout]                                at /rustc/e3feeb59cd1bdd011a2bfcc0747b55125d9b8527/library/std/src/panicking.rs:289:27
[INFO] [stdout]   10:     0x64c4cc79f849 - std[617be2ca0a6fd877]::panicking::default_hook
[INFO] [stdout]                                at /rustc/e3feeb59cd1bdd011a2bfcc0747b55125d9b8527/library/std/src/panicking.rs:313:9
[INFO] [stdout]   11:     0x64c4cc500e90 - <alloc[2e1b2a31b91974c5]::boxed::Box<dyn for<'a, 'b> core[a373ad73a504971]::ops::function::Fn<(&'a std[617be2ca0a6fd877]::panic::PanicHookInfo<'b>,), Output = ()> + core[a373ad73a504971]::marker::Sync + core[a373ad73a504971]::marker::Send> as core[a373ad73a504971]::ops::function::Fn<(&std[617be2ca0a6fd877]::panic::PanicHookInfo,)>>::call
[INFO] [stdout]                                at /rustc/e3feeb59cd1bdd011a2bfcc0747b55125d9b8527/library/alloc/src/boxed.rs:2328:9
[INFO] [stdout]   12:     0x64c4cc500e90 - test[aada8e7e76ba119b]::test_main_inner::{closure#0}
[INFO] [stdout]                                at /rustc/e3feeb59cd1bdd011a2bfcc0747b55125d9b8527/library/test/src/lib.rs:137:21
[INFO] [stdout]   13:     0x64c4cc79fa02 - <alloc[2e1b2a31b91974c5]::boxed::Box<dyn for<'a, 'b> core[a373ad73a504971]::ops::function::Fn<(&'a std[617be2ca0a6fd877]::panic::PanicHookInfo<'b>,), Output = ()> + core[a373ad73a504971]::marker::Sync + core[a373ad73a504971]::marker::Send> as core[a373ad73a504971]::ops::function::Fn<(&std[617be2ca0a6fd877]::panic::PanicHookInfo,)>>::call
[INFO] [stdout]                                at /rustc/e3feeb59cd1bdd011a2bfcc0747b55125d9b8527/library/alloc/src/boxed.rs:2328:9
[INFO] [stdout]   14:     0x64c4cc79fa02 - std[617be2ca0a6fd877]::panicking::panic_with_hook
[INFO] [stdout]                                at /rustc/e3feeb59cd1bdd011a2bfcc0747b55125d9b8527/library/std/src/panicking.rs:819:13
[INFO] [stdout]   15:     0x64c4cc783302 - std[617be2ca0a6fd877]::panicking::panic_handler::{closure#0}
[INFO] [stdout]                                at /rustc/e3feeb59cd1bdd011a2bfcc0747b55125d9b8527/library/std/src/panicking.rs:685:13
[INFO] [stdout]   16:     0x64c4cc77c019 - std[617be2ca0a6fd877]::sys::backtrace::__rust_end_short_backtrace::<std[617be2ca0a6fd877]::panicking::panic_handler::{closure#0}, !>
[INFO] [stdout]                                at /rustc/e3feeb59cd1bdd011a2bfcc0747b55125d9b8527/library/std/src/sys/backtrace.rs:182:18
[INFO] [stdout]   17:     0x64c4cc783f0d - __rustc[ea4f61d10b84890b]::rust_begin_unwind
[INFO] [stdout]                                at /rustc/e3feeb59cd1bdd011a2bfcc0747b55125d9b8527/library/std/src/panicking.rs:676:5
[INFO] [stdout]   18:     0x64c4cc7bce5c - core[a373ad73a504971]::panicking::panic_fmt
[INFO] [stdout]                                at /rustc/e3feeb59cd1bdd011a2bfcc0747b55125d9b8527/library/core/src/panicking.rs:80:14
[INFO] [stdout]   19:     0x64c4cc4c8421 - bounded_execution[b1e0c2bed8fb37a7]::bounded_within::<bounded_execution[b1e0c2bed8fb37a7]::eager_dfa_search_grows_linearly::{closure#0}>
[INFO] [stdout]                                at /opt/rustwide/workdir/tests/bounded_execution.rs:88:29
[INFO] [stdout]   20:     0x64c4cc4e4369 - bounded_execution[b1e0c2bed8fb37a7]::eager_dfa_search_grows_linearly
[INFO] [stdout]                                at /opt/rustwide/workdir/tests/bounded_execution.rs:667:5
[INFO] [stdout]   21:     0x64c4cc4d8d67 - bounded_execution[b1e0c2bed8fb37a7]::eager_dfa_search_grows_linearly::{closure#0}
[INFO] [stdout]                                at /opt/rustwide/workdir/tests/bounded_execution.rs:666:37
[INFO] [stdout]   22:     0x64c4cc4ed826 - <bounded_execution[b1e0c2bed8fb37a7]::eager_dfa_search_grows_linearly::{closure#0} as core[a373ad73a504971]::ops::function::FnOnce<()>>::call_once
[INFO] [stdout]                                at /rustc/e3feeb59cd1bdd011a2bfcc0747b55125d9b8527/library/core/src/ops/function.rs:250:5
[INFO] [stdout]   23:     0x64c4cc4f42db - <fn() -> core[a373ad73a504971]::result::Result<(), alloc[2e1b2a31b91974c5]::string::String> as core[a373ad73a504971]::ops::function::FnOnce<()>>::call_once
[INFO] [stdout]                                at /rustc/e3feeb59cd1bdd011a2bfcc0747b55125d9b8527/library/core/src/ops/function.rs:250:5
[INFO] [stdout]   24:     0x64c4cc4f42db - test[aada8e7e76ba119b]::__rust_begin_short_backtrace::<core[a373ad73a504971]::result::Result<(), alloc[2e1b2a31b91974c5]::string::String>, fn() -> core[a373ad73a504971]::result::Result<(), alloc[2e1b2a31b91974c5]::string::String>>
[INFO] [stdout]                                at /rustc/e3feeb59cd1bdd011a2bfcc0747b55125d9b8527/library/test/src/lib.rs:701:18
[INFO] [stdout]   25:     0x64c4cc5014b5 - test[aada8e7e76ba119b]::run_test_in_process::{closure#0}
[INFO] [stdout]                                at /rustc/e3feeb59cd1bdd011a2bfcc0747b55125d9b8527/library/test/src/lib.rs:724:74
[INFO] [stdout]   26:     0x64c4cc5014b5 - <core[a373ad73a504971]::panic::unwind_safe::AssertUnwindSafe<test[aada8e7e76ba119b]::run_test_in_process::{closure#0}> as core[a373ad73a504971]::ops::function::FnOnce<()>>::call_once
[INFO] [stdout]                                at /rustc/e3feeb59cd1bdd011a2bfcc0747b55125d9b8527/library/core/src/panic/unwind_safe.rs:275:9
[INFO] [stdout]   27:     0x64c4cc5014b5 - std[617be2ca0a6fd877]::panicking::catch_unwind::do_call::<core[a373ad73a504971]::panic::unwind_safe::AssertUnwindSafe<test[aada8e7e76ba119b]::run_test_in_process::{closure#0}>, core[a373ad73a504971]::result::Result<(), alloc[2e1b2a31b91974c5]::string::String>>
[INFO] [stdout]                                at /rustc/e3feeb59cd1bdd011a2bfcc0747b55125d9b8527/library/std/src/panicking.rs:573:43
[INFO] [stdout]   28:     0x64c4cc5014b5 - std[617be2ca0a6fd877]::panicking::catch_unwind::<core[a373ad73a504971]::result::Result<(), alloc[2e1b2a31b91974c5]::string::String>, core[a373ad73a504971]::panic::unwind_safe::AssertUnwindSafe<test[aada8e7e76ba119b]::run_test_in_process::{closure#0}>>
[INFO] [stdout]                                at /rustc/e3feeb59cd1bdd011a2bfcc0747b55125d9b8527/library/std/src/panicking.rs:541:19
[INFO] [stdout]   29:     0x64c4cc5014b5 - std[617be2ca0a6fd877]::panic::catch_unwind::<core[a373ad73a504971]::panic::unwind_safe::AssertUnwindSafe<test[aada8e7e76ba119b]::run_test_in_process::{closure#0}>, core[a373ad73a504971]::result::Result<(), alloc[2e1b2a31b91974c5]::string::String>>
[INFO] [stdout]                                at /rustc/e3feeb59cd1bdd011a2bfcc0747b55125d9b8527/library/std/src/panic.rs:359:14
[INFO] [stdout]   30:     0x64c4cc5014b5 - test[aada8e7e76ba119b]::run_test_in_process
[INFO] [stdout]                                at /rustc/e3feeb59cd1bdd011a2bfcc0747b55125d9b8527/library/test/src/lib.rs:724:27
[INFO] [stdout]   31:     0x64c4cc5014b5 - test[aada8e7e76ba119b]::run_test::{closure#0}
[INFO] [stdout]                                at /rustc/e3feeb59cd1bdd011a2bfcc0747b55125d9b8527/library/test/src/lib.rs:645:43
[INFO] [stdout]   32:     0x64c4cc4fada4 - test[aada8e7e76ba119b]::run_test::{closure#1}
[INFO] [stdout]                                at /rustc/e3feeb59cd1bdd011a2bfcc0747b55125d9b8527/library/test/src/lib.rs:675:41
[INFO] [stdout]   33:     0x64c4cc4fada4 - std[617be2ca0a6fd877]::sys::backtrace::__rust_begin_short_backtrace::<test[aada8e7e76ba119b]::run_test::{closure#1}, ()>
[INFO] [stdout]                                at /rustc/e3feeb59cd1bdd011a2bfcc0747b55125d9b8527/library/std/src/sys/backtrace.rs:166:18
[INFO] [stdout]   34:     0x64c4cc504542 - std[617be2ca0a6fd877]::thread::lifecycle::spawn_unchecked::<test[aada8e7e76ba119b]::run_test::{closure#1}, ()>::{closure#1}::{closure#0}
[INFO] [stdout]                                at /rustc/e3feeb59cd1bdd011a2bfcc0747b55125d9b8527/library/std/src/thread/lifecycle.rs:70:13
[INFO] [stdout]   35:     0x64c4cc504542 - <core[a373ad73a504971]::panic::unwind_safe::AssertUnwindSafe<std[617be2ca0a6fd877]::thread::lifecycle::spawn_unchecked<test[aada8e7e76ba119b]::run_test::{closure#1}, ()>::{closure#1}::{closure#0}> as core[a373ad73a504971]::ops::function::FnOnce<()>>::call_once
[INFO] [stdout]                                at /rustc/e3feeb59cd1bdd011a2bfcc0747b55125d9b8527/library/core/src/panic/unwind_safe.rs:275:9
[INFO] [stdout]   36:     0x64c4cc504542 - std[617be2ca0a6fd877]::panicking::catch_unwind::do_call::<core[a373ad73a504971]::panic::unwind_safe::AssertUnwindSafe<std[617be2ca0a6fd877]::thread::lifecycle::spawn_unchecked<test[aada8e7e76ba119b]::run_test::{closure#1}, ()>::{closure#1}::{closure#0}>, ()>
[INFO] [stdout]                                at /rustc/e3feeb59cd1bdd011a2bfcc0747b55125d9b8527/library/std/src/panicking.rs:573:43
[INFO] [stdout]   37:     0x64c4cc504542 - std[617be2ca0a6fd877]::panicking::catch_unwind::<(), core[a373ad73a504971]::panic::unwind_safe::AssertUnwindSafe<std[617be2ca0a6fd877]::thread::lifecycle::spawn_unchecked<test[aada8e7e76ba119b]::run_test::{closure#1}, ()>::{closure#1}::{closure#0}>>
[INFO] [stdout]                                at /rustc/e3feeb59cd1bdd011a2bfcc0747b55125d9b8527/library/std/src/panicking.rs:541:19
[INFO] [stdout]   38:     0x64c4cc504542 - std[617be2ca0a6fd877]::panic::catch_unwind::<core[a373ad73a504971]::panic::unwind_safe::AssertUnwindSafe<std[617be2ca0a6fd877]::thread::lifecycle::spawn_unchecked<test[aada8e7e76ba119b]::run_test::{closure#1}, ()>::{closure#1}::{closure#0}>, ()>
[INFO] [stdout]                                at /rustc/e3feeb59cd1bdd011a2bfcc0747b55125d9b8527/library/std/src/panic.rs:359:14
[INFO] [stdout]   39:     0x64c4cc504542 - std[617be2ca0a6fd877]::thread::lifecycle::spawn_unchecked::<test[aada8e7e76ba119b]::run_test::{closure#1}, ()>::{closure#1}
[INFO] [stdout]                                at /rustc/e3feeb59cd1bdd011a2bfcc0747b55125d9b8527/library/std/src/thread/lifecycle.rs:68:26
[INFO] [stdout]   40:     0x64c4cc504542 - <std[617be2ca0a6fd877]::thread::lifecycle::spawn_unchecked<test[aada8e7e76ba119b]::run_test::{closure#1}, ()>::{closure#1} as core[a373ad73a504971]::ops::function::FnOnce<()>>::call_once::{shim:vtable#0}
[INFO] [stdout]                                at /rustc/e3feeb59cd1bdd011a2bfcc0747b55125d9b8527/library/core/src/ops/function.rs:250:5
[INFO] [stdout]   41:     0x64c4cc7a6acf - <alloc[2e1b2a31b91974c5]::boxed::Box<dyn core[a373ad73a504971]::ops::function::FnOnce<(), Output = ()> + core[a373ad73a504971]::marker::Send> as core[a373ad73a504971]::ops::function::FnOnce<()>>::call_once
[INFO] [stdout]                                at /rustc/e3feeb59cd1bdd011a2bfcc0747b55125d9b8527/library/alloc/src/boxed.rs:2314:9
[INFO] [stdout]   42:     0x64c4cc7a6acf - <std[617be2ca0a6fd877]::sys::thread::unix::Thread>::new::thread_start
[INFO] [stdout]                                at /rustc/e3feeb59cd1bdd011a2bfcc0747b55125d9b8527/library/std/src/sys/thread/unix.rs:127:17
[INFO] [stdout]   43:     0x72ef7e7c8dfa - <unknown>
[INFO] [stdout]   44:     0x72ef7e85c3d4 - clone
[INFO] [stdout]   45:                0x0 - <unknown>
[INFO] [stdout] 
[INFO] [stdout] ---- shift_or_search_grows_linearly stdout ----
[INFO] [stdout] 
[INFO] [stdout] thread 'shift_or_search_grows_linearly' (1789) panicked at tests/bounded_execution.rs:88:29:
[INFO] [stdout] shift_or_search_grows_linearly: isolated run failed (exit status: 101)
[INFO] [stdout] stack backtrace:
[INFO] [stdout]    0:     0x64c4cc7a7271 - std[617be2ca0a6fd877]::backtrace_rs::backtrace::libunwind::trace
[INFO] [stdout]                                at /rustc/e3feeb59cd1bdd011a2bfcc0747b55125d9b8527/library/std/src/../../backtrace/src/backtrace/libunwind.rs:117:9
[INFO] [stdout]    1:     0x64c4cc7a7271 - std[617be2ca0a6fd877]::backtrace_rs::backtrace::trace_unsynchronized::<std[617be2ca0a6fd877]::sys::backtrace::_print_fmt::{closure#1}>
[INFO] [stdout]                                at /rustc/e3feeb59cd1bdd011a2bfcc0747b55125d9b8527/library/std/src/../../backtrace/src/backtrace/mod.rs:66:14
[INFO] [stdout]    2:     0x64c4cc7a7271 - std[617be2ca0a6fd877]::sys::backtrace::_print_fmt
[INFO] [stdout]                                at /rustc/e3feeb59cd1bdd011a2bfcc0747b55125d9b8527/library/std/src/sys/backtrace.rs:74:9
[INFO] [stdout]    3:     0x64c4cc7a7271 - <<std[617be2ca0a6fd877]::sys::backtrace::BacktraceLock>::print::DisplayBacktrace as core[a373ad73a504971]::fmt::Display>::fmt
[INFO] [stdout]                                at /rustc/e3feeb59cd1bdd011a2bfcc0747b55125d9b8527/library/std/src/sys/backtrace.rs:44:26
[INFO] [stdout]    4:     0x64c4cc7bc62a - <core[a373ad73a504971]::fmt::rt::Argument>::fmt
[INFO] [stdout]                                at /rustc/e3feeb59cd1bdd011a2bfcc0747b55125d9b8527/library/core/src/fmt/rt.rs:152:76
[INFO] [stdout]    5:     0x64c4cc7bc62a - core[a373ad73a504971]::fmt::write
[INFO] [stdout]    6:     0x64c4cc7ab67c - core[a373ad73a504971]::io::write::default_write_fmt::<alloc[2e1b2a31b91974c5]::vec::Vec<u8>>
[INFO] [stdout]                                at /rustc/e3feeb59cd1bdd011a2bfcc0747b55125d9b8527/library/core/src/io/write.rs:402:11
[INFO] [stdout]    7:     0x64c4cc7ab67c - <alloc[2e1b2a31b91974c5]::vec::Vec<u8> as core[a373ad73a504971]::io::write::Write>::write_fmt
[INFO] [stdout]                                at /rustc/e3feeb59cd1bdd011a2bfcc0747b55125d9b8527/library/core/src/io/write.rs:335:13
[INFO] [stdout]    8:     0x64c4cc783256 - <std[617be2ca0a6fd877]::sys::backtrace::BacktraceLock>::print
[INFO] [stdout]                                at /rustc/e3feeb59cd1bdd011a2bfcc0747b55125d9b8527/library/std/src/sys/backtrace.rs:47:9
[INFO] [stdout]    9:     0x64c4cc783256 - std[617be2ca0a6fd877]::panicking::default_hook::{closure#0}
[INFO] [stdout]                                at /rustc/e3feeb59cd1bdd011a2bfcc0747b55125d9b8527/library/std/src/panicking.rs:289:27
[INFO] [stdout]   10:     0x64c4cc79f849 - std[617be2ca0a6fd877]::panicking::default_hook
[INFO] [stdout]                                at /rustc/e3feeb59cd1bdd011a2bfcc0747b55125d9b8527/library/std/src/panicking.rs:313:9
[INFO] [stdout]   11:     0x64c4cc500e90 - <alloc[2e1b2a31b91974c5]::boxed::Box<dyn for<'a, 'b> core[a373ad73a504971]::ops::function::Fn<(&'a std[617be2ca0a6fd877]::panic::PanicHookInfo<'b>,), Output = ()> + core[a373ad73a504971]::marker::Sync + core[a373ad73a504971]::marker::Send> as core[a373ad73a504971]::ops::function::Fn<(&std[617be2ca0a6fd877]::panic::PanicHookInfo,)>>::call
[INFO] [stdout]                                at /rustc/e3feeb59cd1bdd011a2bfcc0747b55125d9b8527/library/alloc/src/boxed.rs:2328:9
[INFO] [stdout]   12:     0x64c4cc500e90 - test[aada8e7e76ba119b]::test_main_inner::{closure#0}
[INFO] [stdout]                                at /rustc/e3feeb59cd1bdd011a2bfcc0747b55125d9b8527/library/test/src/lib.rs:137:21
[INFO] [stdout]   13:     0x64c4cc79fa02 - <alloc[2e1b2a31b91974c5]::boxed::Box<dyn for<'a, 'b> core[a373ad73a504971]::ops::function::Fn<(&'a std[617be2ca0a6fd877]::panic::PanicHookInfo<'b>,), Output = ()> + core[a373ad73a504971]::marker::Sync + core[a373ad73a504971]::marker::Send> as core[a373ad73a504971]::ops::function::Fn<(&std[617be2ca0a6fd877]::panic::PanicHookInfo,)>>::call
[INFO] [stdout]                                at /rustc/e3feeb59cd1bdd011a2bfcc0747b55125d9b8527/library/alloc/src/boxed.rs:2328:9
[INFO] [stdout]   14:     0x64c4cc79fa02 - std[617be2ca0a6fd877]::panicking::panic_with_hook
[INFO] [stdout]                                at /rustc/e3feeb59cd1bdd011a2bfcc0747b55125d9b8527/library/std/src/panicking.rs:819:13
[INFO] [stdout]   15:     0x64c4cc783302 - std[617be2ca0a6fd877]::panicking::panic_handler::{closure#0}
[INFO] [stdout]                                at /rustc/e3feeb59cd1bdd011a2bfcc0747b55125d9b8527/library/std/src/panicking.rs:685:13
[INFO] [stdout]   16:     0x64c4cc77c019 - std[617be2ca0a6fd877]::sys::backtrace::__rust_end_short_backtrace::<std[617be2ca0a6fd877]::panicking::panic_handler::{closure#0}, !>
[INFO] [stdout]                                at /rustc/e3feeb59cd1bdd011a2bfcc0747b55125d9b8527/library/std/src/sys/backtrace.rs:182:18
[INFO] [stdout]   17:     0x64c4cc783f0d - __rustc[ea4f61d10b84890b]::rust_begin_unwind
[INFO] [stdout]                                at /rustc/e3feeb59cd1bdd011a2bfcc0747b55125d9b8527/library/std/src/panicking.rs:676:5
[INFO] [stdout]   18:     0x64c4cc7bce5c - core[a373ad73a504971]::panicking::panic_fmt
[INFO] [stdout]                                at /rustc/e3feeb59cd1bdd011a2bfcc0747b55125d9b8527/library/core/src/panicking.rs:80:14
[INFO] [stdout]   19:     0x64c4cc4c7c71 - bounded_execution[b1e0c2bed8fb37a7]::bounded_within::<bounded_execution[b1e0c2bed8fb37a7]::shift_or_search_grows_linearly::{closure#0}>
[INFO] [stdout]                                at /opt/rustwide/workdir/tests/bounded_execution.rs:88:29
[INFO] [stdout]   20:     0x64c4cc4e4349 - bounded_execution[b1e0c2bed8fb37a7]::shift_or_search_grows_linearly
[INFO] [stdout]                                at /opt/rustwide/workdir/tests/bounded_execution.rs:705:5
[INFO] [stdout]   21:     0x64c4cc4d8d37 - bounded_execution[b1e0c2bed8fb37a7]::shift_or_search_grows_linearly::{closure#0}
[INFO] [stdout]                                at /opt/rustwide/workdir/tests/bounded_execution.rs:704:36
[INFO] [stdout]   22:     0x64c4cc4ed806 - <bounded_execution[b1e0c2bed8fb37a7]::shift_or_search_grows_linearly::{closure#0} as core[a373ad73a504971]::ops::function::FnOnce<()>>::call_once
[INFO] [stdout]                                at /rustc/e3feeb59cd1bdd011a2bfcc0747b55125d9b8527/library/core/src/ops/function.rs:250:5
[INFO] [stdout]   23:     0x64c4cc4f42db - <fn() -> core[a373ad73a504971]::result::Result<(), alloc[2e1b2a31b91974c5]::string::String> as core[a373ad73a504971]::ops::function::FnOnce<()>>::call_once
[INFO] [stdout]                                at /rustc/e3feeb59cd1bdd011a2bfcc0747b55125d9b8527/library/core/src/ops/function.rs:250:5
[INFO] [stdout]   24:     0x64c4cc4f42db - test[aada8e7e76ba119b]::__rust_begin_short_backtrace::<core[a373ad73a504971]::result::Result<(), alloc[2e1b2a31b91974c5]::string::String>, fn() -> core[a373ad73a504971]::result::Result<(), alloc[2e1b2a31b91974c5]::string::String>>
[INFO] [stdout]                                at /rustc/e3feeb59cd1bdd011a2bfcc0747b55125d9b8527/library/test/src/lib.rs:701:18
[INFO] [stdout]   25:     0x64c4cc5014b5 - test[aada8e7e76ba119b]::run_test_in_process::{closure#0}
[INFO] [stdout]                                at /rustc/e3feeb59cd1bdd011a2bfcc0747b55125d9b8527/library/test/src/lib.rs:724:74
[INFO] [stdout]   26:     0x64c4cc5014b5 - <core[a373ad73a504971]::panic::unwind_safe::AssertUnwindSafe<test[aada8e7e76ba119b]::run_test_in_process::{closure#0}> as core[a373ad73a504971]::ops::function::FnOnce<()>>::call_once
[INFO] [stdout]                                at /rustc/e3feeb59cd1bdd011a2bfcc0747b55125d9b8527/library/core/src/panic/unwind_safe.rs:275:9
[INFO] [stdout]   27:     0x64c4cc5014b5 - std[617be2ca0a6fd877]::panicking::catch_unwind::do_call::<core[a373ad73a504971]::panic::unwind_safe::AssertUnwindSafe<test[aada8e7e76ba119b]::run_test_in_process::{closure#0}>, core[a373ad73a504971]::result::Result<(), alloc[2e1b2a31b91974c5]::string::String>>
[INFO] [stdout]                                at /rustc/e3feeb59cd1bdd011a2bfcc0747b55125d9b8527/library/std/src/panicking.rs:573:43
[INFO] [stdout]   28:     0x64c4cc5014b5 - std[617be2ca0a6fd877]::panicking::catch_unwind::<core[a373ad73a504971]::result::Result<(), alloc[2e1b2a31b91974c5]::string::String>, core[a373ad73a504971]::panic::unwind_safe::AssertUnwindSafe<test[aada8e7e76ba119b]::run_test_in_process::{closure#0}>>
[INFO] [stdout]                                at /rustc/e3feeb59cd1bdd011a2bfcc0747b55125d9b8527/library/std/src/panicking.rs:541:19
[INFO] [stdout]   29:     0x64c4cc5014b5 - std[617be2ca0a6fd877]::panic::catch_unwind::<core[a373ad73a504971]::panic::unwind_safe::AssertUnwindSafe<test[aada8e7e76ba119b]::run_test_in_process::{closure#0}>, core[a373ad73a504971]::result::Result<(), alloc[2e1b2a31b91974c5]::string::String>>
[INFO] [stdout]                                at /rustc/e3feeb59cd1bdd011a2bfcc0747b55125d9b8527/library/std/src/panic.rs:359:14
[INFO] [stdout]   30:     0x64c4cc5014b5 - test[aada8e7e76ba119b]::run_test_in_process
[INFO] [stdout]                                at /rustc/e3feeb59cd1bdd011a2bfcc0747b55125d9b8527/library/test/src/lib.rs:724:27
[INFO] [stdout]   31:     0x64c4cc5014b5 - test[aada8e7e76ba119b]::run_test::{closure#0}
[INFO] [stdout]                                at /rustc/e3feeb59cd1bdd011a2bfcc0747b55125d9b8527/library/test/src/lib.rs:645:43
[INFO] [stdout]   32:     0x64c4cc4fada4 - test[aada8e7e76ba119b]::run_test::{closure#1}
[INFO] [stdout]                                at /rustc/e3feeb59cd1bdd011a2bfcc0747b55125d9b8527/library/test/src/lib.rs:675:41
[INFO] [stdout]   33:     0x64c4cc4fada4 - std[617be2ca0a6fd877]::sys::backtrace::__rust_begin_short_backtrace::<test[aada8e7e76ba119b]::run_test::{closure#1}, ()>
[INFO] [stdout]                                at /rustc/e3feeb59cd1bdd011a2bfcc0747b55125d9b8527/library/std/src/sys/backtrace.rs:166:18
[INFO] [stdout]   34:     0x64c4cc504542 - std[617be2ca0a6fd877]::thread::lifecycle::spawn_unchecked::<test[aada8e7e76ba119b]::run_test::{closure#1}, ()>::{closure#1}::{closure#0}
[INFO] [stdout]                                at /rustc/e3feeb59cd1bdd011a2bfcc0747b55125d9b8527/library/std/src/thread/lifecycle.rs:70:13
[INFO] [stdout]   35:     0x64c4cc504542 - <core[a373ad73a504971]::panic::unwind_safe::AssertUnwindSafe<std[617be2ca0a6fd877]::thread::lifecycle::spawn_unchecked<test[aada8e7e76ba119b]::run_test::{closure#1}, ()>::{closure#1}::{closure#0}> as core[a373ad73a504971]::ops::function::FnOnce<()>>::call_once
[INFO] [stdout]                                at /rustc/e3feeb59cd1bdd011a2bfcc0747b55125d9b8527/library/core/src/panic/unwind_safe.rs:275:9
[INFO] [stdout]   36:     0x64c4cc504542 - std[617be2ca0a6fd877]::panicking::catch_unwind::do_call::<core[a373ad73a504971]::panic::unwind_safe::AssertUnwindSafe<std[617be2ca0a6fd877]::thread::lifecycle::spawn_unchecked<test[aada8e7e76ba119b]::run_test::{closure#1}, ()>::{closure#1}::{closure#0}>, ()>
[INFO] [stdout]                                at /rustc/e3feeb59cd1bdd011a2bfcc0747b55125d9b8527/library/std/src/panicking.rs:573:43
[INFO] [stdout]   37:     0x64c4cc504542 - std[617be2ca0a6fd877]::panicking::catch_unwind::<(), core[a373ad73a504971]::panic::unwind_safe::AssertUnwindSafe<std[617be2ca0a6fd877]::thread::lifecycle::spawn_unchecked<test[aada8e7e76ba119b]::run_test::{closure#1}, ()>::{closure#1}::{closure#0}>>
[INFO] [stdout]                                at /rustc/e3feeb59cd1bdd011a2bfcc0747b55125d9b8527/library/std/src/panicking.rs:541:19
[INFO] [stdout]   38:     0x64c4cc504542 - std[617be2ca0a6fd877]::panic::catch_unwind::<core[a373ad73a504971]::panic::unwind_safe::AssertUnwindSafe<std[617be2ca0a6fd877]::thread::lifecycle::spawn_unchecked<test[aada8e7e76ba119b]::run_test::{closure#1}, ()>::{closure#1}::{closure#0}>, ()>
[INFO] [stdout]                                at /rustc/e3feeb59cd1bdd011a2bfcc0747b55125d9b8527/library/std/src/panic.rs:359:14
[INFO] [stdout]   39:     0x64c4cc504542 - std[617be2ca0a6fd877]::thread::lifecycle::spawn_unchecked::<test[aada8e7e76ba119b]::run_test::{closure#1}, ()>::{closure#1}
[INFO] [stdout]                                at /rustc/e3feeb59cd1bdd011a2bfcc0747b55125d9b8527/library/std/src/thread/lifecycle.rs:68:26
[INFO] [stdout]   40:     0x64c4cc504542 - <std[617be2ca0a6fd877]::thread::lifecycle::spawn_unchecked<test[aada8e7e76ba119b]::run_test::{closure#1}, ()>::{closure#1} as core[a373ad73a504971]::ops::function::FnOnce<()>>::call_once::{shim:vtable#0}
[INFO] [stdout]                                at /rustc/e3feeb59cd1bdd011a2bfcc0747b55125d9b8527/library/core/src/ops/function.rs:250:5
[INFO] [stdout]   41:     0x64c4cc7a6acf - <alloc[2e1b2a31b91974c5]::boxed::Box<dyn core[a373ad73a504971]::ops::function::FnOnce<(), Output = ()> + core[a373ad73a504971]::marker::Send> as core[a373ad73a504971]::ops::function::FnOnce<()>>::call_once
[INFO] [stdout]                                at /rustc/e3feeb59cd1bdd011a2bfcc0747b55125d9b8527/library/alloc/src/boxed.rs:2314:9
[INFO] [stdout]   42:     0x64c4cc7a6acf - <std[617be2ca0a6fd877]::sys::thread::unix::Thread>::new::thread_start
[INFO] [stdout]                                at /rustc/e3feeb59cd1bdd011a2bfcc0747b55125d9b8527/library/std/src/sys/thread/unix.rs:127:17
[INFO] [stdout]   43:     0x72ef7e7c8dfa - <unknown>
[INFO] [stdout]   44:     0x72ef7e85c3d4 - clone
[INFO] [stdout]   45:                0x0 - <unknown>
[INFO] [stdout] 
[INFO] [stdout] ---- lazy_dfa_and_dfa_jit_search_grows_linearly stdout ----
[INFO] [stdout] 
[INFO] [stdout] thread 'lazy_dfa_and_dfa_jit_search_grows_linearly' (1702) panicked at tests/bounded_execution.rs:88:29:
[INFO] [stdout] lazy_dfa_and_dfa_jit_search_grows_linearly: isolated run failed (exit status: 101)
[INFO] [stdout] stack backtrace:
[INFO] [stdout]    0:     0x64c4cc7a7271 - std[617be2ca0a6fd877]::backtrace_rs::backtrace::libunwind::trace
[INFO] [stdout]                                at /rustc/e3feeb59cd1bdd011a2bfcc0747b55125d9b8527/library/std/src/../../backtrace/src/backtrace/libunwind.rs:117:9
[INFO] [stdout]    1:     0x64c4cc7a7271 - std[617be2ca0a6fd877]::backtrace_rs::backtrace::trace_unsynchronized::<std[617be2ca0a6fd877]::sys::backtrace::_print_fmt::{closure#1}>
[INFO] [stdout]                                at /rustc/e3feeb59cd1bdd011a2bfcc0747b55125d9b8527/library/std/src/../../backtrace/src/backtrace/mod.rs:66:14
[INFO] [stdout]    2:     0x64c4cc7a7271 - std[617be2ca0a6fd877]::sys::backtrace::_print_fmt
[INFO] [stdout]                                at /rustc/e3feeb59cd1bdd011a2bfcc0747b55125d9b8527/library/std/src/sys/backtrace.rs:74:9
[INFO] [stdout]    3:     0x64c4cc7a7271 - <<std[617be2ca0a6fd877]::sys::backtrace::BacktraceLock>::print::DisplayBacktrace as core[a373ad73a504971]::fmt::Display>::fmt
[INFO] [stdout]                                at /rustc/e3feeb59cd1bdd011a2bfcc0747b55125d9b8527/library/std/src/sys/backtrace.rs:44:26
[INFO] [stdout]    4:     0x64c4cc7bc62a - <core[a373ad73a504971]::fmt::rt::Argument>::fmt
[INFO] [stdout]                                at /rustc/e3feeb59cd1bdd011a2bfcc0747b55125d9b8527/library/core/src/fmt/rt.rs:152:76
[INFO] [stdout]    5:     0x64c4cc7bc62a - core[a373ad73a504971]::fmt::write
[INFO] [stdout]    6:     0x64c4cc7ab67c - core[a373ad73a504971]::io::write::default_write_fmt::<alloc[2e1b2a31b91974c5]::vec::Vec<u8>>
[INFO] [stdout]                                at /rustc/e3feeb59cd1bdd011a2bfcc0747b55125d9b8527/library/core/src/io/write.rs:402:11
[INFO] [stdout]    7:     0x64c4cc7ab67c - <alloc[2e1b2a31b91974c5]::vec::Vec<u8> as core[a373ad73a504971]::io::write::Write>::write_fmt
[INFO] [stdout]                                at /rustc/e3feeb59cd1bdd011a2bfcc0747b55125d9b8527/library/core/src/io/write.rs:335:13
[INFO] [stdout]    8:     0x64c4cc783256 - <std[617be2ca0a6fd877]::sys::backtrace::BacktraceLock>::print
[INFO] [stdout]                                at /rustc/e3feeb59cd1bdd011a2bfcc0747b55125d9b8527/library/std/src/sys/backtrace.rs:47:9
[INFO] [stdout]    9:     0x64c4cc783256 - std[617be2ca0a6fd877]::panicking::default_hook::{closure#0}
[INFO] [stdout]                                at /rustc/e3feeb59cd1bdd011a2bfcc0747b55125d9b8527/library/std/src/panicking.rs:289:27
[INFO] [stdout]   10:     0x64c4cc79f849 - std[617be2ca0a6fd877]::panicking::default_hook
[INFO] [stdout]                                at /rustc/e3feeb59cd1bdd011a2bfcc0747b55125d9b8527/library/std/src/panicking.rs:313:9
[INFO] [stdout]   11:     0x64c4cc500e90 - <alloc[2e1b2a31b91974c5]::boxed::Box<dyn for<'a, 'b> core[a373ad73a504971]::ops::function::Fn<(&'a std[617be2ca0a6fd877]::panic::PanicHookInfo<'b>,), Output = ()> + core[a373ad73a504971]::marker::Sync + core[a373ad73a504971]::marker::Send> as core[a373ad73a504971]::ops::function::Fn<(&std[617be2ca0a6fd877]::panic::PanicHookInfo,)>>::call
[INFO] [stdout]                                at /rustc/e3feeb59cd1bdd011a2bfcc0747b55125d9b8527/library/alloc/src/boxed.rs:2328:9
[INFO] [stdout]   12:     0x64c4cc500e90 - test[aada8e7e76ba119b]::test_main_inner::{closure#0}
[INFO] [stdout]                                at /rustc/e3feeb59cd1bdd011a2bfcc0747b55125d9b8527/library/test/src/lib.rs:137:21
[INFO] [stdout]   13:     0x64c4cc79fa02 - <alloc[2e1b2a31b91974c5]::boxed::Box<dyn for<'a, 'b> core[a373ad73a504971]::ops::function::Fn<(&'a std[617be2ca0a6fd877]::panic::PanicHookInfo<'b>,), Output = ()> + core[a373ad73a504971]::marker::Sync + core[a373ad73a504971]::marker::Send> as core[a373ad73a504971]::ops::function::Fn<(&std[617be2ca0a6fd877]::panic::PanicHookInfo,)>>::call
[INFO] [stdout]                                at /rustc/e3feeb59cd1bdd011a2bfcc0747b55125d9b8527/library/alloc/src/boxed.rs:2328:9
[INFO] [stdout]   14:     0x64c4cc79fa02 - std[617be2ca0a6fd877]::panicking::panic_with_hook
[INFO] [stdout]                                at /rustc/e3feeb59cd1bdd011a2bfcc0747b55125d9b8527/library/std/src/panicking.rs:819:13
[INFO] [stdout]   15:     0x64c4cc783302 - std[617be2ca0a6fd877]::panicking::panic_handler::{closure#0}
[INFO] [stdout]                                at /rustc/e3feeb59cd1bdd011a2bfcc0747b55125d9b8527/library/std/src/panicking.rs:685:13
[INFO] [stdout]   16:     0x64c4cc77c019 - std[617be2ca0a6fd877]::sys::backtrace::__rust_end_short_backtrace::<std[617be2ca0a6fd877]::panicking::panic_handler::{closure#0}, !>
[INFO] [stdout]                                at /rustc/e3feeb59cd1bdd011a2bfcc0747b55125d9b8527/library/std/src/sys/backtrace.rs:182:18
[INFO] [stdout]   17:     0x64c4cc783f0d - __rustc[ea4f61d10b84890b]::rust_begin_unwind
[INFO] [stdout]                                at /rustc/e3feeb59cd1bdd011a2bfcc0747b55125d9b8527/library/std/src/panicking.rs:676:5
[INFO] [stdout]   18:     0x64c4cc7bce5c - core[a373ad73a504971]::panicking::panic_fmt
[INFO] [stdout]                                at /rustc/e3feeb59cd1bdd011a2bfcc0747b55125d9b8527/library/core/src/panicking.rs:80:14
[INFO] [stdout]   19:     0x64c4cc4cefc1 - bounded_execution[b1e0c2bed8fb37a7]::bounded_within::<bounded_execution[b1e0c2bed8fb37a7]::lazy_dfa_and_dfa_jit_search_grows_linearly::{closure#0}>
[INFO] [stdout]                                at /opt/rustwide/workdir/tests/bounded_execution.rs:88:29
[INFO] [stdout]   20:     0x64c4cc4e4529 - bounded_execution[b1e0c2bed8fb37a7]::lazy_dfa_and_dfa_jit_search_grows_linearly
[INFO] [stdout]                                at /opt/rustwide/workdir/tests/bounded_execution.rs:730:5
[INFO] [stdout]   21:     0x64c4cc4d9007 - bounded_execution[b1e0c2bed8fb37a7]::lazy_dfa_and_dfa_jit_search_grows_linearly::{closure#0}
[INFO] [stdout]                                at /opt/rustwide/workdir/tests/bounded_execution.rs:729:48
[INFO] [stdout]   22:     0x64c4cc4ed9e6 - <bounded_execution[b1e0c2bed8fb37a7]::lazy_dfa_and_dfa_jit_search_grows_linearly::{closure#0} as core[a373ad73a504971]::ops::function::FnOnce<()>>::call_once
[INFO] [stdout]                                at /rustc/e3feeb59cd1bdd011a2bfcc0747b55125d9b8527/library/core/src/ops/function.rs:250:5
[INFO] [stdout]   23:     0x64c4cc4f42db - <fn() -> core[a373ad73a504971]::result::Result<(), alloc[2e1b2a31b91974c5]::string::String> as core[a373ad73a504971]::ops::function::FnOnce<()>>::call_once
[INFO] [stdout]                                at /rustc/e3feeb59cd1bdd011a2bfcc0747b55125d9b8527/library/core/src/ops/function.rs:250:5
[INFO] [stdout]   24:     0x64c4cc4f42db - test[aada8e7e76ba119b]::__rust_begin_short_backtrace::<core[a373ad73a504971]::result::Result<(), alloc[2e1b2a31b91974c5]::string::String>, fn() -> core[a373ad73a504971]::result::Result<(), alloc[2e1b2a31b91974c5]::string::String>>
[INFO] [stdout]                                at /rustc/e3feeb59cd1bdd011a2bfcc0747b55125d9b8527/library/test/src/lib.rs:701:18
[INFO] [stdout]   25:     0x64c4cc5014b5 - test[aada8e7e76ba119b]::run_test_in_process::{closure#0}
[INFO] [stdout]                                at /rustc/e3feeb59cd1bdd011a2bfcc0747b55125d9b8527/library/test/src/lib.rs:724:74
[INFO] [stdout]   26:     0x64c4cc5014b5 - <core[a373ad73a504971]::panic::unwind_safe::AssertUnwindSafe<test[aada8e7e76ba119b]::run_test_in_process::{closure#0}> as core[a373ad73a504971]::ops::function::FnOnce<()>>::call_once
[INFO] [stdout]                                at /rustc/e3feeb59cd1bdd011a2bfcc0747b55125d9b8527/library/core/src/panic/unwind_safe.rs:275:9
[INFO] [stdout]   27:     0x64c4cc5014b5 - std[617be2ca0a6fd877]::panicking::catch_unwind::do_call::<core[a373ad73a504971]::panic::unwind_safe::AssertUnwindSafe<test[aada8e7e76ba119b]::run_test_in_process::{closure#0}>, core[a373ad73a504971]::result::Result<(), alloc[2e1b2a31b91974c5]::string::String>>
[INFO] [stdout]                                at /rustc/e3feeb59cd1bdd011a2bfcc0747b55125d9b8527/library/std/src/panicking.rs:573:43
[INFO] [stdout]   28:     0x64c4cc5014b5 - std[617be2ca0a6fd877]::panicking::catch_unwind::<core[a373ad73a504971]::result::Result<(), alloc[2e1b2a31b91974c5]::string::String>, core[a373ad73a504971]::panic::unwind_safe::AssertUnwindSafe<test[aada8e7e76ba119b]::run_test_in_process::{closure#0}>>
[INFO] [stdout]                                at /rustc/e3feeb59cd1bdd011a2bfcc0747b55125d9b8527/library/std/src/panicking.rs:541:19
[INFO] [stdout]   29:     0x64c4cc5014b5 - std[617be2ca0a6fd877]::panic::catch_unwind::<core[a373ad73a504971]::panic::unwind_safe::AssertUnwindSafe<test[aada8e7e76ba119b]::run_test_in_process::{closure#0}>, core[a373ad73a504971]::result::Result<(), alloc[2e1b2a31b91974c5]::string::String>>
[INFO] [stdout]                                at /rustc/e3feeb59cd1bdd011a2bfcc0747b55125d9b8527/library/std/src/panic.rs:359:14
[INFO] [stdout]   30:     0x64c4cc5014b5 - test[aada8e7e76ba119b]::run_test_in_process
[INFO] [stdout]                                at /rustc/e3feeb59cd1bdd011a2bfcc0747b55125d9b8527/library/test/src/lib.rs:724:27
[INFO] [stdout]   31:     0x64c4cc5014b5 - test[aada8e7e76ba119b]::run_test::{closure#0}
[INFO] [stdout]                                at /rustc/e3feeb59cd1bdd011a2bfcc0747b55125d9b8527/library/test/src/lib.rs:645:43
[INFO] [stdout]   32:     0x64c4cc4fada4 - test[aada8e7e76ba119b]::run_test::{closure#1}
[INFO] [stdout]                                at /rustc/e3feeb59cd1bdd011a2bfcc0747b55125d9b8527/library/test/src/lib.rs:675:41
[INFO] [stdout]   33:     0x64c4cc4fada4 - std[617be2ca0a6fd877]::sys::backtrace::__rust_begin_short_backtrace::<test[aada8e7e76ba119b]::run_test::{closure#1}, ()>
[INFO] [stdout]                                at /rustc/e3feeb59cd1bdd011a2bfcc0747b55125d9b8527/library/std/src/sys/backtrace.rs:166:18
[INFO] [stdout]   34:     0x64c4cc504542 - std[617be2ca0a6fd877]::thread::lifecycle::spawn_unchecked::<test[aada8e7e76ba119b]::run_test::{closure#1}, ()>::{closure#1}::{closure#0}
[INFO] [stdout]                                at /rustc/e3feeb59cd1bdd011a2bfcc0747b55125d9b8527/library/std/src/thread/lifecycle.rs:70:13
[INFO] [stdout]   35:     0x64c4cc504542 - <core[a373ad73a504971]::panic::unwind_safe::AssertUnwindSafe<std[617be2ca0a6fd877]::thread::lifecycle::spawn_unchecked<test[aada8e7e76ba119b]::run_test::{closure#1}, ()>::{closure#1}::{closure#0}> as core[a373ad73a504971]::ops::function::FnOnce<()>>::call_once
[INFO] [stdout]                                at /rustc/e3feeb59cd1bdd011a2bfcc0747b55125d9b8527/library/core/src/panic/unwind_safe.rs:275:9
[INFO] [stdout]   36:     0x64c4cc504542 - std[617be2ca0a6fd877]::panicking::catch_unwind::do_call::<core[a373ad73a504971]::panic::unwind_safe::AssertUnwindSafe<std[617be2ca0a6fd877]::thread::lifecycle::spawn_unchecked<test[aada8e7e76ba119b]::run_test::{closure#1}, ()>::{closure#1}::{closure#0}>, ()>
[INFO] [stdout]                                at /rustc/e3feeb59cd1bdd011a2bfcc0747b55125d9b8527/library/std/src/panicking.rs:573:43
[INFO] [stdout]   37:     0x64c4cc504542 - std[617be2ca0a6fd877]::panicking::catch_unwind::<(), core[a373ad73a504971]::panic::unwind_safe::AssertUnwindSafe<std[617be2ca0a6fd877]::thread::lifecycle::spawn_unchecked<test[aada8e7e76ba119b]::run_test::{closure#1}, ()>::{closure#1}::{closure#0}>>
[INFO] [stdout]                                at /rustc/e3feeb59cd1bdd011a2bfcc0747b55125d9b8527/library/std/src/panicking.rs:541:19
[INFO] [stdout]   38:     0x64c4cc504542 - std[617be2ca0a6fd877]::panic::catch_unwind::<core[a373ad73a504971]::panic::unwind_safe::AssertUnwindSafe<std[617be2ca0a6fd877]::thread::lifecycle::spawn_unchecked<test[aada8e7e76ba119b]::run_test::{closure#1}, ()>::{closure#1}::{closure#0}>, ()>
[INFO] [stdout]                                at /rustc/e3feeb59cd1bdd011a2bfcc0747b55125d9b8527/library/std/src/panic.rs:359:14
[INFO] [stdout]   39:     0x64c4cc504542 - std[617be2ca0a6fd877]::thread::lifecycle::spawn_unchecked::<test[aada8e7e76ba119b]::run_test::{closure#1}, ()>::{closure#1}
[INFO] [stdout]                                at /rustc/e3feeb59cd1bdd011a2bfcc0747b55125d9b8527/library/std/src/thread/lifecycle.rs:68:26
[INFO] [stdout]   40:     0x64c4cc504542 - <std[617be2ca0a6fd877]::thread::lifecycle::spawn_unchecked<test[aada8e7e76ba119b]::run_test::{closure#1}, ()>::{closure#1} as core[a373ad73a504971]::ops::function::FnOnce<()>>::call_once::{shim:vtable#0}
[INFO] [stdout]                                at /rustc/e3feeb59cd1bdd011a2bfcc0747b55125d9b8527/library/core/src/ops/function.rs:250:5
[INFO] [stdout]   41:     0x64c4cc7a6acf - <alloc[2e1b2a31b91974c5]::boxed::Box<dyn core[a373ad73a504971]::ops::function::FnOnce<(), Output = ()> + core[a373ad73a504971]::marker::Send> as core[a373ad73a504971]::ops::function::FnOnce<()>>::call_once
[INFO] [stdout]                                at /rustc/e3feeb59cd1bdd011a2bfcc0747b55125d9b8527/library/alloc/src/boxed.rs:2314:9
[INFO] [stdout]   42:     0x64c4cc7a6acf - <std[617be2ca0a6fd877]::sys::thread::unix::Thread>::new::thread_start
[INFO] [stdout]                                at /rustc/e3feeb59cd1bdd011a2bfcc0747b55125d9b8527/library/std/src/sys/thread/unix.rs:127:17
[INFO] [stdout]   43:     0x72ef7e7c8dfa - <unknown>
[INFO] [stdout]   44:     0x72ef7e85c3d4 - clone
[INFO] [stdout]   45:                0x0 - <unknown>
[INFO] [stdout] 
[INFO] [stdout] ---- tagged_nfa_search_grows_linearly stdout ----
[INFO] [stdout] 
[INFO] [stdout] thread 'tagged_nfa_search_grows_linearly' (1798) panicked at tests/bounded_execution.rs:88:29:
[INFO] [stdout] tagged_nfa_search_grows_linearly: isolated run failed (exit status: 101)
[INFO] [stdout] stack backtrace:
[INFO] [stdout]    0:     0x64c4cc7a7271 - std[617be2ca0a6fd877]::backtrace_rs::backtrace::libunwind::trace
[INFO] [stdout]                                at /rustc/e3feeb59cd1bdd011a2bfcc0747b55125d9b8527/library/std/src/../../backtrace/src/backtrace/libunwind.rs:117:9
[INFO] [stdout]    1:     0x64c4cc7a7271 - std[617be2ca0a6fd877]::backtrace_rs::backtrace::trace_unsynchronized::<std[617be2ca0a6fd877]::sys::backtrace::_print_fmt::{closure#1}>
[INFO] [stdout]                                at /rustc/e3feeb59cd1bdd011a2bfcc0747b55125d9b8527/library/std/src/../../backtrace/src/backtrace/mod.rs:66:14
[INFO] [stdout]    2:     0x64c4cc7a7271 - std[617be2ca0a6fd877]::sys::backtrace::_print_fmt
[INFO] [stdout]                                at /rustc/e3feeb59cd1bdd011a2bfcc0747b55125d9b8527/library/std/src/sys/backtrace.rs:74:9
[INFO] [stdout]    3:     0x64c4cc7a7271 - <<std[617be2ca0a6fd877]::sys::backtrace::BacktraceLock>::print::DisplayBacktrace as core[a373ad73a504971]::fmt::Display>::fmt
[INFO] [stdout]                                at /rustc/e3feeb59cd1bdd011a2bfcc0747b55125d9b8527/library/std/src/sys/backtrace.rs:44:26
[INFO] [stdout]    4:     0x64c4cc7bc62a - <core[a373ad73a504971]::fmt::rt::Argument>::fmt
[INFO] [stdout]                                at /rustc/e3feeb59cd1bdd011a2bfcc0747b55125d9b8527/library/core/src/fmt/rt.rs:152:76
[INFO] [stdout]    5:     0x64c4cc7bc62a - core[a373ad73a504971]::fmt::write
[INFO] [stdout]    6:     0x64c4cc7ab67c - core[a373ad73a504971]::io::write::default_write_fmt::<alloc[2e1b2a31b91974c5]::vec::Vec<u8>>
[INFO] [stdout]                                at /rustc/e3feeb59cd1bdd011a2bfcc0747b55125d9b8527/library/core/src/io/write.rs:402:11
[INFO] [stdout]    7:     0x64c4cc7ab67c - <alloc[2e1b2a31b91974c5]::vec::Vec<u8> as core[a373ad73a504971]::io::write::Write>::write_fmt
[INFO] [stdout]                                at /rustc/e3feeb59cd1bdd011a2bfcc0747b55125d9b8527/library/core/src/io/write.rs:335:13
[INFO] [stdout]    8:     0x64c4cc783256 - <std[617be2ca0a6fd877]::sys::backtrace::BacktraceLock>::print
[INFO] [stdout]                                at /rustc/e3feeb59cd1bdd011a2bfcc0747b55125d9b8527/library/std/src/sys/backtrace.rs:47:9
[INFO] [stdout]    9:     0x64c4cc783256 - std[617be2ca0a6fd877]::panicking::default_hook::{closure#0}
[INFO] [stdout]                                at /rustc/e3feeb59cd1bdd011a2bfcc0747b55125d9b8527/library/std/src/panicking.rs:289:27
[INFO] [stdout]   10:     0x64c4cc79f849 - std[617be2ca0a6fd877]::panicking::default_hook
[INFO] [stdout]                                at /rustc/e3feeb59cd1bdd011a2bfcc0747b55125d9b8527/library/std/src/panicking.rs:313:9
[INFO] [stdout]   11:     0x64c4cc500e90 - <alloc[2e1b2a31b91974c5]::boxed::Box<dyn for<'a, 'b> core[a373ad73a504971]::ops::function::Fn<(&'a std[617be2ca0a6fd877]::panic::PanicHookInfo<'b>,), Output = ()> + core[a373ad73a504971]::marker::Sync + core[a373ad73a504971]::marker::Send> as core[a373ad73a504971]::ops::function::Fn<(&std[617be2ca0a6fd877]::panic::PanicHookInfo,)>>::call
[INFO] [stdout]                                at /rustc/e3feeb59cd1bdd011a2bfcc0747b55125d9b8527/library/alloc/src/boxed.rs:2328:9
[INFO] [stdout]   12:     0x64c4cc500e90 - test[aada8e7e76ba119b]::test_main_inner::{closure#0}
[INFO] [stdout]                                at /rustc/e3feeb59cd1bdd011a2bfcc0747b55125d9b8527/library/test/src/lib.rs:137:21
[INFO] [stdout]   13:     0x64c4cc79fa02 - <alloc[2e1b2a31b91974c5]::boxed::Box<dyn for<'a, 'b> core[a373ad73a504971]::ops::function::Fn<(&'a std[617be2ca0a6fd877]::panic::PanicHookInfo<'b>,), Output = ()> + core[a373ad73a504971]::marker::Sync + core[a373ad73a504971]::marker::Send> as core[a373ad73a504971]::ops::function::Fn<(&std[617be2ca0a6fd877]::panic::PanicHookInfo,)>>::call
[INFO] [stdout]                                at /rustc/e3feeb59cd1bdd011a2bfcc0747b55125d9b8527/library/alloc/src/boxed.rs:2328:9
[INFO] [stdout]   14:     0x64c4cc79fa02 - std[617be2ca0a6fd877]::panicking::panic_with_hook
[INFO] [stdout]                                at /rustc/e3feeb59cd1bdd011a2bfcc0747b55125d9b8527/library/std/src/panicking.rs:819:13
[INFO] [stdout]   15:     0x64c4cc783302 - std[617be2ca0a6fd877]::panicking::panic_handler::{closure#0}
[INFO] [stdout]                                at /rustc/e3feeb59cd1bdd011a2bfcc0747b55125d9b8527/library/std/src/panicking.rs:685:13
[INFO] [stdout]   16:     0x64c4cc77c019 - std[617be2ca0a6fd877]::sys::backtrace::__rust_end_short_backtrace::<std[617be2ca0a6fd877]::panicking::panic_handler::{closure#0}, !>
[INFO] [stdout]                                at /rustc/e3feeb59cd1bdd011a2bfcc0747b55125d9b8527/library/std/src/sys/backtrace.rs:182:18
[INFO] [stdout]   17:     0x64c4cc783f0d - __rustc[ea4f61d10b84890b]::rust_begin_unwind
[INFO] [stdout]                                at /rustc/e3feeb59cd1bdd011a2bfcc0747b55125d9b8527/library/std/src/panicking.rs:676:5
[INFO] [stdout]   18:     0x64c4cc7bce5c - core[a373ad73a504971]::panicking::panic_fmt
[INFO] [stdout]                                at /rustc/e3feeb59cd1bdd011a2bfcc0747b55125d9b8527/library/core/src/panicking.rs:80:14
[INFO] [stdout]   19:     0x64c4cc4ca2e1 - bounded_execution[b1e0c2bed8fb37a7]::bounded_within::<bounded_execution[b1e0c2bed8fb37a7]::tagged_nfa_search_grows_linearly::{closure#0}>
[INFO] [stdout]                                at /opt/rustwide/workdir/tests/bounded_execution.rs:88:29
[INFO] [stdout]   20:     0x64c4cc4e43e9 - bounded_execution[b1e0c2bed8fb37a7]::tagged_nfa_search_grows_linearly
[INFO] [stdout]                                at /opt/rustwide/workdir/tests/bounded_execution.rs:747:5
[INFO] [stdout]   21:     0x64c4cc4d8e27 - bounded_execution[b1e0c2bed8fb37a7]::tagged_nfa_search_grows_linearly::{closure#0}
[INFO] [stdout]                                at /opt/rustwide/workdir/tests/bounded_execution.rs:746:38
[INFO] [stdout]   22:     0x64c4cc4ed8a6 - <bounded_execution[b1e0c2bed8fb37a7]::tagged_nfa_search_grows_linearly::{closure#0} as core[a373ad73a504971]::ops::function::FnOnce<()>>::call_once
[INFO] [stdout]                                at /rustc/e3feeb59cd1bdd011a2bfcc0747b55125d9b8527/library/core/src/ops/function.rs:250:5
[INFO] [stdout]   23:     0x64c4cc4f42db - <fn() -> core[a373ad73a504971]::result::Result<(), alloc[2e1b2a31b91974c5]::string::String> as core[a373ad73a504971]::ops::function::FnOnce<()>>::call_once
[INFO] [stdout]                                at /rustc/e3feeb59cd1bdd011a2bfcc0747b55125d9b8527/library/core/src/ops/function.rs:250:5
[INFO] [stdout]   24:     0x64c4cc4f42db - test[aada8e7e76ba119b]::__rust_begin_short_backtrace::<core[a373ad73a504971]::result::Result<(), alloc[2e1b2a31b91974c5]::string::String>, fn() -> core[a373ad73a504971]::result::Result<(), alloc[2e1b2a31b91974c5]::string::String>>
[INFO] [stdout]                                at /rustc/e3feeb59cd1bdd011a2bfcc0747b55125d9b8527/library/test/src/lib.rs:701:18
[INFO] [stdout]   25:     0x64c4cc5014b5 - test[aada8e7e76ba119b]::run_test_in_process::{closure#0}
[INFO] [stdout]                                at /rustc/e3feeb59cd1bdd011a2bfcc0747b55125d9b8527/library/test/src/lib.rs:724:74
[INFO] [stdout]   26:     0x64c4cc5014b5 - <core[a373ad73a504971]::panic::unwind_safe::AssertUnwindSafe<test[aada8e7e76ba119b]::run_test_in_process::{closure#0}> as core[a373ad73a504971]::ops::function::FnOnce<()>>::call_once
[INFO] [stdout]                                at /rustc/e3feeb59cd1bdd011a2bfcc0747b55125d9b8527/library/core/src/panic/unwind_safe.rs:275:9
[INFO] [stdout]   27:     0x64c4cc5014b5 - std[617be2ca0a6fd877]::panicking::catch_unwind::do_call::<core[a373ad73a504971]::panic::unwind_safe::AssertUnwindSafe<test[aada8e7e76ba119b]::run_test_in_process::{closure#0}>, core[a373ad73a504971]::result::Result<(), alloc[2e1b2a31b91974c5]::string::String>>
[INFO] [stdout]                                at /rustc/e3feeb59cd1bdd011a2bfcc0747b55125d9b8527/library/std/src/panicking.rs:573:43
[INFO] [stdout]   28:     0x64c4cc5014b5 - std[617be2ca0a6fd877]::panicking::catch_unwind::<core[a373ad73a504971]::result::Result<(), alloc[2e1b2a31b91974c5]::string::String>, core[a373ad73a504971]::panic::unwind_safe::AssertUnwindSafe<test[aada8e7e76ba119b]::run_test_in_process::{closure#0}>>
[INFO] [stdout]                                at /rustc/e3feeb59cd1bdd011a2bfcc0747b55125d9b8527/library/std/src/panicking.rs:541:19
[INFO] [stdout]   29:     0x64c4cc5014b5 - std[617be2ca0a6fd877]::panic::catch_unwind::<core[a373ad73a504971]::panic::unwind_safe::AssertUnwindSafe<test[aada8e7e76ba119b]::run_test_in_process::{closure#0}>, core[a373ad73a504971]::result::Result<(), alloc[2e1b2a31b91974c5]::string::String>>
[INFO] [stdout]                                at /rustc/e3feeb59cd1bdd011a2bfcc0747b55125d9b8527/library/std/src/panic.rs:359:14
[INFO] [stdout]   30:     0x64c4cc5014b5 - test[aada8e7e76ba119b]::run_test_in_process
[INFO] [stdout]                                at /rustc/e3feeb59cd1bdd011a2bfcc0747b55125d9b8527/library/test/src/lib.rs:724:27
[INFO] [stdout]   31:     0x64c4cc5014b5 - test[aada8e7e76ba119b]::run_test::{closure#0}
[INFO] [stdout]                                at /rustc/e3feeb59cd1bdd011a2bfcc0747b55125d9b8527/library/test/src/lib.rs:645:43
[INFO] [stdout]   32:     0x64c4cc4fada4 - test[aada8e7e76ba119b]::run_test::{closure#1}
[INFO] [stdout]                                at /rustc/e3feeb59cd1bdd011a2bfcc0747b55125d9b8527/library/test/src/lib.rs:675:41
[INFO] [stdout]   33:     0x64c4cc4fada4 - std[617be2ca0a6fd877]::sys::backtrace::__rust_begin_short_backtrace::<test[aada8e7e76ba119b]::run_test::{closure#1}, ()>
[INFO] [stdout]                                at /rustc/e3feeb59cd1bdd011a2bfcc0747b55125d9b8527/library/std/src/sys/backtrace.rs:166:18
[INFO] [stdout]   34:     0x64c4cc504542 - std[617be2ca0a6fd877]::thread::lifecycle::spawn_unchecked::<test[aada8e7e76ba119b]::run_test::{closure#1}, ()>::{closure#1}::{closure#0}
[INFO] [stdout]                                at /rustc/e3feeb59cd1bdd011a2bfcc0747b55125d9b8527/library/std/src/thread/lifecycle.rs:70:13
[INFO] [stdout]   35:     0x64c4cc504542 - <core[a373ad73a504971]::panic::unwind_safe::AssertUnwindSafe<std[617be2ca0a6fd877]::thread::lifecycle::spawn_unchecked<test[aada8e7e76ba119b]::run_test::{closure#1}, ()>::{closure#1}::{closure#0}> as core[a373ad73a504971]::ops::function::FnOnce<()>>::call_once
[INFO] [stdout]                                at /rustc/e3feeb59cd1bdd011a2bfcc0747b55125d9b8527/library/core/src/panic/unwind_safe.rs:275:9
[INFO] [stdout]   36:     0x64c4cc504542 - std[617be2ca0a6fd877]::panicking::catch_unwind::do_call::<core[a373ad73a504971]::panic::unwind_safe::AssertUnwindSafe<std[617be2ca0a6fd877]::thread::lifecycle::spawn_unchecked<test[aada8e7e76ba119b]::run_test::{closure#1}, ()>::{closure#1}::{closure#0}>, ()>
[INFO] [stdout]                                at /rustc/e3feeb59cd1bdd011a2bfcc0747b55125d9b8527/library/std/src/panicking.rs:573:43
[INFO] [stdout]   37:     0x64c4cc504542 - std[617be2ca0a6fd877]::panicking::catch_unwind::<(), core[a373ad73a504971]::panic::unwind_safe::AssertUnwindSafe<std[617be2ca0a6fd877]::thread::lifecycle::spawn_unchecked<test[aada8e7e76ba119b]::run_test::{closure#1}, ()>::{closure#1}::{closure#0}>>
[INFO] [stdout]                                at /rustc/e3feeb59cd1bdd011a2bfcc0747b55125d9b8527/library/std/src/panicking.rs:541:19
[INFO] [stdout]   38:     0x64c4cc504542 - std[617be2ca0a6fd877]::panic::catch_unwind::<core[a373ad73a504971]::panic::unwind_safe::AssertUnwindSafe<std[617be2ca0a6fd877]::thread::lifecycle::spawn_unchecked<test[aada8e7e76ba119b]::run_test::{closure#1}, ()>::{closure#1}::{closure#0}>, ()>
[INFO] [stdout]                                at /rustc/e3feeb59cd1bdd011a2bfcc0747b55125d9b8527/library/std/src/panic.rs:359:14
[INFO] [stdout]   39:     0x64c4cc504542 - std[617be2ca0a6fd877]::thread::lifecycle::spawn_unchecked::<test[aada8e7e76ba119b]::run_test::{closure#1}, ()>::{closure#1}
[INFO] [stdout]                                at /rustc/e3feeb59cd1bdd011a2bfcc0747b55125d9b8527/library/std/src/thread/lifecycle.rs:68:26
[INFO] [stdout]   40:     0x64c4cc504542 - <std[617be2ca0a6fd877]::thread::lifecycle::spawn_unchecked<test[aada8e7e76ba119b]::run_test::{closure#1}, ()>::{closure#1} as core[a373ad73a504971]::ops::function::FnOnce<()>>::call_once::{shim:vtable#0}
[INFO] [stdout]                                at /rustc/e3feeb59cd1bdd011a2bfcc0747b55125d9b8527/library/core/src/ops/function.rs:250:5
[INFO] [stdout]   41:     0x64c4cc7a6acf - <alloc[2e1b2a31b91974c5]::boxed::Box<dyn core[a373ad73a504971]::ops::function::FnOnce<(), Output = ()> + core[a373ad73a504971]::marker::Send> as core[a373ad73a504971]::ops::function::FnOnce<()>>::call_once
[INFO] [stdout]                                at /rustc/e3feeb59cd1bdd011a2bfcc0747b55125d9b8527/library/alloc/src/boxed.rs:2314:9
[INFO] [stdout]   42:     0x64c4cc7a6acf - <std[617be2ca0a6fd877]::sys::thread::unix::Thread>::new::thread_start
[INFO] [stdout]                                at /rustc/e3feeb59cd1bdd011a2bfcc0747b55125d9b8527/library/std/src/sys/thread/unix.rs:127:17
[INFO] [stdout]   43:     0x72ef7e7c8dfa - <unknown>
[INFO] [stdout]   44:     0x72ef7e85c3d4 - clone
[INFO] [stdout]   45:                0x0 - <unknown>
[INFO] [stdout] 
[INFO] [stdout] 
[INFO] [stdout] failures:
[INFO] [stdout]     eager_dfa_search_grows_linearly
[INFO] [stdout]     lazy_dfa_and_dfa_jit_search_grows_linearly
[INFO] [stdout]     shift_or_search_grows_linearly
[INFO] [stdout]     tagged_nfa_search_grows_linearly
[INFO] [stdout] 
[INFO] [stdout] test result: FAILED. 32 passed; 4 failed; 0 ignored; 0 measured; 0 filtered out; finished in 23.76s
[INFO] [stdout] 
[INFO] [stderr] error: test failed, to rerun pass `--test bounded_execution`
[INFO] running `Command { std: "docker" "inspect" "147e27de5def34b0cd88ad352ac22881f4fea3a08c5263330d15a07d4be0f450", kill_on_drop: false }`
[INFO] running `Command { std: "docker" "rm" "-f" "147e27de5def34b0cd88ad352ac22881f4fea3a08c5263330d15a07d4be0f450", kill_on_drop: false }`
[INFO] [stdout] 147e27de5def34b0cd88ad352ac22881f4fea3a08c5263330d15a07d4be0f450
