[INFO] fetching crate ref-stable-lru 0.2.2...
[INFO] testing ref-stable-lru-0.2.2 against 1.99.0-beta.8 for beta-1.100-2
[INFO] extracting crate ref-stable-lru 0.2.2 into /workspace/builds/worker-2-tc1/source
[INFO] started tweaking crates.io crate ref-stable-lru 0.2.2
[INFO] removed 0 missing tests
[INFO] finished tweaking crates.io crate ref-stable-lru 0.2.2
[INFO] tweaked toml for crates.io crate ref-stable-lru 0.2.2 written to /workspace/builds/worker-2-tc1/source/Cargo.toml
[INFO] validating manifest of crates.io crate ref-stable-lru 0.2.2 on toolchain 1.99.0-beta.8
[INFO] running `Command { std: CARGO_HOME="/workspace/cargo-home" RUSTUP_HOME="/workspace/rustup-home" "/workspace/cargo-home/bin/cargo" "+1.99.0-beta.8" "metadata" "--manifest-path" "Cargo.toml" "--no-deps", kill_on_drop: false }`
[INFO] running `Command { std: CARGO_HOME="/workspace/cargo-home" RUSTUP_HOME="/workspace/rustup-home" "/workspace/cargo-home/bin/cargo" "+1.99.0-beta.8" "generate-lockfile" "--manifest-path" "Cargo.toml", kill_on_drop: false }`
[INFO] [stderr]     Updating crates.io index
[INFO] [stderr]      Locking 38 packages to highest compatible versions
[INFO] running `Command { std: CARGO_HOME="/workspace/cargo-home" RUSTUP_HOME="/workspace/rustup-home" "/workspace/cargo-home/bin/cargo" "+1.99.0-beta.8" "fetch" "--manifest-path" "Cargo.toml", kill_on_drop: false }`
[INFO] [stderr]  Downloading crates ...
[INFO] [stderr]   Downloaded trybuild v1.0.121
[INFO] [stderr]   Downloaded target-tuple v1.0.2
[INFO] [stderr]   Downloaded toml v1.1.6+spec-1.1.0
[INFO] [stderr]   Downloaded futures-executor v0.3.34
[INFO] running `Command { std: "docker" "create" "-v" "/var/lib/crater-agent-workspace/builds/worker-2-tc1/source:/opt/rustwide/workdir:ro,Z" "-v" "/var/lib/crater-agent-workspace/builds/worker-2-tc1/target:/opt/rustwide/target:rw,Z" "-v" "/var/lib/crater-agent-workspace/cargo-home:/opt/rustwide/cargo-home:ro,Z" "-v" "/var/lib/crater-agent-workspace/rustup-home:/opt/rustwide/rustup-home:ro,Z" "-m" "1610612736" "--network" "none" "ghcr.io/rust-lang/crates-build-env/linux@sha256:3111399a4047eeb3a02b7a90e478d715f38a8c6669b5c4b49d30a17385265909" "sleep" "infinity", kill_on_drop: false }`
[INFO] [stdout] 62501092c02af0760d43e50495b95c36621e7f78840c9c2c7ac331ff5b24b586
[INFO] running `Command { std: "docker" "start" "62501092c02af0760d43e50495b95c36621e7f78840c9c2c7ac331ff5b24b586", kill_on_drop: false }`
[INFO] running `Command { std: "docker" "inspect" "62501092c02af0760d43e50495b95c36621e7f78840c9c2c7ac331ff5b24b586", kill_on_drop: false }`
[INFO] running `Command { std: "docker" "exec" "-e" "SOURCE_DIR=/opt/rustwide/workdir" "-e" "CARGO_HOME=/opt/rustwide/cargo-home" "-e" "RUSTUP_HOME=/opt/rustwide/rustup-home" "-e" "CARGO_TARGET_DIR=/opt/rustwide/target" "-w" "/opt/rustwide/workdir" "--user" "0:0" "62501092c02af0760d43e50495b95c36621e7f78840c9c2c7ac331ff5b24b586" "/opt/rustwide/cargo-home/bin/cargo" "+1.99.0-beta.8" "metadata" "--no-deps" "--format-version=1", kill_on_drop: false }`
[INFO] running `Command { std: "docker" "inspect" "62501092c02af0760d43e50495b95c36621e7f78840c9c2c7ac331ff5b24b586", kill_on_drop: false }`
[INFO] running `Command { std: "docker" "exec" "-e" "SOURCE_DIR=/opt/rustwide/workdir" "-e" "CARGO_HOME=/opt/rustwide/cargo-home" "-e" "RUSTUP_HOME=/opt/rustwide/rustup-home" "-e" "CARGO_TARGET_DIR=/opt/rustwide/target" "-e" "CARGO_INCREMENTAL=0" "-e" "RUST_BACKTRACE=full" "-e" "RUSTFLAGS=--cap-lints=warn" "-e" "RUSTDOCFLAGS=--cap-lints=warn" "-w" "/opt/rustwide/workdir" "--user" "0:0" "62501092c02af0760d43e50495b95c36621e7f78840c9c2c7ac331ff5b24b586" "/opt/rustwide/cargo-home/bin/cargo" "+1.99.0-beta.8" "build" "--frozen" "--message-format=json", kill_on_drop: false }`
[INFO] [stderr]    Compiling ref-stable-lru v0.2.2 (/opt/rustwide/workdir)
[INFO] [stderr]     Finished `dev` profile [unoptimized + debuginfo] target(s) in 0.07s
[INFO] running `Command { std: "docker" "inspect" "62501092c02af0760d43e50495b95c36621e7f78840c9c2c7ac331ff5b24b586", kill_on_drop: false }`
[INFO] running `Command { std: "docker" "exec" "-e" "SOURCE_DIR=/opt/rustwide/workdir" "-e" "CARGO_HOME=/opt/rustwide/cargo-home" "-e" "RUSTUP_HOME=/opt/rustwide/rustup-home" "-e" "CARGO_TARGET_DIR=/opt/rustwide/target" "-e" "CARGO_INCREMENTAL=0" "-e" "RUST_BACKTRACE=full" "-e" "RUSTFLAGS=--cap-lints=warn" "-e" "RUSTDOCFLAGS=--cap-lints=warn" "-w" "/opt/rustwide/workdir" "--user" "0:0" "62501092c02af0760d43e50495b95c36621e7f78840c9c2c7ac331ff5b24b586" "/opt/rustwide/cargo-home/bin/cargo" "+1.99.0-beta.8" "test" "--frozen" "--no-run" "--message-format=json", kill_on_drop: false }`
[INFO] [stderr]    Compiling proc-macro2 v1.0.107
[INFO] [stderr]    Compiling unicode-ident v1.0.26
[INFO] [stderr]    Compiling quote v1.0.47
[INFO] [stderr]    Compiling serde_core v1.0.229
[INFO] [stderr]    Compiling memchr v2.8.3
[INFO] [stderr]    Compiling futures-sink v0.3.34
[INFO] [stderr]    Compiling futures-core v0.3.34
[INFO] [stderr]    Compiling zmij v1.0.23
[INFO] [stderr]    Compiling futures-task v0.3.34
[INFO] [stderr]    Compiling futures-io v0.3.34
[INFO] [stderr]    Compiling slab v0.4.12
[INFO] [stderr]    Compiling pin-project-lite v0.2.17
[INFO] [stderr]    Compiling serde_json v1.0.151
[INFO] [stderr]    Compiling target-tuple v1.0.2
[INFO] [stderr]    Compiling serde v1.0.229
[INFO] [stderr]    Compiling winnow v1.0.4
[INFO] [stderr]    Compiling toml_writer v1.1.2+spec-1.1.0
[INFO] [stderr]    Compiling glob v0.3.4
[INFO] [stderr]    Compiling termcolor v1.4.1
[INFO] [stderr]    Compiling futures-channel v0.3.34
[INFO] [stderr]    Compiling toml_parser v1.1.3+spec-1.1.0
[INFO] [stderr]    Compiling syn v3.0.6
[INFO] [stderr]    Compiling serde_spanned v1.1.1
[INFO] [stderr]    Compiling toml_datetime v1.1.1+spec-1.1.0
[INFO] [stderr]    Compiling toml v1.1.6+spec-1.1.0
[INFO] [stderr]    Compiling futures-macro v0.3.34
[INFO] [stderr]    Compiling serde_derive v1.0.229
[INFO] [stderr]    Compiling futures-util v0.3.34
[INFO] [stderr]    Compiling trybuild v1.0.121
[INFO] [stderr]    Compiling futures-executor v0.3.34
[INFO] [stderr]    Compiling futures v0.3.34
[INFO] [stderr]    Compiling ref-stable-lru v0.2.2 (/opt/rustwide/workdir)
[INFO] [stderr]     Finished `test` profile [unoptimized + debuginfo] target(s) in 8.43s
[INFO] running `Command { std: "docker" "inspect" "62501092c02af0760d43e50495b95c36621e7f78840c9c2c7ac331ff5b24b586", kill_on_drop: false }`
[INFO] running `Command { std: "docker" "exec" "-e" "SOURCE_DIR=/opt/rustwide/workdir" "-e" "CARGO_HOME=/opt/rustwide/cargo-home" "-e" "RUSTUP_HOME=/opt/rustwide/rustup-home" "-e" "CARGO_TARGET_DIR=/opt/rustwide/target" "-e" "CARGO_INCREMENTAL=0" "-e" "RUST_BACKTRACE=full" "-e" "RUSTFLAGS=--cap-lints=warn" "-e" "RUSTDOCFLAGS=--cap-lints=warn" "-w" "/opt/rustwide/workdir" "--user" "0:0" "62501092c02af0760d43e50495b95c36621e7f78840c9c2c7ac331ff5b24b586" "/opt/rustwide/cargo-home/bin/cargo" "+1.99.0-beta.8" "test" "--frozen", kill_on_drop: false }`
[INFO] [stderr]     Finished `test` profile [unoptimized + debuginfo] target(s) in 0.03s
[INFO] [stderr]      Running unittests src/lib.rs (/opt/rustwide/target/debug/deps/ref_stable_lru-fe48f7a87cbb46fd)
[INFO] [stdout] 
[INFO] [stdout] running 3 tests
[INFO] [stdout] test tests::test_multi_get ... ok
[INFO] [stdout] test tests::test_put_and_get ... ok
[INFO] [stdout] test tests::test_peek_mut ... ok
[INFO] [stdout] 
[INFO] [stdout] test result: ok. 3 passed; 0 failed; 0 ignored; 0 measured; 0 filtered out; finished in 0.00s
[INFO] [stdout] 
[INFO] [stderr]      Running tests/ui/test.rs (/opt/rustwide/target/debug/deps/ui_tests-8ee2d84fff976e5c)
[INFO] [stdout] 
[INFO] [stdout] running 1 test
[INFO] [stderr]    Compiling proc-macro2 v1.0.107
[INFO] [stderr]    Compiling unicode-ident v1.0.26
[INFO] [stderr]    Compiling quote v1.0.47
[INFO] [stderr]    Compiling futures-sink v0.3.34
[INFO] [stderr]    Compiling futures-core v0.3.34
[INFO] [stderr]    Compiling futures-io v0.3.34
[INFO] [stderr]    Compiling pin-project-lite v0.2.17
[INFO] [stderr]    Compiling slab v0.4.12
[INFO] [stderr]    Compiling futures-task v0.3.34
[INFO] [stderr]    Compiling memchr v2.8.3
[INFO] [stderr]    Compiling ref-stable-lru v0.2.2 (/opt/rustwide/workdir)
[INFO] [stderr]    Compiling futures-channel v0.3.34
[INFO] [stderr]    Compiling syn v3.0.6
[INFO] [stderr]    Compiling futures-macro v0.3.34
[INFO] [stderr]    Compiling futures-util v0.3.34
[INFO] [stderr]    Compiling futures-executor v0.3.34
[INFO] [stderr]    Compiling futures v0.3.34
[INFO] [stderr]    Compiling ref-stable-lru-tests v0.0.0 (/opt/rustwide/target/tests/trybuild/ref-stable-lru)
[INFO] [stderr]     Finished `dev` profile [unoptimized + debuginfo] target(s) in 8.05s
[INFO] [stderr] 
[INFO] [stderr] 
[INFO] [stderr] test tests/ui/double-get-without-scope.rs [should fail to compile] ... mismatch
[INFO] [stderr] 
[INFO] [stderr] EXPECTED:
[INFO] [stderr] ┈┈┈┈┈┈┈┈┈┈┈┈┈┈┈┈┈┈┈┈┈┈┈┈┈┈┈┈┈┈┈┈┈┈┈┈┈┈┈┈┈┈┈┈┈┈┈┈┈┈┈┈┈┈┈┈┈┈┈┈
[INFO] [stderr] error[E0499]: cannot borrow `cache` as mutable more than once at a time
[INFO] [stderr]   --> tests/ui/double-get-without-scope.rs:9:13
[INFO] [stderr]    |
[INFO] [stderr] 7  |     let x = cache.get(&"a").unwrap().as_str();
[INFO] [stderr]    |             ----- first mutable borrow occurs here
[INFO] [stderr] 8  |     // Should failed here, since `x` already mutually borrowed cache.
[INFO] [stderr] 9  |     let y = cache.get(&"b").unwrap().as_str();
[INFO] [stderr]    |             ^^^^^ second mutable borrow occurs here
[INFO] [stderr] 10 |     let z = cache.get(&"c").unwrap().as_str();
[INFO] [stderr] 11 |     [x, y, z].join(" ");
[INFO] [stderr]    |      - first borrow later used here
[INFO] [stderr] 
[INFO] [stderr] error[E0499]: cannot borrow `cache` as mutable more than once at a time
[INFO] [stderr]   --> tests/ui/double-get-without-scope.rs:10:13
[INFO] [stderr]    |
[INFO] [stderr] 7  |     let x = cache.get(&"a").unwrap().as_str();
[INFO] [stderr]    |             ----- first mutable borrow occurs here
[INFO] [stderr] ...
[INFO] [stderr] 10 |     let z = cache.get(&"c").unwrap().as_str();
[INFO] [stderr]    |             ^^^^^ second mutable borrow occurs here
[INFO] [stderr] 11 |     [x, y, z].join(" ");
[INFO] [stderr]    |      - first borrow later used here
[INFO] [stderr] ┈┈┈┈┈┈┈┈┈┈┈┈┈┈┈┈┈┈┈┈┈┈┈┈┈┈┈┈┈┈┈┈┈┈┈┈┈┈┈┈┈┈┈┈┈┈┈┈┈┈┈┈┈┈┈┈┈┈┈┈
[INFO] [stderr] 
[INFO] [stderr] ACTUAL OUTPUT:
[INFO] [stderr] ┈┈┈┈┈┈┈┈┈┈┈┈┈┈┈┈┈┈┈┈┈┈┈┈┈┈┈┈┈┈┈┈┈┈┈┈┈┈┈┈┈┈┈┈┈┈┈┈┈┈┈┈┈┈┈┈┈┈┈┈
[INFO] [stderr] error[E0499]: cannot borrow `cache` as mutable more than once at a time
[INFO] [stderr]   --> tests/ui/double-get-without-scope.rs:9:13
[INFO] [stderr]    |
[INFO] [stderr]  7 |     let x = cache.get(&"a").unwrap().as_str();
[INFO] [stderr]    |             ----- first mutable borrow occurs here
[INFO] [stderr]  8 |     // Should failed here, since `x` already mutually borrowed cache.
[INFO] [stderr]  9 |     let y = cache.get(&"b").unwrap().as_str();
[INFO] [stderr]    |             ^^^^^ second mutable borrow occurs here
[INFO] [stderr] 10 |     let z = cache.get(&"c").unwrap().as_str();
[INFO] [stderr] 11 |     [x, y, z].join(" ");
[INFO] [stderr]    |      - first borrow later used here
[INFO] [stderr] 
[INFO] [stderr] error[E0499]: cannot borrow `cache` as mutable more than once at a time
[INFO] [stderr]   --> tests/ui/double-get-without-scope.rs:10:13
[INFO] [stderr]    |
[INFO] [stderr]  7 |     let x = cache.get(&"a").unwrap().as_str();
[INFO] [stderr]    |             ----- first mutable borrow occurs here
[INFO] [stderr] ...
[INFO] [stderr] 10 |     let z = cache.get(&"c").unwrap().as_str();
[INFO] [stderr]    |             ^^^^^ second mutable borrow occurs here
[INFO] [stderr] 11 |     [x, y, z].join(" ");
[INFO] [stderr]    |      - first borrow later used here
[INFO] [stderr] ┈┈┈┈┈┈┈┈┈┈┈┈┈┈┈┈┈┈┈┈┈┈┈┈┈┈┈┈┈┈┈┈┈┈┈┈┈┈┈┈┈┈┈┈┈┈┈┈┈┈┈┈┈┈┈┈┈┈┈┈
[INFO] [stderr] note: If the actual output is the correct output you can bless it by rerunning
[INFO] [stderr]       your test with the environment variable TRYBUILD=overwrite
[INFO] [stderr] 
[INFO] [stderr] test tests/ui/double-get-in-scope.rs [should pass] ... ok
[INFO] [stderr] test tests/ui/put-while-holding-ref.rs [should fail to compile] ... ok
[INFO] [stderr] test tests/ui/len-while-holding-mut.rs [should pass] ... ok
[INFO] [stderr] test tests/ui/handle-with-wrong-perm.rs [should fail to compile] ... mismatch
[INFO] [stderr] 
[INFO] [stderr] EXPECTED:
[INFO] [stderr] ┈┈┈┈┈┈┈┈┈┈┈┈┈┈┈┈┈┈┈┈┈┈┈┈┈┈┈┈┈┈┈┈┈┈┈┈┈┈┈┈┈┈┈┈┈┈┈┈┈┈┈┈┈┈┈┈┈┈┈┈
[INFO] [stderr] error[E0521]: borrowed data escapes outside of closure
[INFO] [stderr]   --> tests/ui/handle-with-wrong-perm.rs:18:13
[INFO] [stderr]    |
[INFO] [stderr] 8  |     cache1.scope(|mut handle1, perm1| {
[INFO] [stderr]    |                   ----------- `handle1` declared here, outside of the closure body
[INFO] [stderr] ...
[INFO] [stderr] 13 |         cache2.scope(|_handle2, mut perm2| {
[INFO] [stderr]    |                       -------- `_handle2` is a reference that is only valid in the closure body
[INFO] [stderr] ...
[INFO] [stderr] 18 |             handle1.put("a", "".to_string(), &mut perm2);
[INFO] [stderr]    |             ^^^^^^^^^^^^^^^^^^^^^^^^^^^^^^^^^^^^^^^^^^^^ `_handle2` escapes the closure body here
[INFO] [stderr]    |
[INFO] [stderr]    = note: requirement occurs because of a mutable reference to `ValuePerm<'_>`
[INFO] [stderr]    = note: mutable references are invariant over their type parameter
[INFO] [stderr]    = help: see <https://doc.rust-lang.org/nomicon/subtyping.html> for more information about variance
[INFO] [stderr] 
[INFO] [stderr] error[E0521]: borrowed data escapes outside of closure
[INFO] [stderr]   --> tests/ui/handle-with-wrong-perm.rs:18:13
[INFO] [stderr]    |
[INFO] [stderr] 8  |     cache1.scope(|mut handle1, perm1| {
[INFO] [stderr]    |                   -----------
[INFO] [stderr]    |                   |
[INFO] [stderr]    |                   `handle1` is a reference that is only valid in the closure body
[INFO] [stderr]    |                   has type `CacheHandle<'_, '1, &str, String>`
[INFO] [stderr] ...
[INFO] [stderr] 18 |             handle1.put("a", "".to_string(), &mut perm2);
[INFO] [stderr]    |             ^^^^^^^^^^^^^^^^^^^^^^^^^^^^^^^^^^^^^^^^^^^^
[INFO] [stderr]    |             |
[INFO] [stderr]    |             `handle1` escapes the closure body here
[INFO] [stderr]    |             argument requires that `'1` must outlive `'static`
[INFO] [stderr] 
[INFO] [stderr] error[E0521]: borrowed data escapes outside of closure
[INFO] [stderr]   --> tests/ui/handle-with-wrong-perm.rs:34:13
[INFO] [stderr]    |
[INFO] [stderr] 25 |     cache1.scope(|_handle1, mut perm1| {
[INFO] [stderr]    |                             --------- `perm1` declared here, outside of the closure body
[INFO] [stderr] ...
[INFO] [stderr] 29 |         cache2.scope(move |mut handle2, perm2| {
[INFO] [stderr]    |                            ----------- `handle2` is a reference that is only valid in the closure body
[INFO] [stderr] ...
[INFO] [stderr] 34 |             handle2.put("a", "".to_string(), &mut perm1);
[INFO] [stderr]    |             ^^^^^^^^^^^^^^^^^^^^^^^^^^^^^^^^^^^^^^^^^^^^ `handle2` escapes the closure body here
[INFO] [stderr]    |
[INFO] [stderr]    = note: requirement occurs because of a mutable reference to `CacheHandle<'_, '_, &str, String>`
[INFO] [stderr]    = note: mutable references are invariant over their type parameter
[INFO] [stderr]    = help: see <https://doc.rust-lang.org/nomicon/subtyping.html> for more information about variance
[INFO] [stderr] 
[INFO] [stderr] error[E0521]: borrowed data escapes outside of closure
[INFO] [stderr]   --> tests/ui/handle-with-wrong-perm.rs:34:13
[INFO] [stderr]    |
[INFO] [stderr] 25 |     cache1.scope(|_handle1, mut perm1| {
[INFO] [stderr]    |                   --------
[INFO] [stderr]    |                   |
[INFO] [stderr]    |                   `_handle1` is a reference that is only valid in the closure body
[INFO] [stderr]    |                   has type `CacheHandle<'_, '1, &str, String>`
[INFO] [stderr] ...
[INFO] [stderr] 34 |             handle2.put("a", "".to_string(), &mut perm1);
[INFO] [stderr]    |             ^^^^^^^^^^^^^^^^^^^^^^^^^^^^^^^^^^^^^^^^^^^^
[INFO] [stderr]    |             |
[INFO] [stderr]    |             `_handle1` escapes the closure body here
[INFO] [stderr]    |             argument requires that `'1` must outlive `'static`
[INFO] [stderr] ┈┈┈┈┈┈┈┈┈┈┈┈┈┈┈┈┈┈┈┈┈┈┈┈┈┈┈┈┈┈┈┈┈┈┈┈┈┈┈┈┈┈┈┈┈┈┈┈┈┈┈┈┈┈┈┈┈┈┈┈
[INFO] [stderr] 
[INFO] [stderr] ACTUAL OUTPUT:
[INFO] [stderr] ┈┈┈┈┈┈┈┈┈┈┈┈┈┈┈┈┈┈┈┈┈┈┈┈┈┈┈┈┈┈┈┈┈┈┈┈┈┈┈┈┈┈┈┈┈┈┈┈┈┈┈┈┈┈┈┈┈┈┈┈
[INFO] [stderr] error[E0521]: borrowed data escapes outside of closure
[INFO] [stderr]   --> tests/ui/handle-with-wrong-perm.rs:18:13
[INFO] [stderr]    |
[INFO] [stderr]  8 |     cache1.scope(|mut handle1, perm1| {
[INFO] [stderr]    |                   ----------- `handle1` declared here, outside of the closure body
[INFO] [stderr] ...
[INFO] [stderr] 18 |             handle1.put("a", "".to_string(), &mut perm2);
[INFO] [stderr]    |             ^^^^^^^^^^^^^^^^^^^^^^^^^^^^^^^^^^^^^^^^^^^^ a temporary borrow escapes the closure body here
[INFO] [stderr]    |
[INFO] [stderr]    = help: `handle1` is declared outside the closure, so any data borrowed inside the closure cannot be stored into it
[INFO] [stderr]    = note: requirement occurs because of a mutable reference to `CacheHandle<'_, '_, &str, String>`
[INFO] [stderr]    = note: mutable references are invariant over their type parameter
[INFO] [stderr]    = help: see <https://doc.rust-lang.org/nomicon/subtyping.html> for more information about variance
[INFO] [stderr] 
[INFO] [stderr] error[E0521]: borrowed data escapes outside of closure
[INFO] [stderr]   --> tests/ui/handle-with-wrong-perm.rs:18:13
[INFO] [stderr]    |
[INFO] [stderr]  8 |     cache1.scope(|mut handle1, perm1| {
[INFO] [stderr]    |                   -----------
[INFO] [stderr]    |                   |
[INFO] [stderr]    |                   `handle1` is a reference that is only valid in the closure body
[INFO] [stderr]    |                   has type `CacheHandle<'_, '1, &str, String>`
[INFO] [stderr] ...
[INFO] [stderr] 18 |             handle1.put("a", "".to_string(), &mut perm2);
[INFO] [stderr]    |             ^^^^^^^^^^^^^^^^^^^^^^^^^^^^^^^^^^^^^^^^^^^^
[INFO] [stderr]    |             |
[INFO] [stderr]    |             `handle1` escapes the closure body here
[INFO] [stderr]    |             argument requires that `'1` must outlive `'static`
[INFO] [stderr] 
[INFO] [stderr] error[E0521]: borrowed data escapes outside of closure
[INFO] [stderr]   --> tests/ui/handle-with-wrong-perm.rs:34:13
[INFO] [stderr]    |
[INFO] [stderr] 25 |     cache1.scope(|_handle1, mut perm1| {
[INFO] [stderr]    |                             --------- `perm1` declared here, outside of the closure body
[INFO] [stderr] ...
[INFO] [stderr] 29 |         cache2.scope(move |mut handle2, perm2| {
[INFO] [stderr]    |                            ----------- `handle2` is a reference that is only valid in the closure body
[INFO] [stderr] ...
[INFO] [stderr] 34 |             handle2.put("a", "".to_string(), &mut perm1);
[INFO] [stderr]    |             ^^^^^^^^^^^^^^^^^^^^^^^^^^^^^^^^^^^^^^^^^^^^ `handle2` escapes the closure body here
[INFO] [stderr]    |
[INFO] [stderr]    = note: requirement occurs because of a mutable reference to `ValuePerm<'_>`
[INFO] [stderr]    = note: mutable references are invariant over their type parameter
[INFO] [stderr]    = help: see <https://doc.rust-lang.org/nomicon/subtyping.html> for more information about variance
[INFO] [stderr] 
[INFO] [stderr] error: lifetime may not live long enough
[INFO] [stderr]   --> tests/ui/handle-with-wrong-perm.rs:34:13
[INFO] [stderr]    |
[INFO] [stderr] 25 |     cache1.scope(|_handle1, mut perm1| {
[INFO] [stderr]    |                   -------- has type `CacheHandle<'_, '1, &str, String>`
[INFO] [stderr] ...
[INFO] [stderr] 34 |             handle2.put("a", "".to_string(), &mut perm1);
[INFO] [stderr]    |             ^^^^^^^^^^^^^^^^^^^^^^^^^^^^^^^^^^^^^^^^^^^^ argument requires that `'1` must outlive `'static`
[INFO] [stderr] ┈┈┈┈┈┈┈┈┈┈┈┈┈┈┈┈┈┈┈┈┈┈┈┈┈┈┈┈┈┈┈┈┈┈┈┈┈┈┈┈┈┈┈┈┈┈┈┈┈┈┈┈┈┈┈┈┈┈┈┈
[INFO] [stderr] note: If the actual output is the correct output you can bless it by rerunning
[INFO] [stderr]       your test with the environment variable TRYBUILD=overwrite
[INFO] [stderr] 
[INFO] [stderr] test tests/ui/drop-handle-while-holding-ref.rs [should pass] ... ok
[INFO] [stderr] test tests/ui/concurrent-use-refs.rs [should pass] ... ok
[INFO] [stderr] 
[INFO] [stderr] 
[INFO] [stdout] test tests ... FAILED
[INFO] [stdout] 
[INFO] [stdout] failures:
[INFO] [stdout] 
[INFO] [stdout] ---- tests stdout ----
[INFO] [stdout] 
[INFO] [stdout] thread 'tests' (717) panicked at /opt/rustwide/cargo-home/registry/src/index.crates.io-1949cf8c6b5b557f/trybuild-1.0.121/src/run.rs:103:13:
[INFO] [stdout] 2 of 7 tests failed
[INFO] [stdout] stack backtrace:
[INFO] [stdout]    0:     0x5737b840afa1 - std[70759c8f55707aa4]::backtrace_rs::backtrace::libunwind::trace
[INFO] [stdout]                                at /rustc/dfb0accb7f508ae8be965d8629557221c889dd98/library/std/src/../../backtrace/src/backtrace/libunwind.rs:117:9
[INFO] [stdout]    1:     0x5737b840afa1 - std[70759c8f55707aa4]::backtrace_rs::backtrace::trace_unsynchronized::<std[70759c8f55707aa4]::sys::backtrace::_print_fmt::{closure#1}>
[INFO] [stdout]                                at /rustc/dfb0accb7f508ae8be965d8629557221c889dd98/library/std/src/../../backtrace/src/backtrace/mod.rs:66:14
[INFO] [stdout]    2:     0x5737b840afa1 - std[70759c8f55707aa4]::sys::backtrace::_print_fmt
[INFO] [stdout]                                at /rustc/dfb0accb7f508ae8be965d8629557221c889dd98/library/std/src/sys/backtrace.rs:74:9
[INFO] [stdout]    3:     0x5737b840afa1 - <<std[70759c8f55707aa4]::sys::backtrace::BacktraceLock>::print::DisplayBacktrace as core[df12db4294e9bfd3]::fmt::Display>::fmt
[INFO] [stdout]                                at /rustc/dfb0accb7f508ae8be965d8629557221c889dd98/library/std/src/sys/backtrace.rs:44:26
[INFO] [stdout]    4:     0x5737b84217aa - <core[df12db4294e9bfd3]::fmt::rt::Argument>::fmt
[INFO] [stdout]                                at /rustc/dfb0accb7f508ae8be965d8629557221c889dd98/library/core/src/fmt/rt.rs:152:76
[INFO] [stdout]    5:     0x5737b84217aa - core[df12db4294e9bfd3]::fmt::write
[INFO] [stdout]    6:     0x5737b840fa6c - core[df12db4294e9bfd3]::io::write::default_write_fmt::<alloc[2182bb758b4b3781]::vec::Vec<u8>>
[INFO] [stdout]                                at /rustc/dfb0accb7f508ae8be965d8629557221c889dd98/library/core/src/io/write.rs:402:11
[INFO] [stdout]    7:     0x5737b840fa6c - <alloc[2182bb758b4b3781]::vec::Vec<u8> as core[df12db4294e9bfd3]::io::write::Write>::write_fmt
[INFO] [stdout]                                at /rustc/dfb0accb7f508ae8be965d8629557221c889dd98/library/core/src/io/write.rs:335:13
[INFO] [stdout]    8:     0x5737b83e4486 - <std[70759c8f55707aa4]::sys::backtrace::BacktraceLock>::print
[INFO] [stdout]                                at /rustc/dfb0accb7f508ae8be965d8629557221c889dd98/library/std/src/sys/backtrace.rs:47:9
[INFO] [stdout]    9:     0x5737b83e4486 - std[70759c8f55707aa4]::panicking::default_hook::{closure#0}
[INFO] [stdout]                                at /rustc/dfb0accb7f508ae8be965d8629557221c889dd98/library/std/src/panicking.rs:292:27
[INFO] [stdout]   10:     0x5737b8402619 - std[70759c8f55707aa4]::panicking::default_hook
[INFO] [stdout]                                at /rustc/dfb0accb7f508ae8be965d8629557221c889dd98/library/std/src/panicking.rs:316:9
[INFO] [stdout]   11:     0x5737b839b8f0 - <alloc[2182bb758b4b3781]::boxed::Box<dyn for<'a, 'b> core[df12db4294e9bfd3]::ops::function::Fn<(&'a std[70759c8f55707aa4]::panic::PanicHookInfo<'b>,), Output = ()> + core[df12db4294e9bfd3]::marker::Send + core[df12db4294e9bfd3]::marker::Sync> as core[df12db4294e9bfd3]::ops::function::Fn<(&std[70759c8f55707aa4]::panic::PanicHookInfo,)>>::call
[INFO] [stdout]                                at /rustc/dfb0accb7f508ae8be965d8629557221c889dd98/library/alloc/src/boxed.rs:2334:9
[INFO] [stdout]   12:     0x5737b839b8f0 - test[9d35eded1c95d3be]::test_main_inner::<test[9d35eded1c95d3be]::test_main_static::{closure#0}>::{closure#0}
[INFO] [stdout]                                at /rustc/dfb0accb7f508ae8be965d8629557221c889dd98/library/test/src/lib.rs:155:21
[INFO] [stdout]   13:     0x5737b84027d2 - <alloc[2182bb758b4b3781]::boxed::Box<dyn for<'a, 'b> core[df12db4294e9bfd3]::ops::function::Fn<(&'a std[70759c8f55707aa4]::panic::PanicHookInfo<'b>,), Output = ()> + core[df12db4294e9bfd3]::marker::Send + core[df12db4294e9bfd3]::marker::Sync> as core[df12db4294e9bfd3]::ops::function::Fn<(&std[70759c8f55707aa4]::panic::PanicHookInfo,)>>::call
[INFO] [stdout]                                at /rustc/dfb0accb7f508ae8be965d8629557221c889dd98/library/alloc/src/boxed.rs:2334:9
[INFO] [stdout]   14:     0x5737b84027d2 - std[70759c8f55707aa4]::panicking::panic_with_hook
[INFO] [stdout]                                at /rustc/dfb0accb7f508ae8be965d8629557221c889dd98/library/std/src/panicking.rs:823:13
[INFO] [stdout]   15:     0x5737b83e4532 - std[70759c8f55707aa4]::panicking::panic_handler::{closure#0}
[INFO] [stdout]                                at /rustc/dfb0accb7f508ae8be965d8629557221c889dd98/library/std/src/panicking.rs:688:13
[INFO] [stdout]   16:     0x5737b83dcdf9 - std[70759c8f55707aa4]::sys::backtrace::__rust_end_short_backtrace::<std[70759c8f55707aa4]::panicking::panic_handler::{closure#0}, !>
[INFO] [stdout]                                at /rustc/dfb0accb7f508ae8be965d8629557221c889dd98/library/std/src/sys/backtrace.rs:182:18
[INFO] [stdout]   17:     0x5737b83e512d - __rustc[8fa7c3cbc660c2b3]::rust_begin_unwind
[INFO] [stdout]                                at /rustc/dfb0accb7f508ae8be965d8629557221c889dd98/library/std/src/panicking.rs:679:5
[INFO] [stdout]   18:     0x5737b8421f9c - core[df12db4294e9bfd3]::panicking::panic_fmt
[INFO] [stdout]                                at /rustc/dfb0accb7f508ae8be965d8629557221c889dd98/library/core/src/panicking.rs:80:14
[INFO] [stdout]   19:     0x5737b8177e04 - <trybuild[7aa2af3693393db1]::Runner>::run
[INFO] [stdout]                                at /opt/rustwide/cargo-home/registry/src/index.crates.io-1949cf8c6b5b557f/trybuild-1.0.121/src/run.rs:103:13
[INFO] [stdout]   20:     0x5737b8183338 - <trybuild[7aa2af3693393db1]::TestCases as core[df12db4294e9bfd3]::ops::drop::Drop>::drop
[INFO] [stdout]                                at /opt/rustwide/cargo-home/registry/src/index.crates.io-1949cf8c6b5b557f/trybuild-1.0.121/src/lib.rs:342:38
[INFO] [stdout]   21:     0x5737b8170d27 - core[df12db4294e9bfd3]::ptr::drop_glue::<trybuild[7aa2af3693393db1]::TestCases>
[INFO] [stdout]                                at /rustc/dfb0accb7f508ae8be965d8629557221c889dd98/library/core/src/ptr/mod.rs:847:1
[INFO] [stdout]   22:     0x5737b8170fc6 - ui_tests[414632e4bb63af05]::tests
[INFO] [stdout]                                at /opt/rustwide/workdir/tests/ui/test.rs:12:1
[INFO] [stdout]   23:     0x5737b8170e87 - ui_tests[414632e4bb63af05]::tests::{closure#0}
[INFO] [stdout]                                at /opt/rustwide/workdir/tests/ui/test.rs:2:11
[INFO] [stdout]   24:     0x5737b8171426 - <ui_tests[414632e4bb63af05]::tests::{closure#0} as core[df12db4294e9bfd3]::ops::function::FnOnce<()>>::call_once
[INFO] [stdout]                                at /rustc/dfb0accb7f508ae8be965d8629557221c889dd98/library/core/src/ops/function.rs:250:5
[INFO] [stdout]   25:     0x5737b838ebdb - <fn() -> core[df12db4294e9bfd3]::result::Result<(), alloc[2182bb758b4b3781]::string::String> as core[df12db4294e9bfd3]::ops::function::FnOnce<()>>::call_once
[INFO] [stdout]                                at /rustc/dfb0accb7f508ae8be965d8629557221c889dd98/library/core/src/ops/function.rs:250:5
[INFO] [stdout]   26:     0x5737b838ebdb - test[9d35eded1c95d3be]::__rust_begin_short_backtrace::<core[df12db4294e9bfd3]::result::Result<(), alloc[2182bb758b4b3781]::string::String>, fn() -> core[df12db4294e9bfd3]::result::Result<(), alloc[2182bb758b4b3781]::string::String>>
[INFO] [stdout]                                at /rustc/dfb0accb7f508ae8be965d8629557221c889dd98/library/test/src/lib.rs:733:18
[INFO] [stdout]   27:     0x5737b839c245 - test[9d35eded1c95d3be]::run_test_in_process::{closure#0}
[INFO] [stdout]                                at /rustc/dfb0accb7f508ae8be965d8629557221c889dd98/library/test/src/lib.rs:756:74
[INFO] [stdout]   28:     0x5737b839c245 - <core[df12db4294e9bfd3]::panic::unwind_safe::AssertUnwindSafe<test[9d35eded1c95d3be]::run_test_in_process::{closure#0}> as core[df12db4294e9bfd3]::ops::function::FnOnce<()>>::call_once
[INFO] [stdout]                                at /rustc/dfb0accb7f508ae8be965d8629557221c889dd98/library/core/src/panic/unwind_safe.rs:275:9
[INFO] [stdout]   29:     0x5737b839c245 - std[70759c8f55707aa4]::panicking::catch_unwind::do_call::<core[df12db4294e9bfd3]::panic::unwind_safe::AssertUnwindSafe<test[9d35eded1c95d3be]::run_test_in_process::{closure#0}>, core[df12db4294e9bfd3]::result::Result<(), alloc[2182bb758b4b3781]::string::String>>
[INFO] [stdout]                                at /rustc/dfb0accb7f508ae8be965d8629557221c889dd98/library/std/src/panicking.rs:576:43
[INFO] [stdout]   30:     0x5737b839c245 - std[70759c8f55707aa4]::panicking::catch_unwind::<core[df12db4294e9bfd3]::result::Result<(), alloc[2182bb758b4b3781]::string::String>, core[df12db4294e9bfd3]::panic::unwind_safe::AssertUnwindSafe<test[9d35eded1c95d3be]::run_test_in_process::{closure#0}>>
[INFO] [stdout]                                at /rustc/dfb0accb7f508ae8be965d8629557221c889dd98/library/std/src/panicking.rs:544:19
[INFO] [stdout]   31:     0x5737b839c245 - std[70759c8f55707aa4]::panic::catch_unwind::<core[df12db4294e9bfd3]::panic::unwind_safe::AssertUnwindSafe<test[9d35eded1c95d3be]::run_test_in_process::{closure#0}>, core[df12db4294e9bfd3]::result::Result<(), alloc[2182bb758b4b3781]::string::String>>
[INFO] [stdout]                                at /rustc/dfb0accb7f508ae8be965d8629557221c889dd98/library/std/src/panic.rs:359:14
[INFO] [stdout]   32:     0x5737b839c245 - test[9d35eded1c95d3be]::run_test_in_process
[INFO] [stdout]                                at /rustc/dfb0accb7f508ae8be965d8629557221c889dd98/library/test/src/lib.rs:756:27
[INFO] [stdout]   33:     0x5737b839c245 - test[9d35eded1c95d3be]::run_test::{closure#0}
[INFO] [stdout]                                at /rustc/dfb0accb7f508ae8be965d8629557221c889dd98/library/test/src/lib.rs:677:43
[INFO] [stdout]   34:     0x5737b8395b04 - test[9d35eded1c95d3be]::run_test::{closure#1}
[INFO] [stdout]                                at /rustc/dfb0accb7f508ae8be965d8629557221c889dd98/library/test/src/lib.rs:707:41
[INFO] [stdout]   35:     0x5737b8395b04 - std[70759c8f55707aa4]::sys::backtrace::__rust_begin_short_backtrace::<test[9d35eded1c95d3be]::run_test::{closure#1}, ()>
[INFO] [stdout]                                at /rustc/dfb0accb7f508ae8be965d8629557221c889dd98/library/std/src/sys/backtrace.rs:166:18
[INFO] [stdout]   36:     0x5737b839f3a2 - std[70759c8f55707aa4]::thread::lifecycle::spawn_unchecked::<test[9d35eded1c95d3be]::run_test::{closure#1}, ()>::{closure#1}::{closure#0}
[INFO] [stdout]                                at /rustc/dfb0accb7f508ae8be965d8629557221c889dd98/library/std/src/thread/lifecycle.rs:70:13
[INFO] [stdout]   37:     0x5737b839f3a2 - <core[df12db4294e9bfd3]::panic::unwind_safe::AssertUnwindSafe<std[70759c8f55707aa4]::thread::lifecycle::spawn_unchecked<test[9d35eded1c95d3be]::run_test::{closure#1}, ()>::{closure#1}::{closure#0}> as core[df12db4294e9bfd3]::ops::function::FnOnce<()>>::call_once
[INFO] [stdout]                                at /rustc/dfb0accb7f508ae8be965d8629557221c889dd98/library/core/src/panic/unwind_safe.rs:275:9
[INFO] [stdout]   38:     0x5737b839f3a2 - std[70759c8f55707aa4]::panicking::catch_unwind::do_call::<core[df12db4294e9bfd3]::panic::unwind_safe::AssertUnwindSafe<std[70759c8f55707aa4]::thread::lifecycle::spawn_unchecked<test[9d35eded1c95d3be]::run_test::{closure#1}, ()>::{closure#1}::{closure#0}>, ()>
[INFO] [stdout]                                at /rustc/dfb0accb7f508ae8be965d8629557221c889dd98/library/std/src/panicking.rs:576:43
[INFO] [stdout]   39:     0x5737b839f3a2 - std[70759c8f55707aa4]::panicking::catch_unwind::<(), core[df12db4294e9bfd3]::panic::unwind_safe::AssertUnwindSafe<std[70759c8f55707aa4]::thread::lifecycle::spawn_unchecked<test[9d35eded1c95d3be]::run_test::{closure#1}, ()>::{closure#1}::{closure#0}>>
[INFO] [stdout]                                at /rustc/dfb0accb7f508ae8be965d8629557221c889dd98/library/std/src/panicking.rs:544:19
[INFO] [stdout]   40:     0x5737b839f3a2 - std[70759c8f55707aa4]::panic::catch_unwind::<core[df12db4294e9bfd3]::panic::unwind_safe::AssertUnwindSafe<std[70759c8f55707aa4]::thread::lifecycle::spawn_unchecked<test[9d35eded1c95d3be]::run_test::{closure#1}, ()>::{closure#1}::{closure#0}>, ()>
[INFO] [stdout]                                at /rustc/dfb0accb7f508ae8be965d8629557221c889dd98/library/std/src/panic.rs:359:14
[INFO] [stdout]   41:     0x5737b839f3a2 - std[70759c8f55707aa4]::thread::lifecycle::spawn_unchecked::<test[9d35eded1c95d3be]::run_test::{closure#1}, ()>::{closure#1}
[INFO] [stdout]                                at /rustc/dfb0accb7f508ae8be965d8629557221c889dd98/library/std/src/thread/lifecycle.rs:68:26
[INFO] [stdout]   42:     0x5737b839f3a2 - <std[70759c8f55707aa4]::thread::lifecycle::spawn_unchecked<test[9d35eded1c95d3be]::run_test::{closure#1}, ()>::{closure#1} as core[df12db4294e9bfd3]::ops::function::FnOnce<()>>::call_once::{shim:vtable#0}
[INFO] [stdout]                                at /rustc/dfb0accb7f508ae8be965d8629557221c889dd98/library/core/src/ops/function.rs:250:5
[INFO] [stdout]   43:     0x5737b840a259 - <alloc[2182bb758b4b3781]::boxed::Box<dyn core[df12db4294e9bfd3]::ops::function::FnOnce<(), Output = ()> + core[df12db4294e9bfd3]::marker::Send> as core[df12db4294e9bfd3]::ops::function::FnOnce<()>>::call_once
[INFO] [stdout]                                at /rustc/dfb0accb7f508ae8be965d8629557221c889dd98/library/alloc/src/boxed.rs:2320:9
[INFO] [stdout]   44:     0x5737b840a259 - <std[70759c8f55707aa4]::sys::thread::unix::Thread>::new::thread_start
[INFO] [stdout]                                at /rustc/dfb0accb7f508ae8be965d8629557221c889dd98/library/std/src/sys/thread/unix.rs:123:17
[INFO] [stdout]   45:     0x718839460dfa - <unknown>
[INFO] [stdout]   46:     0x7188394f43d4 - clone
[INFO] [stdout]   47:                0x0 - <unknown>
[INFO] [stdout] 
[INFO] [stdout] 
[INFO] [stdout] failures:
[INFO] [stdout]     tests
[INFO] [stdout] 
[INFO] [stdout] test result: FAILED. 0 passed; 1 failed; 0 ignored; 0 measured; 0 filtered out; finished in 17.76s
[INFO] [stdout] 
[INFO] [stderr] error: test failed, to rerun pass `--test ui-tests`
[INFO] running `Command { std: "docker" "inspect" "62501092c02af0760d43e50495b95c36621e7f78840c9c2c7ac331ff5b24b586", kill_on_drop: false }`
[INFO] running `Command { std: "docker" "rm" "-f" "62501092c02af0760d43e50495b95c36621e7f78840c9c2c7ac331ff5b24b586", kill_on_drop: false }`
[INFO] [stdout] 62501092c02af0760d43e50495b95c36621e7f78840c9c2c7ac331ff5b24b586
