[INFO] fetching crate redis-test 1.0.4...
[INFO] testing redis-test-1.0.4 against 1.99.0-beta.8 for beta-1.100-2
[INFO] extracting crate redis-test 1.0.4 into /workspace/builds/worker-0-tc1/source
[INFO] started tweaking crates.io crate redis-test 1.0.4
[INFO] finished tweaking crates.io crate redis-test 1.0.4
[INFO] tweaked toml for crates.io crate redis-test 1.0.4 written to /workspace/builds/worker-0-tc1/source/Cargo.toml
[INFO] validating manifest of crates.io crate redis-test 1.0.4 on toolchain 1.99.0-beta.8
[INFO] running `Command { std: CARGO_HOME="/workspace/cargo-home" RUSTUP_HOME="/workspace/rustup-home" "/workspace/cargo-home/bin/cargo" "+1.99.0-beta.8" "metadata" "--manifest-path" "Cargo.toml" "--no-deps", kill_on_drop: false }`
[INFO] crate crates.io crate redis-test 1.0.4 already has a lockfile, it will not be regenerated
[INFO] running `Command { std: CARGO_HOME="/workspace/cargo-home" RUSTUP_HOME="/workspace/rustup-home" "/workspace/cargo-home/bin/cargo" "+1.99.0-beta.8" "fetch" "--manifest-path" "Cargo.toml", kill_on_drop: false }`
[INFO] [stderr]     Updating crates.io index
[INFO] [stderr]  Downloading crates ...
[INFO] [stderr]   Downloaded rand_core v0.9.0
[INFO] [stderr]   Downloaded arcstr v1.2.0
[INFO] [stderr]   Downloaded unicode-ident v1.0.16
[INFO] [stderr]   Downloaded rand v0.9.3
[INFO] [stderr]   Downloaded zerocopy-derive v0.8.17
[INFO] [stderr]   Downloaded zerocopy v0.8.17
[INFO] [stderr]   Downloaded redis v1.2.2
[INFO] running `Command { std: "docker" "create" "-v" "/var/lib/crater-agent-workspace/builds/worker-0-tc1/source:/opt/rustwide/workdir:ro,Z" "-v" "/var/lib/crater-agent-workspace/builds/worker-0-tc1/target:/opt/rustwide/target:rw,Z" "-v" "/var/lib/crater-agent-workspace/cargo-home:/opt/rustwide/cargo-home:ro,Z" "-v" "/var/lib/crater-agent-workspace/rustup-home:/opt/rustwide/rustup-home:ro,Z" "-m" "1610612736" "--network" "none" "ghcr.io/rust-lang/crates-build-env/linux@sha256:3111399a4047eeb3a02b7a90e478d715f38a8c6669b5c4b49d30a17385265909" "sleep" "infinity", kill_on_drop: false }`
[INFO] [stdout] 47bc7078d3e01d3c469b5fe61243205b5405138ba6195f0682dcb37ce012bb45
[INFO] running `Command { std: "docker" "start" "47bc7078d3e01d3c469b5fe61243205b5405138ba6195f0682dcb37ce012bb45", kill_on_drop: false }`
[INFO] running `Command { std: "docker" "inspect" "47bc7078d3e01d3c469b5fe61243205b5405138ba6195f0682dcb37ce012bb45", kill_on_drop: false }`
[INFO] running `Command { std: "docker" "exec" "-e" "SOURCE_DIR=/opt/rustwide/workdir" "-e" "CARGO_HOME=/opt/rustwide/cargo-home" "-e" "RUSTUP_HOME=/opt/rustwide/rustup-home" "-e" "CARGO_TARGET_DIR=/opt/rustwide/target" "-w" "/opt/rustwide/workdir" "--user" "0:0" "47bc7078d3e01d3c469b5fe61243205b5405138ba6195f0682dcb37ce012bb45" "/opt/rustwide/cargo-home/bin/cargo" "+1.99.0-beta.8" "metadata" "--no-deps" "--format-version=1", kill_on_drop: false }`
[INFO] running `Command { std: "docker" "inspect" "47bc7078d3e01d3c469b5fe61243205b5405138ba6195f0682dcb37ce012bb45", kill_on_drop: false }`
[INFO] running `Command { std: "docker" "exec" "-e" "SOURCE_DIR=/opt/rustwide/workdir" "-e" "CARGO_HOME=/opt/rustwide/cargo-home" "-e" "RUSTUP_HOME=/opt/rustwide/rustup-home" "-e" "CARGO_TARGET_DIR=/opt/rustwide/target" "-e" "CARGO_INCREMENTAL=0" "-e" "RUST_BACKTRACE=full" "-e" "RUSTFLAGS=--cap-lints=warn" "-e" "RUSTDOCFLAGS=--cap-lints=warn" "-w" "/opt/rustwide/workdir" "--user" "0:0" "47bc7078d3e01d3c469b5fe61243205b5405138ba6195f0682dcb37ce012bb45" "/opt/rustwide/cargo-home/bin/cargo" "+1.99.0-beta.8" "build" "--frozen" "--message-format=json", kill_on_drop: false }`
[INFO] [stderr]    Compiling proc-macro2 v1.0.101
[INFO] [stderr]    Compiling unicode-ident v1.0.16
[INFO] [stderr]    Compiling libc v0.2.178
[INFO] [stderr]    Compiling getrandom v0.3.1
[INFO] [stderr]    Compiling smallvec v1.13.2
[INFO] [stderr]    Compiling zerocopy v0.8.17
[INFO] [stderr]    Compiling byteorder v1.5.0
[INFO] [stderr]    Compiling rustix v1.1.3
[INFO] [stderr]    Compiling bytes v1.11.1
[INFO] [stderr]    Compiling linux-raw-sys v0.11.0
[INFO] [stderr]    Compiling bitflags v2.8.0
[INFO] [stderr]    Compiling memchr v2.7.4
[INFO] [stderr]    Compiling once_cell v1.21.3
[INFO] [stderr]    Compiling form_urlencoded v1.2.2
[INFO] [stderr]    Compiling xxhash-rust v0.8.15
[INFO] [stderr]    Compiling arcstr v1.2.0
[INFO] [stderr]    Compiling combine v4.6.7
[INFO] [stderr]    Compiling quote v1.0.45
[INFO] [stderr]    Compiling syn v2.0.114
[INFO] [stderr]    Compiling socket2 v0.6.2
[INFO] [stderr]    Compiling tempfile v3.24.0
[INFO] [stderr]    Compiling rand_core v0.9.0
[INFO] [stderr]    Compiling synstructure v0.13.1
[INFO] [stderr]    Compiling zerofrom-derive v0.1.5
[INFO] [stderr]    Compiling yoke-derive v0.7.5
[INFO] [stderr]    Compiling zerovec-derive v0.10.3
[INFO] [stderr]    Compiling displaydoc v0.2.5
[INFO] [stderr]    Compiling icu_provider_macros v1.5.0
[INFO] [stderr]    Compiling zerocopy-derive v0.7.35
[INFO] [stderr]    Compiling zerofrom v0.1.5
[INFO] [stderr]    Compiling zerocopy v0.7.35
[INFO] [stderr]    Compiling yoke v0.7.5
[INFO] [stderr]    Compiling zerovec v0.10.4
[INFO] [stderr]    Compiling ppv-lite86 v0.2.20
[INFO] [stderr]    Compiling rand_chacha v0.9.0
[INFO] [stderr]    Compiling rand v0.9.3
[INFO] [stderr]    Compiling tinystr v0.7.6
[INFO] [stderr]    Compiling icu_collections v1.5.0
[INFO] [stderr]    Compiling icu_locid v1.5.0
[INFO] [stderr]    Compiling icu_provider v1.5.0
[INFO] [stderr]    Compiling icu_locid_transform v1.5.0
[INFO] [stderr]    Compiling icu_properties v1.5.1
[INFO] [stderr]    Compiling icu_normalizer v1.5.0
[INFO] [stderr]    Compiling idna_adapter v1.2.0
[INFO] [stderr]    Compiling idna v1.1.0
[INFO] [stderr]    Compiling url v2.5.8
[INFO] [stderr]    Compiling redis v1.2.2
[INFO] [stderr]    Compiling redis-test v1.0.4 (/opt/rustwide/workdir)
[INFO] [stderr]     Finished `dev` profile [unoptimized + debuginfo] target(s) in 27.90s
[INFO] running `Command { std: "docker" "inspect" "47bc7078d3e01d3c469b5fe61243205b5405138ba6195f0682dcb37ce012bb45", kill_on_drop: false }`
[INFO] running `Command { std: "docker" "exec" "-e" "SOURCE_DIR=/opt/rustwide/workdir" "-e" "CARGO_HOME=/opt/rustwide/cargo-home" "-e" "RUSTUP_HOME=/opt/rustwide/rustup-home" "-e" "CARGO_TARGET_DIR=/opt/rustwide/target" "-e" "CARGO_INCREMENTAL=0" "-e" "RUST_BACKTRACE=full" "-e" "RUSTFLAGS=--cap-lints=warn" "-e" "RUSTDOCFLAGS=--cap-lints=warn" "-w" "/opt/rustwide/workdir" "--user" "0:0" "47bc7078d3e01d3c469b5fe61243205b5405138ba6195f0682dcb37ce012bb45" "/opt/rustwide/cargo-home/bin/cargo" "+1.99.0-beta.8" "test" "--frozen" "--no-run" "--message-format=json", kill_on_drop: false }`
[INFO] [stderr]    Compiling syn v2.0.114
[INFO] [stderr]    Compiling num-traits v0.2.19
[INFO] [stderr]    Compiling mio v1.0.3
[INFO] [stderr]    Compiling concurrent-queue v2.5.0
[INFO] [stderr]    Compiling sha1_smol v1.0.1
[INFO] [stderr]    Compiling futures-util v0.3.31
[INFO] [stderr]    Compiling event-listener v5.4.1
[INFO] [stderr]    Compiling event-listener-strategy v0.5.3
[INFO] [stderr]    Compiling async-lock v3.4.0
[INFO] [stderr]    Compiling num-integer v0.1.46
[INFO] [stderr]    Compiling num-bigint v0.4.6
[INFO] [stderr]    Compiling synstructure v0.13.1
[INFO] [stderr]    Compiling zerofrom-derive v0.1.5
[INFO] [stderr]    Compiling yoke-derive v0.7.5
[INFO] [stderr]    Compiling zerovec-derive v0.10.3
[INFO] [stderr]    Compiling displaydoc v0.2.5
[INFO] [stderr]    Compiling icu_provider_macros v1.5.0
[INFO] [stderr]    Compiling tokio-macros v2.6.0
[INFO] [stderr]    Compiling zerocopy-derive v0.7.35
[INFO] [stderr]    Compiling zerocopy v0.7.35
[INFO] [stderr]    Compiling tokio v1.50.0
[INFO] [stderr]    Compiling zerofrom v0.1.5
[INFO] [stderr]    Compiling yoke v0.7.5
[INFO] [stderr]    Compiling ppv-lite86 v0.2.20
[INFO] [stderr]    Compiling zerovec v0.10.4
[INFO] [stderr]    Compiling rand_chacha v0.9.0
[INFO] [stderr]    Compiling rand v0.9.3
[INFO] [stderr]    Compiling tinystr v0.7.6
[INFO] [stderr]    Compiling icu_collections v1.5.0
[INFO] [stderr]    Compiling icu_locid v1.5.0
[INFO] [stderr]    Compiling icu_provider v1.5.0
[INFO] [stderr]    Compiling icu_locid_transform v1.5.0
[INFO] [stderr]    Compiling icu_properties v1.5.1
[INFO] [stderr]    Compiling tokio-util v0.7.18
[INFO] [stderr]    Compiling combine v4.6.7
[INFO] [stderr]    Compiling icu_normalizer v1.5.0
[INFO] [stderr]    Compiling idna_adapter v1.2.0
[INFO] [stderr]    Compiling idna v1.1.0
[INFO] [stderr]    Compiling url v2.5.8
[INFO] [stderr]    Compiling redis v1.2.2
[INFO] [stderr]    Compiling redis-test v1.0.4 (/opt/rustwide/workdir)
[INFO] [stderr]     Finished `test` profile [unoptimized + debuginfo] target(s) in 35.01s
[INFO] running `Command { std: "docker" "inspect" "47bc7078d3e01d3c469b5fe61243205b5405138ba6195f0682dcb37ce012bb45", kill_on_drop: false }`
[INFO] running `Command { std: "docker" "exec" "-e" "SOURCE_DIR=/opt/rustwide/workdir" "-e" "CARGO_HOME=/opt/rustwide/cargo-home" "-e" "RUSTUP_HOME=/opt/rustwide/rustup-home" "-e" "CARGO_TARGET_DIR=/opt/rustwide/target" "-e" "CARGO_INCREMENTAL=0" "-e" "RUST_BACKTRACE=full" "-e" "RUSTFLAGS=--cap-lints=warn" "-e" "RUSTDOCFLAGS=--cap-lints=warn" "-w" "/opt/rustwide/workdir" "--user" "0:0" "47bc7078d3e01d3c469b5fe61243205b5405138ba6195f0682dcb37ce012bb45" "/opt/rustwide/cargo-home/bin/cargo" "+1.99.0-beta.8" "test" "--frozen", kill_on_drop: false }`
[INFO] [stderr]     Finished `test` profile [unoptimized + debuginfo] target(s) in 0.13s
[INFO] [stderr]      Running unittests src/lib.rs (/opt/rustwide/target/debug/deps/redis_test-5cd67d7ab9d0c0d2)
[INFO] [stdout] 
[INFO] [stdout] running 55 tests
[INFO] [stdout] test tests::into_redis_value_u32 ... ok
[INFO] [stdout] test tests::into_redis_value_hashmap ... ok
[INFO] [stdout] test tests::into_redis_value_value ... ok
[INFO] [stdout] test tests::into_redis_value_u8 ... ok
[INFO] [stdout] test tests::errors_for_mismatched_commands ... ok
[INFO] [stdout] test tests::into_redis_value_hashset ... ok
[INFO] [stdout] test tests::errors_for_unexpected_commands ... ok
[INFO] [stdout] test tests::into_redis_value_str_ref ... ok
[INFO] [stdout] test tests::into_redis_value_u16 ... ok
[INFO] [stdout] test tests::into_redis_value_vec_value_value ... ok
[INFO] [stdout] test tests::into_redis_value_i32 ... ok
[INFO] [stdout] test tests::pipeline_atomic_test ... ok
[INFO] [stdout] test tests::into_redis_value_i16 ... ok
[INFO] [stdout] test tests::into_redis_value_vec_u8 ... ok
[INFO] [stdout] test tests::into_redis_value_vec_value ... ok
[INFO] [stdout] test tests::redis_array_multiple_entries ... ok
[INFO] [stdout] test tests::into_redis_value_i8 ... ok
[INFO] [stdout] test tests::into_redis_value_i64 ... ok
[INFO] [stdout] test tests::into_redis_value_string ... ok
[INFO] [stdout] test tests::into_redis_value_bool_true ... ok
[INFO] [stdout] test tests::pipeline_basic_test ... ok
[INFO] [stdout] test tests::into_redis_value_bool_false ... ok
[INFO] [stdout] test tests::redis_array_multiple_primitive_entries ... ok
[INFO] [stdout] test tests::redis_i16 ... ok
[INFO] [stdout] test tests::redis_array_single_entry ... ok
[INFO] [stdout] test tests::redis_array_single_entry_trailing_comma ... ok
[INFO] [stdout] test tests::redis_map_empty ... ok
[INFO] [stdout] test tests::redis_okay ... ok
[INFO] [stdout] test tests::redis_map_single_entry_trailing_comma ... ok
[INFO] [stdout] test tests::redis_array_empty ... ok
[INFO] [stdout] test tests::redis_i32 ... ok
[INFO] [stdout] test tests::redis_i8 ... ok
[INFO] [stdout] test tests::redis_false ... ok
[INFO] [stdout] test tests::redis_i64 ... ok
[INFO] [stdout] test tests::into_redis_value_server_error ... ok
[INFO] [stdout] test tests::redis_set_single_entry ... ok
[INFO] [stdout] test tests::redis_set_empty ... ok
[INFO] [stdout] test tests::redis_set_multiple_entries ... ok
[INFO] [stdout] test tests::redis_simple_direct ... ok
[INFO] [stdout] test tests::redis_set_multiple_primitive_entries ... ok
[INFO] [stdout] test tests::redis_simple_in_complex ... ok
[INFO] [stdout] test tests::redis_u16 ... ok
[INFO] [stdout] test tests::redis_u8 ... ok
[INFO] [stdout] test tests::redis_set_single_entry_trailing_comma ... ok
[INFO] [stdout] test tests::redis_str_ref ... ok
[INFO] [stdout] test tests::redis_string ... ok
[INFO] [stdout] test tests::redis_true ... ok
[INFO] [stdout] test tests::redis_u32 ... ok
[INFO] [stdout] test tests::redis_map_multiple_entries ... ok
[INFO] [stdout] test tests::redis_map_multiple_primitive_entries ... ok
[INFO] [stdout] test tests::redis_map_single_entry ... ok
[INFO] [stdout] test tests::redis_value ... ok
[INFO] [stdout] test tests::sync_basic_test ... ok
[INFO] [stdout] test tests::redis_nil ... ok
[INFO] [stdout] test tests::redis_ok ... ok
[INFO] [stdout] 
[INFO] [stdout] test result: ok. 55 passed; 0 failed; 0 ignored; 0 measured; 0 filtered out; finished in 0.01s
[INFO] [stdout] 
[INFO] [stderr]    Doc-tests redis_test
[INFO] [stdout] 
[INFO] [stdout] running 5 tests
[INFO] [stdout] test src/server.rs - server::RedisServer (line 44) - compile ... ok
[INFO] [stdout] test src/sentinel.rs - sentinel::RedisSentinelCluster (line 17) - compile ... FAILED
[INFO] [stdout] test src/cluster.rs - cluster::RedisCluster (line 100) - compile ... FAILED
[INFO] [stdout] test src/lib.rs - redis_value (line 188) ... ok
[INFO] [stdout] test src/lib.rs - (line 17) ... ok
[INFO] [stdout] 
[INFO] [stdout] failures:
[INFO] [stdout] 
[INFO] [stdout] ---- src/sentinel.rs - sentinel::RedisSentinelCluster (line 17) stdout ----
[INFO] [stdout] error[E0433]: cannot find `sentinel` in `redis`
[INFO] [stdout]    --> src/sentinel.rs:25:34
[INFO] [stdout]     |
[INFO] [stdout]  25 | let mut sentinel_client = redis::sentinel::SentinelClient::build(sentinel_addresses, String::from("master0"), None, redis::sentinel...
[INFO] [stdout]     |                                  ^^^^^^^^ could not find `sentinel` in `redis`
[INFO] [stdout]     |
[INFO] [stdout] note: found an item that was configured out
[INFO] [stdout]    --> /opt/rustwide/cargo-home/registry/src/index.crates.io-1949cf8c6b5b557f/redis-1.2.2/src/lib.rs:799:9
[INFO] [stdout]     |
[INFO] [stdout] 797 | #[cfg(feature = "sentinel")]
[INFO] [stdout]     |       -------------------- the item is gated behind the `sentinel` feature
[INFO] [stdout] 798 | #[cfg_attr(docsrs, doc(cfg(feature = "sentinel")))]
[INFO] [stdout] 799 | pub mod sentinel;
[INFO] [stdout]     |         ^^^^^^^^
[INFO] [stdout] 
[INFO] [stdout] error[E0433]: cannot find `sentinel` in `redis`
[INFO] [stdout]    --> src/sentinel.rs:25:124
[INFO] [stdout]     |
[INFO] [stdout]  25 | ...s, String::from("master0"), None, redis::sentinel::SentinelServerType::Master).unwrap();
[INFO] [stdout]     |                                             ^^^^^^^^ could not find `sentinel` in `redis`
[INFO] [stdout]     |
[INFO] [stdout] note: found an item that was configured out
[INFO] [stdout]    --> /opt/rustwide/cargo-home/registry/src/index.crates.io-1949cf8c6b5b557f/redis-1.2.2/src/lib.rs:799:9
[INFO] [stdout]     |
[INFO] [stdout] 797 | #[cfg(feature = "sentinel")]
[INFO] [stdout]     |       -------------------- the item is gated behind the `sentinel` feature
[INFO] [stdout] 798 | #[cfg_attr(docsrs, doc(cfg(feature = "sentinel")))]
[INFO] [stdout] 799 | pub mod sentinel;
[INFO] [stdout]     |         ^^^^^^^^
[INFO] [stdout] 
[INFO] [stdout] error: aborting due to 2 previous errors
[INFO] [stdout] 
[INFO] [stdout] For more information about this error, try `rustc --explain E0433`.
[INFO] [stdout] Couldn't compile the test.
[INFO] [stdout] ---- src/cluster.rs - cluster::RedisCluster (line 100) stdout ----
[INFO] [stdout] error[E0433]: cannot find `cluster` in `redis`
[INFO] [stdout]    --> src/cluster.rs:109:21
[INFO] [stdout]     |
[INFO] [stdout] 109 | let client = redis::cluster::ClusterClient::new(addresses).unwrap();
[INFO] [stdout]     |                     ^^^^^^^ could not find `cluster` in `redis`
[INFO] [stdout]     |
[INFO] [stdout] note: found an item that was configured out
[INFO] [stdout]    --> /opt/rustwide/cargo-home/registry/src/index.crates.io-1949cf8c6b5b557f/redis-1.2.2/src/lib.rs:769:46
[INFO] [stdout]     |
[INFO] [stdout] 767 | #[cfg(feature = "cluster")]
[INFO] [stdout]     |       ------------------- the item is gated behind the `cluster` feature
[INFO] [stdout] 768 | #[cfg_attr(docsrs, doc(cfg(feature = "cluster")))]
[INFO] [stdout] 769 | pub use cluster_handling::sync_connection as cluster;
[INFO] [stdout]     |                                              ^^^^^^^
[INFO] [stdout] 
[INFO] [stdout] error: aborting due to 1 previous error
[INFO] [stdout] 
[INFO] [stdout] For more information about this error, try `rustc --explain E0433`.
[INFO] [stdout] Couldn't compile the test.
[INFO] [stdout] 
[INFO] [stdout] failures:
[INFO] [stdout]     src/cluster.rs - cluster::RedisCluster (line 100)
[INFO] [stdout]     src/sentinel.rs - sentinel::RedisSentinelCluster (line 17)
[INFO] [stdout] 
[INFO] [stdout] test result: FAILED. 3 passed; 2 failed; 0 ignored; 0 measured; 0 filtered out; finished in 1.02s
[INFO] [stdout] 
[INFO] [stdout] all doctests ran in 1.20s; merged doctests compilation took 0.17s
[INFO] [stderr] error: doctest failed, to rerun pass `--doc`
[INFO] running `Command { std: "docker" "inspect" "47bc7078d3e01d3c469b5fe61243205b5405138ba6195f0682dcb37ce012bb45", kill_on_drop: false }`
[INFO] running `Command { std: "docker" "rm" "-f" "47bc7078d3e01d3c469b5fe61243205b5405138ba6195f0682dcb37ce012bb45", kill_on_drop: false }`
[INFO] [stdout] 47bc7078d3e01d3c469b5fe61243205b5405138ba6195f0682dcb37ce012bb45
