[INFO] fetching crate rediq 0.2.4...
[INFO] testing rediq-0.2.4 against 1.99.0-beta.8 for beta-1.100-2
[INFO] extracting crate rediq 0.2.4 into /workspace/builds/worker-4-tc1/source
[INFO] started tweaking crates.io crate rediq 0.2.4
[INFO] finished tweaking crates.io crate rediq 0.2.4
[INFO] tweaked toml for crates.io crate rediq 0.2.4 written to /workspace/builds/worker-4-tc1/source/Cargo.toml
[INFO] validating manifest of crates.io crate rediq 0.2.4 on toolchain 1.99.0-beta.8
[INFO] running `Command { std: CARGO_HOME="/workspace/cargo-home" RUSTUP_HOME="/workspace/rustup-home" "/workspace/cargo-home/bin/cargo" "+1.99.0-beta.8" "metadata" "--manifest-path" "Cargo.toml" "--no-deps", kill_on_drop: false }`
[INFO] crate crates.io crate rediq 0.2.4 already has a lockfile, it will not be regenerated
[INFO] running `Command { std: CARGO_HOME="/workspace/cargo-home" RUSTUP_HOME="/workspace/rustup-home" "/workspace/cargo-home/bin/cargo" "+1.99.0-beta.8" "fetch" "--manifest-path" "Cargo.toml", kill_on_drop: false }`
[INFO] [stderr]     Blocking waiting for file lock on package cache
[INFO] [stderr]     Updating crates.io index
[INFO] [stderr]  Downloading crates ...
[INFO] [stderr]   Downloaded rediq-macros v0.2.4
[INFO] [stderr]   Downloaded prometheus v0.13.4
[INFO] [stderr]   Downloaded metrics-macros v0.7.1
[INFO] [stderr]   Downloaded crc16 v0.4.0
[INFO] [stderr]   Downloaded fred-macros v0.1.0
[INFO] [stderr]   Downloaded metrics v0.21.1
[INFO] [stderr]   Downloaded cookie-factory v0.3.2
[INFO] [stderr]   Downloaded cron v0.12.1
[INFO] [stderr]   Downloaded protobuf v2.28.0
[INFO] [stderr]   Downloaded redis-protocol v5.0.1
[INFO] [stderr]   Downloaded arc-swap v1.8.1
[INFO] [stderr]   Downloaded fred v9.4.0
[INFO] running `Command { std: "docker" "create" "-v" "/var/lib/crater-agent-workspace/builds/worker-4-tc1/source:/opt/rustwide/workdir:ro,Z" "-v" "/var/lib/crater-agent-workspace/builds/worker-4-tc1/target:/opt/rustwide/target:rw,Z" "-v" "/var/lib/crater-agent-workspace/cargo-home:/opt/rustwide/cargo-home:ro,Z" "-v" "/var/lib/crater-agent-workspace/rustup-home:/opt/rustwide/rustup-home:ro,Z" "-m" "1610612736" "--network" "none" "ghcr.io/rust-lang/crates-build-env/linux@sha256:3111399a4047eeb3a02b7a90e478d715f38a8c6669b5c4b49d30a17385265909" "sleep" "infinity", kill_on_drop: false }`
[INFO] [stdout] 4e9a4811040dc529bba566a8f5e5d312e3b0c90543c515b3d85d6d34e9f9eeb7
[INFO] running `Command { std: "docker" "start" "4e9a4811040dc529bba566a8f5e5d312e3b0c90543c515b3d85d6d34e9f9eeb7", kill_on_drop: false }`
[INFO] running `Command { std: "docker" "inspect" "4e9a4811040dc529bba566a8f5e5d312e3b0c90543c515b3d85d6d34e9f9eeb7", kill_on_drop: false }`
[INFO] running `Command { std: "docker" "exec" "-e" "SOURCE_DIR=/opt/rustwide/workdir" "-e" "CARGO_HOME=/opt/rustwide/cargo-home" "-e" "RUSTUP_HOME=/opt/rustwide/rustup-home" "-e" "CARGO_TARGET_DIR=/opt/rustwide/target" "-w" "/opt/rustwide/workdir" "--user" "0:0" "4e9a4811040dc529bba566a8f5e5d312e3b0c90543c515b3d85d6d34e9f9eeb7" "/opt/rustwide/cargo-home/bin/cargo" "+1.99.0-beta.8" "metadata" "--no-deps" "--format-version=1", kill_on_drop: false }`
[INFO] running `Command { std: "docker" "inspect" "4e9a4811040dc529bba566a8f5e5d312e3b0c90543c515b3d85d6d34e9f9eeb7", kill_on_drop: false }`
[INFO] running `Command { std: "docker" "exec" "-e" "SOURCE_DIR=/opt/rustwide/workdir" "-e" "CARGO_HOME=/opt/rustwide/cargo-home" "-e" "RUSTUP_HOME=/opt/rustwide/rustup-home" "-e" "CARGO_TARGET_DIR=/opt/rustwide/target" "-e" "CARGO_INCREMENTAL=0" "-e" "RUST_BACKTRACE=full" "-e" "RUSTFLAGS=--cap-lints=warn" "-e" "RUSTDOCFLAGS=--cap-lints=warn" "-w" "/opt/rustwide/workdir" "--user" "0:0" "4e9a4811040dc529bba566a8f5e5d312e3b0c90543c515b3d85d6d34e9f9eeb7" "/opt/rustwide/cargo-home/bin/cargo" "+1.99.0-beta.8" "build" "--frozen" "--message-format=json", kill_on_drop: false }`
[INFO] [stderr]    Compiling unicode-ident v1.0.22
[INFO] [stderr]    Compiling quote v1.0.44
[INFO] [stderr]    Compiling libc v0.2.180
[INFO] [stderr]    Compiling memchr v2.7.6
[INFO] [stderr]    Compiling num-traits v0.2.19
[INFO] [stderr]    Compiling zerocopy v0.8.39
[INFO] [stderr]    Compiling aws-lc-rs v1.15.4
[INFO] [stderr]    Compiling log v0.4.29
[INFO] [stderr]    Compiling futures-sink v0.3.31
[INFO] [stderr]    Compiling tracing-core v0.1.36
[INFO] [stderr]    Compiling futures-task v0.3.31
[INFO] [stderr]    Compiling futures-io v0.3.31
[INFO] [stderr]    Compiling crc16 v0.4.0
[INFO] [stderr]    Compiling rustls v0.23.36
[INFO] [stderr]    Compiling crossbeam-utils v0.8.21
[INFO] [stderr]    Compiling zmij v1.0.19
[INFO] [stderr]    Compiling proc-macro2 v1.0.106
[INFO] [stderr]    Compiling futures-channel v0.3.31
[INFO] [stderr]    Compiling regex-syntax v0.8.9
[INFO] [stderr]    Compiling getrandom v0.3.4
[INFO] [stderr]    Compiling protobuf v2.28.0
[INFO] [stderr]    Compiling either v1.15.0
[INFO] [stderr]    Compiling rustls-pemfile v2.2.0
[INFO] [stderr]    Compiling cookie-factory v0.3.2
[INFO] [stderr]    Compiling anyhow v1.0.101
[INFO] [stderr]    Compiling bytes-utils v0.1.4
[INFO] [stderr]    Compiling prometheus v0.13.4
[INFO] [stderr]    Compiling rustls-native-certs v0.7.3
[INFO] [stderr]    Compiling tracing-log v0.2.0
[INFO] [stderr]    Compiling arc-swap v1.8.1
[INFO] [stderr]    Compiling nom v7.1.3
[INFO] [stderr]    Compiling thread_local v1.1.9
[INFO] [stderr]    Compiling crossbeam-queue v0.3.12
[INFO] [stderr]    Compiling urlencoding v2.1.3
[INFO] [stderr]    Compiling semver v1.0.27
[INFO] [stderr]    Compiling syn v2.0.114
[INFO] [stderr]    Compiling serde_json v1.0.149
[INFO] [stderr]    Compiling float-cmp v0.9.0
[INFO] [stderr]    Compiling rmp v0.8.15
[INFO] [stderr]    Compiling jobserver v0.1.34
[INFO] [stderr]    Compiling parking_lot_core v0.9.12
[INFO] [stderr]    Compiling errno v0.3.14
[INFO] [stderr]    Compiling mio v1.1.1
[INFO] [stderr]    Compiling socket2 v0.6.2
[INFO] [stderr]    Compiling getrandom v0.2.17
[INFO] [stderr]    Compiling socket2 v0.5.10
[INFO] [stderr]    Compiling signal-hook-registry v1.4.8
[INFO] [stderr]    Compiling uuid v1.20.0
[INFO] [stderr]    Compiling rand_core v0.6.4
[INFO] [stderr]    Compiling parking_lot v0.12.5
[INFO] [stderr]    Compiling cc v1.2.55
[INFO] [stderr]    Compiling regex-automata v0.4.14
[INFO] [stderr]    Compiling redis-protocol v5.0.1
[INFO] [stderr]    Compiling cmake v0.1.57
[INFO] [stderr]    Compiling aws-lc-sys v0.37.0
[INFO] [stderr]    Compiling matchers v0.2.0
[INFO] [stderr]    Compiling ppv-lite86 v0.2.21
[INFO] [stderr]    Compiling ahash v0.8.12
[INFO] [stderr]    Compiling synstructure v0.13.2
[INFO] [stderr]    Compiling rand_chacha v0.3.1
[INFO] [stderr]    Compiling rand v0.8.5
[INFO] [stderr]    Compiling zerofrom-derive v0.1.6
[INFO] [stderr]    Compiling yoke-derive v0.8.1
[INFO] [stderr]    Compiling zerovec-derive v0.11.2
[INFO] [stderr]    Compiling displaydoc v0.2.5
[INFO] [stderr]    Compiling tokio-macros v2.6.0
[INFO] [stderr]    Compiling tracing-attributes v0.1.31
[INFO] [stderr]    Compiling serde_derive v1.0.228
[INFO] [stderr]    Compiling futures-macro v0.3.31
[INFO] [stderr]    Compiling pin-project-internal v1.1.10
[INFO] [stderr]    Compiling thiserror-impl v1.0.69
[INFO] [stderr]    Compiling metrics-macros v0.7.1
[INFO] [stderr]    Compiling fred-macros v0.1.0
[INFO] [stderr]    Compiling async-trait v0.1.89
[INFO] [stderr]    Compiling zerofrom v0.1.6
[INFO] [stderr]    Compiling metrics v0.21.1
[INFO] [stderr]    Compiling tokio v1.49.0
[INFO] [stderr]    Compiling yoke v0.8.1
[INFO] [stderr]    Compiling futures-util v0.3.31
[INFO] [stderr]    Compiling zerotrie v0.2.3
[INFO] [stderr]    Compiling pin-project v1.1.10
[INFO] [stderr]    Compiling zerovec v0.11.5
[INFO] [stderr]    Compiling tracing v0.1.44
[INFO] [stderr]    Compiling thiserror v1.0.69
[INFO] [stderr]    Compiling tracing-futures v0.2.5
[INFO] [stderr]    Compiling tracing-subscriber v0.3.22
[INFO] [stderr]    Compiling tinystr v0.8.2
[INFO] [stderr]    Compiling potential_utf v0.1.4
[INFO] [stderr]    Compiling icu_locale_core v2.1.1
[INFO] [stderr]    Compiling icu_collections v2.1.1
[INFO] [stderr]    Compiling icu_provider v2.1.1
[INFO] [stderr]    Compiling icu_normalizer v2.1.1
[INFO] [stderr]    Compiling icu_properties v2.1.2
[INFO] [stderr]    Compiling serde v1.0.228
[INFO] [stderr]    Compiling futures-executor v0.3.31
[INFO] [stderr]    Compiling chrono v0.4.43
[INFO] [stderr]    Compiling rmp-serde v1.3.1
[INFO] [stderr]    Compiling futures v0.3.31
[INFO] [stderr]    Compiling idna_adapter v1.2.1
[INFO] [stderr]    Compiling idna v1.1.0
[INFO] [stderr]    Compiling url v2.5.8
[INFO] [stderr]    Compiling cron v0.12.1
[INFO] [stderr]    Compiling tokio-stream v0.1.18
[INFO] [stderr]    Compiling tokio-util v0.7.18
[INFO] [stderr]    Compiling rustls-webpki v0.103.9
[INFO] [stderr]    Compiling tokio-rustls v0.26.4
[INFO] [stderr]    Compiling fred v9.4.0
[INFO] [stderr]    Compiling rediq v0.2.4 (/opt/rustwide/workdir)
[INFO] [stdout] warning: unused variable: `now`
[INFO] [stdout]    --> src/server/scheduler.rs:294:13
[INFO] [stdout]     |
[INFO] [stdout] 294 |         let now = Utc::now().timestamp();
[INFO] [stdout]     |             ^^^ help: if this is intentional, prefix it with an underscore: `_now`
[INFO] [stdout]     |
[INFO] [stdout]     = note: `#[warn(unused_variables)]` (part of `#[warn(unused)]`) on by default
[INFO] [stdout] 
[INFO] [stdout] 
[INFO] [stdout] warning: unused variable: `task`
[INFO] [stdout]   --> src/processor/mod.rs:74:28
[INFO] [stdout]    |
[INFO] [stdout] 74 |     async fn handle(&self, task: &Task) -> Result<()> {
[INFO] [stdout]    |                            ^^^^ help: if this is intentional, prefix it with an underscore: `_task`
[INFO] [stdout] 
[INFO] [stdout] 
[INFO] [stdout] warning: constant `DEFAULT_AGGREGATION_SIZE` is never used
[INFO] [stdout]   --> src/server/scheduler.rs:23:7
[INFO] [stdout]    |
[INFO] [stdout] 23 | const DEFAULT_AGGREGATION_SIZE: usize = 10;
[INFO] [stdout]    |       ^^^^^^^^^^^^^^^^^^^^^^^^
[INFO] [stdout]    |
[INFO] [stdout]    = note: `#[warn(dead_code)]` (part of `#[warn(unused)]`) on by default
[INFO] [stdout] 
[INFO] [stdout] 
[INFO] [stderr]     Finished `dev` profile [unoptimized + debuginfo] target(s) in 33.26s
[INFO] running `Command { std: "docker" "inspect" "4e9a4811040dc529bba566a8f5e5d312e3b0c90543c515b3d85d6d34e9f9eeb7", kill_on_drop: false }`
[INFO] running `Command { std: "docker" "exec" "-e" "SOURCE_DIR=/opt/rustwide/workdir" "-e" "CARGO_HOME=/opt/rustwide/cargo-home" "-e" "RUSTUP_HOME=/opt/rustwide/rustup-home" "-e" "CARGO_TARGET_DIR=/opt/rustwide/target" "-e" "CARGO_INCREMENTAL=0" "-e" "RUST_BACKTRACE=full" "-e" "RUSTFLAGS=--cap-lints=warn" "-e" "RUSTDOCFLAGS=--cap-lints=warn" "-w" "/opt/rustwide/workdir" "--user" "0:0" "4e9a4811040dc529bba566a8f5e5d312e3b0c90543c515b3d85d6d34e9f9eeb7" "/opt/rustwide/cargo-home/bin/cargo" "+1.99.0-beta.8" "test" "--frozen" "--no-run" "--message-format=json", kill_on_drop: false }`
[INFO] [stderr]    Compiling tokio v1.49.0
[INFO] [stderr]    Compiling anstyle-parse v0.2.7
[INFO] [stderr]    Compiling colorchoice v1.0.4
[INFO] [stderr]    Compiling anstyle v1.0.13
[INFO] [stderr]    Compiling clap_lex v0.7.7
[INFO] [stderr]    Compiling clap_derive v4.5.55
[INFO] [stderr]    Compiling anstream v0.6.21
[INFO] [stderr]    Compiling clap_builder v4.5.57
[INFO] [stderr]    Compiling clap v4.5.57
[INFO] [stderr]    Compiling tokio-stream v0.1.18
[INFO] [stderr]    Compiling tokio-rustls v0.26.4
[INFO] [stderr]    Compiling tokio-util v0.7.18
[INFO] [stderr]    Compiling tokio-test v0.4.5
[INFO] [stderr]    Compiling fred v9.4.0
[INFO] [stderr]    Compiling rediq v0.2.4 (/opt/rustwide/workdir)
[INFO] [stdout] warning: unused variable: `now`
[INFO] [stdout]    --> src/server/scheduler.rs:294:13
[INFO] [stdout]     |
[INFO] [stdout] 294 |         let now = Utc::now().timestamp();
[INFO] [stdout]     |             ^^^ help: if this is intentional, prefix it with an underscore: `_now`
[INFO] [stdout]     |
[INFO] [stdout]     = note: `#[warn(unused_variables)]` (part of `#[warn(unused)]`) on by default
[INFO] [stdout] 
[INFO] [stdout] 
[INFO] [stdout] warning: unused variable: `task`
[INFO] [stdout]   --> src/processor/mod.rs:74:28
[INFO] [stdout]    |
[INFO] [stdout] 74 |     async fn handle(&self, task: &Task) -> Result<()> {
[INFO] [stdout]    |                            ^^^^ help: if this is intentional, prefix it with an underscore: `_task`
[INFO] [stdout] 
[INFO] [stdout] 
[INFO] [stdout] warning: constant `DEFAULT_AGGREGATION_SIZE` is never used
[INFO] [stdout]   --> src/server/scheduler.rs:23:7
[INFO] [stdout]    |
[INFO] [stdout] 23 | const DEFAULT_AGGREGATION_SIZE: usize = 10;
[INFO] [stdout]    |       ^^^^^^^^^^^^^^^^^^^^^^^^
[INFO] [stdout]    |
[INFO] [stdout]    = note: `#[warn(dead_code)]` (part of `#[warn(unused)]`) on by default
[INFO] [stdout] 
[INFO] [stdout] 
[INFO] [stdout] warning: unused variable: `now`
[INFO] [stdout]    --> src/server/scheduler.rs:294:13
[INFO] [stdout]     |
[INFO] [stdout] 294 |         let now = Utc::now().timestamp();
[INFO] [stdout]     |             ^^^ help: if this is intentional, prefix it with an underscore: `_now`
[INFO] [stdout]     |
[INFO] [stdout]     = note: `#[warn(unused_variables)]` (part of `#[warn(unused)]`) on by default
[INFO] [stdout] 
[INFO] [stdout] 
[INFO] [stdout] warning: unused variable: `task`
[INFO] [stdout]   --> src/processor/mod.rs:74:28
[INFO] [stdout]    |
[INFO] [stdout] 74 |     async fn handle(&self, task: &Task) -> Result<()> {
[INFO] [stdout]    |                            ^^^^ help: if this is intentional, prefix it with an underscore: `_task`
[INFO] [stdout] 
[INFO] [stdout] 
[INFO] [stdout] warning: constant `DEFAULT_AGGREGATION_SIZE` is never used
[INFO] [stdout]   --> src/server/scheduler.rs:23:7
[INFO] [stdout]    |
[INFO] [stdout] 23 | const DEFAULT_AGGREGATION_SIZE: usize = 10;
[INFO] [stdout]    |       ^^^^^^^^^^^^^^^^^^^^^^^^
[INFO] [stdout]    |
[INFO] [stdout]    = note: `#[warn(dead_code)]` (part of `#[warn(unused)]`) on by default
[INFO] [stdout] 
[INFO] [stdout] 
[INFO] [stderr]     Finished `test` profile [unoptimized + debuginfo] target(s) in 18.04s
[INFO] running `Command { std: "docker" "inspect" "4e9a4811040dc529bba566a8f5e5d312e3b0c90543c515b3d85d6d34e9f9eeb7", kill_on_drop: false }`
[INFO] running `Command { std: "docker" "exec" "-e" "SOURCE_DIR=/opt/rustwide/workdir" "-e" "CARGO_HOME=/opt/rustwide/cargo-home" "-e" "RUSTUP_HOME=/opt/rustwide/rustup-home" "-e" "CARGO_TARGET_DIR=/opt/rustwide/target" "-e" "CARGO_INCREMENTAL=0" "-e" "RUST_BACKTRACE=full" "-e" "RUSTFLAGS=--cap-lints=warn" "-e" "RUSTDOCFLAGS=--cap-lints=warn" "-w" "/opt/rustwide/workdir" "--user" "0:0" "4e9a4811040dc529bba566a8f5e5d312e3b0c90543c515b3d85d6d34e9f9eeb7" "/opt/rustwide/cargo-home/bin/cargo" "+1.99.0-beta.8" "test" "--frozen", kill_on_drop: false }`
[INFO] [stderr] warning: unused variable: `now`
[INFO] [stderr]    --> src/server/scheduler.rs:294:13
[INFO] [stderr]     |
[INFO] [stderr] 294 |         let now = Utc::now().timestamp();
[INFO] [stderr]     |             ^^^ help: if this is intentional, prefix it with an underscore: `_now`
[INFO] [stderr]     |
[INFO] [stderr]     = note: `#[warn(unused_variables)]` (part of `#[warn(unused)]`) on by default
[INFO] [stderr] 
[INFO] [stderr] warning: unused variable: `task`
[INFO] [stderr]   --> src/processor/mod.rs:74:28
[INFO] [stderr]    |
[INFO] [stderr] 74 |     async fn handle(&self, task: &Task) -> Result<()> {
[INFO] [stderr]    |                            ^^^^ help: if this is intentional, prefix it with an underscore: `_task`
[INFO] [stderr] 
[INFO] [stderr] warning: constant `DEFAULT_AGGREGATION_SIZE` is never used
[INFO] [stderr]   --> src/server/scheduler.rs:23:7
[INFO] [stderr]    |
[INFO] [stderr] 23 | const DEFAULT_AGGREGATION_SIZE: usize = 10;
[INFO] [stderr]    |       ^^^^^^^^^^^^^^^^^^^^^^^^
[INFO] [stderr]    |
[INFO] [stderr]    = note: `#[warn(dead_code)]` (part of `#[warn(unused)]`) on by default
[INFO] [stderr] 
[INFO] [stderr] warning: `rediq` (lib) generated 3 warnings (run `cargo fix --lib -p rediq` to apply 2 suggestions)
[INFO] [stderr] warning: `rediq` (lib test) generated 3 warnings (3 duplicates)
[INFO] [stderr]     Finished `test` profile [unoptimized + debuginfo] target(s) in 0.16s
[INFO] [stderr]      Running unittests src/lib.rs (/opt/rustwide/target/debug/deps/rediq-3bd66c0e85488013)
[INFO] [stdout] 
[INFO] [stdout] running 56 tests
[INFO] [stdout] test aggregator::tests::test_aggregator_config ... ok
[INFO] [stdout] test aggregator::tests::test_first_task_aggregator ... ok
[INFO] [stdout] test client::builder::tests::test_client_builder ... ok
[INFO] [stdout] test aggregator::tests::test_group_aggregator_func ... ok
[INFO] [stdout] test client::builder::tests::test_client_config_default ... ok
[INFO] [stdout] test aggregator::tests::test_aggregator_manager ... ok
[INFO] [stdout] test client::builder::tests::test_pool_config ... ok
[INFO] [stdout] test config::tests::test_clamp_priority ... ok
[INFO] [stdout] test client::tests::test_queue_stats_default ... ok
[INFO] [stdout] test config::tests::test_config_builder ... ok
[INFO] [stdout] test config::tests::test_config_getters ... ok
[INFO] [stdout] test config::tests::test_default_config ... ok
[INFO] [stdout] test config::tests::test_global_config ... ok
[INFO] [stdout] test config::tests::test_validate_priority ... ok
[INFO] [stdout] test error::tests::test_exponential_backoff ... ok
[INFO] [stdout] test error::tests::test_retryable_errors ... ok
[INFO] [stdout] test processor::context::tests::test_handler_context_creation ... ignored, Requires Redis server
[INFO] [stdout] test processor::context::tests::test_cancellation_flag ... ok
[INFO] [stdout] test observability::metrics::tests::test_metrics_creation ... ok
[INFO] [stdout] test progress::tests::test_progress_config_default ... ok
[INFO] [stdout] test server::config::tests::test_build_server ... ignored, Requires Redis server
[INFO] [stdout] test processor::tests::test_log_handler ... ok
[INFO] [stdout] test observability::metrics::tests::test_record_task_enqueued ... ok
[INFO] [stdout] test server::config::tests::test_builder ... ok
[INFO] [stdout] test processor::tests::test_mux_registration ... ok
[INFO] [stdout] test processor::tests::test_mux_default_handler ... ok
[INFO] [stdout] test observability::metrics::tests::test_record_task_processed ... ok
[INFO] [stdout] test processor::tests::test_mux_routing ... ok
[INFO] [stdout] test server::janitor::tests::test_janitor_config ... ok
[INFO] [stdout] test server::scheduler::tests::test_scheduler_creation ... ignored, Requires Redis server
[INFO] [stdout] test server::tests::test_server_creation ... ignored, Requires Redis server
[INFO] [stdout] test server::janitor::tests::test_janitor_config_default ... ok
[INFO] [stdout] test processor::tests::test_mux_no_handler ... ok
[INFO] [stdout] test progress::tests::test_task_progress_deserialize ... ok
[INFO] [stdout] test progress::tests::test_task_progress_serialize ... ok
[INFO] [stdout] test server::config::tests::test_builder_disable_scheduler ... ok
[INFO] [stdout] test storage::redis::tests::test_redis_ping ... ignored, Requires Redis server
[INFO] [stdout] test server::worker::tests::test_next_queue_round_robin ... ok
[INFO] [stdout] test server::config::tests::test_default_config ... ok
[INFO] [stdout] test task::builder::tests::test_builder_priority_clamp ... ok
[INFO] [stdout] test task::builder::tests::test_builder_basic ... ok
[INFO] [stdout] test storage::keys::tests::test_key_formats ... ok
[INFO] [stdout] test task::builder::tests::test_builder_with_cron ... ok
[INFO] [stdout] test task::builder::tests::test_builder_with_dependencies ... ok
[INFO] [stdout] test task::builder::tests::test_builder_empty_payload ... ok
[INFO] [stdout] test task::builder::tests::test_builder_with_group ... ok
[INFO] [stdout] test task::builder::tests::test_builder_with_options ... ok
[INFO] [stdout] test task::progress_ext::tests::test_progress_context_none_initially ... ok
[INFO] [stdout] test task::builder::tests::test_builder_with_unique_key ... ok
[INFO] [stdout] test task::progress_ext::tests::test_set_get_progress_context ... ok
[INFO] [stdout] test task::builder::tests::test_builder_empty_type ... ok
[INFO] [stdout] test task::tests::test_retry_delay ... ok
[INFO] [stdout] test task::tests::test_can_retry ... ok
[INFO] [stdout] test task::tests::test_task_validation ... ok
[INFO] [stdout] test task::tests::test_task_validation_large_payload ... ok
[INFO] [stdout] test task::tests::test_task_validation_empty_type ... ok
[INFO] [stdout] 
[INFO] [stdout] test result: ok. 51 passed; 0 failed; 5 ignored; 0 measured; 0 filtered out; finished in 0.00s
[INFO] [stdout] 
[INFO] [stderr]    Doc-tests rediq
[INFO] [stdout] 
[INFO] [stdout] running 31 tests
[INFO] [stdout] test src/lib.rs - (line 15) - compile ... ok
[INFO] [stdout] test src/processor/mod.rs - processor::Handler (line 40) ... FAILED
[INFO] [stdout] test src/processor/context.rs - processor::context::HandlerContext (line 21) ... FAILED
[INFO] [stdout] test src/server/config.rs - server::config::ServerBuilder (line 88) ... ok
[INFO] [stdout] test src/client/builder.rs - client::builder::ClientBuilder::sentinel_mode (line 611) ... ok
[INFO] [stdout] test src/processor/mod.rs - processor::Handler (line 19) ... ok
[INFO] [stdout] test src/server/config.rs - server::config::ServerBuilder::middleware (line 124) ... ok
[INFO] [stdout] test src/server/config.rs - server::config::ServerBuilder::queues (line 190) ... FAILED
[INFO] [stdout] test src/server/config.rs - server::config::ServerBuilder::sentinel_mode (line 170) ... FAILED
[INFO] [stdout] test src/server/mod.rs - server::Server (line 34) ... FAILED
[INFO] [stdout] test src/config.rs - config::update_config (line 141) ... FAILED
[INFO] [stdout] test src/client/builder.rs - client::builder::ClientBuilder::cluster_mode (line 589) ... FAILED
[INFO] [stdout] test src/server/mod.rs - server::Server::enable_metrics (line 106) ... FAILED
[INFO] [stdout] test src/server/mod.rs - server::Server::enable_metrics_on (line 141) ... FAILED
[INFO] [stdout] test src/server/mod.rs - server::run_server (line 358) ... FAILED
[INFO] [stdout] test src/task/progress_ext.rs - task::progress_ext::ProgressGuard (line 24) - compile ... ok
[INFO] [stdout] test src/storage/redis/mod.rs - storage::redis::RedisClient::from_sentinel_url (line 234) - compile ... ok
[INFO] [stdout] test src/storage/dependencies.rs - storage::dependencies::register (line 22) - compile ... ok
[INFO] [stdout] test src/task/mod.rs - task::Task::payload_json (line 211) ... FAILED
[INFO] [stdout] test src/task/builder.rs - task::builder::TaskBuilder::group (line 168) ... FAILED
[INFO] [stdout] test src/task/mod.rs - task::Task::payload_msgpack (line 238) ... FAILED
[INFO] [stdout] test src/task/builder.rs - task::builder::TaskBuilder (line 17) ... FAILED
[INFO] [stdout] test src/task/builder.rs - task::builder::TaskBuilder::depends_on (line 137) ... FAILED
[INFO] [stdout] test src/processor/context.rs - processor::context::HandlerContext::report_progress (line 112) ... FAILED
[INFO] [stdout] test src/server/config.rs - server::config::ServerBuilder::pool_size (line 288) ... FAILED
[INFO] [stdout] test src/server/config.rs - server::config::ServerBuilder::janitor_config (line 351) ... FAILED
[INFO] [stdout] test src/server/config.rs - server::config::ServerBuilder::aggregator_config (line 331) ... FAILED
[INFO] [stdout] test src/server/config.rs - server::config::ServerBuilder::cluster_mode (line 153) ... FAILED
[INFO] [stdout] test src/server/config.rs - server::config::ServerBuilder::heartbeat_ttl_multiplier (line 236) ... FAILED
[INFO] [stdout] test src/processor/mod.rs - processor::Mux::handle (line 151) ... FAILED
[INFO] [stdout] test src/processor/mod.rs - processor::Mux (line 99) ... FAILED
[INFO] [stdout] 
[INFO] [stdout] failures:
[INFO] [stdout] 
[INFO] [stdout] ---- src/processor/mod.rs - processor::Handler (line 40) stdout ----
[INFO] [stdout] error[E0599]: no variant, associated function, or constant named `Cancelled` found for enum `rediq::Error` in the current scope
[INFO] [stdout]   --> src/processor/mod.rs:56:38
[INFO] [stdout]    |
[INFO] [stdout] 56 |             return Err(rediq::Error::Cancelled("Task cancelled".into()));
[INFO] [stdout]    |                                      ^^^^^^^^^ variant, associated function, or constant not found in `rediq::Error`
[INFO] [stdout] 
[INFO] [stdout] error: aborting due to 1 previous error
[INFO] [stdout] 
[INFO] [stdout] For more information about this error, try `rustc --explain E0599`.
[INFO] [stdout] Couldn't compile the test.
[INFO] [stdout] ---- src/processor/context.rs - processor::context::HandlerContext (line 21) stdout ----
[INFO] [stdout] error[E0050]: method `handle` has 3 parameters but the declaration in trait `handle` has 2
[INFO] [stdout]   --> src/processor/context.rs:31:21
[INFO] [stdout]    |
[INFO] [stdout] 31 |     async fn handle(&self, task: &Task, ctx: &HandlerContext) -> rediq::Result<()> {
[INFO] [stdout]    |                     ^^^^^^^^^^^^^^^^^^^^^^^^^^^^^^^^^^^^^^^^ expected 2 parameters, found 3
[INFO] [stdout]    |
[INFO] [stdout]    = note: `handle` from trait: `fn(&'life0 Self, &'life1 Task) -> Pin<Box<(dyn Future<Output = Result<(), rediq::Error>> + Send + 'async_trait)>>`
[INFO] [stdout] help: remove the extra parameter to match the trait
[INFO] [stdout]    |
[INFO] [stdout] 31 -     async fn handle(&self, task: &Task, ctx: &HandlerContext) -> rediq::Result<()> {
[INFO] [stdout] 31 +     async fn handle(&self, task: &Task) -> rediq::Result<()> {
[INFO] [stdout]    |
[INFO] [stdout] 
[INFO] [stdout] error[E0599]: no variant, associated function, or constant named `Cancelled` found for enum `rediq::Error` in the current scope
[INFO] [stdout]   --> src/processor/context.rs:37:38
[INFO] [stdout]    |
[INFO] [stdout] 37 |             return Err(rediq::Error::Cancelled("Task was cancelled".into()));
[INFO] [stdout]    |                                      ^^^^^^^^^ variant, associated function, or constant not found in `rediq::Error`
[INFO] [stdout] 
[INFO] [stdout] error: aborting due to 2 previous errors
[INFO] [stdout] 
[INFO] [stdout] Some errors have detailed explanations: E0050, E0599.
[INFO] [stdout] For more information about an error, try `rustc --explain E0050`.
[INFO] [stdout] Couldn't compile the test.
[INFO] [stdout] ---- src/server/config.rs - server::config::ServerBuilder::queues (line 190) stdout ----
[INFO] [stdout] error: couldn't create a temp dir: No space left on device (os error 28) at path "/tmp/rustdoctestLMSBlY/rustcOHNJtg"
[INFO] [stdout] 
[INFO] [stdout] error: aborting due to 1 previous error
[INFO] [stdout] 
[INFO] [stdout] Couldn't compile the test.
[INFO] [stdout] ---- src/server/config.rs - server::config::ServerBuilder::sentinel_mode (line 170) stdout ----
[INFO] [stdout] rustc-LLVM ERROR: IO failure on output stream: No space left on device
[INFO] [stdout] Couldn't compile the test.
[INFO] [stdout] ---- src/server/mod.rs - server::Server (line 34) stdout ----
[INFO] [stdout] error: couldn't create a temp dir: No space left on device (os error 28) at path "/tmp/rustdoctestSJlSxd/rmetaYGwSrb"
[INFO] [stdout] 
[INFO] [stdout] error: aborting due to 1 previous error
[INFO] [stdout] 
[INFO] [stdout] Couldn't compile the test.
[INFO] [stdout] ---- src/config.rs - config::update_config (line 141) stdout ----
[INFO] [stdout] error: linking with `cc` failed: exit status: 1
[INFO] [stdout]   |
[INFO] [stdout]   = note:  "cc" "-m64" "/tmp/rustdoctestjWFG6j/rustcuTQPCH/symbols.o" "<2 object files omitted>" "-Wl,--as-needed" "-Wl,-Bstatic" "/opt/rustwide/target/debug/deps/{librediq-45856d2fd56a7e79,libserde_json-8949eeb1fc7bc247,libitoa-f3a70a1441f7f89b,libzmij-8eb72cbe5f9b9b4e,libmetrics-4dbfffe2873148db,libahash-afc77f98c8b327c5,libprometheus-892324e6d19e19de,liblazy_static-3674be3f4245d19b,libthiserror-8a86cca5b77c02eb,libprotobuf-8e4b5494c5699b60,libfnv-79e2cbfbe03dcd16,libcron-a2e07e5f5df5daed,librmp_serde-83a954c62d64f3d9,librmp-a28e5c037ab2ff3a,libfred-0c7df2141b8624bc,libtokio_stream-e5a8871a7c90bba9,libarc_swap-cf16fad1af8ce71f,liburlencoding-061758bc6028ea3e,liburl-6a9f7053cb6a70e4,libidna-00ea14da8f195e90,libutf8_iter-51566bbad89f3a68,libidna_adapter-cc346a7d5cb86e3b,libicu_properties-9e783979a4ed6b22,libicu_properties_data-b217809bf575558a,libicu_normalizer-3b0bedb96e1bcb9f,libicu_normalizer_data-ab8997d7cbbb3306,libicu_collections-f4e4b27b282bf2ea,libpotential_utf-d49ac0295d644830,libicu_provider-1f076e8705134fa0,libicu_locale_core-a0bd9ea29639d79d,libtinystr-398a451cf06f7a7d,liblitemap-cd9b5b2aa04e2018,libwriteable-4f74a67d38fff78e,libzerovec-c9439729e2c87f42,libzerotrie-20f438aceb326c6d,libyoke-c0bb06f8550416fb,libstable_deref_trait-63cbf3f3d3f94e56,libzerofrom-78de73a1db4e9ec5,libform_urlencoded-da07baadaa4a52d9,libpercent_encoding-60965446a9af8f63,libfloat_cmp-253e62a091b9861c,librand-d69e95490ac3e07d,librand_chacha-5c477fc7464cc746,libppv_lite86-ab86d466baec27fa,libzerocopy-04d31f9721d0da51,librand_core-947ca62718ea8b54,libgetrandom-e6656e2f703a06c2,libtokio_rustls-1c4df4ce573e825c,libcrossbeam_queue-7c6dbf82c0535e67,libcrossbeam_utils-076f45bf81d9c2d2,libtokio_util-0a728b0b3dfe5f67,libtokio-27b3f5082c733290,libsignal_hook_registry-cddd50aee5c69024,liberrno-c497d64a4571af83,libsocket2-1aadc0729249d3be,libmio-fc0f5b7715002b05,libparking_lot-e45469444b822e00,libparking_lot_core-5e997d9424f63dbf,libsmallvec-3281308869c19c4b,liblock_api-16d46fed645f7bff,libscopeguard-7ec2214574194454,libsemver-37f31af02ee76e6e,libfutures-a787f6f579d480ed,libfutures_executor-4ec809f87ecf377a,libfutures_util-32bbefe0e7b8d04a,libfutures_io-59d0071c9258d69f,libslab-0582d648e59ab406,libfutures_channel-385dce17299156c1,libfutures_sink-ae1eb2d060de53a2,libfutures_task-e09ab7898221cb97,libpin_utils-3860774ad9b215b5,libfutures_core-3b920243fce8fec0,libredis_protocol-3b7daaebdad7a4fa,libcrc16-73e2cab9b3072994,libnom-e3768c88045296be,libmemchr-9be7e24c0cc6f173,libcookie_factory-74245ac03cb4c37a,libtracing_futures-7424118e106d7c42,libpin_project-7da0b28bd8d8abe7,libtracing-7f0cfbc2cf80e4a6,libpin_project_lite-72bf04572caa1c84,libtracing_core-4cc82aeb094c2c39,libsocket2-06a5fcec9781c77c,librustls_native_certs-745c8a286af8228d,librustls_pemfile-704b86c13aeb56e7,libopenssl_probe-2c6d21a9709cae46,librustls-1bf9c8c8bc897998,libsubtle-2ae6a7038b9a0630,libwebpki-eead8de6addedabd,libuntrusted-b2f816886faf2178,libaws_lc_rs-8b6df616d49700f3,libaws_lc_sys-07b892a0f2cde8c6,librustls_pki_types-a1ff9279e609de76,libzeroize-7f213bea776ca5b6,libbytes_utils-8c76400078871503,libeither-40b894c145b6eae5,libbytes-2ed9460101f17bbf,liblog-b262261d47bd2eba,libuuid-fb0ae6aa5c69ff6a,libgetrandom-0baa87726cbcc5d3,liblibc-11f5a30dc24875fb,libcfg_if-83060ec5685761ae,libchrono-47e3b679d4ad6f1f,libiana_time_zone-bcd81aefedc374a6,libnum_traits-78e6e49ea324715f,libserde-ffeaf1421f80d7b3,libserde_core-2c928ee17a7447a4,libonce_cell-e9252a7b5119f3eb}.rlib" "<sysroot>/lib/rustlib/x86_64-unknown-linux-gnu/lib/{libstd-*,libpanic_unwind-*,libobject-*,libmemchr-*,libaddr2line-*,libgimli-*,libcfg_if-*,librustc_demangle-*,libstd_detect-*,libhashbrown-*,librustc_std_workspace_alloc-*,libminiz_oxide-*,libadler2-*,libunwind-*,liblibc-*,librustc_std_workspace_core-*,liballoc-*,libcore-*,libcompiler_builtins-*}.rlib" "-Wl,-Bdynamic" "-lgcc_s" "-lutil" "-lrt" "-lpthread" "-lm" "-ldl" "-lc" "-L" "/tmp/rustdoctestjWFG6j/rustcuTQPCH/raw-dylibs" "-B<sysroot>/lib/rustlib/x86_64-unknown-linux-gnu/bin/gcc-ld" "-fuse-ld=lld" "-Wl,--eh-frame-hdr" "-Wl,-z,noexecstack" "-L" "/opt/rustwide/target/debug/build/aws-lc-sys-a01743999e8e0ce1/out" "-L" "<sysroot>/lib/rustlib/x86_64-unknown-linux-gnu/lib" "-o" "/tmp/rustdoctestjWFG6j/rust_out" "-Wl,--gc-sections" "-pie" "-Wl,-z,relro,-z,now" "-nodefaultlibs"
[INFO] [stdout]   = note: some arguments are omitted. use `--verbose` to show all linker arguments
[INFO] [stdout]   = note: PLEASE submit a bug report to https://github.com/llvm/llvm-project/issues/ and include the crash backtrace and instructions to reproduce the bug.
[INFO] [stdout]           Stack dump:
[INFO] [stdout]           0.	Program arguments: /opt/rustwide/rustup-home/toolchains/1.99.0-beta.8-x86_64-unknown-linux-gnu/lib/rustlib/x86_64-unknown-linux-gnu/bin/rust-lld -flavor gnu -plugin /usr/libexec/gcc/x86_64-linux-gnu/15/liblto_plugin.so -plugin-opt=/usr/libexec/gcc/x86_64-linux-gnu/15/lto-wrapper -plugin-opt=-fresolution=/tmp/ccKhBo8Z.res --build-id --eh-frame-hdr -m elf_x86_64 --hash-style=gnu --as-needed -dynamic-linker /lib64/ld-linux-x86-64.so.2 -pie -z now -z relro -o /tmp/rustdoctestjWFG6j/rust_out /usr/lib/gcc/x86_64-linux-gnu/15/../../../x86_64-linux-gnu/Scrt1.o /usr/lib/gcc/x86_64-linux-gnu/15/../../../x86_64-linux-gnu/crti.o /usr/lib/gcc/x86_64-linux-gnu/15/crtbeginS.o -L/tmp/rustdoctestjWFG6j/rustcuTQPCH/raw-dylibs -L/opt/rustwide/target/debug/build/aws-lc-sys-a01743999e8e0ce1/out -L/opt/rustwide/rustup-home/toolchains/1.99.0-beta.8-x86_64-unknown-linux-gnu/lib/rustlib/x86_64-unknown-linux-gnu/lib -L/opt/rustwide/rustup-home/toolchains/1.99.0-beta.8-x86_64-unknown-linux-gnu/lib/rustlib/x86_64-unknown-linux-gnu/bin/gcc-ld -L/usr/lib/gcc/x86_64-linux-gnu/15 -L/usr/lib/gcc/x86_64-linux-gnu/15/../../../x86_64-linux-gnu -L/usr/lib/gcc/x86_64-linux-gnu/15/../../../../lib -L/lib/x86_64-linux-gnu -L/lib/../lib -L/usr/lib/x86_64-linux-gnu -L/usr/lib/../lib -L/usr/lib/gcc/x86_64-linux-gnu/15/../../.. -L/lib -L/usr/lib /tmp/rustdoctestjWFG6j/rustcuTQPCH/symbols.o /tmp/rustdoctestjWFG6j/rust_out.rust_out.fc2a76a7d39855e1-cgu.0.rcgu.o /tmp/rustdoctestjWFG6j/rust_out.eb1h9ujole5297k7xaxs6rhg2.rcgu.o --as-needed -Bstatic /opt/rustwide/target/debug/deps/librediq-45856d2fd56a7e79.rlib /opt/rustwide/target/debug/deps/libserde_json-8949eeb1fc7bc247.rlib /opt/rustwide/target/debug/deps/libitoa-f3a70a1441f7f89b.rlib /opt/rustwide/target/debug/deps/libzmij-8eb72cbe5f9b9b4e.rlib /opt/rustwide/target/debug/deps/libmetrics-4dbfffe2873148db.rlib /opt/rustwide/target/debug/deps/libahash-afc77f98c8b327c5.rlib /opt/rustwide/target/debug/deps/libprometheus-892324e6d19e19de.rlib /opt/rustwide/target/debug/deps/liblazy_static-3674be3f4245d19b.rlib /opt/rustwide/target/debug/deps/libthiserror-8a86cca5b77c02eb.rlib /opt/rustwide/target/debug/deps/libprotobuf-8e4b5494c5699b60.rlib /opt/rustwide/target/debug/deps/libfnv-79e2cbfbe03dcd16.rlib /opt/rustwide/target/debug/deps/libcron-a2e07e5f5df5daed.rlib /opt/rustwide/target/debug/deps/librmp_serde-83a954c62d64f3d9.rlib /opt/rustwide/target/debug/deps/librmp-a28e5c037ab2ff3a.rlib /opt/rustwide/target/debug/deps/libfred-0c7df2141b8624bc.rlib /opt/rustwide/target/debug/deps/libtokio_stream-e5a8871a7c90bba9.rlib /opt/rustwide/target/debug/deps/libarc_swap-cf16fad1af8ce71f.rlib /opt/rustwide/target/debug/deps/liburlencoding-061758bc6028ea3e.rlib /opt/rustwide/target/debug/deps/liburl-6a9f7053cb6a70e4.rlib /opt/rustwide/target/debug/deps/libidna-00ea14da8f195e90.rlib /opt/rustwide/target/debug/deps/libutf8_iter-51566bbad89f3a68.rlib /opt/rustwide/target/debug/deps/libidna_adapter-cc346a7d5cb86e3b.rlib /opt/rustwide/target/debug/deps/libicu_properties-9e783979a4ed6b22.rlib /opt/rustwide/target/debug/deps/libicu_properties_data-b217809bf575558a.rlib /opt/rustwide/target/debug/deps/libicu_normalizer-3b0bedb96e1bcb9f.rlib /opt/rustwide/target/debug/deps/libicu_normalizer_data-ab8997d7cbbb3306.rlib /opt/rustwide/target/debug/deps/libicu_collections-f4e4b27b282bf2ea.rlib /opt/rustwide/target/debug/deps/libpotential_utf-d49ac0295d644830.rlib /opt/rustwide/target/debug/deps/libicu_provider-1f076e8705134fa0.rlib /opt/rustwide/target/debug/deps/libicu_locale_core-a0bd9ea29639d79d.rlib /opt/rustwide/target/debug/deps/libtinystr-398a451cf06f7a7d.rlib /opt/rustwide/target/debug/deps/liblitemap-cd9b5b2aa04e2018.rlib /opt/rustwide/target/debug/deps/libwriteable-4f74a67d38fff78e.rlib /opt/rustwide/target/debug/deps/libzerovec-c9439729e2c87f42.rlib /opt/rustwide/target/debug/deps/libzerotrie-20f438aceb326c6d.rlib /opt/rustwide/target/debug/deps/libyoke-c0bb06f8550416fb.rlib /opt/rustwide/target/debug/deps/libstable_deref_trait-63cbf3f3d3f94e56.rlib /opt/rustwide/target/debug/deps/libzerofrom-78de73a1db4e9ec5.rlib /opt/rustwide/target/debug/deps/libform_urlencoded-da07baadaa4a52d9.rlib /opt/rustwide/target/debug/deps/libpercent_encoding-60965446a9af8f63.rlib /opt/rustwide/target/debug/deps/libfloat_cmp-253e62a091b9861c.rlib /opt/rustwide/target/debug/deps/librand-d69e95490ac3e07d.rlib /opt/rustwide/target/debug/deps/librand_chacha-5c477fc7464cc746.rlib /opt/rustwide/target/debug/deps/libppv_lite86-ab86d466baec27fa.rlib /opt/rustwide/target/debug/deps/libzerocopy-04d31f9721d0da51.rlib /opt/rustwide/target/debug/deps/librand_core-947ca62718ea8b54.rlib /opt/rustwide/target/debug/deps/libgetrandom-e6656e2f703a06c2.rlib /opt/rustwide/target/debug/deps/libtokio_rustls-1c4df4ce573e825c.rlib /opt/rustwide/target/debug/deps/libcrossbeam_queue-7c6dbf82c0535e67.rlib /opt/rustwide/target/debug/deps/libcrossbeam_utils-076f45bf81d9c2d2.rlib /opt/rustwide/target/debug/deps/libtokio_util-0a728b0b3dfe5f67.rlib /opt/rustwide/target/debug/deps/libtokio-27b3f5082c733290.rlib /opt/rustwide/target/debug/deps/libsignal_hook_registry-cddd50aee5c69024.rlib /opt/rustwide/target/debug/deps/liberrno-c497d64a4571af83.rlib /opt/rustwide/target/debug/deps/libsocket2-1aadc0729249d3be.rlib /opt/rustwide/target/debug/deps/libmio-fc0f5b7715002b05.rlib /opt/rustwide/target/debug/deps/libparking_lot-e45469444b822e00.rlib /opt/rustwide/target/debug/deps/libparking_lot_core-5e997d9424f63dbf.rlib /opt/rustwide/target/debug/deps/libsmallvec-3281308869c19c4b.rlib /opt/rustwide/target/debug/deps/liblock_api-16d46fed645f7bff.rlib /opt/rustwide/target/debug/deps/libscopeguard-7ec2214574194454.rlib /opt/rustwide/target/debug/deps/libsemver-37f31af02ee76e6e.rlib /opt/rustwide/target/debug/deps/libfutures-a787f6f579d480ed.rlib /opt/rustwide/target/debug/deps/libfutures_executor-4ec809f87ecf377a.rlib /opt/rustwide/target/debug/deps/libfutures_util-32bbefe0e7b8d04a.rlib /opt/rustwide/target/debug/deps/libfutures_io-59d0071c9258d69f.rlib /opt/rustwide/target/debug/deps/libslab-0582d648e59ab406.rlib /opt/rustwide/target/debug/deps/libfutures_channel-385dce17299156c1.rlib /opt/rustwide/target/debug/deps/libfutures_sink-ae1eb2d060de53a2.rlib /opt/rustwide/target/debug/deps/libfutures_task-e09ab7898221cb97.rlib /opt/rustwide/target/debug/deps/libpin_utils-3860774ad9b215b5.rlib /opt/rustwide/target/debug/deps/libfutures_core-3b920243fce8fec0.rlib /opt/rustwide/target/debug/deps/libredis_protocol-3b7daaebdad7a4fa.rlib /opt/rustwide/target/debug/deps/libcrc16-73e2cab9b3072994.rlib /opt/rustwide/target/debug/deps/libnom-e3768c88045296be.rlib /opt/rustwide/target/debug/deps/libmemchr-9be7e24c0cc6f173.rlib /opt/rustwide/target/debug/deps/libcookie_factory-74245ac03cb4c37a.rlib /opt/rustwide/target/debug/deps/libtracing_futures-7424118e106d7c42.rlib /opt/rustwide/target/debug/deps/libpin_project-7da0b28bd8d8abe7.rlib /opt/rustwide/target/debug/deps/libtracing-7f0cfbc2cf80e4a6.rlib /opt/rustwide/target/debug/deps/libpin_project_lite-72bf04572caa1c84.rlib /opt/rustwide/target/debug/deps/libtracing_core-4cc82aeb094c2c39.rlib /opt/rustwide/target/debug/deps/libsocket2-06a5fcec9781c77c.rlib /opt/rustwide/target/debug/deps/librustls_native_certs-745c8a286af8228d.rlib /opt/rustwide/target/debug/deps/librustls_pemfile-704b86c13aeb56e7.rlib /opt/rustwide/target/debug/deps/libopenssl_probe-2c6d21a9709cae46.rlib /opt/rustwide/target/debug/deps/librustls-1bf9c8c8bc897998.rlib /opt/rustwide/target/debug/deps/libsubtle-2ae6a7038b9a0630.rlib /opt/rustwide/target/debug/deps/libwebpki-eead8de6addedabd.rlib /opt/rustwide/target/debug/deps/libuntrusted-b2f816886faf2178.rlib /opt/rustwide/target/debug/deps/libaws_lc_rs-8b6df616d49700f3.rlib /opt/rustwide/target/debug/deps/libaws_lc_sys-07b892a0f2cde8c6.rlib /opt/rustwide/target/debug/deps/librustls_pki_types-a1ff9279e609de76.rlib /opt/rustwide/target/debug/deps/libzeroize-7f213bea776ca5b6.rlib /opt/rustwide/target/debug/deps/libbytes_utils-8c76400078871503.rlib /opt/rustwide/target/debug/deps/libeither-40b894c145b6eae5.rlib /opt/rustwide/target/debug/deps/libbytes-2ed9460101f17bbf.rlib /opt/rustwide/target/debug/deps/liblog-b262261d47bd2eba.rlib /opt/rustwide/target/debug/deps/libuuid-fb0ae6aa5c69ff6a.rlib /opt/rustwide/target/debug/deps/libgetrandom-0baa87726cbcc5d3.rlib /opt/rustwide/target/debug/deps/liblibc-11f5a30dc24875fb.rlib /opt/rustwide/target/debug/deps/libcfg_if-83060ec5685761ae.rlib /opt/rustwide/target/debug/deps/libchrono-47e3b679d4ad6f1f.rlib /opt/rustwide/target/debug/deps/libiana_time_zone-bcd81aefedc374a6.rlib /opt/rustwide/target/debug/deps/libnum_traits-78e6e49ea324715f.rlib /opt/rustwide/target/debug/deps/libserde-ffeaf1421f80d7b3.rlib /opt/rustwide/target/debug/deps/libserde_core-2c928ee17a7447a4.rlib /opt/rustwide/target/debug/deps/libonce_cell-e9252a7b5119f3eb.rlib /opt/rustwide/rustup-home/toolchains/1.99.0-beta.8-x86_64-unknown-linux-gnu/lib/rustlib/x86_64-unknown-linux-gnu/lib/libstd-3ebd33b08985d8a2.rlib /opt/rustwide/rustup-home/toolchains/1.99.0-beta.8-x86_64-unknown-linux-gnu/lib/rustlib/x86_64-unknown-linux-gnu/lib/libpanic_unwind-ee94a8748d855199.rlib /opt/rustwide/rustup-home/toolchains/1.99.0-beta.8-x86_64-unknown-linux-gnu/lib/rustlib/x86_64-unknown-linux-gnu/lib/libobject-48f6014f6e470ea8.rlib /opt/rustwide/rustup-home/toolchains/1.99.0-beta.8-x86_64-unknown-linux-gnu/lib/rustlib/x86_64-unknown-linux-gnu/lib/libmemchr-bc4971ec1ed6b73b.rlib /opt/rustwide/rustup-home/toolchains/1.99.0-beta.8-x86_64-unknown-linux-gnu/lib/rustlib/x86_64-unknown-linux-gnu/lib/libaddr2line-420c96beae03154c.rlib /opt/rustwide/rustup-home/toolchains/1.99.0-beta.8-x86_64-unknown-linux-gnu/lib/rustlib/x86_64-unknown-linux-gnu/lib/libgimli-e02043aa73248656.rlib /opt/rustwide/rustup-home/toolchains/1.99.0-beta.8-x86_64-unknown-linux-gnu/lib/rustlib/x86_64-unknown-linux-gnu/lib/libcfg_if-ef8878829df7d13e.rlib /opt/rustwide/rustup-home/toolchains/1.99.0-beta.8-x86_64-unknown-linux-gnu/lib/rustlib/x86_64-unknown-linux-gnu/lib/librustc_demangle-46d5b98fe57b67a4.rlib /opt/rustwide/rustup-home/toolchains/1.99.0-beta.8-x86_64-unknown-linux-gnu/lib/rustlib/x86_64-unknown-linux-gnu/lib/libstd_detect-7e90a864d661bf92.rlib /opt/rustwide/rustup-home/toolchains/1.99.0-beta.8-x86_64-unknown-linux-gnu/lib/rustlib/x86_64-unknown-linux-gnu/lib/libhashbrown-1b8be31f2262d6f1.rlib /opt/rustwide/rustup-home/toolchains/1.99.0-beta.8-x86_64-unknown-linux-gnu/lib/rustlib/x86_64-unknown-linux-gnu/lib/librustc_std_workspace_alloc-06767a805a6578d8.rlib /opt/rustwide/rustup-home/toolchains/1.99.0-beta.8-x86_64-unknown-linux-gnu/lib/rustlib/x86_64-unknown-linux-gnu/lib/libminiz_oxide-41995013f8652742.rlib /opt/rustwide/rustup-home/toolchains/1.99.0-beta.8-x86_64-unknown-linux-gnu/lib/rustlib/x86_64-unknown-linux-gnu/lib/libadler2-5b138e32728394ad.rlib /opt/rustwide/rustup-home/toolchains/1.99.0-beta.8-x86_64-unknown-linux-gnu/lib/rustlib/x86_64-unknown-linux-gnu/lib/libunwind-0b59bbdaeb118267.rlib /opt/rustwide/rustup-home/toolchains/1.99.0-beta.8-x86_64-unknown-linux-gnu/lib/rustlib/x86_64-unknown-linux-gnu/lib/liblibc-575068988eda05a6.rlib /opt/rustwide/rustup-home/toolchains/1.99.0-beta.8-x86_64-unknown-linux-gnu/lib/rustlib/x86_64-unknown-linux-gnu/lib/librustc_std_workspace_core-cb1d6eda42690dfa.rlib /opt/rustwide/rustup-home/toolchains/1.99.0-beta.8-x86_64-unknown-linux-gnu/lib/rustlib/x86_64-unknown-linux-gnu/lib/liballoc-289b6c89968708eb.rlib /opt/rustwide/rustup-home/toolchains/1.99.0-beta.8-x86_64-unknown-linux-gnu/lib/rustlib/x86_64-unknown-linux-gnu/lib/libcore-c7c41120a6de2743.rlib /opt/rustwide/rustup-home/toolchains/1.99.0-beta.8-x86_64-unknown-linux-gnu/lib/rustlib/x86_64-unknown-linux-gnu/lib/libcompiler_builtins-e4b7aee5107220ad.rlib -Bdynamic -lgcc_s -lutil -lrt -lpthread -lm -ldl -lc --eh-frame-hdr -z noexecstack --gc-sections -z relro -z now /usr/lib/gcc/x86_64-linux-gnu/15/crtendS.o /usr/lib/gcc/x86_64-linux-gnu/15/../../../x86_64-linux-gnu/crtn.o
[INFO] [stdout]           LLVM ERROR: IO failure on output stream: No space left on device
[INFO] [stdout]           collect2: error: ld returned 1 exit status
[INFO] [stdout]           
[INFO] [stdout] 
[INFO] [stdout] error: aborting due to 1 previous error
[INFO] [stdout] 
[INFO] [stdout] Couldn't compile the test.
[INFO] [stdout] ---- src/client/builder.rs - client::builder::ClientBuilder::cluster_mode (line 589) stdout ----
[INFO] [stdout] error: linking with `cc` failed: exit status: 1
[INFO] [stdout]   |
[INFO] [stdout]   = note:  "cc" "-m64" "/tmp/rustdoctest58tRUb/rustctLA1np/symbols.o" "<2 object files omitted>" "-Wl,--as-needed" "-Wl,-Bstatic" "/opt/rustwide/target/debug/deps/{librediq-45856d2fd56a7e79,libserde_json-8949eeb1fc7bc247,libitoa-f3a70a1441f7f89b,libzmij-8eb72cbe5f9b9b4e,libmetrics-4dbfffe2873148db,libahash-afc77f98c8b327c5,libprometheus-892324e6d19e19de,liblazy_static-3674be3f4245d19b,libthiserror-8a86cca5b77c02eb,libprotobuf-8e4b5494c5699b60,libfnv-79e2cbfbe03dcd16,libcron-a2e07e5f5df5daed,librmp_serde-83a954c62d64f3d9,librmp-a28e5c037ab2ff3a,libfred-0c7df2141b8624bc,libtokio_stream-e5a8871a7c90bba9,libarc_swap-cf16fad1af8ce71f,liburlencoding-061758bc6028ea3e,liburl-6a9f7053cb6a70e4,libidna-00ea14da8f195e90,libutf8_iter-51566bbad89f3a68,libidna_adapter-cc346a7d5cb86e3b,libicu_properties-9e783979a4ed6b22,libicu_properties_data-b217809bf575558a,libicu_normalizer-3b0bedb96e1bcb9f,libicu_normalizer_data-ab8997d7cbbb3306,libicu_collections-f4e4b27b282bf2ea,libpotential_utf-d49ac0295d644830,libicu_provider-1f076e8705134fa0,libicu_locale_core-a0bd9ea29639d79d,libtinystr-398a451cf06f7a7d,liblitemap-cd9b5b2aa04e2018,libwriteable-4f74a67d38fff78e,libzerovec-c9439729e2c87f42,libzerotrie-20f438aceb326c6d,libyoke-c0bb06f8550416fb,libstable_deref_trait-63cbf3f3d3f94e56,libzerofrom-78de73a1db4e9ec5,libform_urlencoded-da07baadaa4a52d9,libpercent_encoding-60965446a9af8f63,libfloat_cmp-253e62a091b9861c,librand-d69e95490ac3e07d,librand_chacha-5c477fc7464cc746,libppv_lite86-ab86d466baec27fa,libzerocopy-04d31f9721d0da51,librand_core-947ca62718ea8b54,libgetrandom-e6656e2f703a06c2,libtokio_rustls-1c4df4ce573e825c,libcrossbeam_queue-7c6dbf82c0535e67,libcrossbeam_utils-076f45bf81d9c2d2,libtokio_util-0a728b0b3dfe5f67,libtokio-27b3f5082c733290,libsignal_hook_registry-cddd50aee5c69024,liberrno-c497d64a4571af83,libsocket2-1aadc0729249d3be,libmio-fc0f5b7715002b05,libparking_lot-e45469444b822e00,libparking_lot_core-5e997d9424f63dbf,libsmallvec-3281308869c19c4b,liblock_api-16d46fed645f7bff,libscopeguard-7ec2214574194454,libsemver-37f31af02ee76e6e,libfutures-a787f6f579d480ed,libfutures_executor-4ec809f87ecf377a,libfutures_util-32bbefe0e7b8d04a,libfutures_io-59d0071c9258d69f,libslab-0582d648e59ab406,libfutures_channel-385dce17299156c1,libfutures_sink-ae1eb2d060de53a2,libfutures_task-e09ab7898221cb97,libpin_utils-3860774ad9b215b5,libfutures_core-3b920243fce8fec0,libredis_protocol-3b7daaebdad7a4fa,libcrc16-73e2cab9b3072994,libnom-e3768c88045296be,libmemchr-9be7e24c0cc6f173,libcookie_factory-74245ac03cb4c37a,libtracing_futures-7424118e106d7c42,libpin_project-7da0b28bd8d8abe7,libtracing-7f0cfbc2cf80e4a6,libpin_project_lite-72bf04572caa1c84,libtracing_core-4cc82aeb094c2c39,libsocket2-06a5fcec9781c77c,librustls_native_certs-745c8a286af8228d,librustls_pemfile-704b86c13aeb56e7,libopenssl_probe-2c6d21a9709cae46,librustls-1bf9c8c8bc897998,libsubtle-2ae6a7038b9a0630,libwebpki-eead8de6addedabd,libuntrusted-b2f816886faf2178,libaws_lc_rs-8b6df616d49700f3,libaws_lc_sys-07b892a0f2cde8c6,librustls_pki_types-a1ff9279e609de76,libzeroize-7f213bea776ca5b6,libbytes_utils-8c76400078871503,libeither-40b894c145b6eae5,libbytes-2ed9460101f17bbf,liblog-b262261d47bd2eba,libuuid-fb0ae6aa5c69ff6a,libgetrandom-0baa87726cbcc5d3,liblibc-11f5a30dc24875fb,libcfg_if-83060ec5685761ae,libchrono-47e3b679d4ad6f1f,libiana_time_zone-bcd81aefedc374a6,libnum_traits-78e6e49ea324715f,libserde-ffeaf1421f80d7b3,libserde_core-2c928ee17a7447a4,libonce_cell-e9252a7b5119f3eb}.rlib" "<sysroot>/lib/rustlib/x86_64-unknown-linux-gnu/lib/{libstd-*,libpanic_unwind-*,libobject-*,libmemchr-*,libaddr2line-*,libgimli-*,libcfg_if-*,librustc_demangle-*,libstd_detect-*,libhashbrown-*,librustc_std_workspace_alloc-*,libminiz_oxide-*,libadler2-*,libunwind-*,liblibc-*,librustc_std_workspace_core-*,liballoc-*,libcore-*,libcompiler_builtins-*}.rlib" "-Wl,-Bdynamic" "-lgcc_s" "-lutil" "-lrt" "-lpthread" "-lm" "-ldl" "-lc" "-L" "/tmp/rustdoctest58tRUb/rustctLA1np/raw-dylibs" "-B<sysroot>/lib/rustlib/x86_64-unknown-linux-gnu/bin/gcc-ld" "-fuse-ld=lld" "-Wl,--eh-frame-hdr" "-Wl,-z,noexecstack" "-L" "/opt/rustwide/target/debug/build/aws-lc-sys-a01743999e8e0ce1/out" "-L" "<sysroot>/lib/rustlib/x86_64-unknown-linux-gnu/lib" "-o" "/tmp/rustdoctest58tRUb/rust_out" "-Wl,--gc-sections" "-pie" "-Wl,-z,relro,-z,now" "-nodefaultlibs"
[INFO] [stdout]   = note: some arguments are omitted. use `--verbose` to show all linker arguments
[INFO] [stdout]   = note: PLEASE submit a bug report to https://github.com/llvm/llvm-project/issues/ and include the crash backtrace and instructions to reproduce the bug.
[INFO] [stdout]           LLVM ERROR: IO failure on output stream: No space left on device
[INFO] [stdout]           collect2: error: ld returned 1 exit status
[INFO] [stdout]           
[INFO] [stdout] 
[INFO] [stdout] error: aborting due to 1 previous error
[INFO] [stdout] 
[INFO] [stdout] Couldn't compile the test.
[INFO] [stdout] ---- src/server/mod.rs - server::Server::enable_metrics (line 106) stdout ----
[INFO] [stdout] rustc-LLVM ERROR: IO failure on output stream: No space left on device
[INFO] [stdout] Couldn't compile the test.
[INFO] [stdout] ---- src/server/mod.rs - server::Server::enable_metrics_on (line 141) stdout ----
[INFO] [stdout] rustc-LLVM ERROR: IO failure on output stream: No space left on device
[INFO] [stdout] Couldn't compile the test.
[INFO] [stdout] ---- src/server/mod.rs - server::run_server (line 358) stdout ----
[INFO] [stdout] rustc-LLVM ERROR: IO failure on output stream: No space left on device
[INFO] [stdout] Couldn't compile the test.
[INFO] [stdout] ---- src/task/mod.rs - task::Task::payload_json (line 211) stdout ----
[INFO] [stdout] error: linking with `cc` failed: exit status: 1
[INFO] [stdout]   |
[INFO] [stdout]   = note:  "cc" "-m64" "/tmp/rustdoctestmQ2ywt/rustcbv3LOy/symbols.o" "<2 object files omitted>" "-Wl,--as-needed" "-Wl,-Bstatic" "/opt/rustwide/target/debug/deps/{librediq-45856d2fd56a7e79,libserde_json-8949eeb1fc7bc247,libitoa-f3a70a1441f7f89b,libzmij-8eb72cbe5f9b9b4e,libmetrics-4dbfffe2873148db,libahash-afc77f98c8b327c5,libprometheus-892324e6d19e19de,liblazy_static-3674be3f4245d19b,libthiserror-8a86cca5b77c02eb,libprotobuf-8e4b5494c5699b60,libfnv-79e2cbfbe03dcd16,libcron-a2e07e5f5df5daed,librmp_serde-83a954c62d64f3d9,librmp-a28e5c037ab2ff3a,libfred-0c7df2141b8624bc,libtokio_stream-e5a8871a7c90bba9,libarc_swap-cf16fad1af8ce71f,liburlencoding-061758bc6028ea3e,liburl-6a9f7053cb6a70e4,libidna-00ea14da8f195e90,libutf8_iter-51566bbad89f3a68,libidna_adapter-cc346a7d5cb86e3b,libicu_properties-9e783979a4ed6b22,libicu_properties_data-b217809bf575558a,libicu_normalizer-3b0bedb96e1bcb9f,libicu_normalizer_data-ab8997d7cbbb3306,libicu_collections-f4e4b27b282bf2ea,libpotential_utf-d49ac0295d644830,libicu_provider-1f076e8705134fa0,libicu_locale_core-a0bd9ea29639d79d,libtinystr-398a451cf06f7a7d,liblitemap-cd9b5b2aa04e2018,libwriteable-4f74a67d38fff78e,libzerovec-c9439729e2c87f42,libzerotrie-20f438aceb326c6d,libyoke-c0bb06f8550416fb,libstable_deref_trait-63cbf3f3d3f94e56,libzerofrom-78de73a1db4e9ec5,libform_urlencoded-da07baadaa4a52d9,libpercent_encoding-60965446a9af8f63,libfloat_cmp-253e62a091b9861c,librand-d69e95490ac3e07d,librand_chacha-5c477fc7464cc746,libppv_lite86-ab86d466baec27fa,libzerocopy-04d31f9721d0da51,librand_core-947ca62718ea8b54,libgetrandom-e6656e2f703a06c2,libtokio_rustls-1c4df4ce573e825c,libcrossbeam_queue-7c6dbf82c0535e67,libcrossbeam_utils-076f45bf81d9c2d2,libtokio_util-0a728b0b3dfe5f67,libtokio-27b3f5082c733290,libsignal_hook_registry-cddd50aee5c69024,liberrno-c497d64a4571af83,libsocket2-1aadc0729249d3be,libmio-fc0f5b7715002b05,libparking_lot-e45469444b822e00,libparking_lot_core-5e997d9424f63dbf,libsmallvec-3281308869c19c4b,liblock_api-16d46fed645f7bff,libscopeguard-7ec2214574194454,libsemver-37f31af02ee76e6e,libfutures-a787f6f579d480ed,libfutures_executor-4ec809f87ecf377a,libfutures_util-32bbefe0e7b8d04a,libfutures_io-59d0071c9258d69f,libslab-0582d648e59ab406,libfutures_channel-385dce17299156c1,libfutures_sink-ae1eb2d060de53a2,libfutures_task-e09ab7898221cb97,libpin_utils-3860774ad9b215b5,libfutures_core-3b920243fce8fec0,libredis_protocol-3b7daaebdad7a4fa,libcrc16-73e2cab9b3072994,libnom-e3768c88045296be,libmemchr-9be7e24c0cc6f173,libcookie_factory-74245ac03cb4c37a,libtracing_futures-7424118e106d7c42,libpin_project-7da0b28bd8d8abe7,libtracing-7f0cfbc2cf80e4a6,libpin_project_lite-72bf04572caa1c84,libtracing_core-4cc82aeb094c2c39,libsocket2-06a5fcec9781c77c,librustls_native_certs-745c8a286af8228d,librustls_pemfile-704b86c13aeb56e7,libopenssl_probe-2c6d21a9709cae46,librustls-1bf9c8c8bc897998,libsubtle-2ae6a7038b9a0630,libwebpki-eead8de6addedabd,libuntrusted-b2f816886faf2178,libaws_lc_rs-8b6df616d49700f3,libaws_lc_sys-07b892a0f2cde8c6,librustls_pki_types-a1ff9279e609de76,libzeroize-7f213bea776ca5b6,libbytes_utils-8c76400078871503,libeither-40b894c145b6eae5,libbytes-2ed9460101f17bbf,liblog-b262261d47bd2eba,libuuid-fb0ae6aa5c69ff6a,libgetrandom-0baa87726cbcc5d3,liblibc-11f5a30dc24875fb,libcfg_if-83060ec5685761ae,libchrono-47e3b679d4ad6f1f,libiana_time_zone-bcd81aefedc374a6,libnum_traits-78e6e49ea324715f,libserde-ffeaf1421f80d7b3,libserde_core-2c928ee17a7447a4,libonce_cell-e9252a7b5119f3eb}.rlib" "<sysroot>/lib/rustlib/x86_64-unknown-linux-gnu/lib/{libstd-*,libpanic_unwind-*,libobject-*,libmemchr-*,libaddr2line-*,libgimli-*,libcfg_if-*,librustc_demangle-*,libstd_detect-*,libhashbrown-*,librustc_std_workspace_alloc-*,libminiz_oxide-*,libadler2-*,libunwind-*,liblibc-*,librustc_std_workspace_core-*,liballoc-*,libcore-*,libcompiler_builtins-*}.rlib" "-Wl,-Bdynamic" "-lgcc_s" "-lutil" "-lrt" "-lpthread" "-lm" "-ldl" "-lc" "-L" "/tmp/rustdoctestmQ2ywt/rustcbv3LOy/raw-dylibs" "-B<sysroot>/lib/rustlib/x86_64-unknown-linux-gnu/bin/gcc-ld" "-fuse-ld=lld" "-Wl,--eh-frame-hdr" "-Wl,-z,noexecstack" "-L" "/opt/rustwide/target/debug/build/aws-lc-sys-a01743999e8e0ce1/out" "-L" "<sysroot>/lib/rustlib/x86_64-unknown-linux-gnu/lib" "-o" "/tmp/rustdoctestmQ2ywt/rust_out" "-Wl,--gc-sections" "-pie" "-Wl,-z,relro,-z,now" "-nodefaultlibs"
[INFO] [stdout]   = note: some arguments are omitted. use `--verbose` to show all linker arguments
[INFO] [stdout]   = note: collect2: fatal error: ld terminated with signal 7 [Bus error]
[INFO] [stdout]           compilation terminated.
[INFO] [stdout]           
[INFO] [stdout] 
[INFO] [stdout] error: aborting due to 1 previous error
[INFO] [stdout] 
[INFO] [stdout] Couldn't compile the test.
[INFO] [stdout] ---- src/task/builder.rs - task::builder::TaskBuilder::group (line 168) stdout ----
[INFO] [stdout] error: linking with `cc` failed: exit status: 1
[INFO] [stdout]   |
[INFO] [stdout]   = note:  "cc" "-m64" "/tmp/rustdoctestZQwuON/rustcS1oBTy/symbols.o" "<2 object files omitted>" "-Wl,--as-needed" "-Wl,-Bstatic" "/opt/rustwide/target/debug/deps/{librediq-45856d2fd56a7e79,libserde_json-8949eeb1fc7bc247,libitoa-f3a70a1441f7f89b,libzmij-8eb72cbe5f9b9b4e,libmetrics-4dbfffe2873148db,libahash-afc77f98c8b327c5,libprometheus-892324e6d19e19de,liblazy_static-3674be3f4245d19b,libthiserror-8a86cca5b77c02eb,libprotobuf-8e4b5494c5699b60,libfnv-79e2cbfbe03dcd16,libcron-a2e07e5f5df5daed,librmp_serde-83a954c62d64f3d9,librmp-a28e5c037ab2ff3a,libfred-0c7df2141b8624bc,libtokio_stream-e5a8871a7c90bba9,libarc_swap-cf16fad1af8ce71f,liburlencoding-061758bc6028ea3e,liburl-6a9f7053cb6a70e4,libidna-00ea14da8f195e90,libutf8_iter-51566bbad89f3a68,libidna_adapter-cc346a7d5cb86e3b,libicu_properties-9e783979a4ed6b22,libicu_properties_data-b217809bf575558a,libicu_normalizer-3b0bedb96e1bcb9f,libicu_normalizer_data-ab8997d7cbbb3306,libicu_collections-f4e4b27b282bf2ea,libpotential_utf-d49ac0295d644830,libicu_provider-1f076e8705134fa0,libicu_locale_core-a0bd9ea29639d79d,libtinystr-398a451cf06f7a7d,liblitemap-cd9b5b2aa04e2018,libwriteable-4f74a67d38fff78e,libzerovec-c9439729e2c87f42,libzerotrie-20f438aceb326c6d,libyoke-c0bb06f8550416fb,libstable_deref_trait-63cbf3f3d3f94e56,libzerofrom-78de73a1db4e9ec5,libform_urlencoded-da07baadaa4a52d9,libpercent_encoding-60965446a9af8f63,libfloat_cmp-253e62a091b9861c,librand-d69e95490ac3e07d,librand_chacha-5c477fc7464cc746,libppv_lite86-ab86d466baec27fa,libzerocopy-04d31f9721d0da51,librand_core-947ca62718ea8b54,libgetrandom-e6656e2f703a06c2,libtokio_rustls-1c4df4ce573e825c,libcrossbeam_queue-7c6dbf82c0535e67,libcrossbeam_utils-076f45bf81d9c2d2,libtokio_util-0a728b0b3dfe5f67,libtokio-27b3f5082c733290,libsignal_hook_registry-cddd50aee5c69024,liberrno-c497d64a4571af83,libsocket2-1aadc0729249d3be,libmio-fc0f5b7715002b05,libparking_lot-e45469444b822e00,libparking_lot_core-5e997d9424f63dbf,libsmallvec-3281308869c19c4b,liblock_api-16d46fed645f7bff,libscopeguard-7ec2214574194454,libsemver-37f31af02ee76e6e,libfutures-a787f6f579d480ed,libfutures_executor-4ec809f87ecf377a,libfutures_util-32bbefe0e7b8d04a,libfutures_io-59d0071c9258d69f,libslab-0582d648e59ab406,libfutures_channel-385dce17299156c1,libfutures_sink-ae1eb2d060de53a2,libfutures_task-e09ab7898221cb97,libpin_utils-3860774ad9b215b5,libfutures_core-3b920243fce8fec0,libredis_protocol-3b7daaebdad7a4fa,libcrc16-73e2cab9b3072994,libnom-e3768c88045296be,libmemchr-9be7e24c0cc6f173,libcookie_factory-74245ac03cb4c37a,libtracing_futures-7424118e106d7c42,libpin_project-7da0b28bd8d8abe7,libtracing-7f0cfbc2cf80e4a6,libpin_project_lite-72bf04572caa1c84,libtracing_core-4cc82aeb094c2c39,libsocket2-06a5fcec9781c77c,librustls_native_certs-745c8a286af8228d,librustls_pemfile-704b86c13aeb56e7,libopenssl_probe-2c6d21a9709cae46,librustls-1bf9c8c8bc897998,libsubtle-2ae6a7038b9a0630,libwebpki-eead8de6addedabd,libuntrusted-b2f816886faf2178,libaws_lc_rs-8b6df616d49700f3,libaws_lc_sys-07b892a0f2cde8c6,librustls_pki_types-a1ff9279e609de76,libzeroize-7f213bea776ca5b6,libbytes_utils-8c76400078871503,libeither-40b894c145b6eae5,libbytes-2ed9460101f17bbf,liblog-b262261d47bd2eba,libuuid-fb0ae6aa5c69ff6a,libgetrandom-0baa87726cbcc5d3,liblibc-11f5a30dc24875fb,libcfg_if-83060ec5685761ae,libchrono-47e3b679d4ad6f1f,libiana_time_zone-bcd81aefedc374a6,libnum_traits-78e6e49ea324715f,libserde-ffeaf1421f80d7b3,libserde_core-2c928ee17a7447a4,libonce_cell-e9252a7b5119f3eb}.rlib" "<sysroot>/lib/rustlib/x86_64-unknown-linux-gnu/lib/{libstd-*,libpanic_unwind-*,libobject-*,libmemchr-*,libaddr2line-*,libgimli-*,libcfg_if-*,librustc_demangle-*,libstd_detect-*,libhashbrown-*,librustc_std_workspace_alloc-*,libminiz_oxide-*,libadler2-*,libunwind-*,liblibc-*,librustc_std_workspace_core-*,liballoc-*,libcore-*,libcompiler_builtins-*}.rlib" "-Wl,-Bdynamic" "-lgcc_s" "-lutil" "-lrt" "-lpthread" "-lm" "-ldl" "-lc" "-L" "/tmp/rustdoctestZQwuON/rustcS1oBTy/raw-dylibs" "-B<sysroot>/lib/rustlib/x86_64-unknown-linux-gnu/bin/gcc-ld" "-fuse-ld=lld" "-Wl,--eh-frame-hdr" "-Wl,-z,noexecstack" "-L" "/opt/rustwide/target/debug/build/aws-lc-sys-a01743999e8e0ce1/out" "-L" "<sysroot>/lib/rustlib/x86_64-unknown-linux-gnu/lib" "-o" "/tmp/rustdoctestZQwuON/rust_out" "-Wl,--gc-sections" "-pie" "-Wl,-z,relro,-z,now" "-nodefaultlibs"
[INFO] [stdout]   = note: some arguments are omitted. use `--verbose` to show all linker arguments
[INFO] [stdout]   = note: collect2: fatal error: ld terminated with signal 7 [Bus error]
[INFO] [stdout]           compilation terminated.
[INFO] [stdout]           
[INFO] [stdout] 
[INFO] [stdout] error: aborting due to 1 previous error
[INFO] [stdout] 
[INFO] [stdout] Couldn't compile the test.
[INFO] [stdout] ---- src/task/mod.rs - task::Task::payload_msgpack (line 238) stdout ----
[INFO] [stdout] error: linking with `cc` failed: exit status: 1
[INFO] [stdout]   |
[INFO] [stdout]   = note:  "cc" "-m64" "/tmp/rustdoctestuV5IY9/rustcF4eEVt/symbols.o" "<2 object files omitted>" "-Wl,--as-needed" "-Wl,-Bstatic" "/opt/rustwide/target/debug/deps/{librediq-45856d2fd56a7e79,libserde_json-8949eeb1fc7bc247,libitoa-f3a70a1441f7f89b,libzmij-8eb72cbe5f9b9b4e,libmetrics-4dbfffe2873148db,libahash-afc77f98c8b327c5,libprometheus-892324e6d19e19de,liblazy_static-3674be3f4245d19b,libthiserror-8a86cca5b77c02eb,libprotobuf-8e4b5494c5699b60,libfnv-79e2cbfbe03dcd16,libcron-a2e07e5f5df5daed,librmp_serde-83a954c62d64f3d9,librmp-a28e5c037ab2ff3a,libfred-0c7df2141b8624bc,libtokio_stream-e5a8871a7c90bba9,libarc_swap-cf16fad1af8ce71f,liburlencoding-061758bc6028ea3e,liburl-6a9f7053cb6a70e4,libidna-00ea14da8f195e90,libutf8_iter-51566bbad89f3a68,libidna_adapter-cc346a7d5cb86e3b,libicu_properties-9e783979a4ed6b22,libicu_properties_data-b217809bf575558a,libicu_normalizer-3b0bedb96e1bcb9f,libicu_normalizer_data-ab8997d7cbbb3306,libicu_collections-f4e4b27b282bf2ea,libpotential_utf-d49ac0295d644830,libicu_provider-1f076e8705134fa0,libicu_locale_core-a0bd9ea29639d79d,libtinystr-398a451cf06f7a7d,liblitemap-cd9b5b2aa04e2018,libwriteable-4f74a67d38fff78e,libzerovec-c9439729e2c87f42,libzerotrie-20f438aceb326c6d,libyoke-c0bb06f8550416fb,libstable_deref_trait-63cbf3f3d3f94e56,libzerofrom-78de73a1db4e9ec5,libform_urlencoded-da07baadaa4a52d9,libpercent_encoding-60965446a9af8f63,libfloat_cmp-253e62a091b9861c,librand-d69e95490ac3e07d,librand_chacha-5c477fc7464cc746,libppv_lite86-ab86d466baec27fa,libzerocopy-04d31f9721d0da51,librand_core-947ca62718ea8b54,libgetrandom-e6656e2f703a06c2,libtokio_rustls-1c4df4ce573e825c,libcrossbeam_queue-7c6dbf82c0535e67,libcrossbeam_utils-076f45bf81d9c2d2,libtokio_util-0a728b0b3dfe5f67,libtokio-27b3f5082c733290,libsignal_hook_registry-cddd50aee5c69024,liberrno-c497d64a4571af83,libsocket2-1aadc0729249d3be,libmio-fc0f5b7715002b05,libparking_lot-e45469444b822e00,libparking_lot_core-5e997d9424f63dbf,libsmallvec-3281308869c19c4b,liblock_api-16d46fed645f7bff,libscopeguard-7ec2214574194454,libsemver-37f31af02ee76e6e,libfutures-a787f6f579d480ed,libfutures_executor-4ec809f87ecf377a,libfutures_util-32bbefe0e7b8d04a,libfutures_io-59d0071c9258d69f,libslab-0582d648e59ab406,libfutures_channel-385dce17299156c1,libfutures_sink-ae1eb2d060de53a2,libfutures_task-e09ab7898221cb97,libpin_utils-3860774ad9b215b5,libfutures_core-3b920243fce8fec0,libredis_protocol-3b7daaebdad7a4fa,libcrc16-73e2cab9b3072994,libnom-e3768c88045296be,libmemchr-9be7e24c0cc6f173,libcookie_factory-74245ac03cb4c37a,libtracing_futures-7424118e106d7c42,libpin_project-7da0b28bd8d8abe7,libtracing-7f0cfbc2cf80e4a6,libpin_project_lite-72bf04572caa1c84,libtracing_core-4cc82aeb094c2c39,libsocket2-06a5fcec9781c77c,librustls_native_certs-745c8a286af8228d,librustls_pemfile-704b86c13aeb56e7,libopenssl_probe-2c6d21a9709cae46,librustls-1bf9c8c8bc897998,libsubtle-2ae6a7038b9a0630,libwebpki-eead8de6addedabd,libuntrusted-b2f816886faf2178,libaws_lc_rs-8b6df616d49700f3,libaws_lc_sys-07b892a0f2cde8c6,librustls_pki_types-a1ff9279e609de76,libzeroize-7f213bea776ca5b6,libbytes_utils-8c76400078871503,libeither-40b894c145b6eae5,libbytes-2ed9460101f17bbf,liblog-b262261d47bd2eba,libuuid-fb0ae6aa5c69ff6a,libgetrandom-0baa87726cbcc5d3,liblibc-11f5a30dc24875fb,libcfg_if-83060ec5685761ae,libchrono-47e3b679d4ad6f1f,libiana_time_zone-bcd81aefedc374a6,libnum_traits-78e6e49ea324715f,libserde-ffeaf1421f80d7b3,libserde_core-2c928ee17a7447a4,libonce_cell-e9252a7b5119f3eb}.rlib" "<sysroot>/lib/rustlib/x86_64-unknown-linux-gnu/lib/{libstd-*,libpanic_unwind-*,libobject-*,libmemchr-*,libaddr2line-*,libgimli-*,libcfg_if-*,librustc_demangle-*,libstd_detect-*,libhashbrown-*,librustc_std_workspace_alloc-*,libminiz_oxide-*,libadler2-*,libunwind-*,liblibc-*,librustc_std_workspace_core-*,liballoc-*,libcore-*,libcompiler_builtins-*}.rlib" "-Wl,-Bdynamic" "-lgcc_s" "-lutil" "-lrt" "-lpthread" "-lm" "-ldl" "-lc" "-L" "/tmp/rustdoctestuV5IY9/rustcF4eEVt/raw-dylibs" "-B<sysroot>/lib/rustlib/x86_64-unknown-linux-gnu/bin/gcc-ld" "-fuse-ld=lld" "-Wl,--eh-frame-hdr" "-Wl,-z,noexecstack" "-L" "/opt/rustwide/target/debug/build/aws-lc-sys-a01743999e8e0ce1/out" "-L" "<sysroot>/lib/rustlib/x86_64-unknown-linux-gnu/lib" "-o" "/tmp/rustdoctestuV5IY9/rust_out" "-Wl,--gc-sections" "-pie" "-Wl,-z,relro,-z,now" "-nodefaultlibs"
[INFO] [stdout]   = note: some arguments are omitted. use `--verbose` to show all linker arguments
[INFO] [stdout]   = note: collect2: fatal error: ld terminated with signal 7 [Bus error]
[INFO] [stdout]           compilation terminated.
[INFO] [stdout]           
[INFO] [stdout] 
[INFO] [stdout] error: aborting due to 1 previous error
[INFO] [stdout] 
[INFO] [stdout] Couldn't compile the test.
[INFO] [stdout] ---- src/task/builder.rs - task::builder::TaskBuilder (line 17) stdout ----
[INFO] [stdout] error: linking with `cc` failed: exit status: 1
[INFO] [stdout]   |
[INFO] [stdout]   = note:  "cc" "-m64" "/tmp/rustdoctests63RBe/rustcQcyqo7/symbols.o" "<2 object files omitted>" "-Wl,--as-needed" "-Wl,-Bstatic" "/opt/rustwide/target/debug/deps/{librediq-45856d2fd56a7e79,libserde_json-8949eeb1fc7bc247,libitoa-f3a70a1441f7f89b,libzmij-8eb72cbe5f9b9b4e,libmetrics-4dbfffe2873148db,libahash-afc77f98c8b327c5,libprometheus-892324e6d19e19de,liblazy_static-3674be3f4245d19b,libthiserror-8a86cca5b77c02eb,libprotobuf-8e4b5494c5699b60,libfnv-79e2cbfbe03dcd16,libcron-a2e07e5f5df5daed,librmp_serde-83a954c62d64f3d9,librmp-a28e5c037ab2ff3a,libfred-0c7df2141b8624bc,libtokio_stream-e5a8871a7c90bba9,libarc_swap-cf16fad1af8ce71f,liburlencoding-061758bc6028ea3e,liburl-6a9f7053cb6a70e4,libidna-00ea14da8f195e90,libutf8_iter-51566bbad89f3a68,libidna_adapter-cc346a7d5cb86e3b,libicu_properties-9e783979a4ed6b22,libicu_properties_data-b217809bf575558a,libicu_normalizer-3b0bedb96e1bcb9f,libicu_normalizer_data-ab8997d7cbbb3306,libicu_collections-f4e4b27b282bf2ea,libpotential_utf-d49ac0295d644830,libicu_provider-1f076e8705134fa0,libicu_locale_core-a0bd9ea29639d79d,libtinystr-398a451cf06f7a7d,liblitemap-cd9b5b2aa04e2018,libwriteable-4f74a67d38fff78e,libzerovec-c9439729e2c87f42,libzerotrie-20f438aceb326c6d,libyoke-c0bb06f8550416fb,libstable_deref_trait-63cbf3f3d3f94e56,libzerofrom-78de73a1db4e9ec5,libform_urlencoded-da07baadaa4a52d9,libpercent_encoding-60965446a9af8f63,libfloat_cmp-253e62a091b9861c,librand-d69e95490ac3e07d,librand_chacha-5c477fc7464cc746,libppv_lite86-ab86d466baec27fa,libzerocopy-04d31f9721d0da51,librand_core-947ca62718ea8b54,libgetrandom-e6656e2f703a06c2,libtokio_rustls-1c4df4ce573e825c,libcrossbeam_queue-7c6dbf82c0535e67,libcrossbeam_utils-076f45bf81d9c2d2,libtokio_util-0a728b0b3dfe5f67,libtokio-27b3f5082c733290,libsignal_hook_registry-cddd50aee5c69024,liberrno-c497d64a4571af83,libsocket2-1aadc0729249d3be,libmio-fc0f5b7715002b05,libparking_lot-e45469444b822e00,libparking_lot_core-5e997d9424f63dbf,libsmallvec-3281308869c19c4b,liblock_api-16d46fed645f7bff,libscopeguard-7ec2214574194454,libsemver-37f31af02ee76e6e,libfutures-a787f6f579d480ed,libfutures_executor-4ec809f87ecf377a,libfutures_util-32bbefe0e7b8d04a,libfutures_io-59d0071c9258d69f,libslab-0582d648e59ab406,libfutures_channel-385dce17299156c1,libfutures_sink-ae1eb2d060de53a2,libfutures_task-e09ab7898221cb97,libpin_utils-3860774ad9b215b5,libfutures_core-3b920243fce8fec0,libredis_protocol-3b7daaebdad7a4fa,libcrc16-73e2cab9b3072994,libnom-e3768c88045296be,libmemchr-9be7e24c0cc6f173,libcookie_factory-74245ac03cb4c37a,libtracing_futures-7424118e106d7c42,libpin_project-7da0b28bd8d8abe7,libtracing-7f0cfbc2cf80e4a6,libpin_project_lite-72bf04572caa1c84,libtracing_core-4cc82aeb094c2c39,libsocket2-06a5fcec9781c77c,librustls_native_certs-745c8a286af8228d,librustls_pemfile-704b86c13aeb56e7,libopenssl_probe-2c6d21a9709cae46,librustls-1bf9c8c8bc897998,libsubtle-2ae6a7038b9a0630,libwebpki-eead8de6addedabd,libuntrusted-b2f816886faf2178,libaws_lc_rs-8b6df616d49700f3,libaws_lc_sys-07b892a0f2cde8c6,librustls_pki_types-a1ff9279e609de76,libzeroize-7f213bea776ca5b6,libbytes_utils-8c76400078871503,libeither-40b894c145b6eae5,libbytes-2ed9460101f17bbf,liblog-b262261d47bd2eba,libuuid-fb0ae6aa5c69ff6a,libgetrandom-0baa87726cbcc5d3,liblibc-11f5a30dc24875fb,libcfg_if-83060ec5685761ae,libchrono-47e3b679d4ad6f1f,libiana_time_zone-bcd81aefedc374a6,libnum_traits-78e6e49ea324715f,libserde-ffeaf1421f80d7b3,libserde_core-2c928ee17a7447a4,libonce_cell-e9252a7b5119f3eb}.rlib" "<sysroot>/lib/rustlib/x86_64-unknown-linux-gnu/lib/{libstd-*,libpanic_unwind-*,libobject-*,libmemchr-*,libaddr2line-*,libgimli-*,libcfg_if-*,librustc_demangle-*,libstd_detect-*,libhashbrown-*,librustc_std_workspace_alloc-*,libminiz_oxide-*,libadler2-*,libunwind-*,liblibc-*,librustc_std_workspace_core-*,liballoc-*,libcore-*,libcompiler_builtins-*}.rlib" "-Wl,-Bdynamic" "-lgcc_s" "-lutil" "-lrt" "-lpthread" "-lm" "-ldl" "-lc" "-L" "/tmp/rustdoctests63RBe/rustcQcyqo7/raw-dylibs" "-B<sysroot>/lib/rustlib/x86_64-unknown-linux-gnu/bin/gcc-ld" "-fuse-ld=lld" "-Wl,--eh-frame-hdr" "-Wl,-z,noexecstack" "-L" "/opt/rustwide/target/debug/build/aws-lc-sys-a01743999e8e0ce1/out" "-L" "<sysroot>/lib/rustlib/x86_64-unknown-linux-gnu/lib" "-o" "/tmp/rustdoctests63RBe/rust_out" "-Wl,--gc-sections" "-pie" "-Wl,-z,relro,-z,now" "-nodefaultlibs"
[INFO] [stdout]   = note: some arguments are omitted. use `--verbose` to show all linker arguments
[INFO] [stdout]   = note: PLEASE submit a bug report to https://github.com/llvm/llvm-project/issues/ and include the crash backtrace and instructions to reproduce the bug.
[INFO] [stdout]           Stack dump:
[INFO] [stdout]           0.	Program arguments: /opt/rustwide/rustup-home/toolchains/1.99.0-beta.8-x86_64-unknown-linux-gnu/lib/rustlib/x86_64-unknown-linux-gnu/bin/rust-lld -flavor gnu -plugin /usr/libexec/gcc/x86_64-linux-gnu/15/liblto_plugin.so -plugin-opt=/usr/libexec/gcc/x86_64-linux-gnu/15/lto-wrapper -plugin-opt=-fresolution=/tmp/cc8s4N1F.res --build-id --eh-frame-hdr -m elf_x86_64 --hash-style=gnu --as-needed -dynamic-linker /lib64/ld-linux-x86-64.so.2 -pie -z now -z relro -o /tmp/rustdoctests63RBe/rust_out /usr/lib/gcc/x86_64-linux-gnu/15/../../../x86_64-linux-gnu/Scrt1.o /usr/lib/gcc/x86_64-linux-gnu/15/../../../x86_64-linux-gnu/crti.o /usr/lib/gcc/x86_64-linux-gnu/15/crtbeginS.o -L/tmp/rustdoctests63RBe/rustcQcyqo7/raw-dylibs -L/opt/rustwide/target/debug/build/aws-lc-sys-a01743999e8e0ce1/out -L/opt/rustwide/rustup-home/toolchains/1.99.0-beta.8-x86_64-unknown-linux-gnu/lib/rustlib/x86_64-unknown-linux-gnu/lib -L/opt/rustwide/rustup-home/toolchains/1.99.0-beta.8-x86_64-unknown-linux-gnu/lib/rustlib/x86_64-unknown-linux-gnu/bin/gcc-ld -L/usr/lib/gcc/x86_64-linux-gnu/15 -L/usr/lib/gcc/x86_64-linux-gnu/15/../../../x86_64-linux-gnu -L/usr/lib/gcc/x86_64-linux-gnu/15/../../../../lib -L/lib/x86_64-linux-gnu -L/lib/../lib -L/usr/lib/x86_64-linux-gnu -L/usr/lib/../lib -L/usr/lib/gcc/x86_64-linux-gnu/15/../../.. -L/lib -L/usr/lib /tmp/rustdoctests63RBe/rustcQcyqo7/symbols.o /tmp/rustdoctests63RBe/rust_out.rust_out.fc2a76a7d39855e1-cgu.0.rcgu.o /tmp/rustdoctests63RBe/rust_out.eb1h9ujole5297k7xaxs6rhg2.rcgu.o --as-needed -Bstatic /opt/rustwide/target/debug/deps/librediq-45856d2fd56a7e79.rlib /opt/rustwide/target/debug/deps/libserde_json-8949eeb1fc7bc247.rlib /opt/rustwide/target/debug/deps/libitoa-f3a70a1441f7f89b.rlib /opt/rustwide/target/debug/deps/libzmij-8eb72cbe5f9b9b4e.rlib /opt/rustwide/target/debug/deps/libmetrics-4dbfffe2873148db.rlib /opt/rustwide/target/debug/deps/libahash-afc77f98c8b327c5.rlib /opt/rustwide/target/debug/deps/libprometheus-892324e6d19e19de.rlib /opt/rustwide/target/debug/deps/liblazy_static-3674be3f4245d19b.rlib /opt/rustwide/target/debug/deps/libthiserror-8a86cca5b77c02eb.rlib /opt/rustwide/target/debug/deps/libprotobuf-8e4b5494c5699b60.rlib /opt/rustwide/target/debug/deps/libfnv-79e2cbfbe03dcd16.rlib /opt/rustwide/target/debug/deps/libcron-a2e07e5f5df5daed.rlib /opt/rustwide/target/debug/deps/librmp_serde-83a954c62d64f3d9.rlib /opt/rustwide/target/debug/deps/librmp-a28e5c037ab2ff3a.rlib /opt/rustwide/target/debug/deps/libfred-0c7df2141b8624bc.rlib /opt/rustwide/target/debug/deps/libtokio_stream-e5a8871a7c90bba9.rlib /opt/rustwide/target/debug/deps/libarc_swap-cf16fad1af8ce71f.rlib /opt/rustwide/target/debug/deps/liburlencoding-061758bc6028ea3e.rlib /opt/rustwide/target/debug/deps/liburl-6a9f7053cb6a70e4.rlib /opt/rustwide/target/debug/deps/libidna-00ea14da8f195e90.rlib /opt/rustwide/target/debug/deps/libutf8_iter-51566bbad89f3a68.rlib /opt/rustwide/target/debug/deps/libidna_adapter-cc346a7d5cb86e3b.rlib /opt/rustwide/target/debug/deps/libicu_properties-9e783979a4ed6b22.rlib /opt/rustwide/target/debug/deps/libicu_properties_data-b217809bf575558a.rlib /opt/rustwide/target/debug/deps/libicu_normalizer-3b0bedb96e1bcb9f.rlib /opt/rustwide/target/debug/deps/libicu_normalizer_data-ab8997d7cbbb3306.rlib /opt/rustwide/target/debug/deps/libicu_collections-f4e4b27b282bf2ea.rlib /opt/rustwide/target/debug/deps/libpotential_utf-d49ac0295d644830.rlib /opt/rustwide/target/debug/deps/libicu_provider-1f076e8705134fa0.rlib /opt/rustwide/target/debug/deps/libicu_locale_core-a0bd9ea29639d79d.rlib /opt/rustwide/target/debug/deps/libtinystr-398a451cf06f7a7d.rlib /opt/rustwide/target/debug/deps/liblitemap-cd9b5b2aa04e2018.rlib /opt/rustwide/target/debug/deps/libwriteable-4f74a67d38fff78e.rlib /opt/rustwide/target/debug/deps/libzerovec-c9439729e2c87f42.rlib /opt/rustwide/target/debug/deps/libzerotrie-20f438aceb326c6d.rlib /opt/rustwide/target/debug/deps/libyoke-c0bb06f8550416fb.rlib /opt/rustwide/target/debug/deps/libstable_deref_trait-63cbf3f3d3f94e56.rlib /opt/rustwide/target/debug/deps/libzerofrom-78de73a1db4e9ec5.rlib /opt/rustwide/target/debug/deps/libform_urlencoded-da07baadaa4a52d9.rlib /opt/rustwide/target/debug/deps/libpercent_encoding-60965446a9af8f63.rlib /opt/rustwide/target/debug/deps/libfloat_cmp-253e62a091b9861c.rlib /opt/rustwide/target/debug/deps/librand-d69e95490ac3e07d.rlib /opt/rustwide/target/debug/deps/librand_chacha-5c477fc7464cc746.rlib /opt/rustwide/target/debug/deps/libppv_lite86-ab86d466baec27fa.rlib /opt/rustwide/target/debug/deps/libzerocopy-04d31f9721d0da51.rlib /opt/rustwide/target/debug/deps/librand_core-947ca62718ea8b54.rlib /opt/rustwide/target/debug/deps/libgetrandom-e6656e2f703a06c2.rlib /opt/rustwide/target/debug/deps/libtokio_rustls-1c4df4ce573e825c.rlib /opt/rustwide/target/debug/deps/libcrossbeam_queue-7c6dbf82c0535e67.rlib /opt/rustwide/target/debug/deps/libcrossbeam_utils-076f45bf81d9c2d2.rlib /opt/rustwide/target/debug/deps/libtokio_util-0a728b0b3dfe5f67.rlib /opt/rustwide/target/debug/deps/libtokio-27b3f5082c733290.rlib /opt/rustwide/target/debug/deps/libsignal_hook_registry-cddd50aee5c69024.rlib /opt/rustwide/target/debug/deps/liberrno-c497d64a4571af83.rlib /opt/rustwide/target/debug/deps/libsocket2-1aadc0729249d3be.rlib /opt/rustwide/target/debug/deps/libmio-fc0f5b7715002b05.rlib /opt/rustwide/target/debug/deps/libparking_lot-e45469444b822e00.rlib /opt/rustwide/target/debug/deps/libparking_lot_core-5e997d9424f63dbf.rlib /opt/rustwide/target/debug/deps/libsmallvec-3281308869c19c4b.rlib /opt/rustwide/target/debug/deps/liblock_api-16d46fed645f7bff.rlib /opt/rustwide/target/debug/deps/libscopeguard-7ec2214574194454.rlib /opt/rustwide/target/debug/deps/libsemver-37f31af02ee76e6e.rlib /opt/rustwide/target/debug/deps/libfutures-a787f6f579d480ed.rlib /opt/rustwide/target/debug/deps/libfutures_executor-4ec809f87ecf377a.rlib /opt/rustwide/target/debug/deps/libfutures_util-32bbefe0e7b8d04a.rlib /opt/rustwide/target/debug/deps/libfutures_io-59d0071c9258d69f.rlib /opt/rustwide/target/debug/deps/libslab-0582d648e59ab406.rlib /opt/rustwide/target/debug/deps/libfutures_channel-385dce17299156c1.rlib /opt/rustwide/target/debug/deps/libfutures_sink-ae1eb2d060de53a2.rlib /opt/rustwide/target/debug/deps/libfutures_task-e09ab7898221cb97.rlib /opt/rustwide/target/debug/deps/libpin_utils-3860774ad9b215b5.rlib /opt/rustwide/target/debug/deps/libfutures_core-3b920243fce8fec0.rlib /opt/rustwide/target/debug/deps/libredis_protocol-3b7daaebdad7a4fa.rlib /opt/rustwide/target/debug/deps/libcrc16-73e2cab9b3072994.rlib /opt/rustwide/target/debug/deps/libnom-e3768c88045296be.rlib /opt/rustwide/target/debug/deps/libmemchr-9be7e24c0cc6f173.rlib /opt/rustwide/target/debug/deps/libcookie_factory-74245ac03cb4c37a.rlib /opt/rustwide/target/debug/deps/libtracing_futures-7424118e106d7c42.rlib /opt/rustwide/target/debug/deps/libpin_project-7da0b28bd8d8abe7.rlib /opt/rustwide/target/debug/deps/libtracing-7f0cfbc2cf80e4a6.rlib /opt/rustwide/target/debug/deps/libpin_project_lite-72bf04572caa1c84.rlib /opt/rustwide/target/debug/deps/libtracing_core-4cc82aeb094c2c39.rlib /opt/rustwide/target/debug/deps/libsocket2-06a5fcec9781c77c.rlib /opt/rustwide/target/debug/deps/librustls_native_certs-745c8a286af8228d.rlib /opt/rustwide/target/debug/deps/librustls_pemfile-704b86c13aeb56e7.rlib /opt/rustwide/target/debug/deps/libopenssl_probe-2c6d21a9709cae46.rlib /opt/rustwide/target/debug/deps/librustls-1bf9c8c8bc897998.rlib /opt/rustwide/target/debug/deps/libsubtle-2ae6a7038b9a0630.rlib /opt/rustwide/target/debug/deps/libwebpki-eead8de6addedabd.rlib /opt/rustwide/target/debug/deps/libuntrusted-b2f816886faf2178.rlib /opt/rustwide/target/debug/deps/libaws_lc_rs-8b6df616d49700f3.rlib /opt/rustwide/target/debug/deps/libaws_lc_sys-07b892a0f2cde8c6.rlib /opt/rustwide/target/debug/deps/librustls_pki_types-a1ff9279e609de76.rlib /opt/rustwide/target/debug/deps/libzeroize-7f213bea776ca5b6.rlib /opt/rustwide/target/debug/deps/libbytes_utils-8c76400078871503.rlib /opt/rustwide/target/debug/deps/libeither-40b894c145b6eae5.rlib /opt/rustwide/target/debug/deps/libbytes-2ed9460101f17bbf.rlib /opt/rustwide/target/debug/deps/liblog-b262261d47bd2eba.rlib /opt/rustwide/target/debug/deps/libuuid-fb0ae6aa5c69ff6a.rlib /opt/rustwide/target/debug/deps/libgetrandom-0baa87726cbcc5d3.rlib /opt/rustwide/target/debug/deps/liblibc-11f5a30dc24875fb.rlib /opt/rustwide/target/debug/deps/libcfg_if-83060ec5685761ae.rlib /opt/rustwide/target/debug/deps/libchrono-47e3b679d4ad6f1f.rlib /opt/rustwide/target/debug/deps/libiana_time_zone-bcd81aefedc374a6.rlib /opt/rustwide/target/debug/deps/libnum_traits-78e6e49ea324715f.rlib /opt/rustwide/target/debug/deps/libserde-ffeaf1421f80d7b3.rlib /opt/rustwide/target/debug/deps/libserde_core-2c928ee17a7447a4.rlib /opt/rustwide/target/debug/deps/libonce_cell-e9252a7b5119f3eb.rlib /opt/rustwide/rustup-home/toolchains/1.99.0-beta.8-x86_64-unknown-linux-gnu/lib/rustlib/x86_64-unknown-linux-gnu/lib/libstd-3ebd33b08985d8a2.rlib /opt/rustwide/rustup-home/toolchains/1.99.0-beta.8-x86_64-unknown-linux-gnu/lib/rustlib/x86_64-unknown-linux-gnu/lib/libpanic_unwind-ee94a8748d855199.rlib /opt/rustwide/rustup-home/toolchains/1.99.0-beta.8-x86_64-unknown-linux-gnu/lib/rustlib/x86_64-unknown-linux-gnu/lib/libobject-48f6014f6e470ea8.rlib /opt/rustwide/rustup-home/toolchains/1.99.0-beta.8-x86_64-unknown-linux-gnu/lib/rustlib/x86_64-unknown-linux-gnu/lib/libmemchr-bc4971ec1ed6b73b.rlib /opt/rustwide/rustup-home/toolchains/1.99.0-beta.8-x86_64-unknown-linux-gnu/lib/rustlib/x86_64-unknown-linux-gnu/lib/libaddr2line-420c96beae03154c.rlib /opt/rustwide/rustup-home/toolchains/1.99.0-beta.8-x86_64-unknown-linux-gnu/lib/rustlib/x86_64-unknown-linux-gnu/lib/libgimli-e02043aa73248656.rlib /opt/rustwide/rustup-home/toolchains/1.99.0-beta.8-x86_64-unknown-linux-gnu/lib/rustlib/x86_64-unknown-linux-gnu/lib/libcfg_if-ef8878829df7d13e.rlib /opt/rustwide/rustup-home/toolchains/1.99.0-beta.8-x86_64-unknown-linux-gnu/lib/rustlib/x86_64-unknown-linux-gnu/lib/librustc_demangle-46d5b98fe57b67a4.rlib /opt/rustwide/rustup-home/toolchains/1.99.0-beta.8-x86_64-unknown-linux-gnu/lib/rustlib/x86_64-unknown-linux-gnu/lib/libstd_detect-7e90a864d661bf92.rlib /opt/rustwide/rustup-home/toolchains/1.99.0-beta.8-x86_64-unknown-linux-gnu/lib/rustlib/x86_64-unknown-linux-gnu/lib/libhashbrown-1b8be31f2262d6f1.rlib /opt/rustwide/rustup-home/toolchains/1.99.0-beta.8-x86_64-unknown-linux-gnu/lib/rustlib/x86_64-unknown-linux-gnu/lib/librustc_std_workspace_alloc-06767a805a6578d8.rlib /opt/rustwide/rustup-home/toolchains/1.99.0-beta.8-x86_64-unknown-linux-gnu/lib/rustlib/x86_64-unknown-linux-gnu/lib/libminiz_oxide-41995013f8652742.rlib /opt/rustwide/rustup-home/toolchains/1.99.0-beta.8-x86_64-unknown-linux-gnu/lib/rustlib/x86_64-unknown-linux-gnu/lib/libadler2-5b138e32728394ad.rlib /opt/rustwide/rustup-home/toolchains/1.99.0-beta.8-x86_64-unknown-linux-gnu/lib/rustlib/x86_64-unknown-linux-gnu/lib/libunwind-0b59bbdaeb118267.rlib /opt/rustwide/rustup-home/toolchains/1.99.0-beta.8-x86_64-unknown-linux-gnu/lib/rustlib/x86_64-unknown-linux-gnu/lib/liblibc-575068988eda05a6.rlib /opt/rustwide/rustup-home/toolchains/1.99.0-beta.8-x86_64-unknown-linux-gnu/lib/rustlib/x86_64-unknown-linux-gnu/lib/librustc_std_workspace_core-cb1d6eda42690dfa.rlib /opt/rustwide/rustup-home/toolchains/1.99.0-beta.8-x86_64-unknown-linux-gnu/lib/rustlib/x86_64-unknown-linux-gnu/lib/liballoc-289b6c89968708eb.rlib /opt/rustwide/rustup-home/toolchains/1.99.0-beta.8-x86_64-unknown-linux-gnu/lib/rustlib/x86_64-unknown-linux-gnu/lib/libcore-c7c41120a6de2743.rlib /opt/rustwide/rustup-home/toolchains/1.99.0-beta.8-x86_64-unknown-linux-gnu/lib/rustlib/x86_64-unknown-linux-gnu/lib/libcompiler_builtins-e4b7aee5107220ad.rlib -Bdynamic -lgcc_s -lutil -lrt -lpthread -lm -ldl -lc --eh-frame-hdr -z noexecstack --gc-sections -z relro -z now /usr/lib/gcc/x86_64-linux-gnu/15/crtendS.o /usr/lib/gcc/x86_64-linux-gnu/15/../../../x86_64-linux-gnu/crtn.o
[INFO] [stdout]            #0 0x000074bb27b3a41a llvm::sys::PrintStackTrace(llvm::raw_ostream&, int) (/opt/rustwide/rustup-home/toolchains/1.99.0-beta.8-x86_64-unknown-linux-gnu/lib/libLLVM.so.23.1-rust-1.99.0-beta+0x633a41a)
[INFO] [stdout]            #1 0x000074bb27b3ad9d SignalHandler(int, siginfo_t*, void*) (/opt/rustwide/rustup-home/toolchains/1.99.0-beta.8-x86_64-unknown-linux-gnu/lib/libLLVM.so.23.1-rust-1.99.0-beta+0x633ad9d)
[INFO] [stdout]            #2 0x000074bb21624cb0 (/usr/lib/x86_64-linux-gnu/libc.so.6+0x45cb0)
[INFO] [stdout]            #3 0x00006418de570b44 void lld::elf::writeResult<llvm::object::ELFType<(llvm::endianness)1, true>>(lld::elf::Ctx&) (/opt/rustwide/rustup-home/toolchains/1.99.0-beta.8-x86_64-unknown-linux-gnu/lib/rustlib/x86_64-unknown-linux-gnu/bin/rust-lld+0x5aeb44)
[INFO] [stdout]            #4 0x00006418de3528c4 void lld::elf::LinkerDriver::link<llvm::object::ELFType<(llvm::endianness)1, true>>(llvm::opt::InputArgList&) Driver.cpp:0:0
[INFO] [stdout]            #5 0x00006418de32ea19 lld::elf::LinkerDriver::linkerMain(llvm::ArrayRef<char const*>) Driver.cpp:0:0
[INFO] [stdout]            #6 0x00006418de329829 lld::elf::link(llvm::ArrayRef<char const*>, llvm::raw_ostream&, llvm::raw_ostream&, bool, bool) (/opt/rustwide/rustup-home/toolchains/1.99.0-beta.8-x86_64-unknown-linux-gnu/lib/rustlib/x86_64-unknown-linux-gnu/bin/rust-lld+0x367829)
[INFO] [stdout]            #7 0x00006418de232895 lld::unsafeLldMain(llvm::ArrayRef<char const*>, llvm::raw_ostream&, llvm::raw_ostream&, llvm::ArrayRef<lld::DriverDef>, bool) (/opt/rustwide/rustup-home/toolchains/1.99.0-beta.8-x86_64-unknown-linux-gnu/lib/rustlib/x86_64-unknown-linux-gnu/bin/rust-lld+0x270895)
[INFO] [stdout]            #8 0x00006418de231ac2 lld_main(int, char**, llvm::ToolContext const&) (/opt/rustwide/rustup-home/toolchains/1.99.0-beta.8-x86_64-unknown-linux-gnu/lib/rustlib/x86_64-unknown-linux-gnu/bin/rust-lld+0x26fac2)
[INFO] [stdout]            #9 0x00006418de232034 main (/opt/rustwide/rustup-home/toolchains/1.99.0-beta.8-x86_64-unknown-linux-gnu/lib/rustlib/x86_64-unknown-linux-gnu/bin/rust-lld+0x270034)
[INFO] [stdout]           #10 0x000074bb21609601 (/usr/lib/x86_64-linux-gnu/libc.so.6+0x2a601)
[INFO] [stdout]           #11 0x000074bb21609718 __libc_start_main (/usr/lib/x86_64-linux-gnu/libc.so.6+0x2a718)
[INFO] [stdout]           #12 0x00006418de0b47e9 _start (/opt/rustwide/rustup-home/toolchains/1.99.0-beta.8-x86_64-unknown-linux-gnu/lib/rustlib/x86_64-unknown-linux-gnu/bin/rust-lld+0xf27e9)
[INFO] [stdout]           collect2: fatal error: ld terminated with signal 7 [Bus error]
[INFO] [stdout]           compilation terminated.
[INFO] [stdout]           
[INFO] [stdout] 
[INFO] [stdout] error: aborting due to 1 previous error
[INFO] [stdout] 
[INFO] [stdout] Couldn't compile the test.
[INFO] [stdout] ---- src/task/builder.rs - task::builder::TaskBuilder::depends_on (line 137) stdout ----
[INFO] [stdout] error: linking with `cc` failed: exit status: 1
[INFO] [stdout]   |
[INFO] [stdout]   = note:  "cc" "-m64" "/tmp/rustdoctestPxkzTi/rustcCVajhg/symbols.o" "<2 object files omitted>" "-Wl,--as-needed" "-Wl,-Bstatic" "/opt/rustwide/target/debug/deps/{librediq-45856d2fd56a7e79,libserde_json-8949eeb1fc7bc247,libitoa-f3a70a1441f7f89b,libzmij-8eb72cbe5f9b9b4e,libmetrics-4dbfffe2873148db,libahash-afc77f98c8b327c5,libprometheus-892324e6d19e19de,liblazy_static-3674be3f4245d19b,libthiserror-8a86cca5b77c02eb,libprotobuf-8e4b5494c5699b60,libfnv-79e2cbfbe03dcd16,libcron-a2e07e5f5df5daed,librmp_serde-83a954c62d64f3d9,librmp-a28e5c037ab2ff3a,libfred-0c7df2141b8624bc,libtokio_stream-e5a8871a7c90bba9,libarc_swap-cf16fad1af8ce71f,liburlencoding-061758bc6028ea3e,liburl-6a9f7053cb6a70e4,libidna-00ea14da8f195e90,libutf8_iter-51566bbad89f3a68,libidna_adapter-cc346a7d5cb86e3b,libicu_properties-9e783979a4ed6b22,libicu_properties_data-b217809bf575558a,libicu_normalizer-3b0bedb96e1bcb9f,libicu_normalizer_data-ab8997d7cbbb3306,libicu_collections-f4e4b27b282bf2ea,libpotential_utf-d49ac0295d644830,libicu_provider-1f076e8705134fa0,libicu_locale_core-a0bd9ea29639d79d,libtinystr-398a451cf06f7a7d,liblitemap-cd9b5b2aa04e2018,libwriteable-4f74a67d38fff78e,libzerovec-c9439729e2c87f42,libzerotrie-20f438aceb326c6d,libyoke-c0bb06f8550416fb,libstable_deref_trait-63cbf3f3d3f94e56,libzerofrom-78de73a1db4e9ec5,libform_urlencoded-da07baadaa4a52d9,libpercent_encoding-60965446a9af8f63,libfloat_cmp-253e62a091b9861c,librand-d69e95490ac3e07d,librand_chacha-5c477fc7464cc746,libppv_lite86-ab86d466baec27fa,libzerocopy-04d31f9721d0da51,librand_core-947ca62718ea8b54,libgetrandom-e6656e2f703a06c2,libtokio_rustls-1c4df4ce573e825c,libcrossbeam_queue-7c6dbf82c0535e67,libcrossbeam_utils-076f45bf81d9c2d2,libtokio_util-0a728b0b3dfe5f67,libtokio-27b3f5082c733290,libsignal_hook_registry-cddd50aee5c69024,liberrno-c497d64a4571af83,libsocket2-1aadc0729249d3be,libmio-fc0f5b7715002b05,libparking_lot-e45469444b822e00,libparking_lot_core-5e997d9424f63dbf,libsmallvec-3281308869c19c4b,liblock_api-16d46fed645f7bff,libscopeguard-7ec2214574194454,libsemver-37f31af02ee76e6e,libfutures-a787f6f579d480ed,libfutures_executor-4ec809f87ecf377a,libfutures_util-32bbefe0e7b8d04a,libfutures_io-59d0071c9258d69f,libslab-0582d648e59ab406,libfutures_channel-385dce17299156c1,libfutures_sink-ae1eb2d060de53a2,libfutures_task-e09ab7898221cb97,libpin_utils-3860774ad9b215b5,libfutures_core-3b920243fce8fec0,libredis_protocol-3b7daaebdad7a4fa,libcrc16-73e2cab9b3072994,libnom-e3768c88045296be,libmemchr-9be7e24c0cc6f173,libcookie_factory-74245ac03cb4c37a,libtracing_futures-7424118e106d7c42,libpin_project-7da0b28bd8d8abe7,libtracing-7f0cfbc2cf80e4a6,libpin_project_lite-72bf04572caa1c84,libtracing_core-4cc82aeb094c2c39,libsocket2-06a5fcec9781c77c,librustls_native_certs-745c8a286af8228d,librustls_pemfile-704b86c13aeb56e7,libopenssl_probe-2c6d21a9709cae46,librustls-1bf9c8c8bc897998,libsubtle-2ae6a7038b9a0630,libwebpki-eead8de6addedabd,libuntrusted-b2f816886faf2178,libaws_lc_rs-8b6df616d49700f3,libaws_lc_sys-07b892a0f2cde8c6,librustls_pki_types-a1ff9279e609de76,libzeroize-7f213bea776ca5b6,libbytes_utils-8c76400078871503,libeither-40b894c145b6eae5,libbytes-2ed9460101f17bbf,liblog-b262261d47bd2eba,libuuid-fb0ae6aa5c69ff6a,libgetrandom-0baa87726cbcc5d3,liblibc-11f5a30dc24875fb,libcfg_if-83060ec5685761ae,libchrono-47e3b679d4ad6f1f,libiana_time_zone-bcd81aefedc374a6,libnum_traits-78e6e49ea324715f,libserde-ffeaf1421f80d7b3,libserde_core-2c928ee17a7447a4,libonce_cell-e9252a7b5119f3eb}.rlib" "<sysroot>/lib/rustlib/x86_64-unknown-linux-gnu/lib/{libstd-*,libpanic_unwind-*,libobject-*,libmemchr-*,libaddr2line-*,libgimli-*,libcfg_if-*,librustc_demangle-*,libstd_detect-*,libhashbrown-*,librustc_std_workspace_alloc-*,libminiz_oxide-*,libadler2-*,libunwind-*,liblibc-*,librustc_std_workspace_core-*,liballoc-*,libcore-*,libcompiler_builtins-*}.rlib" "-Wl,-Bdynamic" "-lgcc_s" "-lutil" "-lrt" "-lpthread" "-lm" "-ldl" "-lc" "-L" "/tmp/rustdoctestPxkzTi/rustcCVajhg/raw-dylibs" "-B<sysroot>/lib/rustlib/x86_64-unknown-linux-gnu/bin/gcc-ld" "-fuse-ld=lld" "-Wl,--eh-frame-hdr" "-Wl,-z,noexecstack" "-L" "/opt/rustwide/target/debug/build/aws-lc-sys-a01743999e8e0ce1/out" "-L" "<sysroot>/lib/rustlib/x86_64-unknown-linux-gnu/lib" "-o" "/tmp/rustdoctestPxkzTi/rust_out" "-Wl,--gc-sections" "-pie" "-Wl,-z,relro,-z,now" "-nodefaultlibs"
[INFO] [stdout]   = note: some arguments are omitted. use `--verbose` to show all linker arguments
[INFO] [stdout]   = note: PLEASE submit a bug report to https://github.com/llvm/llvm-project/issues/ and include the crash backtrace and instructions to reproduce the bug.
[INFO] [stdout]           Stack dump:
[INFO] [stdout]           0.	Program arguments: /opt/rustwide/rustup-home/toolchains/1.99.0-beta.8-x86_64-unknown-linux-gnu/lib/rustlib/x86_64-unknown-linux-gnu/bin/rust-lld -flavor gnu -plugin /usr/libexec/gcc/x86_64-linux-gnu/15/liblto_plugin.so -plugin-opt=/usr/libexec/gcc/x86_64-linux-gnu/15/lto-wrapper -plugin-opt=-fresolution=/tmp/ccCtR3z9.res --build-id --eh-frame-hdr -m elf_x86_64 --hash-style=gnu --as-needed -dynamic-linker /lib64/ld-linux-x86-64.so.2 -pie -z now -z relro -o /tmp/rustdoctestPxkzTi/rust_out /usr/lib/gcc/x86_64-linux-gnu/15/../../../x86_64-linux-gnu/Scrt1.o /usr/lib/gcc/x86_64-linux-gnu/15/../../../x86_64-linux-gnu/crti.o /usr/lib/gcc/x86_64-linux-gnu/15/crtbeginS.o -L/tmp/rustdoctestPxkzTi/rustcCVajhg/raw-dylibs -L/opt/rustwide/target/debug/build/aws-lc-sys-a01743999e8e0ce1/out -L/opt/rustwide/rustup-home/toolchains/1.99.0-beta.8-x86_64-unknown-linux-gnu/lib/rustlib/x86_64-unknown-linux-gnu/lib -L/opt/rustwide/rustup-home/toolchains/1.99.0-beta.8-x86_64-unknown-linux-gnu/lib/rustlib/x86_64-unknown-linux-gnu/bin/gcc-ld -L/usr/lib/gcc/x86_64-linux-gnu/15 -L/usr/lib/gcc/x86_64-linux-gnu/15/../../../x86_64-linux-gnu -L/usr/lib/gcc/x86_64-linux-gnu/15/../../../../lib -L/lib/x86_64-linux-gnu -L/lib/../lib -L/usr/lib/x86_64-linux-gnu -L/usr/lib/../lib -L/usr/lib/gcc/x86_64-linux-gnu/15/../../.. -L/lib -L/usr/lib /tmp/rustdoctestPxkzTi/rustcCVajhg/symbols.o /tmp/rustdoctestPxkzTi/rust_out.rust_out.fc2a76a7d39855e1-cgu.0.rcgu.o /tmp/rustdoctestPxkzTi/rust_out.eb1h9ujole5297k7xaxs6rhg2.rcgu.o --as-needed -Bstatic /opt/rustwide/target/debug/deps/librediq-45856d2fd56a7e79.rlib /opt/rustwide/target/debug/deps/libserde_json-8949eeb1fc7bc247.rlib /opt/rustwide/target/debug/deps/libitoa-f3a70a1441f7f89b.rlib /opt/rustwide/target/debug/deps/libzmij-8eb72cbe5f9b9b4e.rlib /opt/rustwide/target/debug/deps/libmetrics-4dbfffe2873148db.rlib /opt/rustwide/target/debug/deps/libahash-afc77f98c8b327c5.rlib /opt/rustwide/target/debug/deps/libprometheus-892324e6d19e19de.rlib /opt/rustwide/target/debug/deps/liblazy_static-3674be3f4245d19b.rlib /opt/rustwide/target/debug/deps/libthiserror-8a86cca5b77c02eb.rlib /opt/rustwide/target/debug/deps/libprotobuf-8e4b5494c5699b60.rlib /opt/rustwide/target/debug/deps/libfnv-79e2cbfbe03dcd16.rlib /opt/rustwide/target/debug/deps/libcron-a2e07e5f5df5daed.rlib /opt/rustwide/target/debug/deps/librmp_serde-83a954c62d64f3d9.rlib /opt/rustwide/target/debug/deps/librmp-a28e5c037ab2ff3a.rlib /opt/rustwide/target/debug/deps/libfred-0c7df2141b8624bc.rlib /opt/rustwide/target/debug/deps/libtokio_stream-e5a8871a7c90bba9.rlib /opt/rustwide/target/debug/deps/libarc_swap-cf16fad1af8ce71f.rlib /opt/rustwide/target/debug/deps/liburlencoding-061758bc6028ea3e.rlib /opt/rustwide/target/debug/deps/liburl-6a9f7053cb6a70e4.rlib /opt/rustwide/target/debug/deps/libidna-00ea14da8f195e90.rlib /opt/rustwide/target/debug/deps/libutf8_iter-51566bbad89f3a68.rlib /opt/rustwide/target/debug/deps/libidna_adapter-cc346a7d5cb86e3b.rlib /opt/rustwide/target/debug/deps/libicu_properties-9e783979a4ed6b22.rlib /opt/rustwide/target/debug/deps/libicu_properties_data-b217809bf575558a.rlib /opt/rustwide/target/debug/deps/libicu_normalizer-3b0bedb96e1bcb9f.rlib /opt/rustwide/target/debug/deps/libicu_normalizer_data-ab8997d7cbbb3306.rlib /opt/rustwide/target/debug/deps/libicu_collections-f4e4b27b282bf2ea.rlib /opt/rustwide/target/debug/deps/libpotential_utf-d49ac0295d644830.rlib /opt/rustwide/target/debug/deps/libicu_provider-1f076e8705134fa0.rlib /opt/rustwide/target/debug/deps/libicu_locale_core-a0bd9ea29639d79d.rlib /opt/rustwide/target/debug/deps/libtinystr-398a451cf06f7a7d.rlib /opt/rustwide/target/debug/deps/liblitemap-cd9b5b2aa04e2018.rlib /opt/rustwide/target/debug/deps/libwriteable-4f74a67d38fff78e.rlib /opt/rustwide/target/debug/deps/libzerovec-c9439729e2c87f42.rlib /opt/rustwide/target/debug/deps/libzerotrie-20f438aceb326c6d.rlib /opt/rustwide/target/debug/deps/libyoke-c0bb06f8550416fb.rlib /opt/rustwide/target/debug/deps/libstable_deref_trait-63cbf3f3d3f94e56.rlib /opt/rustwide/target/debug/deps/libzerofrom-78de73a1db4e9ec5.rlib /opt/rustwide/target/debug/deps/libform_urlencoded-da07baadaa4a52d9.rlib /opt/rustwide/target/debug/deps/libpercent_encoding-60965446a9af8f63.rlib /opt/rustwide/target/debug/deps/libfloat_cmp-253e62a091b9861c.rlib /opt/rustwide/target/debug/deps/librand-d69e95490ac3e07d.rlib /opt/rustwide/target/debug/deps/librand_chacha-5c477fc7464cc746.rlib /opt/rustwide/target/debug/deps/libppv_lite86-ab86d466baec27fa.rlib /opt/rustwide/target/debug/deps/libzerocopy-04d31f9721d0da51.rlib /opt/rustwide/target/debug/deps/librand_core-947ca62718ea8b54.rlib /opt/rustwide/target/debug/deps/libgetrandom-e6656e2f703a06c2.rlib /opt/rustwide/target/debug/deps/libtokio_rustls-1c4df4ce573e825c.rlib /opt/rustwide/target/debug/deps/libcrossbeam_queue-7c6dbf82c0535e67.rlib /opt/rustwide/target/debug/deps/libcrossbeam_utils-076f45bf81d9c2d2.rlib /opt/rustwide/target/debug/deps/libtokio_util-0a728b0b3dfe5f67.rlib /opt/rustwide/target/debug/deps/libtokio-27b3f5082c733290.rlib /opt/rustwide/target/debug/deps/libsignal_hook_registry-cddd50aee5c69024.rlib /opt/rustwide/target/debug/deps/liberrno-c497d64a4571af83.rlib /opt/rustwide/target/debug/deps/libsocket2-1aadc0729249d3be.rlib /opt/rustwide/target/debug/deps/libmio-fc0f5b7715002b05.rlib /opt/rustwide/target/debug/deps/libparking_lot-e45469444b822e00.rlib /opt/rustwide/target/debug/deps/libparking_lot_core-5e997d9424f63dbf.rlib /opt/rustwide/target/debug/deps/libsmallvec-3281308869c19c4b.rlib /opt/rustwide/target/debug/deps/liblock_api-16d46fed645f7bff.rlib /opt/rustwide/target/debug/deps/libscopeguard-7ec2214574194454.rlib /opt/rustwide/target/debug/deps/libsemver-37f31af02ee76e6e.rlib /opt/rustwide/target/debug/deps/libfutures-a787f6f579d480ed.rlib /opt/rustwide/target/debug/deps/libfutures_executor-4ec809f87ecf377a.rlib /opt/rustwide/target/debug/deps/libfutures_util-32bbefe0e7b8d04a.rlib /opt/rustwide/target/debug/deps/libfutures_io-59d0071c9258d69f.rlib /opt/rustwide/target/debug/deps/libslab-0582d648e59ab406.rlib /opt/rustwide/target/debug/deps/libfutures_channel-385dce17299156c1.rlib /opt/rustwide/target/debug/deps/libfutures_sink-ae1eb2d060de53a2.rlib /opt/rustwide/target/debug/deps/libfutures_task-e09ab7898221cb97.rlib /opt/rustwide/target/debug/deps/libpin_utils-3860774ad9b215b5.rlib /opt/rustwide/target/debug/deps/libfutures_core-3b920243fce8fec0.rlib /opt/rustwide/target/debug/deps/libredis_protocol-3b7daaebdad7a4fa.rlib /opt/rustwide/target/debug/deps/libcrc16-73e2cab9b3072994.rlib /opt/rustwide/target/debug/deps/libnom-e3768c88045296be.rlib /opt/rustwide/target/debug/deps/libmemchr-9be7e24c0cc6f173.rlib /opt/rustwide/target/debug/deps/libcookie_factory-74245ac03cb4c37a.rlib /opt/rustwide/target/debug/deps/libtracing_futures-7424118e106d7c42.rlib /opt/rustwide/target/debug/deps/libpin_project-7da0b28bd8d8abe7.rlib /opt/rustwide/target/debug/deps/libtracing-7f0cfbc2cf80e4a6.rlib /opt/rustwide/target/debug/deps/libpin_project_lite-72bf04572caa1c84.rlib /opt/rustwide/target/debug/deps/libtracing_core-4cc82aeb094c2c39.rlib /opt/rustwide/target/debug/deps/libsocket2-06a5fcec9781c77c.rlib /opt/rustwide/target/debug/deps/librustls_native_certs-745c8a286af8228d.rlib /opt/rustwide/target/debug/deps/librustls_pemfile-704b86c13aeb56e7.rlib /opt/rustwide/target/debug/deps/libopenssl_probe-2c6d21a9709cae46.rlib /opt/rustwide/target/debug/deps/librustls-1bf9c8c8bc897998.rlib /opt/rustwide/target/debug/deps/libsubtle-2ae6a7038b9a0630.rlib /opt/rustwide/target/debug/deps/libwebpki-eead8de6addedabd.rlib /opt/rustwide/target/debug/deps/libuntrusted-b2f816886faf2178.rlib /opt/rustwide/target/debug/deps/libaws_lc_rs-8b6df616d49700f3.rlib /opt/rustwide/target/debug/deps/libaws_lc_sys-07b892a0f2cde8c6.rlib /opt/rustwide/target/debug/deps/librustls_pki_types-a1ff9279e609de76.rlib /opt/rustwide/target/debug/deps/libzeroize-7f213bea776ca5b6.rlib /opt/rustwide/target/debug/deps/libbytes_utils-8c76400078871503.rlib /opt/rustwide/target/debug/deps/libeither-40b894c145b6eae5.rlib /opt/rustwide/target/debug/deps/libbytes-2ed9460101f17bbf.rlib /opt/rustwide/target/debug/deps/liblog-b262261d47bd2eba.rlib /opt/rustwide/target/debug/deps/libuuid-fb0ae6aa5c69ff6a.rlib /opt/rustwide/target/debug/deps/libgetrandom-0baa87726cbcc5d3.rlib /opt/rustwide/target/debug/deps/liblibc-11f5a30dc24875fb.rlib /opt/rustwide/target/debug/deps/libcfg_if-83060ec5685761ae.rlib /opt/rustwide/target/debug/deps/libchrono-47e3b679d4ad6f1f.rlib /opt/rustwide/target/debug/deps/libiana_time_zone-bcd81aefedc374a6.rlib /opt/rustwide/target/debug/deps/libnum_traits-78e6e49ea324715f.rlib /opt/rustwide/target/debug/deps/libserde-ffeaf1421f80d7b3.rlib /opt/rustwide/target/debug/deps/libserde_core-2c928ee17a7447a4.rlib /opt/rustwide/target/debug/deps/libonce_cell-e9252a7b5119f3eb.rlib /opt/rustwide/rustup-home/toolchains/1.99.0-beta.8-x86_64-unknown-linux-gnu/lib/rustlib/x86_64-unknown-linux-gnu/lib/libstd-3ebd33b08985d8a2.rlib /opt/rustwide/rustup-home/toolchains/1.99.0-beta.8-x86_64-unknown-linux-gnu/lib/rustlib/x86_64-unknown-linux-gnu/lib/libpanic_unwind-ee94a8748d855199.rlib /opt/rustwide/rustup-home/toolchains/1.99.0-beta.8-x86_64-unknown-linux-gnu/lib/rustlib/x86_64-unknown-linux-gnu/lib/libobject-48f6014f6e470ea8.rlib /opt/rustwide/rustup-home/toolchains/1.99.0-beta.8-x86_64-unknown-linux-gnu/lib/rustlib/x86_64-unknown-linux-gnu/lib/libmemchr-bc4971ec1ed6b73b.rlib /opt/rustwide/rustup-home/toolchains/1.99.0-beta.8-x86_64-unknown-linux-gnu/lib/rustlib/x86_64-unknown-linux-gnu/lib/libaddr2line-420c96beae03154c.rlib /opt/rustwide/rustup-home/toolchains/1.99.0-beta.8-x86_64-unknown-linux-gnu/lib/rustlib/x86_64-unknown-linux-gnu/lib/libgimli-e02043aa73248656.rlib /opt/rustwide/rustup-home/toolchains/1.99.0-beta.8-x86_64-unknown-linux-gnu/lib/rustlib/x86_64-unknown-linux-gnu/lib/libcfg_if-ef8878829df7d13e.rlib /opt/rustwide/rustup-home/toolchains/1.99.0-beta.8-x86_64-unknown-linux-gnu/lib/rustlib/x86_64-unknown-linux-gnu/lib/librustc_demangle-46d5b98fe57b67a4.rlib /opt/rustwide/rustup-home/toolchains/1.99.0-beta.8-x86_64-unknown-linux-gnu/lib/rustlib/x86_64-unknown-linux-gnu/lib/libstd_detect-7e90a864d661bf92.rlib /opt/rustwide/rustup-home/toolchains/1.99.0-beta.8-x86_64-unknown-linux-gnu/lib/rustlib/x86_64-unknown-linux-gnu/lib/libhashbrown-1b8be31f2262d6f1.rlib /opt/rustwide/rustup-home/toolchains/1.99.0-beta.8-x86_64-unknown-linux-gnu/lib/rustlib/x86_64-unknown-linux-gnu/lib/librustc_std_workspace_alloc-06767a805a6578d8.rlib /opt/rustwide/rustup-home/toolchains/1.99.0-beta.8-x86_64-unknown-linux-gnu/lib/rustlib/x86_64-unknown-linux-gnu/lib/libminiz_oxide-41995013f8652742.rlib /opt/rustwide/rustup-home/toolchains/1.99.0-beta.8-x86_64-unknown-linux-gnu/lib/rustlib/x86_64-unknown-linux-gnu/lib/libadler2-5b138e32728394ad.rlib /opt/rustwide/rustup-home/toolchains/1.99.0-beta.8-x86_64-unknown-linux-gnu/lib/rustlib/x86_64-unknown-linux-gnu/lib/libunwind-0b59bbdaeb118267.rlib /opt/rustwide/rustup-home/toolchains/1.99.0-beta.8-x86_64-unknown-linux-gnu/lib/rustlib/x86_64-unknown-linux-gnu/lib/liblibc-575068988eda05a6.rlib /opt/rustwide/rustup-home/toolchains/1.99.0-beta.8-x86_64-unknown-linux-gnu/lib/rustlib/x86_64-unknown-linux-gnu/lib/librustc_std_workspace_core-cb1d6eda42690dfa.rlib /opt/rustwide/rustup-home/toolchains/1.99.0-beta.8-x86_64-unknown-linux-gnu/lib/rustlib/x86_64-unknown-linux-gnu/lib/liballoc-289b6c89968708eb.rlib /opt/rustwide/rustup-home/toolchains/1.99.0-beta.8-x86_64-unknown-linux-gnu/lib/rustlib/x86_64-unknown-linux-gnu/lib/libcore-c7c41120a6de2743.rlib /opt/rustwide/rustup-home/toolchains/1.99.0-beta.8-x86_64-unknown-linux-gnu/lib/rustlib/x86_64-unknown-linux-gnu/lib/libcompiler_builtins-e4b7aee5107220ad.rlib -Bdynamic -lgcc_s -lutil -lrt -lpthread -lm -ldl -lc --eh-frame-hdr -z noexecstack --gc-sections -z relro -z now /usr/lib/gcc/x86_64-linux-gnu/15/crtendS.o /usr/lib/gcc/x86_64-linux-gnu/15/../../../x86_64-linux-gnu/crtn.o
[INFO] [stdout]            #0 0x00007a33ae93a41a llvm::sys::PrintStackTrace(llvm::raw_ostream&, int) (/opt/rustwide/rustup-home/toolchains/1.99.0-beta.8-x86_64-unknown-linux-gnu/lib/libLLVM.so.23.1-rust-1.99.0-beta+0x633a41a)
[INFO] [stdout]            #1 0x00007a33ae93ad9d SignalHandler(int, siginfo_t*, void*) (/opt/rustwide/rustup-home/toolchains/1.99.0-beta.8-x86_64-unknown-linux-gnu/lib/libLLVM.so.23.1-rust-1.99.0-beta+0x633ad9d)
[INFO] [stdout]            #2 0x00007a33a8424cb0 (/usr/lib/x86_64-linux-gnu/libc.so.6+0x45cb0)
[INFO] [stdout]            #3 0x0000587440e60b44 void lld::elf::writeResult<llvm::object::ELFType<(llvm::endianness)1, true>>(lld::elf::Ctx&) (/opt/rustwide/rustup-home/toolchains/1.99.0-beta.8-x86_64-unknown-linux-gnu/lib/rustlib/x86_64-unknown-linux-gnu/bin/rust-lld+0x5aeb44)
[INFO] [stdout]            #4 0x0000587440c428c4 void lld::elf::LinkerDriver::link<llvm::object::ELFType<(llvm::endianness)1, true>>(llvm::opt::InputArgList&) Driver.cpp:0:0
[INFO] [stdout]            #5 0x0000587440c1ea19 lld::elf::LinkerDriver::linkerMain(llvm::ArrayRef<char const*>) Driver.cpp:0:0
[INFO] [stdout]            #6 0x0000587440c19829 lld::elf::link(llvm::ArrayRef<char const*>, llvm::raw_ostream&, llvm::raw_ostream&, bool, bool) (/opt/rustwide/rustup-home/toolchains/1.99.0-beta.8-x86_64-unknown-linux-gnu/lib/rustlib/x86_64-unknown-linux-gnu/bin/rust-lld+0x367829)
[INFO] [stdout]            #7 0x0000587440b22895 lld::unsafeLldMain(llvm::ArrayRef<char const*>, llvm::raw_ostream&, llvm::raw_ostream&, llvm::ArrayRef<lld::DriverDef>, bool) (/opt/rustwide/rustup-home/toolchains/1.99.0-beta.8-x86_64-unknown-linux-gnu/lib/rustlib/x86_64-unknown-linux-gnu/bin/rust-lld+0x270895)
[INFO] [stdout]            #8 0x0000587440b21ac2 lld_main(int, char**, llvm::ToolContext const&) (/opt/rustwide/rustup-home/toolchains/1.99.0-beta.8-x86_64-unknown-linux-gnu/lib/rustlib/x86_64-unknown-linux-gnu/bin/rust-lld+0x26fac2)
[INFO] [stdout]            #9 0x0000587440b22034 main (/opt/rustwide/rustup-home/toolchains/1.99.0-beta.8-x86_64-unknown-linux-gnu/lib/rustlib/x86_64-unknown-linux-gnu/bin/rust-lld+0x270034)
[INFO] [stdout]           #10 0x00007a33a8409601 (/usr/lib/x86_64-linux-gnu/libc.so.6+0x2a601)
[INFO] [stdout]           #11 0x00007a33a8409718 __libc_start_main (/usr/lib/x86_64-linux-gnu/libc.so.6+0x2a718)
[INFO] [stdout]           #12 0x00005874409a47e9 _start (/opt/rustwide/rustup-home/toolchains/1.99.0-beta.8-x86_64-unknown-linux-gnu/lib/rustlib/x86_64-unknown-linux-gnu/bin/rust-lld+0xf27e9)
[INFO] [stdout]           collect2: fatal error: ld terminated with signal 7 [Bus error]
[INFO] [stdout]           compilation terminated.
[INFO] [stdout]           
[INFO] [stdout] 
[INFO] [stdout] error: aborting due to 1 previous error
[INFO] [stdout] 
[INFO] [stdout] Couldn't compile the test.
[INFO] [stdout] ---- src/processor/context.rs - processor::context::HandlerContext::report_progress (line 112) stdout ----
[INFO] [stdout] error: linking with `cc` failed: exit status: 1
[INFO] [stdout]   |
[INFO] [stdout]   = note:  "cc" "-m64" "/tmp/rustdoctest3ud4S4/rustcqxOkHj/symbols.o" "<2 object files omitted>" "-Wl,--as-needed" "-Wl,-Bstatic" "/opt/rustwide/target/debug/deps/{librediq-45856d2fd56a7e79,libserde_json-8949eeb1fc7bc247,libitoa-f3a70a1441f7f89b,libzmij-8eb72cbe5f9b9b4e,libmetrics-4dbfffe2873148db,libahash-afc77f98c8b327c5,libprometheus-892324e6d19e19de,liblazy_static-3674be3f4245d19b,libthiserror-8a86cca5b77c02eb,libprotobuf-8e4b5494c5699b60,libfnv-79e2cbfbe03dcd16,libcron-a2e07e5f5df5daed,librmp_serde-83a954c62d64f3d9,librmp-a28e5c037ab2ff3a,libfred-0c7df2141b8624bc,libtokio_stream-e5a8871a7c90bba9,libarc_swap-cf16fad1af8ce71f,liburlencoding-061758bc6028ea3e,liburl-6a9f7053cb6a70e4,libidna-00ea14da8f195e90,libutf8_iter-51566bbad89f3a68,libidna_adapter-cc346a7d5cb86e3b,libicu_properties-9e783979a4ed6b22,libicu_properties_data-b217809bf575558a,libicu_normalizer-3b0bedb96e1bcb9f,libicu_normalizer_data-ab8997d7cbbb3306,libicu_collections-f4e4b27b282bf2ea,libpotential_utf-d49ac0295d644830,libicu_provider-1f076e8705134fa0,libicu_locale_core-a0bd9ea29639d79d,libtinystr-398a451cf06f7a7d,liblitemap-cd9b5b2aa04e2018,libwriteable-4f74a67d38fff78e,libzerovec-c9439729e2c87f42,libzerotrie-20f438aceb326c6d,libyoke-c0bb06f8550416fb,libstable_deref_trait-63cbf3f3d3f94e56,libzerofrom-78de73a1db4e9ec5,libform_urlencoded-da07baadaa4a52d9,libpercent_encoding-60965446a9af8f63,libfloat_cmp-253e62a091b9861c,librand-d69e95490ac3e07d,librand_chacha-5c477fc7464cc746,libppv_lite86-ab86d466baec27fa,libzerocopy-04d31f9721d0da51,librand_core-947ca62718ea8b54,libgetrandom-e6656e2f703a06c2,libtokio_rustls-1c4df4ce573e825c,libcrossbeam_queue-7c6dbf82c0535e67,libcrossbeam_utils-076f45bf81d9c2d2,libtokio_util-0a728b0b3dfe5f67,libtokio-27b3f5082c733290,libsignal_hook_registry-cddd50aee5c69024,liberrno-c497d64a4571af83,libsocket2-1aadc0729249d3be,libmio-fc0f5b7715002b05,libparking_lot-e45469444b822e00,libparking_lot_core-5e997d9424f63dbf,libsmallvec-3281308869c19c4b,liblock_api-16d46fed645f7bff,libscopeguard-7ec2214574194454,libsemver-37f31af02ee76e6e,libfutures-a787f6f579d480ed,libfutures_executor-4ec809f87ecf377a,libfutures_util-32bbefe0e7b8d04a,libfutures_io-59d0071c9258d69f,libslab-0582d648e59ab406,libfutures_channel-385dce17299156c1,libfutures_sink-ae1eb2d060de53a2,libfutures_task-e09ab7898221cb97,libpin_utils-3860774ad9b215b5,libfutures_core-3b920243fce8fec0,libredis_protocol-3b7daaebdad7a4fa,libcrc16-73e2cab9b3072994,libnom-e3768c88045296be,libmemchr-9be7e24c0cc6f173,libcookie_factory-74245ac03cb4c37a,libtracing_futures-7424118e106d7c42,libpin_project-7da0b28bd8d8abe7,libtracing-7f0cfbc2cf80e4a6,libpin_project_lite-72bf04572caa1c84,libtracing_core-4cc82aeb094c2c39,libsocket2-06a5fcec9781c77c,librustls_native_certs-745c8a286af8228d,librustls_pemfile-704b86c13aeb56e7,libopenssl_probe-2c6d21a9709cae46,librustls-1bf9c8c8bc897998,libsubtle-2ae6a7038b9a0630,libwebpki-eead8de6addedabd,libuntrusted-b2f816886faf2178,libaws_lc_rs-8b6df616d49700f3,libaws_lc_sys-07b892a0f2cde8c6,librustls_pki_types-a1ff9279e609de76,libzeroize-7f213bea776ca5b6,libbytes_utils-8c76400078871503,libeither-40b894c145b6eae5,libbytes-2ed9460101f17bbf,liblog-b262261d47bd2eba,libuuid-fb0ae6aa5c69ff6a,libgetrandom-0baa87726cbcc5d3,liblibc-11f5a30dc24875fb,libcfg_if-83060ec5685761ae,libchrono-47e3b679d4ad6f1f,libiana_time_zone-bcd81aefedc374a6,libnum_traits-78e6e49ea324715f,libserde-ffeaf1421f80d7b3,libserde_core-2c928ee17a7447a4,libonce_cell-e9252a7b5119f3eb}.rlib" "<sysroot>/lib/rustlib/x86_64-unknown-linux-gnu/lib/{libstd-*,libpanic_unwind-*,libobject-*,libmemchr-*,libaddr2line-*,libgimli-*,libcfg_if-*,librustc_demangle-*,libstd_detect-*,libhashbrown-*,librustc_std_workspace_alloc-*,libminiz_oxide-*,libadler2-*,libunwind-*,liblibc-*,librustc_std_workspace_core-*,liballoc-*,libcore-*,libcompiler_builtins-*}.rlib" "-Wl,-Bdynamic" "-lgcc_s" "-lutil" "-lrt" "-lpthread" "-lm" "-ldl" "-lc" "-L" "/tmp/rustdoctest3ud4S4/rustcqxOkHj/raw-dylibs" "-B<sysroot>/lib/rustlib/x86_64-unknown-linux-gnu/bin/gcc-ld" "-fuse-ld=lld" "-Wl,--eh-frame-hdr" "-Wl,-z,noexecstack" "-L" "/opt/rustwide/target/debug/build/aws-lc-sys-a01743999e8e0ce1/out" "-L" "<sysroot>/lib/rustlib/x86_64-unknown-linux-gnu/lib" "-o" "/tmp/rustdoctest3ud4S4/rust_out" "-Wl,--gc-sections" "-pie" "-Wl,-z,relro,-z,now" "-nodefaultlibs"
[INFO] [stdout]   = note: some arguments are omitted. use `--verbose` to show all linker arguments
[INFO] [stdout]   = note: collect2: fatal error: ld terminated with signal 7 [Bus error], core dumped
[INFO] [stdout]           compilation terminated.
[INFO] [stdout]           
[INFO] [stdout] 
[INFO] [stdout] error: aborting due to 1 previous error
[INFO] [stdout] 
[INFO] [stdout] Couldn't compile the test.
[INFO] [stdout] ---- src/server/config.rs - server::config::ServerBuilder::pool_size (line 288) stdout ----
[INFO] [stdout] error: linking with `cc` failed: exit status: 1
[INFO] [stdout]   |
[INFO] [stdout]   = note:  "cc" "-m64" "/tmp/rustdoctesttkYaBc/rustcVdOpw8/symbols.o" "<2 object files omitted>" "-Wl,--as-needed" "-Wl,-Bstatic" "/opt/rustwide/target/debug/deps/{librediq-45856d2fd56a7e79,libserde_json-8949eeb1fc7bc247,libitoa-f3a70a1441f7f89b,libzmij-8eb72cbe5f9b9b4e,libmetrics-4dbfffe2873148db,libahash-afc77f98c8b327c5,libprometheus-892324e6d19e19de,liblazy_static-3674be3f4245d19b,libthiserror-8a86cca5b77c02eb,libprotobuf-8e4b5494c5699b60,libfnv-79e2cbfbe03dcd16,libcron-a2e07e5f5df5daed,librmp_serde-83a954c62d64f3d9,librmp-a28e5c037ab2ff3a,libfred-0c7df2141b8624bc,libtokio_stream-e5a8871a7c90bba9,libarc_swap-cf16fad1af8ce71f,liburlencoding-061758bc6028ea3e,liburl-6a9f7053cb6a70e4,libidna-00ea14da8f195e90,libutf8_iter-51566bbad89f3a68,libidna_adapter-cc346a7d5cb86e3b,libicu_properties-9e783979a4ed6b22,libicu_properties_data-b217809bf575558a,libicu_normalizer-3b0bedb96e1bcb9f,libicu_normalizer_data-ab8997d7cbbb3306,libicu_collections-f4e4b27b282bf2ea,libpotential_utf-d49ac0295d644830,libicu_provider-1f076e8705134fa0,libicu_locale_core-a0bd9ea29639d79d,libtinystr-398a451cf06f7a7d,liblitemap-cd9b5b2aa04e2018,libwriteable-4f74a67d38fff78e,libzerovec-c9439729e2c87f42,libzerotrie-20f438aceb326c6d,libyoke-c0bb06f8550416fb,libstable_deref_trait-63cbf3f3d3f94e56,libzerofrom-78de73a1db4e9ec5,libform_urlencoded-da07baadaa4a52d9,libpercent_encoding-60965446a9af8f63,libfloat_cmp-253e62a091b9861c,librand-d69e95490ac3e07d,librand_chacha-5c477fc7464cc746,libppv_lite86-ab86d466baec27fa,libzerocopy-04d31f9721d0da51,librand_core-947ca62718ea8b54,libgetrandom-e6656e2f703a06c2,libtokio_rustls-1c4df4ce573e825c,libcrossbeam_queue-7c6dbf82c0535e67,libcrossbeam_utils-076f45bf81d9c2d2,libtokio_util-0a728b0b3dfe5f67,libtokio-27b3f5082c733290,libsignal_hook_registry-cddd50aee5c69024,liberrno-c497d64a4571af83,libsocket2-1aadc0729249d3be,libmio-fc0f5b7715002b05,libparking_lot-e45469444b822e00,libparking_lot_core-5e997d9424f63dbf,libsmallvec-3281308869c19c4b,liblock_api-16d46fed645f7bff,libscopeguard-7ec2214574194454,libsemver-37f31af02ee76e6e,libfutures-a787f6f579d480ed,libfutures_executor-4ec809f87ecf377a,libfutures_util-32bbefe0e7b8d04a,libfutures_io-59d0071c9258d69f,libslab-0582d648e59ab406,libfutures_channel-385dce17299156c1,libfutures_sink-ae1eb2d060de53a2,libfutures_task-e09ab7898221cb97,libpin_utils-3860774ad9b215b5,libfutures_core-3b920243fce8fec0,libredis_protocol-3b7daaebdad7a4fa,libcrc16-73e2cab9b3072994,libnom-e3768c88045296be,libmemchr-9be7e24c0cc6f173,libcookie_factory-74245ac03cb4c37a,libtracing_futures-7424118e106d7c42,libpin_project-7da0b28bd8d8abe7,libtracing-7f0cfbc2cf80e4a6,libpin_project_lite-72bf04572caa1c84,libtracing_core-4cc82aeb094c2c39,libsocket2-06a5fcec9781c77c,librustls_native_certs-745c8a286af8228d,librustls_pemfile-704b86c13aeb56e7,libopenssl_probe-2c6d21a9709cae46,librustls-1bf9c8c8bc897998,libsubtle-2ae6a7038b9a0630,libwebpki-eead8de6addedabd,libuntrusted-b2f816886faf2178,libaws_lc_rs-8b6df616d49700f3,libaws_lc_sys-07b892a0f2cde8c6,librustls_pki_types-a1ff9279e609de76,libzeroize-7f213bea776ca5b6,libbytes_utils-8c76400078871503,libeither-40b894c145b6eae5,libbytes-2ed9460101f17bbf,liblog-b262261d47bd2eba,libuuid-fb0ae6aa5c69ff6a,libgetrandom-0baa87726cbcc5d3,liblibc-11f5a30dc24875fb,libcfg_if-83060ec5685761ae,libchrono-47e3b679d4ad6f1f,libiana_time_zone-bcd81aefedc374a6,libnum_traits-78e6e49ea324715f,libserde-ffeaf1421f80d7b3,libserde_core-2c928ee17a7447a4,libonce_cell-e9252a7b5119f3eb}.rlib" "<sysroot>/lib/rustlib/x86_64-unknown-linux-gnu/lib/{libstd-*,libpanic_unwind-*,libobject-*,libmemchr-*,libaddr2line-*,libgimli-*,libcfg_if-*,librustc_demangle-*,libstd_detect-*,libhashbrown-*,librustc_std_workspace_alloc-*,libminiz_oxide-*,libadler2-*,libunwind-*,liblibc-*,librustc_std_workspace_core-*,liballoc-*,libcore-*,libcompiler_builtins-*}.rlib" "-Wl,-Bdynamic" "-lgcc_s" "-lutil" "-lrt" "-lpthread" "-lm" "-ldl" "-lc" "-L" "/tmp/rustdoctesttkYaBc/rustcVdOpw8/raw-dylibs" "-B<sysroot>/lib/rustlib/x86_64-unknown-linux-gnu/bin/gcc-ld" "-fuse-ld=lld" "-Wl,--eh-frame-hdr" "-Wl,-z,noexecstack" "-L" "/opt/rustwide/target/debug/build/aws-lc-sys-a01743999e8e0ce1/out" "-L" "<sysroot>/lib/rustlib/x86_64-unknown-linux-gnu/lib" "-o" "/tmp/rustdoctesttkYaBc/rust_out" "-Wl,--gc-sections" "-pie" "-Wl,-z,relro,-z,now" "-nodefaultlibs"
[INFO] [stdout]   = note: some arguments are omitted. use `--verbose` to show all linker arguments
[INFO] [stdout]   = note: collect2: fatal error: ld terminated with signal 7 [Bus error], core dumped
[INFO] [stdout]           compilation terminated.
[INFO] [stdout]           
[INFO] [stdout] 
[INFO] [stdout] error: aborting due to 1 previous error
[INFO] [stdout] 
[INFO] [stdout] Couldn't compile the test.
[INFO] [stdout] ---- src/server/config.rs - server::config::ServerBuilder::janitor_config (line 351) stdout ----
[INFO] [stdout] error: linking with `cc` failed: exit status: 1
[INFO] [stdout]   |
[INFO] [stdout]   = note:  "cc" "-m64" "/tmp/rustdoctestdnx0Bl/rustc37u2rY/symbols.o" "<2 object files omitted>" "-Wl,--as-needed" "-Wl,-Bstatic" "/opt/rustwide/target/debug/deps/{librediq-45856d2fd56a7e79,libserde_json-8949eeb1fc7bc247,libitoa-f3a70a1441f7f89b,libzmij-8eb72cbe5f9b9b4e,libmetrics-4dbfffe2873148db,libahash-afc77f98c8b327c5,libprometheus-892324e6d19e19de,liblazy_static-3674be3f4245d19b,libthiserror-8a86cca5b77c02eb,libprotobuf-8e4b5494c5699b60,libfnv-79e2cbfbe03dcd16,libcron-a2e07e5f5df5daed,librmp_serde-83a954c62d64f3d9,librmp-a28e5c037ab2ff3a,libfred-0c7df2141b8624bc,libtokio_stream-e5a8871a7c90bba9,libarc_swap-cf16fad1af8ce71f,liburlencoding-061758bc6028ea3e,liburl-6a9f7053cb6a70e4,libidna-00ea14da8f195e90,libutf8_iter-51566bbad89f3a68,libidna_adapter-cc346a7d5cb86e3b,libicu_properties-9e783979a4ed6b22,libicu_properties_data-b217809bf575558a,libicu_normalizer-3b0bedb96e1bcb9f,libicu_normalizer_data-ab8997d7cbbb3306,libicu_collections-f4e4b27b282bf2ea,libpotential_utf-d49ac0295d644830,libicu_provider-1f076e8705134fa0,libicu_locale_core-a0bd9ea29639d79d,libtinystr-398a451cf06f7a7d,liblitemap-cd9b5b2aa04e2018,libwriteable-4f74a67d38fff78e,libzerovec-c9439729e2c87f42,libzerotrie-20f438aceb326c6d,libyoke-c0bb06f8550416fb,libstable_deref_trait-63cbf3f3d3f94e56,libzerofrom-78de73a1db4e9ec5,libform_urlencoded-da07baadaa4a52d9,libpercent_encoding-60965446a9af8f63,libfloat_cmp-253e62a091b9861c,librand-d69e95490ac3e07d,librand_chacha-5c477fc7464cc746,libppv_lite86-ab86d466baec27fa,libzerocopy-04d31f9721d0da51,librand_core-947ca62718ea8b54,libgetrandom-e6656e2f703a06c2,libtokio_rustls-1c4df4ce573e825c,libcrossbeam_queue-7c6dbf82c0535e67,libcrossbeam_utils-076f45bf81d9c2d2,libtokio_util-0a728b0b3dfe5f67,libtokio-27b3f5082c733290,libsignal_hook_registry-cddd50aee5c69024,liberrno-c497d64a4571af83,libsocket2-1aadc0729249d3be,libmio-fc0f5b7715002b05,libparking_lot-e45469444b822e00,libparking_lot_core-5e997d9424f63dbf,libsmallvec-3281308869c19c4b,liblock_api-16d46fed645f7bff,libscopeguard-7ec2214574194454,libsemver-37f31af02ee76e6e,libfutures-a787f6f579d480ed,libfutures_executor-4ec809f87ecf377a,libfutures_util-32bbefe0e7b8d04a,libfutures_io-59d0071c9258d69f,libslab-0582d648e59ab406,libfutures_channel-385dce17299156c1,libfutures_sink-ae1eb2d060de53a2,libfutures_task-e09ab7898221cb97,libpin_utils-3860774ad9b215b5,libfutures_core-3b920243fce8fec0,libredis_protocol-3b7daaebdad7a4fa,libcrc16-73e2cab9b3072994,libnom-e3768c88045296be,libmemchr-9be7e24c0cc6f173,libcookie_factory-74245ac03cb4c37a,libtracing_futures-7424118e106d7c42,libpin_project-7da0b28bd8d8abe7,libtracing-7f0cfbc2cf80e4a6,libpin_project_lite-72bf04572caa1c84,libtracing_core-4cc82aeb094c2c39,libsocket2-06a5fcec9781c77c,librustls_native_certs-745c8a286af8228d,librustls_pemfile-704b86c13aeb56e7,libopenssl_probe-2c6d21a9709cae46,librustls-1bf9c8c8bc897998,libsubtle-2ae6a7038b9a0630,libwebpki-eead8de6addedabd,libuntrusted-b2f816886faf2178,libaws_lc_rs-8b6df616d49700f3,libaws_lc_sys-07b892a0f2cde8c6,librustls_pki_types-a1ff9279e609de76,libzeroize-7f213bea776ca5b6,libbytes_utils-8c76400078871503,libeither-40b894c145b6eae5,libbytes-2ed9460101f17bbf,liblog-b262261d47bd2eba,libuuid-fb0ae6aa5c69ff6a,libgetrandom-0baa87726cbcc5d3,liblibc-11f5a30dc24875fb,libcfg_if-83060ec5685761ae,libchrono-47e3b679d4ad6f1f,libiana_time_zone-bcd81aefedc374a6,libnum_traits-78e6e49ea324715f,libserde-ffeaf1421f80d7b3,libserde_core-2c928ee17a7447a4,libonce_cell-e9252a7b5119f3eb}.rlib" "<sysroot>/lib/rustlib/x86_64-unknown-linux-gnu/lib/{libstd-*,libpanic_unwind-*,libobject-*,libmemchr-*,libaddr2line-*,libgimli-*,libcfg_if-*,librustc_demangle-*,libstd_detect-*,libhashbrown-*,librustc_std_workspace_alloc-*,libminiz_oxide-*,libadler2-*,libunwind-*,liblibc-*,librustc_std_workspace_core-*,liballoc-*,libcore-*,libcompiler_builtins-*}.rlib" "-Wl,-Bdynamic" "-lgcc_s" "-lutil" "-lrt" "-lpthread" "-lm" "-ldl" "-lc" "-L" "/tmp/rustdoctestdnx0Bl/rustc37u2rY/raw-dylibs" "-B<sysroot>/lib/rustlib/x86_64-unknown-linux-gnu/bin/gcc-ld" "-fuse-ld=lld" "-Wl,--eh-frame-hdr" "-Wl,-z,noexecstack" "-L" "/opt/rustwide/target/debug/build/aws-lc-sys-a01743999e8e0ce1/out" "-L" "<sysroot>/lib/rustlib/x86_64-unknown-linux-gnu/lib" "-o" "/tmp/rustdoctestdnx0Bl/rust_out" "-Wl,--gc-sections" "-pie" "-Wl,-z,relro,-z,now" "-nodefaultlibs"
[INFO] [stdout]   = note: some arguments are omitted. use `--verbose` to show all linker arguments
[INFO] [stdout]   = note: collect2: fatal error: ld terminated with signal 7 [Bus error], core dumped
[INFO] [stdout]           compilation terminated.
[INFO] [stdout]           
[INFO] [stdout] 
[INFO] [stdout] error: aborting due to 1 previous error
[INFO] [stdout] 
[INFO] [stdout] Couldn't compile the test.
[INFO] [stdout] ---- src/server/config.rs - server::config::ServerBuilder::aggregator_config (line 331) stdout ----
[INFO] [stdout] error: linking with `cc` failed: exit status: 1
[INFO] [stdout]   |
[INFO] [stdout]   = note:  "cc" "-m64" "/tmp/rustdoctestNydfE0/rustccvNcZu/symbols.o" "<2 object files omitted>" "-Wl,--as-needed" "-Wl,-Bstatic" "/opt/rustwide/target/debug/deps/{librediq-45856d2fd56a7e79,libserde_json-8949eeb1fc7bc247,libitoa-f3a70a1441f7f89b,libzmij-8eb72cbe5f9b9b4e,libmetrics-4dbfffe2873148db,libahash-afc77f98c8b327c5,libprometheus-892324e6d19e19de,liblazy_static-3674be3f4245d19b,libthiserror-8a86cca5b77c02eb,libprotobuf-8e4b5494c5699b60,libfnv-79e2cbfbe03dcd16,libcron-a2e07e5f5df5daed,librmp_serde-83a954c62d64f3d9,librmp-a28e5c037ab2ff3a,libfred-0c7df2141b8624bc,libtokio_stream-e5a8871a7c90bba9,libarc_swap-cf16fad1af8ce71f,liburlencoding-061758bc6028ea3e,liburl-6a9f7053cb6a70e4,libidna-00ea14da8f195e90,libutf8_iter-51566bbad89f3a68,libidna_adapter-cc346a7d5cb86e3b,libicu_properties-9e783979a4ed6b22,libicu_properties_data-b217809bf575558a,libicu_normalizer-3b0bedb96e1bcb9f,libicu_normalizer_data-ab8997d7cbbb3306,libicu_collections-f4e4b27b282bf2ea,libpotential_utf-d49ac0295d644830,libicu_provider-1f076e8705134fa0,libicu_locale_core-a0bd9ea29639d79d,libtinystr-398a451cf06f7a7d,liblitemap-cd9b5b2aa04e2018,libwriteable-4f74a67d38fff78e,libzerovec-c9439729e2c87f42,libzerotrie-20f438aceb326c6d,libyoke-c0bb06f8550416fb,libstable_deref_trait-63cbf3f3d3f94e56,libzerofrom-78de73a1db4e9ec5,libform_urlencoded-da07baadaa4a52d9,libpercent_encoding-60965446a9af8f63,libfloat_cmp-253e62a091b9861c,librand-d69e95490ac3e07d,librand_chacha-5c477fc7464cc746,libppv_lite86-ab86d466baec27fa,libzerocopy-04d31f9721d0da51,librand_core-947ca62718ea8b54,libgetrandom-e6656e2f703a06c2,libtokio_rustls-1c4df4ce573e825c,libcrossbeam_queue-7c6dbf82c0535e67,libcrossbeam_utils-076f45bf81d9c2d2,libtokio_util-0a728b0b3dfe5f67,libtokio-27b3f5082c733290,libsignal_hook_registry-cddd50aee5c69024,liberrno-c497d64a4571af83,libsocket2-1aadc0729249d3be,libmio-fc0f5b7715002b05,libparking_lot-e45469444b822e00,libparking_lot_core-5e997d9424f63dbf,libsmallvec-3281308869c19c4b,liblock_api-16d46fed645f7bff,libscopeguard-7ec2214574194454,libsemver-37f31af02ee76e6e,libfutures-a787f6f579d480ed,libfutures_executor-4ec809f87ecf377a,libfutures_util-32bbefe0e7b8d04a,libfutures_io-59d0071c9258d69f,libslab-0582d648e59ab406,libfutures_channel-385dce17299156c1,libfutures_sink-ae1eb2d060de53a2,libfutures_task-e09ab7898221cb97,libpin_utils-3860774ad9b215b5,libfutures_core-3b920243fce8fec0,libredis_protocol-3b7daaebdad7a4fa,libcrc16-73e2cab9b3072994,libnom-e3768c88045296be,libmemchr-9be7e24c0cc6f173,libcookie_factory-74245ac03cb4c37a,libtracing_futures-7424118e106d7c42,libpin_project-7da0b28bd8d8abe7,libtracing-7f0cfbc2cf80e4a6,libpin_project_lite-72bf04572caa1c84,libtracing_core-4cc82aeb094c2c39,libsocket2-06a5fcec9781c77c,librustls_native_certs-745c8a286af8228d,librustls_pemfile-704b86c13aeb56e7,libopenssl_probe-2c6d21a9709cae46,librustls-1bf9c8c8bc897998,libsubtle-2ae6a7038b9a0630,libwebpki-eead8de6addedabd,libuntrusted-b2f816886faf2178,libaws_lc_rs-8b6df616d49700f3,libaws_lc_sys-07b892a0f2cde8c6,librustls_pki_types-a1ff9279e609de76,libzeroize-7f213bea776ca5b6,libbytes_utils-8c76400078871503,libeither-40b894c145b6eae5,libbytes-2ed9460101f17bbf,liblog-b262261d47bd2eba,libuuid-fb0ae6aa5c69ff6a,libgetrandom-0baa87726cbcc5d3,liblibc-11f5a30dc24875fb,libcfg_if-83060ec5685761ae,libchrono-47e3b679d4ad6f1f,libiana_time_zone-bcd81aefedc374a6,libnum_traits-78e6e49ea324715f,libserde-ffeaf1421f80d7b3,libserde_core-2c928ee17a7447a4,libonce_cell-e9252a7b5119f3eb}.rlib" "<sysroot>/lib/rustlib/x86_64-unknown-linux-gnu/lib/{libstd-*,libpanic_unwind-*,libobject-*,libmemchr-*,libaddr2line-*,libgimli-*,libcfg_if-*,librustc_demangle-*,libstd_detect-*,libhashbrown-*,librustc_std_workspace_alloc-*,libminiz_oxide-*,libadler2-*,libunwind-*,liblibc-*,librustc_std_workspace_core-*,liballoc-*,libcore-*,libcompiler_builtins-*}.rlib" "-Wl,-Bdynamic" "-lgcc_s" "-lutil" "-lrt" "-lpthread" "-lm" "-ldl" "-lc" "-L" "/tmp/rustdoctestNydfE0/rustccvNcZu/raw-dylibs" "-B<sysroot>/lib/rustlib/x86_64-unknown-linux-gnu/bin/gcc-ld" "-fuse-ld=lld" "-Wl,--eh-frame-hdr" "-Wl,-z,noexecstack" "-L" "/opt/rustwide/target/debug/build/aws-lc-sys-a01743999e8e0ce1/out" "-L" "<sysroot>/lib/rustlib/x86_64-unknown-linux-gnu/lib" "-o" "/tmp/rustdoctestNydfE0/rust_out" "-Wl,--gc-sections" "-pie" "-Wl,-z,relro,-z,now" "-nodefaultlibs"
[INFO] [stdout]   = note: some arguments are omitted. use `--verbose` to show all linker arguments
[INFO] [stdout]   = note: collect2: fatal error: ld terminated with signal 7 [Bus error], core dumped
[INFO] [stdout]           compilation terminated.
[INFO] [stdout]           
[INFO] [stdout] 
[INFO] [stdout] error: aborting due to 1 previous error
[INFO] [stdout] 
[INFO] [stdout] Couldn't compile the test.
[INFO] [stdout] ---- src/server/config.rs - server::config::ServerBuilder::cluster_mode (line 153) stdout ----
[INFO] [stdout] error: linking with `cc` failed: exit status: 1
[INFO] [stdout]   |
[INFO] [stdout]   = note:  "cc" "-m64" "/tmp/rustdoctest6B2y7c/rustcOTlAWr/symbols.o" "<2 object files omitted>" "-Wl,--as-needed" "-Wl,-Bstatic" "/opt/rustwide/target/debug/deps/{librediq-45856d2fd56a7e79,libserde_json-8949eeb1fc7bc247,libitoa-f3a70a1441f7f89b,libzmij-8eb72cbe5f9b9b4e,libmetrics-4dbfffe2873148db,libahash-afc77f98c8b327c5,libprometheus-892324e6d19e19de,liblazy_static-3674be3f4245d19b,libthiserror-8a86cca5b77c02eb,libprotobuf-8e4b5494c5699b60,libfnv-79e2cbfbe03dcd16,libcron-a2e07e5f5df5daed,librmp_serde-83a954c62d64f3d9,librmp-a28e5c037ab2ff3a,libfred-0c7df2141b8624bc,libtokio_stream-e5a8871a7c90bba9,libarc_swap-cf16fad1af8ce71f,liburlencoding-061758bc6028ea3e,liburl-6a9f7053cb6a70e4,libidna-00ea14da8f195e90,libutf8_iter-51566bbad89f3a68,libidna_adapter-cc346a7d5cb86e3b,libicu_properties-9e783979a4ed6b22,libicu_properties_data-b217809bf575558a,libicu_normalizer-3b0bedb96e1bcb9f,libicu_normalizer_data-ab8997d7cbbb3306,libicu_collections-f4e4b27b282bf2ea,libpotential_utf-d49ac0295d644830,libicu_provider-1f076e8705134fa0,libicu_locale_core-a0bd9ea29639d79d,libtinystr-398a451cf06f7a7d,liblitemap-cd9b5b2aa04e2018,libwriteable-4f74a67d38fff78e,libzerovec-c9439729e2c87f42,libzerotrie-20f438aceb326c6d,libyoke-c0bb06f8550416fb,libstable_deref_trait-63cbf3f3d3f94e56,libzerofrom-78de73a1db4e9ec5,libform_urlencoded-da07baadaa4a52d9,libpercent_encoding-60965446a9af8f63,libfloat_cmp-253e62a091b9861c,librand-d69e95490ac3e07d,librand_chacha-5c477fc7464cc746,libppv_lite86-ab86d466baec27fa,libzerocopy-04d31f9721d0da51,librand_core-947ca62718ea8b54,libgetrandom-e6656e2f703a06c2,libtokio_rustls-1c4df4ce573e825c,libcrossbeam_queue-7c6dbf82c0535e67,libcrossbeam_utils-076f45bf81d9c2d2,libtokio_util-0a728b0b3dfe5f67,libtokio-27b3f5082c733290,libsignal_hook_registry-cddd50aee5c69024,liberrno-c497d64a4571af83,libsocket2-1aadc0729249d3be,libmio-fc0f5b7715002b05,libparking_lot-e45469444b822e00,libparking_lot_core-5e997d9424f63dbf,libsmallvec-3281308869c19c4b,liblock_api-16d46fed645f7bff,libscopeguard-7ec2214574194454,libsemver-37f31af02ee76e6e,libfutures-a787f6f579d480ed,libfutures_executor-4ec809f87ecf377a,libfutures_util-32bbefe0e7b8d04a,libfutures_io-59d0071c9258d69f,libslab-0582d648e59ab406,libfutures_channel-385dce17299156c1,libfutures_sink-ae1eb2d060de53a2,libfutures_task-e09ab7898221cb97,libpin_utils-3860774ad9b215b5,libfutures_core-3b920243fce8fec0,libredis_protocol-3b7daaebdad7a4fa,libcrc16-73e2cab9b3072994,libnom-e3768c88045296be,libmemchr-9be7e24c0cc6f173,libcookie_factory-74245ac03cb4c37a,libtracing_futures-7424118e106d7c42,libpin_project-7da0b28bd8d8abe7,libtracing-7f0cfbc2cf80e4a6,libpin_project_lite-72bf04572caa1c84,libtracing_core-4cc82aeb094c2c39,libsocket2-06a5fcec9781c77c,librustls_native_certs-745c8a286af8228d,librustls_pemfile-704b86c13aeb56e7,libopenssl_probe-2c6d21a9709cae46,librustls-1bf9c8c8bc897998,libsubtle-2ae6a7038b9a0630,libwebpki-eead8de6addedabd,libuntrusted-b2f816886faf2178,libaws_lc_rs-8b6df616d49700f3,libaws_lc_sys-07b892a0f2cde8c6,librustls_pki_types-a1ff9279e609de76,libzeroize-7f213bea776ca5b6,libbytes_utils-8c76400078871503,libeither-40b894c145b6eae5,libbytes-2ed9460101f17bbf,liblog-b262261d47bd2eba,libuuid-fb0ae6aa5c69ff6a,libgetrandom-0baa87726cbcc5d3,liblibc-11f5a30dc24875fb,libcfg_if-83060ec5685761ae,libchrono-47e3b679d4ad6f1f,libiana_time_zone-bcd81aefedc374a6,libnum_traits-78e6e49ea324715f,libserde-ffeaf1421f80d7b3,libserde_core-2c928ee17a7447a4,libonce_cell-e9252a7b5119f3eb}.rlib" "<sysroot>/lib/rustlib/x86_64-unknown-linux-gnu/lib/{libstd-*,libpanic_unwind-*,libobject-*,libmemchr-*,libaddr2line-*,libgimli-*,libcfg_if-*,librustc_demangle-*,libstd_detect-*,libhashbrown-*,librustc_std_workspace_alloc-*,libminiz_oxide-*,libadler2-*,libunwind-*,liblibc-*,librustc_std_workspace_core-*,liballoc-*,libcore-*,libcompiler_builtins-*}.rlib" "-Wl,-Bdynamic" "-lgcc_s" "-lutil" "-lrt" "-lpthread" "-lm" "-ldl" "-lc" "-L" "/tmp/rustdoctest6B2y7c/rustcOTlAWr/raw-dylibs" "-B<sysroot>/lib/rustlib/x86_64-unknown-linux-gnu/bin/gcc-ld" "-fuse-ld=lld" "-Wl,--eh-frame-hdr" "-Wl,-z,noexecstack" "-L" "/opt/rustwide/target/debug/build/aws-lc-sys-a01743999e8e0ce1/out" "-L" "<sysroot>/lib/rustlib/x86_64-unknown-linux-gnu/lib" "-o" "/tmp/rustdoctest6B2y7c/rust_out" "-Wl,--gc-sections" "-pie" "-Wl,-z,relro,-z,now" "-nodefaultlibs"
[INFO] [stdout]   = note: some arguments are omitted. use `--verbose` to show all linker arguments
[INFO] [stdout]   = note: collect2: fatal error: ld terminated with signal 7 [Bus error], core dumped
[INFO] [stdout]           compilation terminated.
[INFO] [stdout]           
[INFO] [stdout] 
[INFO] [stdout] error: aborting due to 1 previous error
[INFO] [stdout] 
[INFO] [stdout] Couldn't compile the test.
[INFO] [stdout] ---- src/server/config.rs - server::config::ServerBuilder::heartbeat_ttl_multiplier (line 236) stdout ----
[INFO] [stdout] error: linking with `cc` failed: exit status: 1
[INFO] [stdout]   |
[INFO] [stdout]   = note:  "cc" "-m64" "/tmp/rustdoctestIEA8oA/rustceXPY7h/symbols.o" "<2 object files omitted>" "-Wl,--as-needed" "-Wl,-Bstatic" "/opt/rustwide/target/debug/deps/{librediq-45856d2fd56a7e79,libserde_json-8949eeb1fc7bc247,libitoa-f3a70a1441f7f89b,libzmij-8eb72cbe5f9b9b4e,libmetrics-4dbfffe2873148db,libahash-afc77f98c8b327c5,libprometheus-892324e6d19e19de,liblazy_static-3674be3f4245d19b,libthiserror-8a86cca5b77c02eb,libprotobuf-8e4b5494c5699b60,libfnv-79e2cbfbe03dcd16,libcron-a2e07e5f5df5daed,librmp_serde-83a954c62d64f3d9,librmp-a28e5c037ab2ff3a,libfred-0c7df2141b8624bc,libtokio_stream-e5a8871a7c90bba9,libarc_swap-cf16fad1af8ce71f,liburlencoding-061758bc6028ea3e,liburl-6a9f7053cb6a70e4,libidna-00ea14da8f195e90,libutf8_iter-51566bbad89f3a68,libidna_adapter-cc346a7d5cb86e3b,libicu_properties-9e783979a4ed6b22,libicu_properties_data-b217809bf575558a,libicu_normalizer-3b0bedb96e1bcb9f,libicu_normalizer_data-ab8997d7cbbb3306,libicu_collections-f4e4b27b282bf2ea,libpotential_utf-d49ac0295d644830,libicu_provider-1f076e8705134fa0,libicu_locale_core-a0bd9ea29639d79d,libtinystr-398a451cf06f7a7d,liblitemap-cd9b5b2aa04e2018,libwriteable-4f74a67d38fff78e,libzerovec-c9439729e2c87f42,libzerotrie-20f438aceb326c6d,libyoke-c0bb06f8550416fb,libstable_deref_trait-63cbf3f3d3f94e56,libzerofrom-78de73a1db4e9ec5,libform_urlencoded-da07baadaa4a52d9,libpercent_encoding-60965446a9af8f63,libfloat_cmp-253e62a091b9861c,librand-d69e95490ac3e07d,librand_chacha-5c477fc7464cc746,libppv_lite86-ab86d466baec27fa,libzerocopy-04d31f9721d0da51,librand_core-947ca62718ea8b54,libgetrandom-e6656e2f703a06c2,libtokio_rustls-1c4df4ce573e825c,libcrossbeam_queue-7c6dbf82c0535e67,libcrossbeam_utils-076f45bf81d9c2d2,libtokio_util-0a728b0b3dfe5f67,libtokio-27b3f5082c733290,libsignal_hook_registry-cddd50aee5c69024,liberrno-c497d64a4571af83,libsocket2-1aadc0729249d3be,libmio-fc0f5b7715002b05,libparking_lot-e45469444b822e00,libparking_lot_core-5e997d9424f63dbf,libsmallvec-3281308869c19c4b,liblock_api-16d46fed645f7bff,libscopeguard-7ec2214574194454,libsemver-37f31af02ee76e6e,libfutures-a787f6f579d480ed,libfutures_executor-4ec809f87ecf377a,libfutures_util-32bbefe0e7b8d04a,libfutures_io-59d0071c9258d69f,libslab-0582d648e59ab406,libfutures_channel-385dce17299156c1,libfutures_sink-ae1eb2d060de53a2,libfutures_task-e09ab7898221cb97,libpin_utils-3860774ad9b215b5,libfutures_core-3b920243fce8fec0,libredis_protocol-3b7daaebdad7a4fa,libcrc16-73e2cab9b3072994,libnom-e3768c88045296be,libmemchr-9be7e24c0cc6f173,libcookie_factory-74245ac03cb4c37a,libtracing_futures-7424118e106d7c42,libpin_project-7da0b28bd8d8abe7,libtracing-7f0cfbc2cf80e4a6,libpin_project_lite-72bf04572caa1c84,libtracing_core-4cc82aeb094c2c39,libsocket2-06a5fcec9781c77c,librustls_native_certs-745c8a286af8228d,librustls_pemfile-704b86c13aeb56e7,libopenssl_probe-2c6d21a9709cae46,librustls-1bf9c8c8bc897998,libsubtle-2ae6a7038b9a0630,libwebpki-eead8de6addedabd,libuntrusted-b2f816886faf2178,libaws_lc_rs-8b6df616d49700f3,libaws_lc_sys-07b892a0f2cde8c6,librustls_pki_types-a1ff9279e609de76,libzeroize-7f213bea776ca5b6,libbytes_utils-8c76400078871503,libeither-40b894c145b6eae5,libbytes-2ed9460101f17bbf,liblog-b262261d47bd2eba,libuuid-fb0ae6aa5c69ff6a,libgetrandom-0baa87726cbcc5d3,liblibc-11f5a30dc24875fb,libcfg_if-83060ec5685761ae,libchrono-47e3b679d4ad6f1f,libiana_time_zone-bcd81aefedc374a6,libnum_traits-78e6e49ea324715f,libserde-ffeaf1421f80d7b3,libserde_core-2c928ee17a7447a4,libonce_cell-e9252a7b5119f3eb}.rlib" "<sysroot>/lib/rustlib/x86_64-unknown-linux-gnu/lib/{libstd-*,libpanic_unwind-*,libobject-*,libmemchr-*,libaddr2line-*,libgimli-*,libcfg_if-*,librustc_demangle-*,libstd_detect-*,libhashbrown-*,librustc_std_workspace_alloc-*,libminiz_oxide-*,libadler2-*,libunwind-*,liblibc-*,librustc_std_workspace_core-*,liballoc-*,libcore-*,libcompiler_builtins-*}.rlib" "-Wl,-Bdynamic" "-lgcc_s" "-lutil" "-lrt" "-lpthread" "-lm" "-ldl" "-lc" "-L" "/tmp/rustdoctestIEA8oA/rustceXPY7h/raw-dylibs" "-B<sysroot>/lib/rustlib/x86_64-unknown-linux-gnu/bin/gcc-ld" "-fuse-ld=lld" "-Wl,--eh-frame-hdr" "-Wl,-z,noexecstack" "-L" "/opt/rustwide/target/debug/build/aws-lc-sys-a01743999e8e0ce1/out" "-L" "<sysroot>/lib/rustlib/x86_64-unknown-linux-gnu/lib" "-o" "/tmp/rustdoctestIEA8oA/rust_out" "-Wl,--gc-sections" "-pie" "-Wl,-z,relro,-z,now" "-nodefaultlibs"
[INFO] [stdout]   = note: some arguments are omitted. use `--verbose` to show all linker arguments
[INFO] [stdout]   = note: collect2: fatal error: ld terminated with signal 7 [Bus error], core dumped
[INFO] [stdout]           compilation terminated.
[INFO] [stdout]           
[INFO] [stdout] 
[INFO] [stdout] error: aborting due to 1 previous error
[INFO] [stdout] 
[INFO] [stdout] Couldn't compile the test.
[INFO] [stdout] ---- src/processor/mod.rs - processor::Mux::handle (line 151) stdout ----
[INFO] [stdout] error: linking with `cc` failed: exit status: 1
[INFO] [stdout]   |
[INFO] [stdout]   = note:  "cc" "-m64" "/tmp/rustdoctestnZuTed/rustc2OJt57/symbols.o" "<2 object files omitted>" "-Wl,--as-needed" "-Wl,-Bstatic" "/opt/rustwide/target/debug/deps/{librediq-45856d2fd56a7e79,libserde_json-8949eeb1fc7bc247,libitoa-f3a70a1441f7f89b,libzmij-8eb72cbe5f9b9b4e,libmetrics-4dbfffe2873148db,libahash-afc77f98c8b327c5,libprometheus-892324e6d19e19de,liblazy_static-3674be3f4245d19b,libthiserror-8a86cca5b77c02eb,libprotobuf-8e4b5494c5699b60,libfnv-79e2cbfbe03dcd16,libcron-a2e07e5f5df5daed,librmp_serde-83a954c62d64f3d9,librmp-a28e5c037ab2ff3a,libfred-0c7df2141b8624bc,libtokio_stream-e5a8871a7c90bba9,libarc_swap-cf16fad1af8ce71f,liburlencoding-061758bc6028ea3e,liburl-6a9f7053cb6a70e4,libidna-00ea14da8f195e90,libutf8_iter-51566bbad89f3a68,libidna_adapter-cc346a7d5cb86e3b,libicu_properties-9e783979a4ed6b22,libicu_properties_data-b217809bf575558a,libicu_normalizer-3b0bedb96e1bcb9f,libicu_normalizer_data-ab8997d7cbbb3306,libicu_collections-f4e4b27b282bf2ea,libpotential_utf-d49ac0295d644830,libicu_provider-1f076e8705134fa0,libicu_locale_core-a0bd9ea29639d79d,libtinystr-398a451cf06f7a7d,liblitemap-cd9b5b2aa04e2018,libwriteable-4f74a67d38fff78e,libzerovec-c9439729e2c87f42,libzerotrie-20f438aceb326c6d,libyoke-c0bb06f8550416fb,libstable_deref_trait-63cbf3f3d3f94e56,libzerofrom-78de73a1db4e9ec5,libform_urlencoded-da07baadaa4a52d9,libpercent_encoding-60965446a9af8f63,libfloat_cmp-253e62a091b9861c,librand-d69e95490ac3e07d,librand_chacha-5c477fc7464cc746,libppv_lite86-ab86d466baec27fa,libzerocopy-04d31f9721d0da51,librand_core-947ca62718ea8b54,libgetrandom-e6656e2f703a06c2,libtokio_rustls-1c4df4ce573e825c,libcrossbeam_queue-7c6dbf82c0535e67,libcrossbeam_utils-076f45bf81d9c2d2,libtokio_util-0a728b0b3dfe5f67,libtokio-27b3f5082c733290,libsignal_hook_registry-cddd50aee5c69024,liberrno-c497d64a4571af83,libsocket2-1aadc0729249d3be,libmio-fc0f5b7715002b05,libparking_lot-e45469444b822e00,libparking_lot_core-5e997d9424f63dbf,libsmallvec-3281308869c19c4b,liblock_api-16d46fed645f7bff,libscopeguard-7ec2214574194454,libsemver-37f31af02ee76e6e,libfutures-a787f6f579d480ed,libfutures_executor-4ec809f87ecf377a,libfutures_util-32bbefe0e7b8d04a,libfutures_io-59d0071c9258d69f,libslab-0582d648e59ab406,libfutures_channel-385dce17299156c1,libfutures_sink-ae1eb2d060de53a2,libfutures_task-e09ab7898221cb97,libpin_utils-3860774ad9b215b5,libfutures_core-3b920243fce8fec0,libredis_protocol-3b7daaebdad7a4fa,libcrc16-73e2cab9b3072994,libnom-e3768c88045296be,libmemchr-9be7e24c0cc6f173,libcookie_factory-74245ac03cb4c37a,libtracing_futures-7424118e106d7c42,libpin_project-7da0b28bd8d8abe7,libtracing-7f0cfbc2cf80e4a6,libpin_project_lite-72bf04572caa1c84,libtracing_core-4cc82aeb094c2c39,libsocket2-06a5fcec9781c77c,librustls_native_certs-745c8a286af8228d,librustls_pemfile-704b86c13aeb56e7,libopenssl_probe-2c6d21a9709cae46,librustls-1bf9c8c8bc897998,libsubtle-2ae6a7038b9a0630,libwebpki-eead8de6addedabd,libuntrusted-b2f816886faf2178,libaws_lc_rs-8b6df616d49700f3,libaws_lc_sys-07b892a0f2cde8c6,librustls_pki_types-a1ff9279e609de76,libzeroize-7f213bea776ca5b6,libbytes_utils-8c76400078871503,libeither-40b894c145b6eae5,libbytes-2ed9460101f17bbf,liblog-b262261d47bd2eba,libuuid-fb0ae6aa5c69ff6a,libgetrandom-0baa87726cbcc5d3,liblibc-11f5a30dc24875fb,libcfg_if-83060ec5685761ae,libchrono-47e3b679d4ad6f1f,libiana_time_zone-bcd81aefedc374a6,libnum_traits-78e6e49ea324715f,libserde-ffeaf1421f80d7b3,libserde_core-2c928ee17a7447a4,libonce_cell-e9252a7b5119f3eb}.rlib" "<sysroot>/lib/rustlib/x86_64-unknown-linux-gnu/lib/{libstd-*,libpanic_unwind-*,libobject-*,libmemchr-*,libaddr2line-*,libgimli-*,libcfg_if-*,librustc_demangle-*,libstd_detect-*,libhashbrown-*,librustc_std_workspace_alloc-*,libminiz_oxide-*,libadler2-*,libunwind-*,liblibc-*,librustc_std_workspace_core-*,liballoc-*,libcore-*,libcompiler_builtins-*}.rlib" "-Wl,-Bdynamic" "-lgcc_s" "-lutil" "-lrt" "-lpthread" "-lm" "-ldl" "-lc" "-L" "/tmp/rustdoctestnZuTed/rustc2OJt57/raw-dylibs" "-B<sysroot>/lib/rustlib/x86_64-unknown-linux-gnu/bin/gcc-ld" "-fuse-ld=lld" "-Wl,--eh-frame-hdr" "-Wl,-z,noexecstack" "-L" "/opt/rustwide/target/debug/build/aws-lc-sys-a01743999e8e0ce1/out" "-L" "<sysroot>/lib/rustlib/x86_64-unknown-linux-gnu/lib" "-o" "/tmp/rustdoctestnZuTed/rust_out" "-Wl,--gc-sections" "-pie" "-Wl,-z,relro,-z,now" "-nodefaultlibs"
[INFO] [stdout]   = note: some arguments are omitted. use `--verbose` to show all linker arguments
[INFO] [stdout]   = note: collect2: fatal error: ld terminated with signal 7 [Bus error], core dumped
[INFO] [stdout]           compilation terminated.
[INFO] [stdout]           
[INFO] [stdout] 
[INFO] [stdout] error: aborting due to 1 previous error
[INFO] [stdout] 
[INFO] [stdout] Couldn't compile the test.
[INFO] [stdout] ---- src/processor/mod.rs - processor::Mux (line 99) stdout ----
[INFO] [stdout] error: linking with `cc` failed: exit status: 1
[INFO] [stdout]   |
[INFO] [stdout]   = note:  "cc" "-m64" "/tmp/rustdoctestsUrOq6/rustcrVY6a8/symbols.o" "<2 object files omitted>" "-Wl,--as-needed" "-Wl,-Bstatic" "/opt/rustwide/target/debug/deps/{librediq-45856d2fd56a7e79,libserde_json-8949eeb1fc7bc247,libitoa-f3a70a1441f7f89b,libzmij-8eb72cbe5f9b9b4e,libmetrics-4dbfffe2873148db,libahash-afc77f98c8b327c5,libprometheus-892324e6d19e19de,liblazy_static-3674be3f4245d19b,libthiserror-8a86cca5b77c02eb,libprotobuf-8e4b5494c5699b60,libfnv-79e2cbfbe03dcd16,libcron-a2e07e5f5df5daed,librmp_serde-83a954c62d64f3d9,librmp-a28e5c037ab2ff3a,libfred-0c7df2141b8624bc,libtokio_stream-e5a8871a7c90bba9,libarc_swap-cf16fad1af8ce71f,liburlencoding-061758bc6028ea3e,liburl-6a9f7053cb6a70e4,libidna-00ea14da8f195e90,libutf8_iter-51566bbad89f3a68,libidna_adapter-cc346a7d5cb86e3b,libicu_properties-9e783979a4ed6b22,libicu_properties_data-b217809bf575558a,libicu_normalizer-3b0bedb96e1bcb9f,libicu_normalizer_data-ab8997d7cbbb3306,libicu_collections-f4e4b27b282bf2ea,libpotential_utf-d49ac0295d644830,libicu_provider-1f076e8705134fa0,libicu_locale_core-a0bd9ea29639d79d,libtinystr-398a451cf06f7a7d,liblitemap-cd9b5b2aa04e2018,libwriteable-4f74a67d38fff78e,libzerovec-c9439729e2c87f42,libzerotrie-20f438aceb326c6d,libyoke-c0bb06f8550416fb,libstable_deref_trait-63cbf3f3d3f94e56,libzerofrom-78de73a1db4e9ec5,libform_urlencoded-da07baadaa4a52d9,libpercent_encoding-60965446a9af8f63,libfloat_cmp-253e62a091b9861c,librand-d69e95490ac3e07d,librand_chacha-5c477fc7464cc746,libppv_lite86-ab86d466baec27fa,libzerocopy-04d31f9721d0da51,librand_core-947ca62718ea8b54,libgetrandom-e6656e2f703a06c2,libtokio_rustls-1c4df4ce573e825c,libcrossbeam_queue-7c6dbf82c0535e67,libcrossbeam_utils-076f45bf81d9c2d2,libtokio_util-0a728b0b3dfe5f67,libtokio-27b3f5082c733290,libsignal_hook_registry-cddd50aee5c69024,liberrno-c497d64a4571af83,libsocket2-1aadc0729249d3be,libmio-fc0f5b7715002b05,libparking_lot-e45469444b822e00,libparking_lot_core-5e997d9424f63dbf,libsmallvec-3281308869c19c4b,liblock_api-16d46fed645f7bff,libscopeguard-7ec2214574194454,libsemver-37f31af02ee76e6e,libfutures-a787f6f579d480ed,libfutures_executor-4ec809f87ecf377a,libfutures_util-32bbefe0e7b8d04a,libfutures_io-59d0071c9258d69f,libslab-0582d648e59ab406,libfutures_channel-385dce17299156c1,libfutures_sink-ae1eb2d060de53a2,libfutures_task-e09ab7898221cb97,libpin_utils-3860774ad9b215b5,libfutures_core-3b920243fce8fec0,libredis_protocol-3b7daaebdad7a4fa,libcrc16-73e2cab9b3072994,libnom-e3768c88045296be,libmemchr-9be7e24c0cc6f173,libcookie_factory-74245ac03cb4c37a,libtracing_futures-7424118e106d7c42,libpin_project-7da0b28bd8d8abe7,libtracing-7f0cfbc2cf80e4a6,libpin_project_lite-72bf04572caa1c84,libtracing_core-4cc82aeb094c2c39,libsocket2-06a5fcec9781c77c,librustls_native_certs-745c8a286af8228d,librustls_pemfile-704b86c13aeb56e7,libopenssl_probe-2c6d21a9709cae46,librustls-1bf9c8c8bc897998,libsubtle-2ae6a7038b9a0630,libwebpki-eead8de6addedabd,libuntrusted-b2f816886faf2178,libaws_lc_rs-8b6df616d49700f3,libaws_lc_sys-07b892a0f2cde8c6,librustls_pki_types-a1ff9279e609de76,libzeroize-7f213bea776ca5b6,libbytes_utils-8c76400078871503,libeither-40b894c145b6eae5,libbytes-2ed9460101f17bbf,liblog-b262261d47bd2eba,libuuid-fb0ae6aa5c69ff6a,libgetrandom-0baa87726cbcc5d3,liblibc-11f5a30dc24875fb,libcfg_if-83060ec5685761ae,libchrono-47e3b679d4ad6f1f,libiana_time_zone-bcd81aefedc374a6,libnum_traits-78e6e49ea324715f,libserde-ffeaf1421f80d7b3,libserde_core-2c928ee17a7447a4,libonce_cell-e9252a7b5119f3eb}.rlib" "<sysroot>/lib/rustlib/x86_64-unknown-linux-gnu/lib/{libstd-*,libpanic_unwind-*,libobject-*,libmemchr-*,libaddr2line-*,libgimli-*,libcfg_if-*,librustc_demangle-*,libstd_detect-*,libhashbrown-*,librustc_std_workspace_alloc-*,libminiz_oxide-*,libadler2-*,libunwind-*,liblibc-*,librustc_std_workspace_core-*,liballoc-*,libcore-*,libcompiler_builtins-*}.rlib" "-Wl,-Bdynamic" "-lgcc_s" "-lutil" "-lrt" "-lpthread" "-lm" "-ldl" "-lc" "-L" "/tmp/rustdoctestsUrOq6/rustcrVY6a8/raw-dylibs" "-B<sysroot>/lib/rustlib/x86_64-unknown-linux-gnu/bin/gcc-ld" "-fuse-ld=lld" "-Wl,--eh-frame-hdr" "-Wl,-z,noexecstack" "-L" "/opt/rustwide/target/debug/build/aws-lc-sys-a01743999e8e0ce1/out" "-L" "<sysroot>/lib/rustlib/x86_64-unknown-linux-gnu/lib" "-o" "/tmp/rustdoctestsUrOq6/rust_out" "-Wl,--gc-sections" "-pie" "-Wl,-z,relro,-z,now" "-nodefaultlibs"
[INFO] [stdout]   = note: some arguments are omitted. use `--verbose` to show all linker arguments
[INFO] [stdout]   = note: collect2: fatal error: ld terminated with signal 7 [Bus error], core dumped
[INFO] [stdout]           compilation terminated.
[INFO] [stdout]           
[INFO] [stdout] 
[INFO] [stdout] error: aborting due to 1 previous error
[INFO] [stdout] 
[INFO] [stdout] Couldn't compile the test.
[INFO] [stdout] 
[INFO] [stdout] failures:
[INFO] [stdout]     src/client/builder.rs - client::builder::ClientBuilder::cluster_mode (line 589)
[INFO] [stdout]     src/config.rs - config::update_config (line 141)
[INFO] [stdout]     src/processor/context.rs - processor::context::HandlerContext (line 21)
[INFO] [stdout]     src/processor/context.rs - processor::context::HandlerContext::report_progress (line 112)
[INFO] [stdout]     src/processor/mod.rs - processor::Handler (line 40)
[INFO] [stdout]     src/processor/mod.rs - processor::Mux (line 99)
[INFO] [stdout]     src/processor/mod.rs - processor::Mux::handle (line 151)
[INFO] [stdout]     src/server/config.rs - server::config::ServerBuilder::aggregator_config (line 331)
[INFO] [stdout]     src/server/config.rs - server::config::ServerBuilder::cluster_mode (line 153)
[INFO] [stdout]     src/server/config.rs - server::config::ServerBuilder::heartbeat_ttl_multiplier (line 236)
[INFO] [stdout]     src/server/config.rs - server::config::ServerBuilder::janitor_config (line 351)
[INFO] [stdout]     src/server/config.rs - server::config::ServerBuilder::pool_size (line 288)
[INFO] [stdout]     src/server/config.rs - server::config::ServerBuilder::queues (line 190)
[INFO] [stdout]     src/server/config.rs - server::config::ServerBuilder::sentinel_mode (line 170)
[INFO] [stdout]     src/server/mod.rs - server::Server (line 34)
[INFO] [stdout]     src/server/mod.rs - server::Server::enable_metrics (line 106)
[INFO] [stdout]     src/server/mod.rs - server::Server::enable_metrics_on (line 141)
[INFO] [stdout]     src/server/mod.rs - server::run_server (line 358)
[INFO] [stdout]     src/task/builder.rs - task::builder::TaskBuilder (line 17)
[INFO] [stdout]     src/task/builder.rs - task::builder::TaskBuilder::depends_on (line 137)
[INFO] [stdout]     src/task/builder.rs - task::builder::TaskBuilder::group (line 168)
[INFO] [stdout]     src/task/mod.rs - task::Task::payload_json (line 211)
[INFO] [stdout]     src/task/mod.rs - task::Task::payload_msgpack (line 238)
[INFO] [stdout] 
[INFO] [stdout] test result: FAILED. 8 passed; 23 failed; 0 ignored; 0 measured; 0 filtered out; finished in 3.28s
[INFO] [stdout] 
[INFO] [stderr] error: doctest failed, to rerun pass `--doc`
[INFO] running `Command { std: "docker" "inspect" "4e9a4811040dc529bba566a8f5e5d312e3b0c90543c515b3d85d6d34e9f9eeb7", kill_on_drop: false }`
[INFO] running `Command { std: "docker" "rm" "-f" "4e9a4811040dc529bba566a8f5e5d312e3b0c90543c515b3d85d6d34e9f9eeb7", kill_on_drop: false }`
[INFO] [stdout] 4e9a4811040dc529bba566a8f5e5d312e3b0c90543c515b3d85d6d34e9f9eeb7
