[INFO] fetching crate redfolder 1.1.0...
[INFO] testing redfolder-1.1.0 against 1.99.0-beta.8 for beta-1.100-2
[INFO] extracting crate redfolder 1.1.0 into /workspace/builds/worker-5-tc1/source
[INFO] started tweaking crates.io crate redfolder 1.1.0
[INFO] removed 0 missing examples
[INFO] removed 0 missing tests
[INFO] finished tweaking crates.io crate redfolder 1.1.0
[INFO] tweaked toml for crates.io crate redfolder 1.1.0 written to /workspace/builds/worker-5-tc1/source/Cargo.toml
[INFO] validating manifest of crates.io crate redfolder 1.1.0 on toolchain 1.99.0-beta.8
[INFO] running `Command { std: CARGO_HOME="/workspace/cargo-home" RUSTUP_HOME="/workspace/rustup-home" "/workspace/cargo-home/bin/cargo" "+1.99.0-beta.8" "metadata" "--manifest-path" "Cargo.toml" "--no-deps", kill_on_drop: false }`
[INFO] crate crates.io crate redfolder 1.1.0 already has a lockfile, it will not be regenerated
[INFO] running `Command { std: CARGO_HOME="/workspace/cargo-home" RUSTUP_HOME="/workspace/rustup-home" "/workspace/cargo-home/bin/cargo" "+1.99.0-beta.8" "fetch" "--manifest-path" "Cargo.toml", kill_on_drop: false }`
[INFO] [stderr]  Downloading crates ...
[INFO] [stderr]   Downloaded phf_shared v0.12.1
[INFO] [stderr]   Downloaded phf v0.12.1
[INFO] [stderr]   Downloaded zerocopy v0.8.58
[INFO] [stderr]   Downloaded zerocopy-derive v0.8.58
[INFO] [stderr]   Downloaded chrono-tz v0.10.4
[INFO] running `Command { std: "docker" "create" "-v" "/var/lib/crater-agent-workspace/builds/worker-5-tc1/source:/opt/rustwide/workdir:ro,Z" "-v" "/var/lib/crater-agent-workspace/builds/worker-5-tc1/target:/opt/rustwide/target:rw,Z" "-v" "/var/lib/crater-agent-workspace/cargo-home:/opt/rustwide/cargo-home:ro,Z" "-v" "/var/lib/crater-agent-workspace/rustup-home:/opt/rustwide/rustup-home:ro,Z" "-m" "1610612736" "--network" "none" "ghcr.io/rust-lang/crates-build-env/linux@sha256:3111399a4047eeb3a02b7a90e478d715f38a8c6669b5c4b49d30a17385265909" "sleep" "infinity", kill_on_drop: false }`
[INFO] [stdout] 179966f598b84b67656a184e070ed2721aec27860643feb7a387f25b21b97ead
[INFO] running `Command { std: "docker" "start" "179966f598b84b67656a184e070ed2721aec27860643feb7a387f25b21b97ead", kill_on_drop: false }`
[INFO] running `Command { std: "docker" "inspect" "179966f598b84b67656a184e070ed2721aec27860643feb7a387f25b21b97ead", kill_on_drop: false }`
[INFO] running `Command { std: "docker" "exec" "-e" "SOURCE_DIR=/opt/rustwide/workdir" "-e" "CARGO_HOME=/opt/rustwide/cargo-home" "-e" "RUSTUP_HOME=/opt/rustwide/rustup-home" "-e" "CARGO_TARGET_DIR=/opt/rustwide/target" "-w" "/opt/rustwide/workdir" "--user" "0:0" "179966f598b84b67656a184e070ed2721aec27860643feb7a387f25b21b97ead" "/opt/rustwide/cargo-home/bin/cargo" "+1.99.0-beta.8" "metadata" "--no-deps" "--format-version=1", kill_on_drop: false }`
[INFO] running `Command { std: "docker" "inspect" "179966f598b84b67656a184e070ed2721aec27860643feb7a387f25b21b97ead", kill_on_drop: false }`
[INFO] running `Command { std: "docker" "exec" "-e" "SOURCE_DIR=/opt/rustwide/workdir" "-e" "CARGO_HOME=/opt/rustwide/cargo-home" "-e" "RUSTUP_HOME=/opt/rustwide/rustup-home" "-e" "CARGO_TARGET_DIR=/opt/rustwide/target" "-e" "CARGO_INCREMENTAL=0" "-e" "RUST_BACKTRACE=full" "-e" "RUSTFLAGS=--cap-lints=warn" "-e" "RUSTDOCFLAGS=--cap-lints=warn" "-w" "/opt/rustwide/workdir" "--user" "0:0" "179966f598b84b67656a184e070ed2721aec27860643feb7a387f25b21b97ead" "/opt/rustwide/cargo-home/bin/cargo" "+1.99.0-beta.8" "build" "--frozen" "--message-format=json", kill_on_drop: false }`
[INFO] [stderr]    Compiling cc v1.4.7
[INFO] [stderr]    Compiling futures-util v0.3.34
[INFO] [stderr]    Compiling rustls v0.23.45
[INFO] [stderr]    Compiling mio v1.2.3
[INFO] [stderr]    Compiling getrandom v0.2.17
[INFO] [stderr]    Compiling syn v2.0.119
[INFO] [stderr]    Compiling futures-channel v0.3.34
[INFO] [stderr]    Compiling serde v1.0.229
[INFO] [stderr]    Compiling phf_shared v0.12.1
[INFO] [stderr]    Compiling chrono-tz v0.10.4
[INFO] [stderr]    Compiling clap_builder v4.6.7
[INFO] [stderr]    Compiling digest v0.10.7
[INFO] [stderr]    Compiling colored v2.2.0
[INFO] [stderr]    Compiling async-trait v0.1.92
[INFO] [stderr]    Compiling phf v0.12.1
[INFO] [stderr]    Compiling sha2 v0.10.9
[INFO] [stderr]    Compiling tokio v1.53.1
[INFO] [stderr]    Compiling serde_urlencoded v0.7.1
[INFO] [stderr]    Compiling chrono v0.4.45
[INFO] [stderr]    Compiling ring v0.17.14
[INFO] [stderr]    Compiling clap v4.6.7
[INFO] [stderr]    Compiling tracing-attributes v0.1.31
[INFO] [stderr]    Compiling tracing v0.1.44
[INFO] [stderr]    Compiling hyper v1.11.1
[INFO] [stderr]    Compiling tower v0.5.3
[INFO] [stderr]    Compiling tokio-util v0.7.19
[INFO] [stderr]    Compiling tower-http v0.6.11
[INFO] [stderr]    Compiling rustls-webpki v0.103.15
[INFO] [stderr]    Compiling hyper-util v0.1.20
[INFO] [stderr]    Compiling tokio-rustls v0.26.5
[INFO] [stderr]    Compiling hyper-rustls v0.27.10
[INFO] [stderr]    Compiling reqwest v0.12.28
[INFO] [stderr]    Compiling redfolder v1.1.0 (/opt/rustwide/workdir)
[INFO] [stderr]     Finished `dev` profile [unoptimized + debuginfo] target(s) in 35.86s
[INFO] running `Command { std: "docker" "inspect" "179966f598b84b67656a184e070ed2721aec27860643feb7a387f25b21b97ead", kill_on_drop: false }`
[INFO] running `Command { std: "docker" "exec" "-e" "SOURCE_DIR=/opt/rustwide/workdir" "-e" "CARGO_HOME=/opt/rustwide/cargo-home" "-e" "RUSTUP_HOME=/opt/rustwide/rustup-home" "-e" "CARGO_TARGET_DIR=/opt/rustwide/target" "-e" "CARGO_INCREMENTAL=0" "-e" "RUST_BACKTRACE=full" "-e" "RUSTFLAGS=--cap-lints=warn" "-e" "RUSTDOCFLAGS=--cap-lints=warn" "-w" "/opt/rustwide/workdir" "--user" "0:0" "179966f598b84b67656a184e070ed2721aec27860643feb7a387f25b21b97ead" "/opt/rustwide/cargo-home/bin/cargo" "+1.99.0-beta.8" "test" "--frozen" "--no-run" "--message-format=json", kill_on_drop: false }`
[INFO] [stderr]    Compiling serde v1.0.229
[INFO] [stderr]    Compiling zerocopy v0.8.58
[INFO] [stderr]    Compiling zerocopy-derive v0.8.58
[INFO] [stderr]    Compiling tokio v1.53.1
[INFO] [stderr]    Compiling crossbeam-utils v0.8.23
[INFO] [stderr]    Compiling crossbeam-epoch v0.9.21
[INFO] [stderr]    Compiling serde_json v1.0.151
[INFO] [stderr]    Compiling getrandom v0.3.4
[INFO] [stderr]    Compiling crossbeam-deque v0.8.8
[INFO] [stderr]    Compiling rustix v1.1.5
[INFO] [stderr]    Compiling regex-automata v0.4.18
[INFO] [stderr]    Compiling rayon-core v1.13.0
[INFO] [stderr]    Compiling either v1.18.0
[INFO] [stderr]    Compiling getrandom v0.4.3
[INFO] [stderr]    Compiling plotters-backend v0.3.7
[INFO] [stderr]    Compiling ciborium-io v0.2.2
[INFO] [stderr]    Compiling fastrand v2.5.0
[INFO] [stderr]    Compiling wait-timeout v0.2.1
[INFO] [stderr]    Compiling plotters-svg v0.3.7
[INFO] [stderr]    Compiling rand_core v0.9.5
[INFO] [stderr]    Compiling cast v0.3.0
[INFO] [stderr]    Compiling itertools v0.10.5
[INFO] [stderr]    Compiling bit-vec v0.8.0
[INFO] [stderr]    Compiling rand v0.9.5
[INFO] [stderr]    Compiling rand_xorshift v0.4.0
[INFO] [stderr]    Compiling plotters v0.3.7
[INFO] [stderr]    Compiling is-terminal v0.4.17
[INFO] [stderr]    Compiling unarray v0.1.4
[INFO] [stderr]    Compiling oorandom v11.1.5
[INFO] [stderr]    Compiling anes v0.1.6
[INFO] [stderr]    Compiling bit-set v0.8.0
[INFO] [stderr]    Compiling serde_urlencoded v0.7.1
[INFO] [stderr]    Compiling chrono v0.4.45
[INFO] [stderr]    Compiling tinytemplate v1.2.1
[INFO] [stderr]    Compiling criterion-plot v0.5.0
[INFO] [stderr]    Compiling rayon v1.12.0
[INFO] [stderr]    Compiling chrono-tz v0.10.4
[INFO] [stderr]    Compiling tempfile v3.27.0
[INFO] [stderr]    Compiling rusty-fork v0.3.1
[INFO] [stderr]    Compiling matchers v0.2.0
[INFO] [stderr]    Compiling regex v1.13.1
[INFO] [stderr]    Compiling tracing-subscriber v0.3.23
[INFO] [stderr]    Compiling hyper v1.11.1
[INFO] [stderr]    Compiling tokio-rustls v0.26.5
[INFO] [stderr]    Compiling tower v0.5.3
[INFO] [stderr]    Compiling tokio-util v0.7.19
[INFO] [stderr]    Compiling tower-http v0.6.11
[INFO] [stderr]    Compiling half v2.7.1
[INFO] [stderr]    Compiling ppv-lite86 v0.2.21
[INFO] [stderr]    Compiling hyper-util v0.1.20
[INFO] [stderr]    Compiling ciborium-ll v0.2.2
[INFO] [stderr]    Compiling rand_chacha v0.9.0
[INFO] [stderr]    Compiling ciborium v0.2.2
[INFO] [stderr]    Compiling proptest v1.11.0
[INFO] [stderr]    Compiling criterion v0.5.1
[INFO] [stderr]    Compiling hyper-rustls v0.27.10
[INFO] [stderr]    Compiling reqwest v0.12.28
[INFO] [stderr]    Compiling redfolder v1.1.0 (/opt/rustwide/workdir)
[INFO] [stderr]     Finished `test` profile [unoptimized + debuginfo] target(s) in 57.80s
[INFO] running `Command { std: "docker" "inspect" "179966f598b84b67656a184e070ed2721aec27860643feb7a387f25b21b97ead", kill_on_drop: false }`
[INFO] running `Command { std: "docker" "exec" "-e" "SOURCE_DIR=/opt/rustwide/workdir" "-e" "CARGO_HOME=/opt/rustwide/cargo-home" "-e" "RUSTUP_HOME=/opt/rustwide/rustup-home" "-e" "CARGO_TARGET_DIR=/opt/rustwide/target" "-e" "CARGO_INCREMENTAL=0" "-e" "RUST_BACKTRACE=full" "-e" "RUSTFLAGS=--cap-lints=warn" "-e" "RUSTDOCFLAGS=--cap-lints=warn" "-w" "/opt/rustwide/workdir" "--user" "0:0" "179966f598b84b67656a184e070ed2721aec27860643feb7a387f25b21b97ead" "/opt/rustwide/cargo-home/bin/cargo" "+1.99.0-beta.8" "test" "--frozen", kill_on_drop: false }`
[INFO] [stderr]     Finished `test` profile [unoptimized + debuginfo] target(s) in 0.31s
[INFO] [stderr]      Running unittests src/lib.rs (/opt/rustwide/target/debug/deps/redfolder-c8481b55ba8d4393)
[INFO] [stdout] 
[INFO] [stdout] running 73 tests
[INFO] [stdout] test calendar::tests::test_date_only_event_without_time_is_tentative ... ok
[INFO] [stdout] test calendar::tests::test_dst_fall_back_ambiguous ... ok
[INFO] [stdout] test calendar::tests::test_dst_boundary_parsing ... ok
[INFO] [stdout] test calendar::tests::test_all_day_and_tentative_parsing ... ok
[INFO] [stdout] test calendar::tests::test_client_builder_options ... ok
[INFO] [stdout] test calendar::tests::test_parse_ampm_datetime ... ok
[INFO] [stdout] test calendar::tests::test_parse_rfc3339_datetime ... ok
[INFO] [stdout] test calendar::tests::test_legacy_cache_fallback ... ok
[INFO] [stdout] test calendar::tests::test_calendar_client_custom_user_agent ... ok
[INFO] [stdout] test calendar::tests::test_duplicate_fallbacks_are_ignored ... ok
[INFO] [stdout] test calendar::tests::test_corrupted_cache_recovery ... ok
[INFO] [stdout] test calendar::tests::test_date_with_embedded_time_and_empty_time_field ... ok
[INFO] [stdout] test calendar::tests::test_dst_spring_forward_gap_shift ... ok
[INFO] [stdout] test calendar::tests::test_backoff_is_capped_and_never_overflows ... ok
[INFO] [stdout] test calendar::tests::test_url_policy_defaults_and_builder ... ok
[INFO] [stdout] test calendar::tests::test_url_policy_https_enforcement ... ok
[INFO] [stdout] test calendar::tests::test_url_policy_private_ip_blocking_ipv6 ... ok
[INFO] [stdout] test config::tests::test_deserialization_with_legacy_aliases ... ok
[INFO] [stdout] test calendar::tests::test_url_policy_eager_client_validation ... ok
[INFO] [stdout] test config::tests::test_min_impact_medium_includes_high ... ok
[INFO] [stdout] test config::tests::test_presets_pass_validate_strict ... ok
[INFO] [stdout] test calendar::tests::test_url_policy_private_ip_blocking_ipv4 ... ok
[INFO] [stdout] test calendar::tests::test_default_cache_dir ... ok
[INFO] [stdout] test config::tests::test_min_impact_custom_is_not_above_high ... ok
[INFO] [stdout] test config::tests::test_weekend_validation_when_disabled ... ok
[INFO] [stdout] test calendar::tests::test_url_policy_allowed_hosts_case_insensitive ... ok
[INFO] [stdout] test config::tests::test_typed_helpers ... ok
[INFO] [stdout] test config::tests::test_validate_strict ... ok
[INFO] [stdout] test calendar::tests::test_default_client_has_overall_timeout ... ok
[INFO] [stdout] test curfew::tests::test_parse_time ... ok
[INFO] [stdout] test config::tests::test_builder ... ok
[INFO] [stdout] test config::tests::test_builder_strict_methods ... ok
[INFO] [stdout] test config::tests::test_config_defaults ... ok
[INFO] [stdout] test engine::tests::test_engine_all_unparseable_events_is_fail_closed ... ok
[INFO] [stdout] test engine::tests::test_event_window_end_is_exclusive ... ok
[INFO] [stdout] test curfew::tests::test_weekend_window_title ... ok
[INFO] [stdout] test config::tests::test_exact_impact_medium_excludes_high ... ok
[INFO] [stdout] test config::tests::test_semantic_validation_rejects_blank_items ... ok
[INFO] [stdout] test engine::tests::test_fail_safe_closed_blackout ... ok
[INFO] [stdout] test engine::tests::test_binary_search_and_window_is_active_at_agree ... ok
[INFO] [stdout] test engine::tests::test_huge_buffers_are_rejected_not_panicking ... ok
[INFO] [stdout] test config::tests::test_fail_safe_mode_config ... ok
[INFO] [stdout] test engine::tests::test_overlapping_event_merging ... ok
[INFO] [stdout] test engine::tests::test_status_atomic_accessor ... ok
[INFO] [stdout] test curfew::tests::test_next_weekend_window_short_mode ... ok
[INFO] [stdout] test config::tests::test_typed_builder ... ok
[INFO] [stdout] test curfew::tests::test_next_weekend_window_weekend_mode ... ok
[INFO] [stdout] test engine::tests::test_upcoming_blackouts_horizon_beyond_48h ... ok
[INFO] [stdout] test engine::tests::test_worker_specific_buffers_isolation ... ok
[INFO] [stdout] test engine::tests::test_weekend_and_news_overlap ... ok
[INFO] [stdout] test curfew::tests::test_next_weekend_window_invalid_mode ... ok
[INFO] [stdout] test curfew::tests::test_weekend_window_exact_end_boundary ... ok
[INFO] [stdout] test service::tests::test_duplicate_worker_registration_rejected ... ok
[INFO] [stdout] test calendar::tests::test_cache_save_and_load ... ok
[INFO] [stdout] test service::tests::test_subscribe_sequenced_monotonicity ... ok
[INFO] [stdout] test service::tests::test_fail_closed_worker_in_service ... ok
[INFO] [stdout] test types::tests::test_currency_parsing_and_matching ... ok
[INFO] [stdout] test engine::tests::test_currency_and_impact_filtering ... ok
[INFO] [stdout] test service::tests::test_register_worker_rejects_unvalidated_config ... ok
[INFO] [stdout] test events::tests::test_event_methods ... ok
[INFO] [stdout] test service::tests::test_event_bus_and_warning_dispatch ... ok
[INFO] [stdout] test types::tests::test_custom_event_kind_and_window_event_methods ... ok
[INFO] [stdout] test types::tests::test_fail_safe_mode ... ok
[INFO] [stdout] test types::tests::test_impact_parsing_and_matching ... ok
[INFO] [stdout] test service::tests::test_service_health_and_gate_evaluation ... ok
[INFO] [stdout] test config::tests::test_lint_flags_typos ... ok
[INFO] [stdout] test service::tests::test_set_check_interval_validation ... ok
[INFO] [stdout] test types::tests::test_blackout_window_methods ... ok
[INFO] [stdout] test calendar::tests::test_cache_file_permissions_unix ... ok
[INFO] [stdout] test service::tests::test_start_required_semantics ... ok
[INFO] [stdout] test calendar::tests::test_cache_sha256_checksum_and_tampering ... ok
[INFO] [stdout] test service::tests::test_spawn_supervised_restarts_panicking_task ... ok
[INFO] [stdout] test service::tests::test_calendar_sync_failed_event_dispatch ... ok
[INFO] [stdout] 
[INFO] [stdout] test result: ok. 73 passed; 0 failed; 0 ignored; 0 measured; 0 filtered out; finished in 1.52s
[INFO] [stdout] 
[INFO] [stderr]      Running unittests src/bin/main.rs (/opt/rustwide/target/debug/deps/redfolder-9f6c4114c9ab218c)
[INFO] [stdout] 
[INFO] [stdout] running 0 tests
[INFO] [stdout] 
[INFO] [stdout] test result: ok. 0 passed; 0 failed; 0 ignored; 0 measured; 0 filtered out; finished in 0.00s
[INFO] [stdout] 
[INFO] [stderr]      Running tests/integration_tests.rs (/opt/rustwide/target/debug/deps/integration_tests-9cc45d0c4ec196b4)
[INFO] [stdout] 
[INFO] [stdout] running 84 tests
[INFO] [stdout] test test_cache_rejects_event_count_mismatch ... ok
[INFO] [stdout] test test_atomic_status_accessor_consistency ... ok
[INFO] [stdout] test test_all_day_events_in_non_utc_timezone ... ok
[INFO] [stdout] test test_back_to_back_news_merge ... ok
[INFO] [stdout] test test_cache_exceeding_max_response_bytes_is_rejected ... ok
[INFO] [stdout] test test_atomic_cache_write_leaves_no_temporary_files ... ok
[INFO] [stdout] test test_cache_with_oversized_fields_rejected ... ok
[INFO] [stdout] test test_cache_preservation_on_empty_response ... ok
[INFO] [stdout] test test_blackout_ended_event_preserves_active_window ... ok
[INFO] [stdout] test test_all_day_and_tentative_event_policies ... ok
[INFO] [stdout] test test_config_validation_negative_buffers_and_bad_formats ... ok
[INFO] [stdout] test test_cross_midnight_short_curfew ... ok
[INFO] [stdout] test test_custom_event_listener_callback ... ok
[INFO] [stdout] test test_cache_integrity_checksum_tamper_detection ... ok
[INFO] [stdout] test test_cold_start_fail_closed ... ok
[INFO] [stdout] test test_empty_currency_and_impact_filters_are_rejected ... ok
[INFO] [stdout] test test_corrupted_primary_fails_over_to_mirror ... ok
[INFO] [stdout] test test_dst_transition ... ok
[INFO] [stdout] test test_cold_start_fail_open ... ok
[INFO] [stdout] test test_cli_rejects_typo_impact ... ok
[INFO] [stdout] test test_disabling_fallback_does_not_disable_staleness ... ok
[INFO] [stdout] test test_all_unparseable_on_cold_start_is_fail_closed ... ok
[INFO] [stdout] test test_empty_feed_does_not_resurrect_old_cache ... ok
[INFO] [stdout] test test_fallback_url_failover ... ok
[INFO] [stdout] test test_empty_feed_accepts_recent_cache_but_flags_it ... ok
[INFO] [stdout] test test_gate_three_state_flow_and_staleness_safety ... ok
[INFO] [stdout] test test_degraded_refresh_does_not_suppress_retry ... ok
[INFO] [stdout] test test_group_writable_cache_dir_is_refused ... ok
[INFO] [stdout] test test_future_timestamp_cache_rejected_by_cache_rejection ... ok
[INFO] [stdout] test test_force_refresh_bypasses_cache_with_mock_server ... ok
[INFO] [stdout] test test_immediate_notification_for_worker_registered_during_blackout ... ok
[INFO] [stdout] test test_format_drift_keeps_previous_calendar_and_reports_failure ... ok
[INFO] [stdout] test test_impact_aliases_high_vs_red_normalization ... ok
[INFO] [stdout] test test_http_retry_on_429_with_recovery ... ok
[INFO] [stdout] test test_listener_bounded_queue_drops_excess_events ... ok
[INFO] [stdout] test test_fallback_cache_does_not_reset_staleness_clock ... ok
[INFO] [stdout] test test_legacy_cache_never_served_on_empty_feed ... ok
[INFO] [stdout] test test_cli_min_impact_threshold ... ok
[INFO] [stdout] test test_http_retry_on_429_exhausted_falls_back_to_cache ... ok
[INFO] [stdout] test test_mock_server_scripted_replies_and_fixtures ... ok
[INFO] [stdout] test test_multi_worker_buffer_isolation_in_service ... ok
[INFO] [stdout] test test_multi_worker_isolation_and_filtering ... ok
[INFO] [stdout] test test_legacy_v1_cache_with_valid_sha256_is_accepted_and_upgrades_to_v2 ... ok
[INFO] [stdout] test test_prop_firm_strict_defaults_to_fail_closed ... ok
[INFO] [stdout] test test_mock_server_hang_triggers_client_timeout ... ok
[INFO] [stdout] test test_register_worker_duplicate_id_protection_and_reregister ... ok
[INFO] [stdout] test test_register_worker_rejects_unvalidated_deserialized_config ... ok
[INFO] [stdout] test test_response_body_size_limit_rejection ... ok
[INFO] [stdout] test test_retry_latency_ceiling_bounded ... ok
[INFO] [stdout] test test_missing_sha256_is_rejected_for_v2 ... ok
[INFO] [stdout] test test_plausibility_floor_triggers_fallback_when_below_min_expected_events ... ok
[INFO] [stdout] test test_service_worker_unregistration ... ok
[INFO] [stdout] test test_cli_status_provenance_json_and_exit_codes ... ok
[INFO] [stdout] test test_listener_sequential_ordered_delivery ... ok
[INFO] [stdout] test test_service_health_endpoint_fresh_degraded_stale ... ok
[INFO] [stdout] test test_cli_binary_execution ... FAILED
[INFO] [stdout] test test_timestamp_determinism_historical_and_future ... ok
[INFO] [stdout] test test_timezone_aware_naive_timestamp_and_dst ... ok
[INFO] [stdout] test test_concurrent_save_cache_atomic ... ok
[INFO] [stdout] test test_try_default_cache_dir_returns_valid_path ... ok
[INFO] [stdout] test test_url_policy_allows_matching_allowed_host_and_blocks_unmatched ... ok
[INFO] [stdout] test test_url_policy_blocks_redirect_to_private_ip ... ok
[INFO] [stdout] test test_tampered_fetched_at_is_rejected ... ok
[INFO] [stdout] test test_url_policy_redirect_limit_enforced ... ok
[INFO] [stdout] test test_url_policy_mirror_failover_when_primary_violates_policy ... ok
[INFO] [stdout] test test_weekend_and_economic_overlap ... ok
[INFO] [stdout] test test_url_policy_rejects_http_in_fetch ... ok
[INFO] [stdout] test test_wildcard_currency_and_case_insensitivity ... ok
[INFO] [stdout] test test_weekend_boundaries_and_determinism ... ok
[INFO] [stdout] test test_windows_for_worker_isolation ... ok
[INFO] [stdout] test test_empty_remote_feed_preserves_cache_on_force_fetch ... ok
[INFO] [stdout] test test_calendar_sync_failed_event_reaches_listeners ... ok
[INFO] [stdout] test test_cli_health_command ... ok
[INFO] [stdout] test test_calendar_updated_reaches_both_broadcast_and_event_listener ... ok
[INFO] [stdout] test test_legacy_cache_older_than_max_stale_age_rejected ... ok
[INFO] [stdout] test test_offline_cache_fallback ... ok
[INFO] [stdout] test test_refresh_reconciles_worker_state_immediately ... ok
[INFO] [stdout] test test_total_latency_bounded_across_dead_fallbacks ... ok
[INFO] [stdout] test test_stop_waits_for_background_tasks_and_rapid_restart ... ok
[INFO] [stdout] test test_service_lifecycle_guards_and_restart ... ok
[INFO] [stdout] test test_stale_cache_policy_enforcement ... ok
[INFO] [stdout] test test_failed_startup_does_not_remain_running_and_can_retry ... ok
[INFO] [stdout] test test_stop_during_delayed_http_request ... ok
[INFO] [stdout] test test_concurrent_refreshes_are_serialized ... ok
[INFO] [stdout] 
[INFO] [stdout] failures:
[INFO] [stdout] 
[INFO] [stdout] ---- test_cli_binary_execution stdout ----
[INFO] [stdout] 
[INFO] [stdout] thread 'test_cli_binary_execution' (1961) panicked at tests/integration_tests.rs:2279:5:
[INFO] [stdout] assertion failed: stdout.contains("1.0.0")
[INFO] [stdout] stack backtrace:
[INFO] [stdout]    0:     0x605052cff711 - std[70759c8f55707aa4]::backtrace_rs::backtrace::libunwind::trace
[INFO] [stdout]                                at /rustc/dfb0accb7f508ae8be965d8629557221c889dd98/library/std/src/../../backtrace/src/backtrace/libunwind.rs:117:9
[INFO] [stdout]    1:     0x605052cff711 - std[70759c8f55707aa4]::backtrace_rs::backtrace::trace_unsynchronized::<std[70759c8f55707aa4]::sys::backtrace::_print_fmt::{closure#1}>
[INFO] [stdout]                                at /rustc/dfb0accb7f508ae8be965d8629557221c889dd98/library/std/src/../../backtrace/src/backtrace/mod.rs:66:14
[INFO] [stdout]    2:     0x605052cff711 - std[70759c8f55707aa4]::sys::backtrace::_print_fmt
[INFO] [stdout]                                at /rustc/dfb0accb7f508ae8be965d8629557221c889dd98/library/std/src/sys/backtrace.rs:74:9
[INFO] [stdout]    3:     0x605052cff711 - <<std[70759c8f55707aa4]::sys::backtrace::BacktraceLock>::print::DisplayBacktrace as core[df12db4294e9bfd3]::fmt::Display>::fmt
[INFO] [stdout]                                at /rustc/dfb0accb7f508ae8be965d8629557221c889dd98/library/std/src/sys/backtrace.rs:44:26
[INFO] [stdout]    4:     0x605052d17c3a - <core[df12db4294e9bfd3]::fmt::rt::Argument>::fmt
[INFO] [stdout]                                at /rustc/dfb0accb7f508ae8be965d8629557221c889dd98/library/core/src/fmt/rt.rs:152:76
[INFO] [stdout]    5:     0x605052d17c3a - core[df12db4294e9bfd3]::fmt::write
[INFO] [stdout]    6:     0x605052d0487c - core[df12db4294e9bfd3]::io::write::default_write_fmt::<alloc[2182bb758b4b3781]::vec::Vec<u8>>
[INFO] [stdout]                                at /rustc/dfb0accb7f508ae8be965d8629557221c889dd98/library/core/src/io/write.rs:402:11
[INFO] [stdout]    7:     0x605052d0487c - <alloc[2182bb758b4b3781]::vec::Vec<u8> as core[df12db4294e9bfd3]::io::write::Write>::write_fmt
[INFO] [stdout]                                at /rustc/dfb0accb7f508ae8be965d8629557221c889dd98/library/core/src/io/write.rs:335:13
[INFO] [stdout]    8:     0x605052cd81a6 - <std[70759c8f55707aa4]::sys::backtrace::BacktraceLock>::print
[INFO] [stdout]                                at /rustc/dfb0accb7f508ae8be965d8629557221c889dd98/library/std/src/sys/backtrace.rs:47:9
[INFO] [stdout]    9:     0x605052cd81a6 - std[70759c8f55707aa4]::panicking::default_hook::{closure#0}
[INFO] [stdout]                                at /rustc/dfb0accb7f508ae8be965d8629557221c889dd98/library/std/src/panicking.rs:292:27
[INFO] [stdout]   10:     0x605052cf62e9 - std[70759c8f55707aa4]::panicking::default_hook
[INFO] [stdout]                                at /rustc/dfb0accb7f508ae8be965d8629557221c889dd98/library/std/src/panicking.rs:316:9
[INFO] [stdout]   11:     0x6050527070b0 - <alloc[2182bb758b4b3781]::boxed::Box<dyn for<'a, 'b> core[df12db4294e9bfd3]::ops::function::Fn<(&'a std[70759c8f55707aa4]::panic::PanicHookInfo<'b>,), Output = ()> + core[df12db4294e9bfd3]::marker::Send + core[df12db4294e9bfd3]::marker::Sync> as core[df12db4294e9bfd3]::ops::function::Fn<(&std[70759c8f55707aa4]::panic::PanicHookInfo,)>>::call
[INFO] [stdout]                                at /rustc/dfb0accb7f508ae8be965d8629557221c889dd98/library/alloc/src/boxed.rs:2334:9
[INFO] [stdout]   12:     0x6050527070b0 - test[9d35eded1c95d3be]::test_main_inner::<test[9d35eded1c95d3be]::test_main_static::{closure#0}>::{closure#0}
[INFO] [stdout]                                at /rustc/dfb0accb7f508ae8be965d8629557221c889dd98/library/test/src/lib.rs:155:21
[INFO] [stdout]   13:     0x605052cf6612 - <alloc[2182bb758b4b3781]::boxed::Box<dyn for<'a, 'b> core[df12db4294e9bfd3]::ops::function::Fn<(&'a std[70759c8f55707aa4]::panic::PanicHookInfo<'b>,), Output = ()> + core[df12db4294e9bfd3]::marker::Send + core[df12db4294e9bfd3]::marker::Sync> as core[df12db4294e9bfd3]::ops::function::Fn<(&std[70759c8f55707aa4]::panic::PanicHookInfo,)>>::call
[INFO] [stdout]                                at /rustc/dfb0accb7f508ae8be965d8629557221c889dd98/library/alloc/src/boxed.rs:2334:9
[INFO] [stdout]   14:     0x605052cf6612 - std[70759c8f55707aa4]::panicking::panic_with_hook
[INFO] [stdout]                                at /rustc/dfb0accb7f508ae8be965d8629557221c889dd98/library/std/src/panicking.rs:823:13
[INFO] [stdout]   15:     0x605052cd8284 - std[70759c8f55707aa4]::panicking::panic_handler::{closure#0}
[INFO] [stdout]                                at /rustc/dfb0accb7f508ae8be965d8629557221c889dd98/library/std/src/panicking.rs:681:13
[INFO] [stdout]   16:     0x605052cd0b49 - std[70759c8f55707aa4]::sys::backtrace::__rust_end_short_backtrace::<std[70759c8f55707aa4]::panicking::panic_handler::{closure#0}, !>
[INFO] [stdout]                                at /rustc/dfb0accb7f508ae8be965d8629557221c889dd98/library/std/src/sys/backtrace.rs:182:18
[INFO] [stdout]   17:     0x605052cd91ed - __rustc[8fa7c3cbc660c2b3]::rust_begin_unwind
[INFO] [stdout]                                at /rustc/dfb0accb7f508ae8be965d8629557221c889dd98/library/std/src/panicking.rs:679:5
[INFO] [stdout]   18:     0x605052d1848c - core[df12db4294e9bfd3]::panicking::panic_fmt
[INFO] [stdout]                                at /rustc/dfb0accb7f508ae8be965d8629557221c889dd98/library/core/src/panicking.rs:80:14
[INFO] [stdout]   19:     0x605052d18452 - core[df12db4294e9bfd3]::panicking::panic
[INFO] [stdout]                                at /rustc/dfb0accb7f508ae8be965d8629557221c889dd98/library/core/src/panicking.rs:150:5
[INFO] [stdout]   20:     0x605052554162 - integration_tests[6a03217f844409f4]::test_cli_binary_execution::{closure#0}
[INFO] [stdout]                                at /opt/rustwide/workdir/tests/integration_tests.rs:2279:5
[INFO] [stdout]   21:     0x6050526b9ef2 - <core[df12db4294e9bfd3]::pin::Pin<&mut dyn core[df12db4294e9bfd3]::future::future::Future<Output = ()>> as core[df12db4294e9bfd3]::future::future::Future>::poll
[INFO] [stdout]                                at /rustc/dfb0accb7f508ae8be965d8629557221c889dd98/library/core/src/future/future.rs:133:9
[INFO] [stdout]   22:     0x6050526b9f6d - <core[df12db4294e9bfd3]::pin::Pin<&mut core[df12db4294e9bfd3]::pin::Pin<&mut dyn core[df12db4294e9bfd3]::future::future::Future<Output = ()>>> as core[df12db4294e9bfd3]::future::future::Future>::poll
[INFO] [stdout]                                at /rustc/dfb0accb7f508ae8be965d8629557221c889dd98/library/core/src/future/future.rs:133:9
[INFO] [stdout]   23:     0x60505266ebcd - <tokio[c948c7edf6c845aa]::runtime::scheduler::current_thread::CoreGuard>::block_on::<core[df12db4294e9bfd3]::pin::Pin<&mut core[df12db4294e9bfd3]::pin::Pin<&mut dyn core[df12db4294e9bfd3]::future::future::Future<Output = ()>>>>::{closure#0}::{closure#0}::{closure#0}
[INFO] [stdout]                                at /opt/rustwide/cargo-home/registry/src/index.crates.io-1949cf8c6b5b557f/tokio-1.53.1/src/runtime/scheduler/current_thread/mod.rs:830:70
[INFO] [stdout]   24:     0x60505266eb05 - tokio[c948c7edf6c845aa]::task::coop::with_budget::<core[df12db4294e9bfd3]::task::poll::Poll<()>, <tokio[c948c7edf6c845aa]::runtime::scheduler::current_thread::CoreGuard>::block_on<core[df12db4294e9bfd3]::pin::Pin<&mut core[df12db4294e9bfd3]::pin::Pin<&mut dyn core[df12db4294e9bfd3]::future::future::Future<Output = ()>>>>::{closure#0}::{closure#0}::{closure#0}>
[INFO] [stdout]                                at /opt/rustwide/cargo-home/registry/src/index.crates.io-1949cf8c6b5b557f/tokio-1.53.1/src/task/coop/mod.rs:167:5
[INFO] [stdout]   25:     0x60505266eb05 - tokio[c948c7edf6c845aa]::task::coop::budget::<core[df12db4294e9bfd3]::task::poll::Poll<()>, <tokio[c948c7edf6c845aa]::runtime::scheduler::current_thread::CoreGuard>::block_on<core[df12db4294e9bfd3]::pin::Pin<&mut core[df12db4294e9bfd3]::pin::Pin<&mut dyn core[df12db4294e9bfd3]::future::future::Future<Output = ()>>>>::{closure#0}::{closure#0}::{closure#0}>
[INFO] [stdout]                                at /opt/rustwide/cargo-home/registry/src/index.crates.io-1949cf8c6b5b557f/tokio-1.53.1/src/task/coop/mod.rs:133:5
[INFO] [stdout]   26:     0x60505266eb05 - <tokio[c948c7edf6c845aa]::runtime::scheduler::current_thread::CoreGuard>::block_on::<core[df12db4294e9bfd3]::pin::Pin<&mut core[df12db4294e9bfd3]::pin::Pin<&mut dyn core[df12db4294e9bfd3]::future::future::Future<Output = ()>>>>::{closure#0}::{closure#0}
[INFO] [stdout]                                at /opt/rustwide/cargo-home/registry/src/index.crates.io-1949cf8c6b5b557f/tokio-1.53.1/src/runtime/scheduler/current_thread/mod.rs:830:25
[INFO] [stdout]   27:     0x60505265e522 - <tokio[c948c7edf6c845aa]::runtime::scheduler::current_thread::Context>::enter::<core[df12db4294e9bfd3]::task::poll::Poll<()>, <tokio[c948c7edf6c845aa]::runtime::scheduler::current_thread::CoreGuard>::block_on<core[df12db4294e9bfd3]::pin::Pin<&mut core[df12db4294e9bfd3]::pin::Pin<&mut dyn core[df12db4294e9bfd3]::future::future::Future<Output = ()>>>>::{closure#0}::{closure#0}>
[INFO] [stdout]                                at /opt/rustwide/cargo-home/registry/src/index.crates.io-1949cf8c6b5b557f/tokio-1.53.1/src/runtime/scheduler/current_thread/mod.rs:488:19
[INFO] [stdout]   28:     0x60505266d49d - <tokio[c948c7edf6c845aa]::runtime::scheduler::current_thread::CoreGuard>::block_on::<core[df12db4294e9bfd3]::pin::Pin<&mut core[df12db4294e9bfd3]::pin::Pin<&mut dyn core[df12db4294e9bfd3]::future::future::Future<Output = ()>>>>::{closure#0}
[INFO] [stdout]                                at /opt/rustwide/cargo-home/registry/src/index.crates.io-1949cf8c6b5b557f/tokio-1.53.1/src/runtime/scheduler/current_thread/mod.rs:829:44
[INFO] [stdout]   29:     0x60505266c734 - <tokio[c948c7edf6c845aa]::runtime::scheduler::current_thread::CoreGuard>::enter::<<tokio[c948c7edf6c845aa]::runtime::scheduler::current_thread::CoreGuard>::block_on<core[df12db4294e9bfd3]::pin::Pin<&mut core[df12db4294e9bfd3]::pin::Pin<&mut dyn core[df12db4294e9bfd3]::future::future::Future<Output = ()>>>>::{closure#0}, core[df12db4294e9bfd3]::option::Option<()>>::{closure#0}
[INFO] [stdout]                                at /opt/rustwide/cargo-home/registry/src/index.crates.io-1949cf8c6b5b557f/tokio-1.53.1/src/runtime/scheduler/current_thread/mod.rs:906:68
[INFO] [stdout]   30:     0x605052607b0b - <tokio[c948c7edf6c845aa]::runtime::context::scoped::Scoped<tokio[c948c7edf6c845aa]::runtime::scheduler::Context>>::set::<<tokio[c948c7edf6c845aa]::runtime::scheduler::current_thread::CoreGuard>::enter<<tokio[c948c7edf6c845aa]::runtime::scheduler::current_thread::CoreGuard>::block_on<core[df12db4294e9bfd3]::pin::Pin<&mut core[df12db4294e9bfd3]::pin::Pin<&mut dyn core[df12db4294e9bfd3]::future::future::Future<Output = ()>>>>::{closure#0}, core[df12db4294e9bfd3]::option::Option<()>>::{closure#0}, (alloc[2182bb758b4b3781]::boxed::Box<tokio[c948c7edf6c845aa]::runtime::scheduler::current_thread::Core>, core[df12db4294e9bfd3]::option::Option<()>)>
[INFO] [stdout]                                at /opt/rustwide/cargo-home/registry/src/index.crates.io-1949cf8c6b5b557f/tokio-1.53.1/src/runtime/context/scoped.rs:40:9
[INFO] [stdout]   31:     0x60505269e4e9 - tokio[c948c7edf6c845aa]::runtime::context::set_scheduler::<(alloc[2182bb758b4b3781]::boxed::Box<tokio[c948c7edf6c845aa]::runtime::scheduler::current_thread::Core>, core[df12db4294e9bfd3]::option::Option<()>), <tokio[c948c7edf6c845aa]::runtime::scheduler::current_thread::CoreGuard>::enter<<tokio[c948c7edf6c845aa]::runtime::scheduler::current_thread::CoreGuard>::block_on<core[df12db4294e9bfd3]::pin::Pin<&mut core[df12db4294e9bfd3]::pin::Pin<&mut dyn core[df12db4294e9bfd3]::future::future::Future<Output = ()>>>>::{closure#0}, core[df12db4294e9bfd3]::option::Option<()>>::{closure#0}>::{closure#0}
[INFO] [stdout]                                at /opt/rustwide/cargo-home/registry/src/index.crates.io-1949cf8c6b5b557f/tokio-1.53.1/src/runtime/context.rs:187:38
[INFO] [stdout]   32:     0x605052694f1f - <std[70759c8f55707aa4]::thread::local::LocalKey<tokio[c948c7edf6c845aa]::runtime::context::Context>>::try_with::<tokio[c948c7edf6c845aa]::runtime::context::set_scheduler<(alloc[2182bb758b4b3781]::boxed::Box<tokio[c948c7edf6c845aa]::runtime::scheduler::current_thread::Core>, core[df12db4294e9bfd3]::option::Option<()>), <tokio[c948c7edf6c845aa]::runtime::scheduler::current_thread::CoreGuard>::enter<<tokio[c948c7edf6c845aa]::runtime::scheduler::current_thread::CoreGuard>::block_on<core[df12db4294e9bfd3]::pin::Pin<&mut core[df12db4294e9bfd3]::pin::Pin<&mut dyn core[df12db4294e9bfd3]::future::future::Future<Output = ()>>>>::{closure#0}, core[df12db4294e9bfd3]::option::Option<()>>::{closure#0}>::{closure#0}, (alloc[2182bb758b4b3781]::boxed::Box<tokio[c948c7edf6c845aa]::runtime::scheduler::current_thread::Core>, core[df12db4294e9bfd3]::option::Option<()>)>
[INFO] [stdout]                                at /rustc/dfb0accb7f508ae8be965d8629557221c889dd98/library/std/src/thread/local.rs:463:12
[INFO] [stdout]   33:     0x605052694ace - <std[70759c8f55707aa4]::thread::local::LocalKey<tokio[c948c7edf6c845aa]::runtime::context::Context>>::with::<tokio[c948c7edf6c845aa]::runtime::context::set_scheduler<(alloc[2182bb758b4b3781]::boxed::Box<tokio[c948c7edf6c845aa]::runtime::scheduler::current_thread::Core>, core[df12db4294e9bfd3]::option::Option<()>), <tokio[c948c7edf6c845aa]::runtime::scheduler::current_thread::CoreGuard>::enter<<tokio[c948c7edf6c845aa]::runtime::scheduler::current_thread::CoreGuard>::block_on<core[df12db4294e9bfd3]::pin::Pin<&mut core[df12db4294e9bfd3]::pin::Pin<&mut dyn core[df12db4294e9bfd3]::future::future::Future<Output = ()>>>>::{closure#0}, core[df12db4294e9bfd3]::option::Option<()>>::{closure#0}>::{closure#0}, (alloc[2182bb758b4b3781]::boxed::Box<tokio[c948c7edf6c845aa]::runtime::scheduler::current_thread::Core>, core[df12db4294e9bfd3]::option::Option<()>)>
[INFO] [stdout]                                at /rustc/dfb0accb7f508ae8be965d8629557221c889dd98/library/std/src/thread/local.rs:427:20
[INFO] [stdout]   34:     0x60505269a87d - tokio[c948c7edf6c845aa]::runtime::context::set_scheduler::<(alloc[2182bb758b4b3781]::boxed::Box<tokio[c948c7edf6c845aa]::runtime::scheduler::current_thread::Core>, core[df12db4294e9bfd3]::option::Option<()>), <tokio[c948c7edf6c845aa]::runtime::scheduler::current_thread::CoreGuard>::enter<<tokio[c948c7edf6c845aa]::runtime::scheduler::current_thread::CoreGuard>::block_on<core[df12db4294e9bfd3]::pin::Pin<&mut core[df12db4294e9bfd3]::pin::Pin<&mut dyn core[df12db4294e9bfd3]::future::future::Future<Output = ()>>>>::{closure#0}, core[df12db4294e9bfd3]::option::Option<()>>::{closure#0}>
[INFO] [stdout]                                at /opt/rustwide/cargo-home/registry/src/index.crates.io-1949cf8c6b5b557f/tokio-1.53.1/src/runtime/context.rs:187:17
[INFO] [stdout]   35:     0x6050526685d0 - <tokio[c948c7edf6c845aa]::runtime::scheduler::current_thread::CoreGuard>::enter::<<tokio[c948c7edf6c845aa]::runtime::scheduler::current_thread::CoreGuard>::block_on<core[df12db4294e9bfd3]::pin::Pin<&mut core[df12db4294e9bfd3]::pin::Pin<&mut dyn core[df12db4294e9bfd3]::future::future::Future<Output = ()>>>>::{closure#0}, core[df12db4294e9bfd3]::option::Option<()>>
[INFO] [stdout]                                at /opt/rustwide/cargo-home/registry/src/index.crates.io-1949cf8c6b5b557f/tokio-1.53.1/src/runtime/scheduler/current_thread/mod.rs:906:27
[INFO] [stdout]   36:     0x6050526688c6 - <tokio[c948c7edf6c845aa]::runtime::scheduler::current_thread::CoreGuard>::block_on::<core[df12db4294e9bfd3]::pin::Pin<&mut core[df12db4294e9bfd3]::pin::Pin<&mut dyn core[df12db4294e9bfd3]::future::future::Future<Output = ()>>>>
[INFO] [stdout]                                at /opt/rustwide/cargo-home/registry/src/index.crates.io-1949cf8c6b5b557f/tokio-1.53.1/src/runtime/scheduler/current_thread/mod.rs:817:24
[INFO] [stdout]   37:     0x60505266c4e0 - <tokio[c948c7edf6c845aa]::runtime::scheduler::current_thread::CurrentThread>::block_on::<core[df12db4294e9bfd3]::pin::Pin<&mut dyn core[df12db4294e9bfd3]::future::future::Future<Output = ()>>>::{closure#0}
[INFO] [stdout]                                at /opt/rustwide/cargo-home/registry/src/index.crates.io-1949cf8c6b5b557f/tokio-1.53.1/src/runtime/scheduler/current_thread/mod.rs:218:33
[INFO] [stdout]   38:     0x605052669e08 - tokio[c948c7edf6c845aa]::runtime::context::runtime::enter_runtime::<<tokio[c948c7edf6c845aa]::runtime::scheduler::current_thread::CurrentThread>::block_on<core[df12db4294e9bfd3]::pin::Pin<&mut dyn core[df12db4294e9bfd3]::future::future::Future<Output = ()>>>::{closure#0}, ()>
[INFO] [stdout]                                at /opt/rustwide/cargo-home/registry/src/index.crates.io-1949cf8c6b5b557f/tokio-1.53.1/src/runtime/context/runtime.rs:65:16
[INFO] [stdout]   39:     0x60505265e0e4 - <tokio[c948c7edf6c845aa]::runtime::scheduler::current_thread::CurrentThread>::block_on::<core[df12db4294e9bfd3]::pin::Pin<&mut dyn core[df12db4294e9bfd3]::future::future::Future<Output = ()>>>
[INFO] [stdout]                                at /opt/rustwide/cargo-home/registry/src/index.crates.io-1949cf8c6b5b557f/tokio-1.53.1/src/runtime/scheduler/current_thread/mod.rs:206:9
[INFO] [stdout]   40:     0x6050526ce4df - <tokio[c948c7edf6c845aa]::runtime::runtime::Runtime>::block_on_inner::<core[df12db4294e9bfd3]::pin::Pin<&mut dyn core[df12db4294e9bfd3]::future::future::Future<Output = ()>>>
[INFO] [stdout]                                at /opt/rustwide/cargo-home/registry/src/index.crates.io-1949cf8c6b5b557f/tokio-1.53.1/src/runtime/runtime.rs:374:52
[INFO] [stdout]   41:     0x6050526ce62b - <tokio[c948c7edf6c845aa]::runtime::runtime::Runtime>::block_on::<core[df12db4294e9bfd3]::pin::Pin<&mut dyn core[df12db4294e9bfd3]::future::future::Future<Output = ()>>>
[INFO] [stdout]                                at /opt/rustwide/cargo-home/registry/src/index.crates.io-1949cf8c6b5b557f/tokio-1.53.1/src/runtime/runtime.rs:343:18
[INFO] [stdout]   42:     0x60505259c1a9 - integration_tests[6a03217f844409f4]::test_cli_binary_execution
[INFO] [stdout]                                at /opt/rustwide/workdir/tests/integration_tests.rs:2331:6
[INFO] [stdout]   43:     0x6050525524f7 - integration_tests[6a03217f844409f4]::test_cli_binary_execution::{closure#0}
[INFO] [stdout]                                at /opt/rustwide/workdir/tests/integration_tests.rs:2256:37
[INFO] [stdout]   44:     0x6050525ce6a6 - <integration_tests[6a03217f844409f4]::test_cli_binary_execution::{closure#0} as core[df12db4294e9bfd3]::ops::function::FnOnce<()>>::call_once
[INFO] [stdout]                                at /rustc/dfb0accb7f508ae8be965d8629557221c889dd98/library/core/src/ops/function.rs:250:5
[INFO] [stdout]   45:     0x6050526fa39b - <fn() -> core[df12db4294e9bfd3]::result::Result<(), alloc[2182bb758b4b3781]::string::String> as core[df12db4294e9bfd3]::ops::function::FnOnce<()>>::call_once
[INFO] [stdout]                                at /rustc/dfb0accb7f508ae8be965d8629557221c889dd98/library/core/src/ops/function.rs:250:5
[INFO] [stdout]   46:     0x6050526fa39b - test[9d35eded1c95d3be]::__rust_begin_short_backtrace::<core[df12db4294e9bfd3]::result::Result<(), alloc[2182bb758b4b3781]::string::String>, fn() -> core[df12db4294e9bfd3]::result::Result<(), alloc[2182bb758b4b3781]::string::String>>
[INFO] [stdout]                                at /rustc/dfb0accb7f508ae8be965d8629557221c889dd98/library/test/src/lib.rs:733:18
[INFO] [stdout]   47:     0x605052707a05 - test[9d35eded1c95d3be]::run_test_in_process::{closure#0}
[INFO] [stdout]                                at /rustc/dfb0accb7f508ae8be965d8629557221c889dd98/library/test/src/lib.rs:756:74
[INFO] [stdout]   48:     0x605052707a05 - <core[df12db4294e9bfd3]::panic::unwind_safe::AssertUnwindSafe<test[9d35eded1c95d3be]::run_test_in_process::{closure#0}> as core[df12db4294e9bfd3]::ops::function::FnOnce<()>>::call_once
[INFO] [stdout]                                at /rustc/dfb0accb7f508ae8be965d8629557221c889dd98/library/core/src/panic/unwind_safe.rs:275:9
[INFO] [stdout]   49:     0x605052707a05 - std[70759c8f55707aa4]::panicking::catch_unwind::do_call::<core[df12db4294e9bfd3]::panic::unwind_safe::AssertUnwindSafe<test[9d35eded1c95d3be]::run_test_in_process::{closure#0}>, core[df12db4294e9bfd3]::result::Result<(), alloc[2182bb758b4b3781]::string::String>>
[INFO] [stdout]                                at /rustc/dfb0accb7f508ae8be965d8629557221c889dd98/library/std/src/panicking.rs:576:43
[INFO] [stdout]   50:     0x605052707a05 - std[70759c8f55707aa4]::panicking::catch_unwind::<core[df12db4294e9bfd3]::result::Result<(), alloc[2182bb758b4b3781]::string::String>, core[df12db4294e9bfd3]::panic::unwind_safe::AssertUnwindSafe<test[9d35eded1c95d3be]::run_test_in_process::{closure#0}>>
[INFO] [stdout]                                at /rustc/dfb0accb7f508ae8be965d8629557221c889dd98/library/std/src/panicking.rs:544:19
[INFO] [stdout]   51:     0x605052707a05 - std[70759c8f55707aa4]::panic::catch_unwind::<core[df12db4294e9bfd3]::panic::unwind_safe::AssertUnwindSafe<test[9d35eded1c95d3be]::run_test_in_process::{closure#0}>, core[df12db4294e9bfd3]::result::Result<(), alloc[2182bb758b4b3781]::string::String>>
[INFO] [stdout]                                at /rustc/dfb0accb7f508ae8be965d8629557221c889dd98/library/std/src/panic.rs:359:14
[INFO] [stdout]   52:     0x605052707a05 - test[9d35eded1c95d3be]::run_test_in_process
[INFO] [stdout]                                at /rustc/dfb0accb7f508ae8be965d8629557221c889dd98/library/test/src/lib.rs:756:27
[INFO] [stdout]   53:     0x605052707a05 - test[9d35eded1c95d3be]::run_test::{closure#0}
[INFO] [stdout]                                at /rustc/dfb0accb7f508ae8be965d8629557221c889dd98/library/test/src/lib.rs:677:43
[INFO] [stdout]   54:     0x6050527012c4 - test[9d35eded1c95d3be]::run_test::{closure#1}
[INFO] [stdout]                                at /rustc/dfb0accb7f508ae8be965d8629557221c889dd98/library/test/src/lib.rs:707:41
[INFO] [stdout]   55:     0x6050527012c4 - std[70759c8f55707aa4]::sys::backtrace::__rust_begin_short_backtrace::<test[9d35eded1c95d3be]::run_test::{closure#1}, ()>
[INFO] [stdout]                                at /rustc/dfb0accb7f508ae8be965d8629557221c889dd98/library/std/src/sys/backtrace.rs:166:18
[INFO] [stdout]   56:     0x60505270ab62 - std[70759c8f55707aa4]::thread::lifecycle::spawn_unchecked::<test[9d35eded1c95d3be]::run_test::{closure#1}, ()>::{closure#1}::{closure#0}
[INFO] [stdout]                                at /rustc/dfb0accb7f508ae8be965d8629557221c889dd98/library/std/src/thread/lifecycle.rs:70:13
[INFO] [stdout]   57:     0x60505270ab62 - <core[df12db4294e9bfd3]::panic::unwind_safe::AssertUnwindSafe<std[70759c8f55707aa4]::thread::lifecycle::spawn_unchecked<test[9d35eded1c95d3be]::run_test::{closure#1}, ()>::{closure#1}::{closure#0}> as core[df12db4294e9bfd3]::ops::function::FnOnce<()>>::call_once
[INFO] [stdout]                                at /rustc/dfb0accb7f508ae8be965d8629557221c889dd98/library/core/src/panic/unwind_safe.rs:275:9
[INFO] [stdout]   58:     0x60505270ab62 - std[70759c8f55707aa4]::panicking::catch_unwind::do_call::<core[df12db4294e9bfd3]::panic::unwind_safe::AssertUnwindSafe<std[70759c8f55707aa4]::thread::lifecycle::spawn_unchecked<test[9d35eded1c95d3be]::run_test::{closure#1}, ()>::{closure#1}::{closure#0}>, ()>
[INFO] [stdout]                                at /rustc/dfb0accb7f508ae8be965d8629557221c889dd98/library/std/src/panicking.rs:576:43
[INFO] [stdout]   59:     0x60505270ab62 - std[70759c8f55707aa4]::panicking::catch_unwind::<(), core[df12db4294e9bfd3]::panic::unwind_safe::AssertUnwindSafe<std[70759c8f55707aa4]::thread::lifecycle::spawn_unchecked<test[9d35eded1c95d3be]::run_test::{closure#1}, ()>::{closure#1}::{closure#0}>>
[INFO] [stdout]                                at /rustc/dfb0accb7f508ae8be965d8629557221c889dd98/library/std/src/panicking.rs:544:19
[INFO] [stdout]   60:     0x60505270ab62 - std[70759c8f55707aa4]::panic::catch_unwind::<core[df12db4294e9bfd3]::panic::unwind_safe::AssertUnwindSafe<std[70759c8f55707aa4]::thread::lifecycle::spawn_unchecked<test[9d35eded1c95d3be]::run_test::{closure#1}, ()>::{closure#1}::{closure#0}>, ()>
[INFO] [stdout]                                at /rustc/dfb0accb7f508ae8be965d8629557221c889dd98/library/std/src/panic.rs:359:14
[INFO] [stdout]   61:     0x60505270ab62 - std[70759c8f55707aa4]::thread::lifecycle::spawn_unchecked::<test[9d35eded1c95d3be]::run_test::{closure#1}, ()>::{closure#1}
[INFO] [stdout]                                at /rustc/dfb0accb7f508ae8be965d8629557221c889dd98/library/std/src/thread/lifecycle.rs:68:26
[INFO] [stdout]   62:     0x60505270ab62 - <std[70759c8f55707aa4]::thread::lifecycle::spawn_unchecked<test[9d35eded1c95d3be]::run_test::{closure#1}, ()>::{closure#1} as core[df12db4294e9bfd3]::ops::function::FnOnce<()>>::call_once::{shim:vtable#0}
[INFO] [stdout]                                at /rustc/dfb0accb7f508ae8be965d8629557221c889dd98/library/core/src/ops/function.rs:250:5
[INFO] [stdout]   63:     0x605052cfe6d9 - <alloc[2182bb758b4b3781]::boxed::Box<dyn core[df12db4294e9bfd3]::ops::function::FnOnce<(), Output = ()> + core[df12db4294e9bfd3]::marker::Send> as core[df12db4294e9bfd3]::ops::function::FnOnce<()>>::call_once
[INFO] [stdout]                                at /rustc/dfb0accb7f508ae8be965d8629557221c889dd98/library/alloc/src/boxed.rs:2320:9
[INFO] [stdout]   64:     0x605052cfe6d9 - <std[70759c8f55707aa4]::sys::thread::unix::Thread>::new::thread_start
[INFO] [stdout]                                at /rustc/dfb0accb7f508ae8be965d8629557221c889dd98/library/std/src/sys/thread/unix.rs:123:17
[INFO] [stdout]   65:     0x71c057c7edfa - <unknown>
[INFO] [stdout]   66:     0x71c057d123d4 - clone
[INFO] [stdout]   67:                0x0 - <unknown>
[INFO] [stdout] 
[INFO] [stdout] 
[INFO] [stdout] failures:
[INFO] [stdout]     test_cli_binary_execution
[INFO] [stdout] 
[INFO] [stdout] test result: FAILED. 83 passed; 1 failed; 0 ignored; 0 measured; 0 filtered out; finished in 7.55s
[INFO] [stdout] 
[INFO] [stderr] error: test failed, to rerun pass `--test integration_tests`
[INFO] running `Command { std: "docker" "inspect" "179966f598b84b67656a184e070ed2721aec27860643feb7a387f25b21b97ead", kill_on_drop: false }`
[INFO] running `Command { std: "docker" "rm" "-f" "179966f598b84b67656a184e070ed2721aec27860643feb7a387f25b21b97ead", kill_on_drop: false }`
[INFO] [stdout] 179966f598b84b67656a184e070ed2721aec27860643feb7a387f25b21b97ead
