[INFO] fetching crate rcman-derive 0.2.3...
[INFO] testing rcman-derive-0.2.3 against 1.100.0-beta.1 for beta-1.100-2
[INFO] extracting crate rcman-derive 0.2.3 into /workspace/builds/worker-5-tc2/source
[INFO] started tweaking crates.io crate rcman-derive 0.2.3
[INFO] removed 0 missing tests
[INFO] finished tweaking crates.io crate rcman-derive 0.2.3
[INFO] tweaked toml for crates.io crate rcman-derive 0.2.3 written to /workspace/builds/worker-5-tc2/source/Cargo.toml
[INFO] validating manifest of crates.io crate rcman-derive 0.2.3 on toolchain 1.100.0-beta.1
[INFO] running `Command { std: CARGO_HOME="/workspace/cargo-home" RUSTUP_HOME="/workspace/rustup-home" "/workspace/cargo-home/bin/cargo" "+1.100.0-beta.1" "metadata" "--manifest-path" "Cargo.toml" "--no-deps", kill_on_drop: false }`
[INFO] crate crates.io crate rcman-derive 0.2.3 already has a lockfile, it will not be regenerated
[INFO] running `Command { std: CARGO_HOME="/workspace/cargo-home" RUSTUP_HOME="/workspace/rustup-home" "/workspace/cargo-home/bin/cargo" "+1.100.0-beta.1" "fetch" "--manifest-path" "Cargo.toml", kill_on_drop: false }`
[INFO] running `Command { std: "docker" "create" "-v" "/var/lib/crater-agent-workspace/builds/worker-5-tc2/source:/opt/rustwide/workdir:ro,Z" "-v" "/var/lib/crater-agent-workspace/builds/worker-5-tc2/target:/opt/rustwide/target:rw,Z" "-v" "/var/lib/crater-agent-workspace/cargo-home:/opt/rustwide/cargo-home:ro,Z" "-v" "/var/lib/crater-agent-workspace/rustup-home:/opt/rustwide/rustup-home:ro,Z" "-m" "1610612736" "--network" "none" "ghcr.io/rust-lang/crates-build-env/linux@sha256:3111399a4047eeb3a02b7a90e478d715f38a8c6669b5c4b49d30a17385265909" "sleep" "infinity", kill_on_drop: false }`
[INFO] [stdout] 8b4d29a36617e7312b45eac899335fc5efcd5e582fdae5def240d92015c5dc9d
[INFO] running `Command { std: "docker" "start" "8b4d29a36617e7312b45eac899335fc5efcd5e582fdae5def240d92015c5dc9d", kill_on_drop: false }`
[INFO] running `Command { std: "docker" "inspect" "8b4d29a36617e7312b45eac899335fc5efcd5e582fdae5def240d92015c5dc9d", kill_on_drop: false }`
[INFO] running `Command { std: "docker" "exec" "-e" "SOURCE_DIR=/opt/rustwide/workdir" "-e" "CARGO_HOME=/opt/rustwide/cargo-home" "-e" "RUSTUP_HOME=/opt/rustwide/rustup-home" "-e" "CARGO_TARGET_DIR=/opt/rustwide/target" "-w" "/opt/rustwide/workdir" "--user" "0:0" "8b4d29a36617e7312b45eac899335fc5efcd5e582fdae5def240d92015c5dc9d" "/opt/rustwide/cargo-home/bin/cargo" "+1.100.0-beta.1" "metadata" "--no-deps" "--format-version=1", kill_on_drop: false }`
[INFO] running `Command { std: "docker" "inspect" "8b4d29a36617e7312b45eac899335fc5efcd5e582fdae5def240d92015c5dc9d", kill_on_drop: false }`
[INFO] running `Command { std: "docker" "exec" "-e" "SOURCE_DIR=/opt/rustwide/workdir" "-e" "CARGO_HOME=/opt/rustwide/cargo-home" "-e" "RUSTUP_HOME=/opt/rustwide/rustup-home" "-e" "CARGO_TARGET_DIR=/opt/rustwide/target" "-e" "CARGO_INCREMENTAL=0" "-e" "RUST_BACKTRACE=full" "-e" "RUSTFLAGS=--cap-lints=warn" "-e" "RUSTDOCFLAGS=--cap-lints=warn" "-w" "/opt/rustwide/workdir" "--user" "0:0" "8b4d29a36617e7312b45eac899335fc5efcd5e582fdae5def240d92015c5dc9d" "/opt/rustwide/cargo-home/bin/cargo" "+1.100.0-beta.1" "build" "--frozen" "--message-format=json", kill_on_drop: false }`
[INFO] [stderr]    Compiling syn v2.0.119
[INFO] [stderr]    Compiling rcman-derive v0.2.3 (/opt/rustwide/workdir)
[INFO] [stderr]     Finished `dev` profile [unoptimized + debuginfo] target(s) in 5.24s
[INFO] running `Command { std: "docker" "inspect" "8b4d29a36617e7312b45eac899335fc5efcd5e582fdae5def240d92015c5dc9d", kill_on_drop: false }`
[INFO] running `Command { std: "docker" "exec" "-e" "SOURCE_DIR=/opt/rustwide/workdir" "-e" "CARGO_HOME=/opt/rustwide/cargo-home" "-e" "RUSTUP_HOME=/opt/rustwide/rustup-home" "-e" "CARGO_TARGET_DIR=/opt/rustwide/target" "-e" "CARGO_INCREMENTAL=0" "-e" "RUST_BACKTRACE=full" "-e" "RUSTFLAGS=--cap-lints=warn" "-e" "RUSTDOCFLAGS=--cap-lints=warn" "-w" "/opt/rustwide/workdir" "--user" "0:0" "8b4d29a36617e7312b45eac899335fc5efcd5e582fdae5def240d92015c5dc9d" "/opt/rustwide/cargo-home/bin/cargo" "+1.100.0-beta.1" "test" "--frozen" "--no-run" "--message-format=json", kill_on_drop: false }`
[INFO] [stderr]    Compiling proc-macro2 v1.0.107
[INFO] [stderr]    Compiling target-triple v1.0.1
[INFO] [stderr]    Compiling winnow v1.0.4
[INFO] [stderr]    Compiling toml_writer v1.1.2+spec-1.1.0
[INFO] [stderr]    Compiling termcolor v1.4.1
[INFO] [stderr]    Compiling glob v0.3.4
[INFO] [stderr]    Compiling quote v1.0.47
[INFO] [stderr]    Compiling toml_datetime v1.1.1+spec-1.1.0
[INFO] [stderr]    Compiling serde_spanned v1.1.1
[INFO] [stderr]    Compiling toml_parser v1.1.3+spec-1.1.0
[INFO] [stderr]    Compiling syn v3.0.3
[INFO] [stderr]    Compiling syn v2.0.119
[INFO] [stderr]    Compiling toml v1.1.4+spec-1.1.0
[INFO] [stderr]    Compiling serde_derive v1.0.229
[INFO] [stderr]    Compiling serde v1.0.229
[INFO] [stderr]    Compiling rcman-derive v0.2.3 (/opt/rustwide/workdir)
[INFO] [stderr]    Compiling trybuild v1.0.120
[INFO] [stderr]     Finished `test` profile [unoptimized + debuginfo] target(s) in 12.02s
[INFO] running `Command { std: "docker" "inspect" "8b4d29a36617e7312b45eac899335fc5efcd5e582fdae5def240d92015c5dc9d", kill_on_drop: false }`
[INFO] running `Command { std: "docker" "exec" "-e" "SOURCE_DIR=/opt/rustwide/workdir" "-e" "CARGO_HOME=/opt/rustwide/cargo-home" "-e" "RUSTUP_HOME=/opt/rustwide/rustup-home" "-e" "CARGO_TARGET_DIR=/opt/rustwide/target" "-e" "CARGO_INCREMENTAL=0" "-e" "RUST_BACKTRACE=full" "-e" "RUSTFLAGS=--cap-lints=warn" "-e" "RUSTDOCFLAGS=--cap-lints=warn" "-w" "/opt/rustwide/workdir" "--user" "0:0" "8b4d29a36617e7312b45eac899335fc5efcd5e582fdae5def240d92015c5dc9d" "/opt/rustwide/cargo-home/bin/cargo" "+1.100.0-beta.1" "test" "--frozen", kill_on_drop: false }`
[INFO] [stderr]     Finished `test` profile [unoptimized + debuginfo] target(s) in 0.05s
[INFO] [stderr]      Running unittests src/lib.rs (/opt/rustwide/target/debug/build/rcman-derive/6441a13fa098a72c/out/rcman_derive-6441a13fa098a72c)
[INFO] [stderr]      Running tests/trybuild.rs (/opt/rustwide/target/debug/build/rcman-derive/80bbfe23202d1bf4/out/trybuild-80bbfe23202d1bf4)
[INFO] [stdout] 
[INFO] [stdout] running 0 tests
[INFO] [stdout] 
[INFO] [stdout] test result: ok. 0 passed; 0 failed; 0 ignored; 0 measured; 0 filtered out; finished in 0.00s
[INFO] [stdout] 
[INFO] [stdout] 
[INFO] [stdout] running 1 test
[INFO] [stderr]    Compiling proc-macro2 v1.0.107
[INFO] [stderr]    Compiling quote v1.0.47
[INFO] [stderr]    Compiling unicode-ident v1.0.24
[INFO] [stderr]    Compiling serde_core v1.0.229
[INFO] [stderr]    Compiling serde v1.0.229
[INFO] [stderr]    Compiling syn v2.0.119
[INFO] [stderr]    Compiling syn v3.0.3
[INFO] [stderr]    Compiling serde_derive v1.0.229
[INFO] [stderr]    Compiling rcman-derive v0.2.3 (/opt/rustwide/workdir)
[INFO] [stderr]    Compiling rcman-derive-tests v0.0.0 (/opt/rustwide/target/tests/trybuild/rcman-derive)
[INFO] [stderr]     Finished `dev` profile [unoptimized + debuginfo] target(s) in 14.61s
[INFO] [stderr] 
[INFO] [stderr] 
[INFO] [stderr] test tests/ui/pass/basic.rs [should pass] ... error
[INFO] [stderr] ┈┈┈┈┈┈┈┈┈┈┈┈┈┈┈┈┈┈┈┈┈┈┈┈┈┈┈┈┈┈┈┈┈┈┈┈┈┈┈┈┈┈┈┈┈┈┈┈┈┈┈┈┈┈┈┈┈┈┈┈
[INFO] [stderr] error[E0432]: unresolved import `rcman`
[INFO] [stderr]  --> tests/ui/pass/basic.rs:1:5
[INFO] [stderr]   |
[INFO] [stderr] 1 | use rcman::SettingsSchema;
[INFO] [stderr]   |     ^^^^^ use of unresolved module or unlinked crate `rcman`
[INFO] [stderr]   |
[INFO] [stderr]   = help: if you wanted to use a crate named `rcman`, use `cargo add rcman` to add it to your `Cargo.toml`
[INFO] [stderr] 
[INFO] [stderr] error[E0433]: cannot find module or crate `rcman` in this scope
[INFO] [stderr]  --> tests/ui/pass/basic.rs:5:10
[INFO] [stderr]   |
[INFO] [stderr] 5 | #[derive(SettingsSchema, Default, Serialize, Deserialize)]
[INFO] [stderr]   |          ^^^^^^^^^^^^^^ use of unresolved module or unlinked crate `rcman`
[INFO] [stderr]   |
[INFO] [stderr]   = note: this error originates in the derive macro `SettingsSchema` (in Nightly builds, run with -Z macro-backtrace for more info)
[INFO] [stderr] 
[INFO] [stderr] error[E0433]: cannot find module or crate `rcman` in this scope
[INFO] [stderr]  --> tests/ui/pass/basic.rs:5:10
[INFO] [stderr]   |
[INFO] [stderr] 5 | #[derive(SettingsSchema, Default, Serialize, Deserialize)]
[INFO] [stderr]   |          ^^^^^^^^^^^^^^ use of unresolved module or unlinked crate `rcman`
[INFO] [stderr]   |
[INFO] [stderr]   = help: if you wanted to use a crate named `rcman`, use `cargo add rcman` to add it to your `Cargo.toml`
[INFO] [stderr]   = note: this error originates in the derive macro `SettingsSchema` (in Nightly builds, run with -Z macro-backtrace for more info)
[INFO] [stderr] 
[INFO] [stderr] error[E0433]: cannot find module or crate `rcman` in this scope
[INFO] [stderr]  --> tests/ui/pass/basic.rs:5:10
[INFO] [stderr]   |
[INFO] [stderr] 5 | #[derive(SettingsSchema, Default, Serialize, Deserialize)]
[INFO] [stderr]   |          ^^^^^^^^^^^^^^ use of unresolved module or unlinked crate `rcman`
[INFO] [stderr]   |
[INFO] [stderr]   = help: if you wanted to use a crate named `rcman`, use `cargo add rcman` to add it to your `Cargo.toml`
[INFO] [stderr]   = note: this error originates in the derive macro `SettingsSchema` (in Nightly builds, run with -Z macro-backtrace for more info)
[INFO] [stderr] help: consider importing one of these items
[INFO] [stderr]   |
[INFO] [stderr] 1 + use std::error::Error;
[INFO] [stderr]   |
[INFO] [stderr] 1 + use std::fmt::Error;
[INFO] [stderr]   |
[INFO] [stderr] 1 + use std::io::Error;
[INFO] [stderr]   |
[INFO] [stderr] 1 + use core::error::Error;
[INFO] [stderr]   |
[INFO] [stderr]   = and 1 other candidate
[INFO] [stderr] ┈┈┈┈┈┈┈┈┈┈┈┈┈┈┈┈┈┈┈┈┈┈┈┈┈┈┈┈┈┈┈┈┈┈┈┈┈┈┈┈┈┈┈┈┈┈┈┈┈┈┈┈┈┈┈┈┈┈┈┈
[INFO] [stderr] 
[INFO] [stderr] test tests/ui/pass/const_keys.rs [should pass] ... error
[INFO] [stderr] ┈┈┈┈┈┈┈┈┈┈┈┈┈┈┈┈┈┈┈┈┈┈┈┈┈┈┈┈┈┈┈┈┈┈┈┈┈┈┈┈┈┈┈┈┈┈┈┈┈┈┈┈┈┈┈┈┈┈┈┈
[INFO] [stderr] error[E0433]: cannot find module or crate `rcman` in this scope
[INFO] [stderr]  --> tests/ui/pass/const_keys.rs:4:10
[INFO] [stderr]   |
[INFO] [stderr] 4 | #[derive(SettingsSchema, Default, Serialize, Deserialize)]
[INFO] [stderr]   |          ^^^^^^^^^^^^^^ use of unresolved module or unlinked crate `rcman`
[INFO] [stderr]   |
[INFO] [stderr]   = note: this error originates in the derive macro `SettingsSchema` (in Nightly builds, run with -Z macro-backtrace for more info)
[INFO] [stderr] 
[INFO] [stderr] error[E0433]: cannot find module or crate `rcman` in this scope
[INFO] [stderr]  --> tests/ui/pass/const_keys.rs:4:10
[INFO] [stderr]   |
[INFO] [stderr] 4 | #[derive(SettingsSchema, Default, Serialize, Deserialize)]
[INFO] [stderr]   |          ^^^^^^^^^^^^^^ use of unresolved module or unlinked crate `rcman`
[INFO] [stderr]   |
[INFO] [stderr]   = help: if you wanted to use a crate named `rcman`, use `cargo add rcman` to add it to your `Cargo.toml`
[INFO] [stderr]   = note: this error originates in the derive macro `SettingsSchema` (in Nightly builds, run with -Z macro-backtrace for more info)
[INFO] [stderr] ┈┈┈┈┈┈┈┈┈┈┈┈┈┈┈┈┈┈┈┈┈┈┈┈┈┈┈┈┈┈┈┈┈┈┈┈┈┈┈┈┈┈┈┈┈┈┈┈┈┈┈┈┈┈┈┈┈┈┈┈
[INFO] [stderr] 
[INFO] [stderr] test tests/ui/pass/enum_support.rs [should pass] ... error
[INFO] [stderr] ┈┈┈┈┈┈┈┈┈┈┈┈┈┈┈┈┈┈┈┈┈┈┈┈┈┈┈┈┈┈┈┈┈┈┈┈┈┈┈┈┈┈┈┈┈┈┈┈┈┈┈┈┈┈┈┈┈┈┈┈
[INFO] [stderr] error[E0432]: unresolved import `rcman`
[INFO] [stderr]  --> tests/ui/pass/enum_support.rs:1:5
[INFO] [stderr]   |
[INFO] [stderr] 1 | use rcman::SettingsSchema;
[INFO] [stderr]   |     ^^^^^ use of unresolved module or unlinked crate `rcman`
[INFO] [stderr]   |
[INFO] [stderr]   = help: if you wanted to use a crate named `rcman`, use `cargo add rcman` to add it to your `Cargo.toml`
[INFO] [stderr] 
[INFO] [stderr] error[E0433]: cannot find module or crate `rcman` in this scope
[INFO] [stderr]   --> tests/ui/pass/enum_support.rs:12:10
[INFO] [stderr]    |
[INFO] [stderr] 12 | #[derive(SettingsSchema, Default, Serialize, Deserialize)]
[INFO] [stderr]    |          ^^^^^^^^^^^^^^ use of unresolved module or unlinked crate `rcman`
[INFO] [stderr]    |
[INFO] [stderr]    = note: this error originates in the derive macro `SettingsSchema` (in Nightly builds, run with -Z macro-backtrace for more info)
[INFO] [stderr] 
[INFO] [stderr] error[E0433]: cannot find module or crate `rcman` in this scope
[INFO] [stderr]  --> tests/ui/pass/enum_support.rs:5:10
[INFO] [stderr]   |
[INFO] [stderr] 5 | #[derive(SettingsSchema, Default, Serialize, Deserialize)]
[INFO] [stderr]   |          ^^^^^^^^^^^^^^ use of unresolved module or unlinked crate `rcman`
[INFO] [stderr]   |
[INFO] [stderr]   = note: this error originates in the derive macro `SettingsSchema` (in Nightly builds, run with -Z macro-backtrace for more info)
[INFO] [stderr] 
[INFO] [stderr] error[E0433]: cannot find module or crate `rcman` in this scope
[INFO] [stderr]  --> tests/ui/pass/enum_support.rs:5:10
[INFO] [stderr]   |
[INFO] [stderr] 5 | #[derive(SettingsSchema, Default, Serialize, Deserialize)]
[INFO] [stderr]   |          ^^^^^^^^^^^^^^ use of unresolved module or unlinked crate `rcman`
[INFO] [stderr]   |
[INFO] [stderr]   = help: if you wanted to use a crate named `rcman`, use `cargo add rcman` to add it to your `Cargo.toml`
[INFO] [stderr]   = note: this error originates in the derive macro `SettingsSchema` (in Nightly builds, run with -Z macro-backtrace for more info)
[INFO] [stderr] 
[INFO] [stderr] error[E0433]: cannot find module or crate `rcman` in this scope
[INFO] [stderr]   --> tests/ui/pass/enum_support.rs:12:10
[INFO] [stderr]    |
[INFO] [stderr] 12 | #[derive(SettingsSchema, Default, Serialize, Deserialize)]
[INFO] [stderr]    |          ^^^^^^^^^^^^^^ use of unresolved module or unlinked crate `rcman`
[INFO] [stderr]    |
[INFO] [stderr]    = help: if you wanted to use a crate named `rcman`, use `cargo add rcman` to add it to your `Cargo.toml`
[INFO] [stderr]    = note: this error originates in the derive macro `SettingsSchema` (in Nightly builds, run with -Z macro-backtrace for more info)
[INFO] [stderr] 
[INFO] [stderr] error[E0433]: cannot find module or crate `rcman` in this scope
[INFO] [stderr]   --> tests/ui/pass/enum_support.rs:18:10
[INFO] [stderr]    |
[INFO] [stderr] 18 | #[derive(SettingsSchema, Serialize, Deserialize)]
[INFO] [stderr]    |          ^^^^^^^^^^^^^^ use of unresolved module or unlinked crate `rcman`
[INFO] [stderr]    |
[INFO] [stderr]    = help: if you wanted to use a crate named `rcman`, use `cargo add rcman` to add it to your `Cargo.toml`
[INFO] [stderr]    = note: this error originates in the derive macro `SettingsSchema` (in Nightly builds, run with -Z macro-backtrace for more info)
[INFO] [stderr] ┈┈┈┈┈┈┈┈┈┈┈┈┈┈┈┈┈┈┈┈┈┈┈┈┈┈┈┈┈┈┈┈┈┈┈┈┈┈┈┈┈┈┈┈┈┈┈┈┈┈┈┈┈┈┈┈┈┈┈┈
[INFO] [stderr] 
[INFO] [stderr] test tests/ui/pass/pathbuf_support.rs [should pass] ... error
[INFO] [stderr] ┈┈┈┈┈┈┈┈┈┈┈┈┈┈┈┈┈┈┈┈┈┈┈┈┈┈┈┈┈┈┈┈┈┈┈┈┈┈┈┈┈┈┈┈┈┈┈┈┈┈┈┈┈┈┈┈┈┈┈┈
[INFO] [stderr] error[E0432]: unresolved import `rcman`
[INFO] [stderr]  --> tests/ui/pass/pathbuf_support.rs:1:5
[INFO] [stderr]   |
[INFO] [stderr] 1 | use rcman::SettingsSchema;
[INFO] [stderr]   |     ^^^^^ use of unresolved module or unlinked crate `rcman`
[INFO] [stderr]   |
[INFO] [stderr]   = help: if you wanted to use a crate named `rcman`, use `cargo add rcman` to add it to your `Cargo.toml`
[INFO] [stderr] 
[INFO] [stderr] error[E0433]: cannot find module or crate `rcman` in this scope
[INFO] [stderr]  --> tests/ui/pass/pathbuf_support.rs:6:10
[INFO] [stderr]   |
[INFO] [stderr] 6 | #[derive(SettingsSchema, Default, Serialize, Deserialize)]
[INFO] [stderr]   |          ^^^^^^^^^^^^^^ use of unresolved module or unlinked crate `rcman`
[INFO] [stderr]   |
[INFO] [stderr]   = note: this error originates in the derive macro `SettingsSchema` (in Nightly builds, run with -Z macro-backtrace for more info)
[INFO] [stderr] 
[INFO] [stderr] error[E0433]: cannot find module or crate `rcman` in this scope
[INFO] [stderr]  --> tests/ui/pass/pathbuf_support.rs:6:10
[INFO] [stderr]   |
[INFO] [stderr] 6 | #[derive(SettingsSchema, Default, Serialize, Deserialize)]
[INFO] [stderr]   |          ^^^^^^^^^^^^^^ use of unresolved module or unlinked crate `rcman`
[INFO] [stderr]   |
[INFO] [stderr]   = help: if you wanted to use a crate named `rcman`, use `cargo add rcman` to add it to your `Cargo.toml`
[INFO] [stderr]   = note: this error originates in the derive macro `SettingsSchema` (in Nightly builds, run with -Z macro-backtrace for more info)
[INFO] [stderr] ┈┈┈┈┈┈┈┈┈┈┈┈┈┈┈┈┈┈┈┈┈┈┈┈┈┈┈┈┈┈┈┈┈┈┈┈┈┈┈┈┈┈┈┈┈┈┈┈┈┈┈┈┈┈┈┈┈┈┈┈
[INFO] [stderr] 
[INFO] [stderr] test tests/ui/pass/qol_attributes.rs [should pass] ... error
[INFO] [stderr] ┈┈┈┈┈┈┈┈┈┈┈┈┈┈┈┈┈┈┈┈┈┈┈┈┈┈┈┈┈┈┈┈┈┈┈┈┈┈┈┈┈┈┈┈┈┈┈┈┈┈┈┈┈┈┈┈┈┈┈┈
[INFO] [stderr] error[E0432]: unresolved import `rcman`
[INFO] [stderr]  --> tests/ui/pass/qol_attributes.rs:1:5
[INFO] [stderr]   |
[INFO] [stderr] 1 | use rcman::SettingsSchema;
[INFO] [stderr]   |     ^^^^^ use of unresolved module or unlinked crate `rcman`
[INFO] [stderr]   |
[INFO] [stderr]   = help: if you wanted to use a crate named `rcman`, use `cargo add rcman` to add it to your `Cargo.toml`
[INFO] [stderr] 
[INFO] [stderr] error[E0433]: cannot find module or crate `rcman` in this scope
[INFO] [stderr]  --> tests/ui/pass/qol_attributes.rs:5:10
[INFO] [stderr]   |
[INFO] [stderr] 5 | #[derive(SettingsSchema, Default, Serialize, Deserialize)]
[INFO] [stderr]   |          ^^^^^^^^^^^^^^ use of unresolved module or unlinked crate `rcman`
[INFO] [stderr]   |
[INFO] [stderr]   = note: this error originates in the derive macro `SettingsSchema` (in Nightly builds, run with -Z macro-backtrace for more info)
[INFO] [stderr] 
[INFO] [stderr] error[E0433]: cannot find module or crate `rcman` in this scope
[INFO] [stderr]  --> tests/ui/pass/qol_attributes.rs:5:10
[INFO] [stderr]   |
[INFO] [stderr] 5 | #[derive(SettingsSchema, Default, Serialize, Deserialize)]
[INFO] [stderr]   |          ^^^^^^^^^^^^^^ use of unresolved module or unlinked crate `rcman`
[INFO] [stderr]   |
[INFO] [stderr]   = help: if you wanted to use a crate named `rcman`, use `cargo add rcman` to add it to your `Cargo.toml`
[INFO] [stderr]   = note: this error originates in the derive macro `SettingsSchema` (in Nightly builds, run with -Z macro-backtrace for more info)
[INFO] [stderr] ┈┈┈┈┈┈┈┈┈┈┈┈┈┈┈┈┈┈┈┈┈┈┈┈┈┈┈┈┈┈┈┈┈┈┈┈┈┈┈┈┈┈┈┈┈┈┈┈┈┈┈┈┈┈┈┈┈┈┈┈
[INFO] [stderr] 
[INFO] [stderr] test tests/ui/pass/unknown_type_dynamic.rs [should pass] ... error
[INFO] [stderr] ┈┈┈┈┈┈┈┈┈┈┈┈┈┈┈┈┈┈┈┈┈┈┈┈┈┈┈┈┈┈┈┈┈┈┈┈┈┈┈┈┈┈┈┈┈┈┈┈┈┈┈┈┈┈┈┈┈┈┈┈
[INFO] [stderr] error[E0433]: cannot find module or crate `rcman` in this scope
[INFO] [stderr]  --> tests/ui/pass/unknown_type_dynamic.rs:5:10
[INFO] [stderr]   |
[INFO] [stderr] 5 | #[derive(SettingsSchema, Default, Serialize, Deserialize)]
[INFO] [stderr]   |          ^^^^^^^^^^^^^^ use of unresolved module or unlinked crate `rcman`
[INFO] [stderr]   |
[INFO] [stderr]   = note: this error originates in the derive macro `SettingsSchema` (in Nightly builds, run with -Z macro-backtrace for more info)
[INFO] [stderr] 
[INFO] [stderr] error[E0433]: cannot find module or crate `rcman` in this scope
[INFO] [stderr]  --> tests/ui/pass/unknown_type_dynamic.rs:5:10
[INFO] [stderr]   |
[INFO] [stderr] 5 | #[derive(SettingsSchema, Default, Serialize, Deserialize)]
[INFO] [stderr]   |          ^^^^^^^^^^^^^^ use of unresolved module or unlinked crate `rcman`
[INFO] [stderr]   |
[INFO] [stderr]   = help: if you wanted to use a crate named `rcman`, use `cargo add rcman` to add it to your `Cargo.toml`
[INFO] [stderr]   = note: this error originates in the derive macro `SettingsSchema` (in Nightly builds, run with -Z macro-backtrace for more info)
[INFO] [stderr] ┈┈┈┈┈┈┈┈┈┈┈┈┈┈┈┈┈┈┈┈┈┈┈┈┈┈┈┈┈┈┈┈┈┈┈┈┈┈┈┈┈┈┈┈┈┈┈┈┈┈┈┈┈┈┈┈┈┈┈┈
[INFO] [stderr] 
[INFO] [stderr] test tests/ui/pass/validate.rs [should pass] ... error
[INFO] [stderr] ┈┈┈┈┈┈┈┈┈┈┈┈┈┈┈┈┈┈┈┈┈┈┈┈┈┈┈┈┈┈┈┈┈┈┈┈┈┈┈┈┈┈┈┈┈┈┈┈┈┈┈┈┈┈┈┈┈┈┈┈
[INFO] [stderr] error[E0432]: unresolved import `rcman`
[INFO] [stderr]  --> tests/ui/pass/validate.rs:1:5
[INFO] [stderr]   |
[INFO] [stderr] 1 | use rcman::SettingsSchema;
[INFO] [stderr]   |     ^^^^^ use of unresolved module or unlinked crate `rcman`
[INFO] [stderr]   |
[INFO] [stderr]   = help: if you wanted to use a crate named `rcman`, use `cargo add rcman` to add it to your `Cargo.toml`
[INFO] [stderr] 
[INFO] [stderr] error[E0433]: cannot find module or crate `rcman` in this scope
[INFO] [stderr]   --> tests/ui/pass/validate.rs:21:10
[INFO] [stderr]    |
[INFO] [stderr] 21 | #[derive(SettingsSchema, Default, Serialize, Deserialize)]
[INFO] [stderr]    |          ^^^^^^^^^^^^^^ use of unresolved module or unlinked crate `rcman`
[INFO] [stderr]    |
[INFO] [stderr]    = note: this error originates in the derive macro `SettingsSchema` (in Nightly builds, run with -Z macro-backtrace for more info)
[INFO] [stderr] 
[INFO] [stderr] error[E0433]: cannot find module or crate `rcman` in this scope
[INFO] [stderr]  --> tests/ui/pass/validate.rs:5:10
[INFO] [stderr]   |
[INFO] [stderr] 5 | #[derive(SettingsSchema, Default, Serialize, Deserialize)]
[INFO] [stderr]   |          ^^^^^^^^^^^^^^ use of unresolved module or unlinked crate `rcman`
[INFO] [stderr]   |
[INFO] [stderr]   = note: this error originates in the derive macro `SettingsSchema` (in Nightly builds, run with -Z macro-backtrace for more info)
[INFO] [stderr] 
[INFO] [stderr] error[E0433]: cannot find module or crate `rcman` in this scope
[INFO] [stderr]  --> tests/ui/pass/validate.rs:5:10
[INFO] [stderr]   |
[INFO] [stderr] 5 | #[derive(SettingsSchema, Default, Serialize, Deserialize)]
[INFO] [stderr]   |          ^^^^^^^^^^^^^^ use of unresolved module or unlinked crate `rcman`
[INFO] [stderr]   |
[INFO] [stderr]   = help: if you wanted to use a crate named `rcman`, use `cargo add rcman` to add it to your `Cargo.toml`
[INFO] [stderr]   = note: this error originates in the derive macro `SettingsSchema` (in Nightly builds, run with -Z macro-backtrace for more info)
[INFO] [stderr] 
[INFO] [stderr] error[E0433]: cannot find module or crate `rcman` in this scope
[INFO] [stderr]   --> tests/ui/pass/validate.rs:21:10
[INFO] [stderr]    |
[INFO] [stderr] 21 | #[derive(SettingsSchema, Default, Serialize, Deserialize)]
[INFO] [stderr]    |          ^^^^^^^^^^^^^^ use of unresolved module or unlinked crate `rcman`
[INFO] [stderr]    |
[INFO] [stderr]    = help: if you wanted to use a crate named `rcman`, use `cargo add rcman` to add it to your `Cargo.toml`
[INFO] [stderr]    = note: this error originates in the derive macro `SettingsSchema` (in Nightly builds, run with -Z macro-backtrace for more info)
[INFO] [stderr] 
[INFO] [stderr] error[E0433]: cannot find module or crate `rcman` in this scope
[INFO] [stderr]   --> tests/ui/pass/validate.rs:30:10
[INFO] [stderr]    |
[INFO] [stderr] 30 | #[derive(SettingsSchema, Serialize, Deserialize)]
[INFO] [stderr]    |          ^^^^^^^^^^^^^^ use of unresolved module or unlinked crate `rcman`
[INFO] [stderr]    |
[INFO] [stderr]    = help: if you wanted to use a crate named `rcman`, use `cargo add rcman` to add it to your `Cargo.toml`
[INFO] [stderr]    = note: this error originates in the derive macro `SettingsSchema` (in Nightly builds, run with -Z macro-backtrace for more info)
[INFO] [stderr] 
[INFO] [stderr] error[E0433]: cannot find module or crate `rcman` in this scope
[INFO] [stderr]  --> tests/ui/pass/validate.rs:5:10
[INFO] [stderr]   |
[INFO] [stderr] 5 | #[derive(SettingsSchema, Default, Serialize, Deserialize)]
[INFO] [stderr]   |          ^^^^^^^^^^^^^^ use of unresolved module or unlinked crate `rcman`
[INFO] [stderr]   |
[INFO] [stderr]   = help: if you wanted to use a crate named `rcman`, use `cargo add rcman` to add it to your `Cargo.toml`
[INFO] [stderr]   = note: this error originates in the derive macro `SettingsSchema` (in Nightly builds, run with -Z macro-backtrace for more info)
[INFO] [stderr] help: consider importing one of these items
[INFO] [stderr]   |
[INFO] [stderr] 1 + use std::error::Error;
[INFO] [stderr]   |
[INFO] [stderr] 1 + use std::fmt::Error;
[INFO] [stderr]   |
[INFO] [stderr] 1 + use std::io::Error;
[INFO] [stderr]   |
[INFO] [stderr] 1 + use core::error::Error;
[INFO] [stderr]   |
[INFO] [stderr]   = and 1 other candidate
[INFO] [stderr] 
[INFO] [stderr] error[E0433]: cannot find module or crate `rcman` in this scope
[INFO] [stderr]   --> tests/ui/pass/validate.rs:21:10
[INFO] [stderr]    |
[INFO] [stderr] 21 | #[derive(SettingsSchema, Default, Serialize, Deserialize)]
[INFO] [stderr]    |          ^^^^^^^^^^^^^^ use of unresolved module or unlinked crate `rcman`
[INFO] [stderr]    |
[INFO] [stderr]    = help: if you wanted to use a crate named `rcman`, use `cargo add rcman` to add it to your `Cargo.toml`
[INFO] [stderr]    = note: this error originates in the derive macro `SettingsSchema` (in Nightly builds, run with -Z macro-backtrace for more info)
[INFO] [stderr] help: consider importing one of these items
[INFO] [stderr]    |
[INFO] [stderr]  1 + use std::error::Error;
[INFO] [stderr]    |
[INFO] [stderr]  1 + use std::fmt::Error;
[INFO] [stderr]    |
[INFO] [stderr]  1 + use std::io::Error;
[INFO] [stderr]    |
[INFO] [stderr]  1 + use core::error::Error;
[INFO] [stderr]    |
[INFO] [stderr]    = and 1 other candidate
[INFO] [stderr] ┈┈┈┈┈┈┈┈┈┈┈┈┈┈┈┈┈┈┈┈┈┈┈┈┈┈┈┈┈┈┈┈┈┈┈┈┈┈┈┈┈┈┈┈┈┈┈┈┈┈┈┈┈┈┈┈┈┈┈┈
[INFO] [stderr] 
[INFO] [stderr] test tests/ui/fail/duplicate_accessors.rs [should fail to compile] ... ok
[INFO] [stderr] test tests/ui/fail/invalid_attribute_types.rs [should fail to compile] ... ok
[INFO] [stderr] test tests/ui/fail/invalid_container.rs [should fail to compile] ... ok
[INFO] [stderr] test tests/ui/fail/invalid_enum.rs [should fail to compile] ... ok
[INFO] [stderr] test tests/ui/fail/semantic_validation.rs [should fail to compile] ... ok
[INFO] [stderr] 
[INFO] [stderr] 
[INFO] [stdout] test ui ... FAILED
[INFO] [stdout] 
[INFO] [stdout] failures:
[INFO] [stdout] 
[INFO] [stdout] ---- ui stdout ----
[INFO] [stdout] 
[INFO] [stdout] thread 'ui' (498) panicked at /opt/rustwide/cargo-home/registry/src/index.crates.io-1949cf8c6b5b557f/trybuild-1.0.120/src/run.rs:103:13:
[INFO] [stdout] 7 of 12 tests failed
[INFO] [stdout] stack backtrace:
[INFO] [stdout]    0:     0x64377e228b31 - std[617be2ca0a6fd877]::backtrace_rs::backtrace::libunwind::trace
[INFO] [stdout]                                at /rustc/e3feeb59cd1bdd011a2bfcc0747b55125d9b8527/library/std/src/../../backtrace/src/backtrace/libunwind.rs:117:9
[INFO] [stdout]    1:     0x64377e228b31 - std[617be2ca0a6fd877]::backtrace_rs::backtrace::trace_unsynchronized::<std[617be2ca0a6fd877]::sys::backtrace::_print_fmt::{closure#1}>
[INFO] [stdout]                                at /rustc/e3feeb59cd1bdd011a2bfcc0747b55125d9b8527/library/std/src/../../backtrace/src/backtrace/mod.rs:66:14
[INFO] [stdout]    2:     0x64377e228b31 - std[617be2ca0a6fd877]::sys::backtrace::_print_fmt
[INFO] [stdout]                                at /rustc/e3feeb59cd1bdd011a2bfcc0747b55125d9b8527/library/std/src/sys/backtrace.rs:74:9
[INFO] [stdout]    3:     0x64377e228b31 - <<std[617be2ca0a6fd877]::sys::backtrace::BacktraceLock>::print::DisplayBacktrace as core[a373ad73a504971]::fmt::Display>::fmt
[INFO] [stdout]                                at /rustc/e3feeb59cd1bdd011a2bfcc0747b55125d9b8527/library/std/src/sys/backtrace.rs:44:26
[INFO] [stdout]    4:     0x64377e23ef7a - <core[a373ad73a504971]::fmt::rt::Argument>::fmt
[INFO] [stdout]                                at /rustc/e3feeb59cd1bdd011a2bfcc0747b55125d9b8527/library/core/src/fmt/rt.rs:152:76
[INFO] [stdout]    5:     0x64377e23ef7a - core[a373ad73a504971]::fmt::write
[INFO] [stdout]    6:     0x64377e22d37c - core[a373ad73a504971]::io::write::default_write_fmt::<alloc[2e1b2a31b91974c5]::vec::Vec<u8>>
[INFO] [stdout]                                at /rustc/e3feeb59cd1bdd011a2bfcc0747b55125d9b8527/library/core/src/io/write.rs:402:11
[INFO] [stdout]    7:     0x64377e22d37c - <alloc[2e1b2a31b91974c5]::vec::Vec<u8> as core[a373ad73a504971]::io::write::Write>::write_fmt
[INFO] [stdout]                                at /rustc/e3feeb59cd1bdd011a2bfcc0747b55125d9b8527/library/core/src/io/write.rs:335:13
[INFO] [stdout]    8:     0x64377e201f96 - <std[617be2ca0a6fd877]::sys::backtrace::BacktraceLock>::print
[INFO] [stdout]                                at /rustc/e3feeb59cd1bdd011a2bfcc0747b55125d9b8527/library/std/src/sys/backtrace.rs:47:9
[INFO] [stdout]    9:     0x64377e201f96 - std[617be2ca0a6fd877]::panicking::default_hook::{closure#0}
[INFO] [stdout]                                at /rustc/e3feeb59cd1bdd011a2bfcc0747b55125d9b8527/library/std/src/panicking.rs:289:27
[INFO] [stdout]   10:     0x64377e2200d9 - std[617be2ca0a6fd877]::panicking::default_hook
[INFO] [stdout]                                at /rustc/e3feeb59cd1bdd011a2bfcc0747b55125d9b8527/library/std/src/panicking.rs:313:9
[INFO] [stdout]   11:     0x64377e1b96e0 - <alloc[2e1b2a31b91974c5]::boxed::Box<dyn for<'a, 'b> core[a373ad73a504971]::ops::function::Fn<(&'a std[617be2ca0a6fd877]::panic::PanicHookInfo<'b>,), Output = ()> + core[a373ad73a504971]::marker::Sync + core[a373ad73a504971]::marker::Send> as core[a373ad73a504971]::ops::function::Fn<(&std[617be2ca0a6fd877]::panic::PanicHookInfo,)>>::call
[INFO] [stdout]                                at /rustc/e3feeb59cd1bdd011a2bfcc0747b55125d9b8527/library/alloc/src/boxed.rs:2328:9
[INFO] [stdout]   12:     0x64377e1b96e0 - test[aada8e7e76ba119b]::test_main_inner::{closure#0}
[INFO] [stdout]                                at /rustc/e3feeb59cd1bdd011a2bfcc0747b55125d9b8527/library/test/src/lib.rs:137:21
[INFO] [stdout]   13:     0x64377e220292 - <alloc[2e1b2a31b91974c5]::boxed::Box<dyn for<'a, 'b> core[a373ad73a504971]::ops::function::Fn<(&'a std[617be2ca0a6fd877]::panic::PanicHookInfo<'b>,), Output = ()> + core[a373ad73a504971]::marker::Sync + core[a373ad73a504971]::marker::Send> as core[a373ad73a504971]::ops::function::Fn<(&std[617be2ca0a6fd877]::panic::PanicHookInfo,)>>::call
[INFO] [stdout]                                at /rustc/e3feeb59cd1bdd011a2bfcc0747b55125d9b8527/library/alloc/src/boxed.rs:2328:9
[INFO] [stdout]   14:     0x64377e220292 - std[617be2ca0a6fd877]::panicking::panic_with_hook
[INFO] [stdout]                                at /rustc/e3feeb59cd1bdd011a2bfcc0747b55125d9b8527/library/std/src/panicking.rs:819:13
[INFO] [stdout]   15:     0x64377e202042 - std[617be2ca0a6fd877]::panicking::panic_handler::{closure#0}
[INFO] [stdout]                                at /rustc/e3feeb59cd1bdd011a2bfcc0747b55125d9b8527/library/std/src/panicking.rs:685:13
[INFO] [stdout]   16:     0x64377e1fa899 - std[617be2ca0a6fd877]::sys::backtrace::__rust_end_short_backtrace::<std[617be2ca0a6fd877]::panicking::panic_handler::{closure#0}, !>
[INFO] [stdout]                                at /rustc/e3feeb59cd1bdd011a2bfcc0747b55125d9b8527/library/std/src/sys/backtrace.rs:182:18
[INFO] [stdout]   17:     0x64377e202c4d - __rustc[ea4f61d10b84890b]::rust_begin_unwind
[INFO] [stdout]                                at /rustc/e3feeb59cd1bdd011a2bfcc0747b55125d9b8527/library/std/src/panicking.rs:676:5
[INFO] [stdout]   18:     0x64377e23f76c - core[a373ad73a504971]::panicking::panic_fmt
[INFO] [stdout]                                at /rustc/e3feeb59cd1bdd011a2bfcc0747b55125d9b8527/library/core/src/panicking.rs:80:14
[INFO] [stdout]   19:     0x64377e0b6b34 - <trybuild[88849667b6e7bee8]::Runner>::run
[INFO] [stdout]                                at /opt/rustwide/cargo-home/registry/src/index.crates.io-1949cf8c6b5b557f/trybuild-1.0.120/src/run.rs:103:13
[INFO] [stdout]   20:     0x64377e0c1fb8 - <trybuild[88849667b6e7bee8]::TestCases as core[a373ad73a504971]::ops::drop::Drop>::drop
[INFO] [stdout]                                at /opt/rustwide/cargo-home/registry/src/index.crates.io-1949cf8c6b5b557f/trybuild-1.0.120/src/lib.rs:342:38
[INFO] [stdout]   21:     0x64377df93a77 - core[a373ad73a504971]::ptr::drop_glue::<trybuild[88849667b6e7bee8]::TestCases>
[INFO] [stdout]                                at /rustc/e3feeb59cd1bdd011a2bfcc0747b55125d9b8527/library/core/src/ptr/mod.rs:848:1
[INFO] [stdout]   22:     0x64377df93c9b - trybuild[d6ac4ddf012de077]::ui
[INFO] [stdout]                                at /opt/rustwide/workdir/tests/trybuild.rs:6:1
[INFO] [stdout]   23:     0x64377df93bd7 - trybuild[d6ac4ddf012de077]::ui::{closure#0}
[INFO] [stdout]                                at /opt/rustwide/workdir/tests/trybuild.rs:2:8
[INFO] [stdout]   24:     0x64377df940f6 - <trybuild[d6ac4ddf012de077]::ui::{closure#0} as core[a373ad73a504971]::ops::function::FnOnce<()>>::call_once
[INFO] [stdout]                                at /rustc/e3feeb59cd1bdd011a2bfcc0747b55125d9b8527/library/core/src/ops/function.rs:250:5
[INFO] [stdout]   25:     0x64377e1acb2b - <fn() -> core[a373ad73a504971]::result::Result<(), alloc[2e1b2a31b91974c5]::string::String> as core[a373ad73a504971]::ops::function::FnOnce<()>>::call_once
[INFO] [stdout]                                at /rustc/e3feeb59cd1bdd011a2bfcc0747b55125d9b8527/library/core/src/ops/function.rs:250:5
[INFO] [stdout]   26:     0x64377e1acb2b - test[aada8e7e76ba119b]::__rust_begin_short_backtrace::<core[a373ad73a504971]::result::Result<(), alloc[2e1b2a31b91974c5]::string::String>, fn() -> core[a373ad73a504971]::result::Result<(), alloc[2e1b2a31b91974c5]::string::String>>
[INFO] [stdout]                                at /rustc/e3feeb59cd1bdd011a2bfcc0747b55125d9b8527/library/test/src/lib.rs:701:18
[INFO] [stdout]   27:     0x64377e1b9d05 - test[aada8e7e76ba119b]::run_test_in_process::{closure#0}
[INFO] [stdout]                                at /rustc/e3feeb59cd1bdd011a2bfcc0747b55125d9b8527/library/test/src/lib.rs:724:74
[INFO] [stdout]   28:     0x64377e1b9d05 - <core[a373ad73a504971]::panic::unwind_safe::AssertUnwindSafe<test[aada8e7e76ba119b]::run_test_in_process::{closure#0}> as core[a373ad73a504971]::ops::function::FnOnce<()>>::call_once
[INFO] [stdout]                                at /rustc/e3feeb59cd1bdd011a2bfcc0747b55125d9b8527/library/core/src/panic/unwind_safe.rs:275:9
[INFO] [stdout]   29:     0x64377e1b9d05 - std[617be2ca0a6fd877]::panicking::catch_unwind::do_call::<core[a373ad73a504971]::panic::unwind_safe::AssertUnwindSafe<test[aada8e7e76ba119b]::run_test_in_process::{closure#0}>, core[a373ad73a504971]::result::Result<(), alloc[2e1b2a31b91974c5]::string::String>>
[INFO] [stdout]                                at /rustc/e3feeb59cd1bdd011a2bfcc0747b55125d9b8527/library/std/src/panicking.rs:573:43
[INFO] [stdout]   30:     0x64377e1b9d05 - std[617be2ca0a6fd877]::panicking::catch_unwind::<core[a373ad73a504971]::result::Result<(), alloc[2e1b2a31b91974c5]::string::String>, core[a373ad73a504971]::panic::unwind_safe::AssertUnwindSafe<test[aada8e7e76ba119b]::run_test_in_process::{closure#0}>>
[INFO] [stdout]                                at /rustc/e3feeb59cd1bdd011a2bfcc0747b55125d9b8527/library/std/src/panicking.rs:541:19
[INFO] [stdout]   31:     0x64377e1b9d05 - std[617be2ca0a6fd877]::panic::catch_unwind::<core[a373ad73a504971]::panic::unwind_safe::AssertUnwindSafe<test[aada8e7e76ba119b]::run_test_in_process::{closure#0}>, core[a373ad73a504971]::result::Result<(), alloc[2e1b2a31b91974c5]::string::String>>
[INFO] [stdout]                                at /rustc/e3feeb59cd1bdd011a2bfcc0747b55125d9b8527/library/std/src/panic.rs:359:14
[INFO] [stdout]   32:     0x64377e1b9d05 - test[aada8e7e76ba119b]::run_test_in_process
[INFO] [stdout]                                at /rustc/e3feeb59cd1bdd011a2bfcc0747b55125d9b8527/library/test/src/lib.rs:724:27
[INFO] [stdout]   33:     0x64377e1b9d05 - test[aada8e7e76ba119b]::run_test::{closure#0}
[INFO] [stdout]                                at /rustc/e3feeb59cd1bdd011a2bfcc0747b55125d9b8527/library/test/src/lib.rs:645:43
[INFO] [stdout]   34:     0x64377e1b35f4 - test[aada8e7e76ba119b]::run_test::{closure#1}
[INFO] [stdout]                                at /rustc/e3feeb59cd1bdd011a2bfcc0747b55125d9b8527/library/test/src/lib.rs:675:41
[INFO] [stdout]   35:     0x64377e1b35f4 - std[617be2ca0a6fd877]::sys::backtrace::__rust_begin_short_backtrace::<test[aada8e7e76ba119b]::run_test::{closure#1}, ()>
[INFO] [stdout]                                at /rustc/e3feeb59cd1bdd011a2bfcc0747b55125d9b8527/library/std/src/sys/backtrace.rs:166:18
[INFO] [stdout]   36:     0x64377e1bcd92 - std[617be2ca0a6fd877]::thread::lifecycle::spawn_unchecked::<test[aada8e7e76ba119b]::run_test::{closure#1}, ()>::{closure#1}::{closure#0}
[INFO] [stdout]                                at /rustc/e3feeb59cd1bdd011a2bfcc0747b55125d9b8527/library/std/src/thread/lifecycle.rs:70:13
[INFO] [stdout]   37:     0x64377e1bcd92 - <core[a373ad73a504971]::panic::unwind_safe::AssertUnwindSafe<std[617be2ca0a6fd877]::thread::lifecycle::spawn_unchecked<test[aada8e7e76ba119b]::run_test::{closure#1}, ()>::{closure#1}::{closure#0}> as core[a373ad73a504971]::ops::function::FnOnce<()>>::call_once
[INFO] [stdout]                                at /rustc/e3feeb59cd1bdd011a2bfcc0747b55125d9b8527/library/core/src/panic/unwind_safe.rs:275:9
[INFO] [stdout]   38:     0x64377e1bcd92 - std[617be2ca0a6fd877]::panicking::catch_unwind::do_call::<core[a373ad73a504971]::panic::unwind_safe::AssertUnwindSafe<std[617be2ca0a6fd877]::thread::lifecycle::spawn_unchecked<test[aada8e7e76ba119b]::run_test::{closure#1}, ()>::{closure#1}::{closure#0}>, ()>
[INFO] [stdout]                                at /rustc/e3feeb59cd1bdd011a2bfcc0747b55125d9b8527/library/std/src/panicking.rs:573:43
[INFO] [stdout]   39:     0x64377e1bcd92 - std[617be2ca0a6fd877]::panicking::catch_unwind::<(), core[a373ad73a504971]::panic::unwind_safe::AssertUnwindSafe<std[617be2ca0a6fd877]::thread::lifecycle::spawn_unchecked<test[aada8e7e76ba119b]::run_test::{closure#1}, ()>::{closure#1}::{closure#0}>>
[INFO] [stdout]                                at /rustc/e3feeb59cd1bdd011a2bfcc0747b55125d9b8527/library/std/src/panicking.rs:541:19
[INFO] [stdout]   40:     0x64377e1bcd92 - std[617be2ca0a6fd877]::panic::catch_unwind::<core[a373ad73a504971]::panic::unwind_safe::AssertUnwindSafe<std[617be2ca0a6fd877]::thread::lifecycle::spawn_unchecked<test[aada8e7e76ba119b]::run_test::{closure#1}, ()>::{closure#1}::{closure#0}>, ()>
[INFO] [stdout]                                at /rustc/e3feeb59cd1bdd011a2bfcc0747b55125d9b8527/library/std/src/panic.rs:359:14
[INFO] [stdout]   41:     0x64377e1bcd92 - std[617be2ca0a6fd877]::thread::lifecycle::spawn_unchecked::<test[aada8e7e76ba119b]::run_test::{closure#1}, ()>::{closure#1}
[INFO] [stdout]                                at /rustc/e3feeb59cd1bdd011a2bfcc0747b55125d9b8527/library/std/src/thread/lifecycle.rs:68:26
[INFO] [stdout]   42:     0x64377e1bcd92 - <std[617be2ca0a6fd877]::thread::lifecycle::spawn_unchecked<test[aada8e7e76ba119b]::run_test::{closure#1}, ()>::{closure#1} as core[a373ad73a504971]::ops::function::FnOnce<()>>::call_once::{shim:vtable#0}
[INFO] [stdout]                                at /rustc/e3feeb59cd1bdd011a2bfcc0747b55125d9b8527/library/core/src/ops/function.rs:250:5
[INFO] [stdout]   43:     0x64377e227d8f - <alloc[2e1b2a31b91974c5]::boxed::Box<dyn core[a373ad73a504971]::ops::function::FnOnce<(), Output = ()> + core[a373ad73a504971]::marker::Send> as core[a373ad73a504971]::ops::function::FnOnce<()>>::call_once
[INFO] [stdout]                                at /rustc/e3feeb59cd1bdd011a2bfcc0747b55125d9b8527/library/alloc/src/boxed.rs:2314:9
[INFO] [stdout]   44:     0x64377e227d8f - <std[617be2ca0a6fd877]::sys::thread::unix::Thread>::new::thread_start
[INFO] [stdout]                                at /rustc/e3feeb59cd1bdd011a2bfcc0747b55125d9b8527/library/std/src/sys/thread/unix.rs:127:17
[INFO] [stdout]   45:     0x7289f1ddfdfa - <unknown>
[INFO] [stdout]   46:     0x7289f1e733d4 - clone
[INFO] [stdout]   47:                0x0 - <unknown>
[INFO] [stdout] 
[INFO] [stdout] 
[INFO] [stdout] failures:
[INFO] [stdout]     ui
[INFO] [stdout] 
[INFO] [stdout] test result: FAILED. 0 passed; 1 failed; 0 ignored; 0 measured; 0 filtered out; finished in 25.98s
[INFO] [stdout] 
[INFO] [stderr] error: test failed, to rerun pass `--test trybuild`
[INFO] running `Command { std: "docker" "inspect" "8b4d29a36617e7312b45eac899335fc5efcd5e582fdae5def240d92015c5dc9d", kill_on_drop: false }`
[INFO] running `Command { std: "docker" "rm" "-f" "8b4d29a36617e7312b45eac899335fc5efcd5e582fdae5def240d92015c5dc9d", kill_on_drop: false }`
[INFO] [stdout] 8b4d29a36617e7312b45eac899335fc5efcd5e582fdae5def240d92015c5dc9d
