[INFO] fetching crate ratwrap 1.0.1...
[INFO] testing ratwrap-1.0.1 against 1.100.0-beta.1 for beta-1.100-2
[INFO] extracting crate ratwrap 1.0.1 into /workspace/builds/worker-5-tc2/source
[INFO] started tweaking crates.io crate ratwrap 1.0.1
[INFO] finished tweaking crates.io crate ratwrap 1.0.1
[INFO] tweaked toml for crates.io crate ratwrap 1.0.1 written to /workspace/builds/worker-5-tc2/source/Cargo.toml
[INFO] validating manifest of crates.io crate ratwrap 1.0.1 on toolchain 1.100.0-beta.1
[INFO] running `Command { std: CARGO_HOME="/workspace/cargo-home" RUSTUP_HOME="/workspace/rustup-home" "/workspace/cargo-home/bin/cargo" "+1.100.0-beta.1" "metadata" "--manifest-path" "Cargo.toml" "--no-deps", kill_on_drop: false }`
[INFO] crate crates.io crate ratwrap 1.0.1 already has a lockfile, it will not be regenerated
[INFO] running `Command { std: CARGO_HOME="/workspace/cargo-home" RUSTUP_HOME="/workspace/rustup-home" "/workspace/cargo-home/bin/cargo" "+1.100.0-beta.1" "fetch" "--manifest-path" "Cargo.toml", kill_on_drop: false }`
[INFO] [stderr] warning: `package.homepage` is redundant with `package.repository`
[INFO] [stderr]   --> Cargo.toml:71:12
[INFO] [stderr]    |
[INFO] [stderr] 71 | homepage = "https://github.com/mnmun/ratwrap"
[INFO] [stderr]    |            ^^^^^^^^^^^^^^^^^^^^^^^^^^^^^^^^^^
[INFO] [stderr] ...
[INFO] [stderr] 76 | repository = "https://github.com/mnmun/ratwrap"
[INFO] [stderr]    |              ----------------------------------
[INFO] [stderr]    |
[INFO] [stderr]    = note: `cargo::redundant_homepage` is set to `warn` by default
[INFO] [stderr] help: consider removing `package.homepage`
[INFO] [stderr] warning: `ratwrap` (manifest) generated 1 warning
[INFO] running `Command { std: "docker" "create" "-v" "/var/lib/crater-agent-workspace/builds/worker-5-tc2/source:/opt/rustwide/workdir:ro,Z" "-v" "/var/lib/crater-agent-workspace/builds/worker-5-tc2/target:/opt/rustwide/target:rw,Z" "-v" "/var/lib/crater-agent-workspace/cargo-home:/opt/rustwide/cargo-home:ro,Z" "-v" "/var/lib/crater-agent-workspace/rustup-home:/opt/rustwide/rustup-home:ro,Z" "-m" "1610612736" "--network" "none" "ghcr.io/rust-lang/crates-build-env/linux@sha256:3111399a4047eeb3a02b7a90e478d715f38a8c6669b5c4b49d30a17385265909" "sleep" "infinity", kill_on_drop: false }`
[INFO] [stdout] 102f15d86522987fd7beef590b4afe5a2f74f90b01c0b19420f352d278da5f89
[INFO] running `Command { std: "docker" "start" "102f15d86522987fd7beef590b4afe5a2f74f90b01c0b19420f352d278da5f89", kill_on_drop: false }`
[INFO] running `Command { std: "docker" "inspect" "102f15d86522987fd7beef590b4afe5a2f74f90b01c0b19420f352d278da5f89", kill_on_drop: false }`
[INFO] running `Command { std: "docker" "exec" "-e" "SOURCE_DIR=/opt/rustwide/workdir" "-e" "CARGO_HOME=/opt/rustwide/cargo-home" "-e" "RUSTUP_HOME=/opt/rustwide/rustup-home" "-e" "CARGO_TARGET_DIR=/opt/rustwide/target" "-w" "/opt/rustwide/workdir" "--user" "0:0" "102f15d86522987fd7beef590b4afe5a2f74f90b01c0b19420f352d278da5f89" "/opt/rustwide/cargo-home/bin/cargo" "+1.100.0-beta.1" "metadata" "--no-deps" "--format-version=1", kill_on_drop: false }`
[INFO] running `Command { std: "docker" "inspect" "102f15d86522987fd7beef590b4afe5a2f74f90b01c0b19420f352d278da5f89", kill_on_drop: false }`
[INFO] running `Command { std: "docker" "exec" "-e" "SOURCE_DIR=/opt/rustwide/workdir" "-e" "CARGO_HOME=/opt/rustwide/cargo-home" "-e" "RUSTUP_HOME=/opt/rustwide/rustup-home" "-e" "CARGO_TARGET_DIR=/opt/rustwide/target" "-e" "CARGO_INCREMENTAL=0" "-e" "RUST_BACKTRACE=full" "-e" "RUSTFLAGS=--cap-lints=warn" "-e" "RUSTDOCFLAGS=--cap-lints=warn" "-w" "/opt/rustwide/workdir" "--user" "0:0" "102f15d86522987fd7beef590b4afe5a2f74f90b01c0b19420f352d278da5f89" "/opt/rustwide/cargo-home/bin/cargo" "+1.100.0-beta.1" "build" "--frozen" "--message-format=json", kill_on_drop: false }`
[INFO] [stderr] warning: `package.homepage` is redundant with `package.repository`
[INFO] [stderr]   --> Cargo.toml:71:12
[INFO] [stderr]    |
[INFO] [stderr] 71 | homepage = "https://github.com/mnmun/ratwrap"
[INFO] [stderr]    |            ^^^^^^^^^^^^^^^^^^^^^^^^^^^^^^^^^^
[INFO] [stderr] ...
[INFO] [stderr] 76 | repository = "https://github.com/mnmun/ratwrap"
[INFO] [stderr]    |              ----------------------------------
[INFO] [stderr]    |
[INFO] [stderr]    = note: `cargo::redundant_homepage` is set to `warn` by default
[INFO] [stderr] help: consider removing `package.homepage`
[INFO] [stderr] warning: `ratwrap` (manifest) generated 1 warning
[INFO] [stderr]    Compiling rand_core v0.6.4
[INFO] [stderr]    Compiling phf_shared v0.11.3
[INFO] [stderr]    Compiling num-traits v0.2.19
[INFO] [stderr]    Compiling syn v1.0.109
[INFO] [stderr]    Compiling syn v2.0.119
[INFO] [stderr]    Compiling typenum v1.20.1
[INFO] [stderr]    Compiling lru v0.16.4
[INFO] [stderr]    Compiling unicode-truncate v2.0.1
[INFO] [stderr]    Compiling memoffset v0.9.1
[INFO] [stderr]    Compiling cfg_aliases v0.2.2
[INFO] [stderr]    Compiling ucd-trie v0.1.7
[INFO] [stderr]    Compiling compact_str v0.9.1
[INFO] [stderr]    Compiling signal-hook v0.3.18
[INFO] [stderr]    Compiling serde_core v1.0.228
[INFO] [stderr]    Compiling aho-corasick v1.1.4
[INFO] [stderr]    Compiling nix v0.29.0
[INFO] [stderr]    Compiling convert_case v0.10.0
[INFO] [stderr]    Compiling pest v2.8.7
[INFO] [stderr]    Compiling bytemuck v1.25.1
[INFO] [stderr]    Compiling rand v0.8.7
[INFO] [stderr]    Compiling regex-syntax v0.8.11
[INFO] [stderr]    Compiling serde v1.0.228
[INFO] [stderr]    Compiling getrandom v0.3.4
[INFO] [stderr]    Compiling time-macros v0.2.31
[INFO] [stderr]    Compiling parking_lot_core v0.9.12
[INFO] [stderr]    Compiling atomic v0.6.1
[INFO] [stderr]    Compiling getrandom v0.4.3
[INFO] [stderr]    Compiling mio v1.2.2
[INFO] [stderr]    Compiling anyhow v1.0.103
[INFO] [stderr]    Compiling bit-vec v0.6.3
[INFO] [stderr]    Compiling deranged v0.5.8
[INFO] [stderr]    Compiling lab v0.11.0
[INFO] [stderr]    Compiling rustix v1.1.4
[INFO] [stderr]    Compiling generic-array v0.14.7
[INFO] [stderr]    Compiling bit-set v0.5.3
[INFO] [stderr]    Compiling uuid v1.24.0
[INFO] [stderr]    Compiling signal-hook-mio v0.2.5
[INFO] [stderr]    Compiling phf_generator v0.11.3
[INFO] [stderr]    Compiling nom v7.1.3
[INFO] [stderr]    Compiling block-buffer v0.10.4
[INFO] [stderr]    Compiling crypto-common v0.1.7
[INFO] [stderr]    Compiling ordered-float v4.6.0
[INFO] [stderr]    Compiling phf_codegen v0.11.3
[INFO] [stderr]    Compiling digest v0.10.7
[INFO] [stderr]    Compiling euclid v0.22.14
[INFO] [stderr]    Compiling terminfo v0.9.0
[INFO] [stderr]    Compiling parking_lot v0.12.5
[INFO] [stderr]    Compiling line-clipping v0.3.7
[INFO] [stderr]    Compiling sha2 v0.10.9
[INFO] [stderr]    Compiling deltae v0.3.2
[INFO] [stderr]    Compiling vtparse v0.6.2
[INFO] [stderr]    Compiling pest_meta v2.8.7
[INFO] [stderr]    Compiling termios v0.3.3
[INFO] [stderr]    Compiling time v0.3.53
[INFO] [stderr]    Compiling finl_unicode v1.4.0
[INFO] [stderr]    Compiling memmem v0.1.1
[INFO] [stderr]    Compiling numtoa v0.2.4
[INFO] [stderr]    Compiling fixedbitset v0.4.2
[INFO] [stderr]    Compiling termion v4.0.6
[INFO] [stderr]    Compiling regex-automata v0.4.16
[INFO] [stderr]    Compiling mac_address v1.1.8
[INFO] [stderr]    Compiling wezterm-dynamic-derive v0.1.1
[INFO] [stderr]    Compiling darling_core v0.23.0
[INFO] [stderr]    Compiling pest_generator v2.8.7
[INFO] [stderr]    Compiling prettyplease v0.2.37
[INFO] [stderr]    Compiling regex v1.13.1
[INFO] [stderr]    Compiling fancy-regex v0.11.0
[INFO] [stderr]    Compiling thiserror-impl v2.0.18
[INFO] [stderr]    Compiling thiserror-impl v1.0.69
[INFO] [stderr]    Compiling strum_macros v0.27.2
[INFO] [stderr]    Compiling phf_macros v0.11.3
[INFO] [stderr]    Compiling serde_derive v1.0.228
[INFO] [stderr]    Compiling derive_more-impl v2.1.1
[INFO] [stderr]    Compiling num-derive v0.4.2
[INFO] [stderr]    Compiling getset v0.1.7
[INFO] [stderr]    Compiling ratwrap-macros v1.0.0
[INFO] [stderr]    Compiling pest_derive v2.8.7
[INFO] [stderr]    Compiling phf v0.11.3
[INFO] [stderr]    Compiling derive_more v2.1.1
[INFO] [stderr]    Compiling crossterm v0.29.0
[INFO] [stderr]    Compiling csscolorparser v0.6.2
[INFO] [stderr]    Compiling thiserror v1.0.69
[INFO] [stderr]    Compiling wezterm-dynamic v0.2.1
[INFO] [stderr]    Compiling wezterm-blob-leases v0.1.1
[INFO] [stderr]    Compiling filedescriptor v0.8.3
[INFO] [stderr]    Compiling thiserror v2.0.18
[INFO] [stderr]    Compiling kasuari v0.4.12
[INFO] [stderr]    Compiling wezterm-color-types v0.3.0
[INFO] [stderr]    Compiling wezterm-bidi v0.2.3
[INFO] [stderr]    Compiling darling_macro v0.23.0
[INFO] [stderr]    Compiling strum v0.27.2
[INFO] [stderr]    Compiling ratatui-core v0.1.0
[INFO] [stderr]    Compiling darling v0.23.0
[INFO] [stderr]    Compiling instability v0.3.12
[INFO] [stderr]    Compiling ratatui-widgets v0.3.0
[INFO] [stderr]    Compiling ratatui-crossterm v0.1.0
[INFO] [stderr]    Compiling ratatui-termion v0.1.0
[INFO] [stderr]    Compiling wezterm-input-types v0.1.0
[INFO] [stderr]    Compiling ratatui-macros v0.7.0
[INFO] [stderr]    Compiling ratatui v0.30.0
[INFO] [stderr]    Compiling termwiz v0.23.3
[INFO] [stderr]    Compiling ratatui-termwiz v0.1.0
[INFO] [stderr]    Compiling ratwrap v1.0.1 (/opt/rustwide/workdir)
[INFO] [stderr] warning: unused dependency `ratatui-termion`
[INFO] [stderr]   --> Cargo.toml:19:15
[INFO] [stderr]    |
[INFO] [stderr] 19 | [dependencies.ratatui-termion]
[INFO] [stderr]    |               ^^^^^^^^^^^^^^^^
[INFO] [stderr]    |
[INFO] [stderr]    = note: `cargo::unused_dependencies` is set to `warn` by default
[INFO] [stderr] help: consider removing the dependency on `ratatui-termion`
[INFO] [stderr] warning: unused dependency `ratatui-termwiz`
[INFO] [stderr]   --> Cargo.toml:22:15
[INFO] [stderr]    |
[INFO] [stderr] 22 | [dependencies.ratatui-termwiz]
[INFO] [stderr]    |               ^^^^^^^^^^^^^^^^
[INFO] [stderr]    |
[INFO] [stderr] help: consider removing the dependency on `ratatui-termwiz`
[INFO] [stderr] warning: `ratwrap` (manifest) generated 2 warnings
[INFO] [stderr]     Finished `dev` profile [unoptimized + debuginfo] target(s) in 48.56s
[INFO] running `Command { std: "docker" "inspect" "102f15d86522987fd7beef590b4afe5a2f74f90b01c0b19420f352d278da5f89", kill_on_drop: false }`
[INFO] running `Command { std: "docker" "exec" "-e" "SOURCE_DIR=/opt/rustwide/workdir" "-e" "CARGO_HOME=/opt/rustwide/cargo-home" "-e" "RUSTUP_HOME=/opt/rustwide/rustup-home" "-e" "CARGO_TARGET_DIR=/opt/rustwide/target" "-e" "CARGO_INCREMENTAL=0" "-e" "RUST_BACKTRACE=full" "-e" "RUSTFLAGS=--cap-lints=warn" "-e" "RUSTDOCFLAGS=--cap-lints=warn" "-w" "/opt/rustwide/workdir" "--user" "0:0" "102f15d86522987fd7beef590b4afe5a2f74f90b01c0b19420f352d278da5f89" "/opt/rustwide/cargo-home/bin/cargo" "+1.100.0-beta.1" "test" "--frozen" "--no-run" "--message-format=json", kill_on_drop: false }`
[INFO] [stderr] warning: `package.homepage` is redundant with `package.repository`
[INFO] [stderr]   --> Cargo.toml:71:12
[INFO] [stderr]    |
[INFO] [stderr] 71 | homepage = "https://github.com/mnmun/ratwrap"
[INFO] [stderr]    |            ^^^^^^^^^^^^^^^^^^^^^^^^^^^^^^^^^^
[INFO] [stderr] ...
[INFO] [stderr] 76 | repository = "https://github.com/mnmun/ratwrap"
[INFO] [stderr]    |              ----------------------------------
[INFO] [stderr]    |
[INFO] [stderr]    = note: `cargo::redundant_homepage` is set to `warn` by default
[INFO] [stderr] help: consider removing `package.homepage`
[INFO] [stderr] warning: `ratwrap` (manifest) generated 1 warning
[INFO] [stderr]    Compiling proc-macro2 v1.0.106
[INFO] [stderr]    Compiling toml_parser v1.1.2+spec-1.1.0
[INFO] [stderr]    Compiling indexmap v2.14.0
[INFO] [stderr]    Compiling rstest_macros v0.26.1
[INFO] [stderr]    Compiling regex-automata v0.4.16
[INFO] [stderr]    Compiling relative-path v1.9.3
[INFO] [stderr]    Compiling glob v0.3.3
[INFO] [stderr]    Compiling diff v0.1.13
[INFO] [stderr]    Compiling yansi v1.0.1
[INFO] [stderr]    Compiling futures-timer v3.0.4
[INFO] [stderr]    Compiling pretty_assertions v1.4.1
[INFO] [stderr]    Compiling quote v1.0.46
[INFO] [stderr]    Compiling syn v2.0.119
[INFO] [stderr]    Compiling syn v1.0.109
[INFO] [stderr]    Compiling proc-macro-error-attr v1.0.4
[INFO] [stderr]    Compiling toml_edit v0.25.13+spec-1.1.0
[INFO] [stderr]    Compiling proc-macro-crate v3.5.0
[INFO] [stderr]    Compiling regex v1.13.1
[INFO] [stderr]    Compiling proc-macro-error v1.0.4
[INFO] [stderr]    Compiling wezterm-dynamic-derive v0.1.1
[INFO] [stderr]    Compiling darling_core v0.23.0
[INFO] [stderr]    Compiling pest_generator v2.8.7
[INFO] [stderr]    Compiling prettyplease v0.2.37
[INFO] [stderr]    Compiling thiserror-impl v1.0.69
[INFO] [stderr]    Compiling thiserror-impl v2.0.18
[INFO] [stderr]    Compiling strum_macros v0.27.2
[INFO] [stderr]    Compiling phf_macros v0.11.3
[INFO] [stderr]    Compiling serde_derive v1.0.228
[INFO] [stderr]    Compiling derive_more-impl v2.1.1
[INFO] [stderr]    Compiling num-derive v0.4.2
[INFO] [stderr]    Compiling futures-macro v0.3.32
[INFO] [stderr]    Compiling getset v0.1.7
[INFO] [stderr]    Compiling nestify v0.3.3
[INFO] [stderr]    Compiling pest_derive v2.8.7
[INFO] [stderr]    Compiling ratwrap-macros v1.0.0
[INFO] [stderr]    Compiling phf v0.11.3
[INFO] [stderr]    Compiling futures-util v0.3.32
[INFO] [stderr]    Compiling derive_more v2.1.1
[INFO] [stderr]    Compiling crossterm v0.29.0
[INFO] [stderr]    Compiling csscolorparser v0.6.2
[INFO] [stderr]    Compiling terminfo v0.9.0
[INFO] [stderr]    Compiling thiserror v2.0.18
[INFO] [stderr]    Compiling kasuari v0.4.12
[INFO] [stderr]    Compiling thiserror v1.0.69
[INFO] [stderr]    Compiling wezterm-dynamic v0.2.1
[INFO] [stderr]    Compiling wezterm-blob-leases v0.1.1
[INFO] [stderr]    Compiling filedescriptor v0.8.3
[INFO] [stderr]    Compiling darling_macro v0.23.0
[INFO] [stderr]    Compiling wezterm-bidi v0.2.3
[INFO] [stderr]    Compiling wezterm-color-types v0.3.0
[INFO] [stderr]    Compiling darling v0.23.0
[INFO] [stderr]    Compiling instability v0.3.12
[INFO] [stderr]    Compiling strum v0.27.2
[INFO] [stderr]    Compiling ratatui-core v0.1.0
[INFO] [stderr]    Compiling rstest v0.26.1
[INFO] [stderr]    Compiling ratatui-widgets v0.3.0
[INFO] [stderr]    Compiling ratatui-crossterm v0.1.0
[INFO] [stderr]    Compiling ratatui-termion v0.1.0
[INFO] [stderr]    Compiling serde v1.0.228
[INFO] [stderr]    Compiling wezterm-input-types v0.1.0
[INFO] [stderr]    Compiling ratatui-macros v0.7.0
[INFO] [stderr]    Compiling ratatui v0.30.0
[INFO] [stderr]    Compiling termwiz v0.23.3
[INFO] [stderr]    Compiling ratatui-termwiz v0.1.0
[INFO] [stderr]    Compiling ratwrap v1.0.1 (/opt/rustwide/workdir)
[INFO] [stderr] warning: unused dependency `ratatui-termion`
[INFO] [stderr]   --> Cargo.toml:19:15
[INFO] [stderr]    |
[INFO] [stderr] 19 | [dependencies.ratatui-termion]
[INFO] [stderr]    |               ^^^^^^^^^^^^^^^^
[INFO] [stderr]    |
[INFO] [stderr]    = note: `cargo::unused_dependencies` is set to `warn` by default
[INFO] [stderr] help: consider removing the dependency on `ratatui-termion`
[INFO] [stderr] warning: unused dependency `ratatui-termwiz`
[INFO] [stderr]   --> Cargo.toml:22:15
[INFO] [stderr]    |
[INFO] [stderr] 22 | [dependencies.ratatui-termwiz]
[INFO] [stderr]    |               ^^^^^^^^^^^^^^^^
[INFO] [stderr]    |
[INFO] [stderr] help: consider removing the dependency on `ratatui-termwiz`
[INFO] [stderr] warning: `ratwrap` (manifest) generated 2 warnings
[INFO] [stderr]     Finished `test` profile [unoptimized + debuginfo] target(s) in 41.87s
[INFO] running `Command { std: "docker" "inspect" "102f15d86522987fd7beef590b4afe5a2f74f90b01c0b19420f352d278da5f89", kill_on_drop: false }`
[INFO] running `Command { std: "docker" "exec" "-e" "SOURCE_DIR=/opt/rustwide/workdir" "-e" "CARGO_HOME=/opt/rustwide/cargo-home" "-e" "RUSTUP_HOME=/opt/rustwide/rustup-home" "-e" "CARGO_TARGET_DIR=/opt/rustwide/target" "-e" "CARGO_INCREMENTAL=0" "-e" "RUST_BACKTRACE=full" "-e" "RUSTFLAGS=--cap-lints=warn" "-e" "RUSTDOCFLAGS=--cap-lints=warn" "-w" "/opt/rustwide/workdir" "--user" "0:0" "102f15d86522987fd7beef590b4afe5a2f74f90b01c0b19420f352d278da5f89" "/opt/rustwide/cargo-home/bin/cargo" "+1.100.0-beta.1" "test" "--frozen", kill_on_drop: false }`
[INFO] [stderr] warning: `package.homepage` is redundant with `package.repository`
[INFO] [stderr]   --> Cargo.toml:71:12
[INFO] [stderr]    |
[INFO] [stderr] 71 | homepage = "https://github.com/mnmun/ratwrap"
[INFO] [stderr]    |            ^^^^^^^^^^^^^^^^^^^^^^^^^^^^^^^^^^
[INFO] [stderr] ...
[INFO] [stderr] 76 | repository = "https://github.com/mnmun/ratwrap"
[INFO] [stderr]    |              ----------------------------------
[INFO] [stderr]    |
[INFO] [stderr]    = note: `cargo::redundant_homepage` is set to `warn` by default
[INFO] [stderr] help: consider removing `package.homepage`
[INFO] [stderr] warning: `ratwrap` (manifest) generated 1 warning
[INFO] [stderr] warning: unused dependency `ratatui-termion`
[INFO] [stderr]   --> Cargo.toml:19:15
[INFO] [stderr]    |
[INFO] [stderr] 19 | [dependencies.ratatui-termion]
[INFO] [stderr]    |               ^^^^^^^^^^^^^^^^
[INFO] [stderr]    |
[INFO] [stderr]    = note: `cargo::unused_dependencies` is set to `warn` by default
[INFO] [stderr] help: consider removing the dependency on `ratatui-termion`
[INFO] [stderr] warning: unused dependency `ratatui-termwiz`
[INFO] [stderr]   --> Cargo.toml:22:15
[INFO] [stderr]    |
[INFO] [stderr] 22 | [dependencies.ratatui-termwiz]
[INFO] [stderr]    |               ^^^^^^^^^^^^^^^^
[INFO] [stderr]    |
[INFO] [stderr] help: consider removing the dependency on `ratatui-termwiz`
[INFO] [stderr] warning: `ratwrap` (manifest) generated 2 warnings
[INFO] [stderr]     Finished `test` profile [unoptimized + debuginfo] target(s) in 0.27s
[INFO] [stderr]      Running unittests src/lib.rs (/opt/rustwide/target/debug/build/ratwrap/3cc77b04c39b22b6/out/ratwrap-3cc77b04c39b22b6)
[INFO] [stdout] 
[INFO] [stdout] running 201 tests
[INFO] [stdout] test patch::chart::tests::axis_can_be_stylized ... ok
[INFO] [stdout] test patch::chart::tests::no_legend_if_no_named_datasets ... ok
[INFO] [stdout] test patch::chart::tests::render_in_zero_size_buffer ... ok
[INFO] [stdout] test patch::chart::tests::dataset_can_be_stylized ... ok
[INFO] [stdout] test patch::chart::tests::render_in_minimal_buffer ... ok
[INFO] [stdout] test patch::chart::tests::chart_can_be_stylized ... ok
[INFO] [stdout] test patch::chart::tests::overlapping_lines::case_2_dot ... ok
[INFO] [stdout] test patch::chart::tests::datasets_without_name_dont_contribute_to_legend_height ... ok
[INFO] [stdout] test patch::chart::tests::overlapping_lines::case_1_dot ... ok
[INFO] [stdout] test patch::chart::tests::test_chart_have_a_topleft_legend ... ok
[INFO] [stdout] test patch::chart::tests::it_does_not_panic_if_title_is_wider_than_buffer ... ok
[INFO] [stdout] test patch::chart::tests::bar_chart ... ok
[INFO] [stdout] test patch::chart::tests::test_chart_have_overflowed_y_axis ... ok
[INFO] [stdout] test patch::chart::tests::test_legend_of_chart_have_odd_margin_size::case_2 ... ok
[INFO] [stdout] test container::tests::horizontal ... ok
[INFO] [stdout] test patch::chart::tests::test_chart_have_a_long_y_axis_title_overlapping_legend ... ok
[INFO] [stdout] test patch::chart::tests::test_legend_of_chart_have_odd_margin_size::case_1 ... ok
[INFO] [stdout] test patch::chart::tests::it_should_hide_the_legend ... ok
[INFO] [stdout] test patch::chart::tests::test_legend_area_can_fit_same_chart_area ... ok
[INFO] [stdout] test patch::chart::tests::dataset_legend_style_is_patched ... ok
[INFO] [stdout] test patch::scrollbar::tests::do_not_render_with_empty_area::case_1_scrollbar_height_0 ... ok
[INFO] [stdout] test patch::chart::tests::test_legend_of_chart_have_odd_margin_size::case_3 ... ok
[INFO] [stdout] test patch::chart::tests::test_legend_of_chart_have_odd_margin_size::case_7 ... ok
[INFO] [stdout] test patch::chart::tests::test_legend_of_chart_have_odd_margin_size::case_4 ... ok
[INFO] [stdout] test patch::chart::tests::test_legend_of_chart_have_odd_margin_size::case_9 ... ok
[INFO] [stdout] test patch::chart::tests::test_legend_of_chart_have_odd_margin_size::case_5 ... ok
[INFO] [stdout] test container::tests::vertical ... ok
[INFO] [stdout] test patch::chart::tests::test_legend_of_chart_have_odd_margin_size::case_6 ... ok
[INFO] [stdout] test patch::chart::tests::test_legend_of_chart_have_odd_margin_size::case_8 ... ok
[INFO] [stdout] test patch::scrollbar::tests::do_not_render_with_empty_area::case_2_scrollbar_width_0 ... ok
[INFO] [stdout] test patch::scrollbar::tests::render_in_minimal_buffer::case_1_vertical_left ... ok
[INFO] [stdout] test patch::scrollbar::tests::render_in_minimal_buffer::case_2_vertical_right ... ok
[INFO] [stdout] test patch::scrollbar::tests::render_in_zero_size_buffer::case_1_vertical_left ... ok
[INFO] [stdout] test patch::scrollbar::tests::render_in_minimal_buffer::case_4_horizontal_bottom ... ok
[INFO] [stdout] test patch::scrollbar::tests::render_scrollbar_horizontal_bottom::case_02_position_1 ... ok
[INFO] [stdout] test patch::scrollbar::tests::render_scrollbar_fullbar::case_1_fullbar_position_0 ... ok
[INFO] [stdout] test patch::scrollbar::tests::render_scrollbar_halfbar::case_1_position_0 ... ok
[INFO] [stdout] test patch::scrollbar::tests::render_scrollbar_horizontal_bottom::case_01_position_0 ... ok
[INFO] [stdout] test patch::scrollbar::tests::render_in_minimal_buffer::case_3_horizontal_top ... ok
[INFO] [stdout] test patch::scrollbar::tests::render_in_zero_size_buffer::case_4_horizontal_bottom ... ok
[INFO] [stdout] test patch::scrollbar::tests::render_in_zero_size_buffer::case_2_vertical_right ... ok
[INFO] [stdout] test patch::scrollbar::tests::render_scrollbar_horizontal_top::case_02_position_1 ... ok
[INFO] [stdout] test patch::scrollbar::tests::render_scrollbar_area_too_small::case_2_area_2_position_1 ... ok
[INFO] [stdout] test patch::scrollbar::tests::render_in_zero_size_buffer::case_3_horizontal_top ... ok
[INFO] [stdout] test patch::scrollbar::tests::render_scrollbar_horizontal_bottom::case_06_position_5 ... ok
[INFO] [stdout] test patch::scrollbar::tests::render_scrollbar_horizontal_top::case_03_position_2 ... ok
[INFO] [stdout] test patch::scrollbar::tests::render_scrollbar_horizontal_top::case_06_position_5 ... ok
[INFO] [stdout] test patch::scrollbar::tests::render_scrollbar_horizontal_top::case_04_position_3 ... ok
[INFO] [stdout] test patch::scrollbar::tests::render_scrollbar_area_too_small::case_1_area_2_position_0 ... ok
[INFO] [stdout] test patch::scrollbar::tests::render_scrollbar_horizontal_top::case_05_position_4 ... ok
[INFO] [stdout] test patch::scrollbar::tests::render_scrollbar_horizontal_bottom::case_07_position_6 ... ok
[INFO] [stdout] test patch::scrollbar::tests::render_scrollbar_horizontal_bottom::case_08_position_7 ... ok
[INFO] [stdout] test patch::scrollbar::tests::render_scrollbar_horizontal_top::case_10_position_9 ... ok
[INFO] [stdout] test patch::scrollbar::tests::render_scrollbar_horizontal_top::case_11_position_out_of_bounds ... ok
[INFO] [stdout] test patch::scrollbar::tests::render_scrollbar_horizontal_bottom::case_09_position_8 ... ok
[INFO] [stdout] test patch::scrollbar::tests::render_scrollbar_horizontal_top::case_07_position_6 ... ok
[INFO] [stdout] test patch::scrollbar::tests::render_scrollbar_horizontal_bottom::case_10_position_9 ... ok
[INFO] [stdout] test patch::scrollbar::tests::render_scrollbar_horizontal_top::case_08_position_7 ... ok
[INFO] [stdout] test patch::scrollbar::tests::render_scrollbar_horizontal_top::case_09_position_8 ... ok
[INFO] [stdout] test patch::scrollbar::tests::render_scrollbar_minimum_area_minimum_viewport::case_1_area_3_position_0 ... ok
[INFO] [stdout] test patch::scrollbar::tests::render_scrollbar_horizontal_bottom::case_05_position_4 ... ok
[INFO] [stdout] test patch::scrollbar::tests::render_scrollbar_horizontal_bottom::case_11_position_out_of_bounds ... ok
[INFO] [stdout] test patch::scrollbar::tests::render_scrollbar_horizontal_top::case_01_position_0 ... ok
[INFO] [stdout] test patch::scrollbar::tests::render_scrollbar_minimum_area_minimum_viewport::case_2_area_3_position_1 ... ok
[INFO] [stdout] test patch::scrollbar::tests::render_scrollbar_minimum_area_minimum_viewport::case_8_area_3_position_7 ... ok
[INFO] [stdout] test patch::scrollbar::tests::render_scrollbar_minimum_area_minimum_viewport::case_9_area_3_position_8 ... ok
[INFO] [stdout] test patch::scrollbar::tests::render_scrollbar_no_viewport::case_1_position_0 ... ok
[INFO] [stdout] test patch::scrollbar::tests::render_scrollbar_over_content::case_04_position_3 ... ok
[INFO] [stdout] test patch::scrollbar::tests::render_scrollbar_over_content::case_06_position_5 ... ok
[INFO] [stdout] test patch::scrollbar::tests::render_scrollbar_over_content::case_05_position_4 ... ok
[INFO] [stdout] test patch::scrollbar::tests::render_scrollbar_over_content::case_09_position_8 ... ok
[INFO] [stdout] test patch::scrollbar::tests::render_scrollbar_minimum_area_minimum_viewport::case_4_area_3_position_3 ... ok
[INFO] [stdout] test patch::scrollbar::tests::render_scrollbar_minimum_area_minimum_viewport::case_7_area_3_position_6 ... ok
[INFO] [stdout] test patch::scrollbar::tests::render_scrollbar_over_content::case_08_position_7 ... ok
[INFO] [stdout] test patch::scrollbar::tests::render_scrollbar_over_content::case_07_position_6 ... ok
[INFO] [stdout] test patch::scrollbar::tests::render_scrollbar_over_content::case_02_position_1 ... ok
[INFO] [stdout] test patch::scrollbar::tests::render_scrollbar_minimum_area_minimum_viewport::case_3_area_3_position_2 ... ok
[INFO] [stdout] test patch::scrollbar::tests::render_scrollbar_over_content::case_01_position_0 ... ok
[INFO] [stdout] test patch::scrollbar::tests::render_scrollbar_minimum_area_minimum_viewport::case_5_area_3_position_4 ... ok
[INFO] [stdout] test patch::scrollbar::tests::render_scrollbar_minimum_area_minimum_viewport::case_6_area_3_position_5 ... ok
[INFO] [stdout] test container::tests::edit ... ok
[INFO] [stdout] test patch::scrollbar::tests::render_scrollbar_simple::case_01_position_0 ... ok
[INFO] [stdout] test patch::scrollbar::tests::render_scrollbar_simple::case_10_position_9 ... ok
[INFO] [stdout] test patch::scrollbar::tests::render_scrollbar_simple::case_02_position_1 ... ok
[INFO] [stdout] test patch::scrollbar::tests::render_scrollbar_simple::case_03_position_2 ... ok
[INFO] [stdout] test patch::scrollbar::tests::render_scrollbar_simple::case_04_position_3 ... ok
[INFO] [stdout] test patch::scrollbar::tests::render_scrollbar_simple::case_05_position_4 ... ok
[INFO] [stdout] test patch::scrollbar::tests::render_scrollbar_over_content::case_10_position_9 ... ok
[INFO] [stdout] test patch::scrollbar::tests::render_scrollbar_vertical_left::case_03_position_2 ... ok
[INFO] [stdout] test patch::scrollbar::tests::render_scrollbar_vertical_left::case_04_position_3 ... ok
[INFO] [stdout] test patch::scrollbar::tests::render_scrollbar_vertical_left::case_01_position_0 ... ok
[INFO] [stdout] test patch::scrollbar::tests::render_scrollbar_simplest::case_1_area_3_position_0 ... ok
[INFO] [stdout] test patch::scrollbar::tests::render_scrollbar_over_content::case_11_position_out_of_bounds ... ok
[INFO] [stdout] test patch::scrollbar::tests::render_scrollbar_simplest::case_2_area_3_position_1 ... ok
[INFO] [stdout] test patch::scrollbar::tests::render_scrollbar_simple::case_06_position_5 ... ok
[INFO] [stdout] test patch::scrollbar::tests::render_scrollbar_simple::case_09_position_8 ... ok
[INFO] [stdout] test patch::scrollbar::tests::render_scrollbar_simple::case_08_position_7 ... ok
[INFO] [stdout] test patch::scrollbar::tests::render_scrollbar_vertical_left::case_12_position_few_out_of_bounds ... ok
[INFO] [stdout] test patch::scrollbar::tests::render_scrollbar_vertical_left::case_07_position_6 ... ok
[INFO] [stdout] test patch::scrollbar::tests::render_scrollbar_vertical_left::case_10_position_9 ... ok
[INFO] [stdout] test patch::scrollbar::tests::render_scrollbar_simple::case_07_position_6 ... ok
[INFO] [stdout] test patch::scrollbar::tests::render_scrollbar_simplest::case_3_area_3_position_2 ... ok
[INFO] [stdout] test patch::scrollbar::tests::render_scrollbar_vertical_left::case_13_position_very_many_out_of_bounds ... ok
[INFO] [stdout] test patch::scrollbar::tests::render_scrollbar_vertical_right::case_01_position_0 ... ok
[INFO] [stdout] test patch::scrollbar::tests::render_scrollbar_vertical_left::case_06_position_5 ... ok
[INFO] [stdout] test patch::scrollbar::tests::render_scrollbar_vertical_left::case_11_position_one_out_of_bounds ... ok
[INFO] [stdout] test patch::scrollbar::tests::render_scrollbar_vertical_left::case_02_position_1 ... ok
[INFO] [stdout] test patch::scrollbar::tests::render_scrollbar_vertical_right::case_04_position_3 ... ok
[INFO] [stdout] test patch::scrollbar::tests::render_scrollbar_vertical_left::case_05_position_4 ... ok
[INFO] [stdout] test patch::scrollbar::tests::render_scrollbar_vertical_right::case_06_position_5 ... ok
[INFO] [stdout] test patch::scrollbar::tests::render_scrollbar_vertical_right::case_02_position_1 ... ok
[INFO] [stdout] test patch::scrollbar::tests::render_scrollbar_vertical_right::case_07_position_6 ... ok
[INFO] [stdout] test patch::scrollbar::tests::render_scrollbar_vertical_right::case_03_position_2 ... ok
[INFO] [stdout] test patch::scrollbar::tests::render_scrollbar_vertical_right::case_05_position_4 ... ok
[INFO] [stdout] test patch::scrollbar::tests::render_scrollbar_vertical_right::case_08_position_7 ... ok
[INFO] [stdout] test patch::scrollbar::tests::render_scrollbar_vertical_right::case_09_position_8 ... ok
[INFO] [stdout] test patch::scrollbar::tests::render_scrollbar_vertical_right::case_10_position_9 ... ok
[INFO] [stdout] test patch::scrollbar::tests::render_scrollbar_vertical_right::case_12_position_few_out_of_bounds ... ok
[INFO] [stdout] test patch::scrollbar::tests::render_scrollbar_vertical_left::case_09_position_8 ... ok
[INFO] [stdout] test patch::scrollbar::tests::render_scrollbar_vertical_left::case_08_position_7 ... ok
[INFO] [stdout] test patch::scrollbar::tests::thumb_visible_on_very_small_track::case_02_position_10 ... ok
[INFO] [stdout] test patch::scrollbar::tests::render_scrollbar_vertical_right::case_13_position_very_many_out_of_bounds ... ok
[INFO] [stdout] test patch::scrollbar::tests::thumb_visible_on_very_small_track::case_01_position_0 ... ok
[INFO] [stdout] test patch::scrollbar::tests::thumb_visible_on_very_small_track::case_03_position_20 ... ok
[INFO] [stdout] test patch::scrollbar::tests::render_scrollbar_simple::case_11_out_of_bounds ... ok
[INFO] [stdout] test patch::scrollbar::tests::render_scrollbar_vertical_right::case_11_position_one_out_of_bounds ... ok
[INFO] [stdout] test patch::scrollbar::tests::thumb_visible_on_very_small_track::case_07_position_60 ... ok
[INFO] [stdout] test patch::scrollbar::tests::thumb_visible_on_very_small_track::case_10_position_90 ... ok
[INFO] [stdout] test patch::scrollbar::tests::thumb_visible_on_very_small_track::case_11_position_one_out_of_bounds ... ok
[INFO] [stdout] test retained::barchart::bar::tests::configured ... ok
[INFO] [stdout] test patch::scrollbar::tests::thumb_visible_on_very_small_track::case_04_position_30 ... ok
[INFO] [stdout] test patch::scrollbar::tests::thumb_visible_on_very_small_track::case_05_position_40 ... ok
[INFO] [stdout] test patch::scrollbar::tests::thumb_visible_on_very_small_track::case_06_position_50 ... ok
[INFO] [stdout] test retained::barchart::tests::edited ... ok
[INFO] [stdout] test retained::barchart::bar::tests::default ... ok
[INFO] [stdout] test retained::barchart::bar::tests::edited ... ok
[INFO] [stdout] test retained::barchart::bargroup::tests::configured ... ok
[INFO] [stdout] test retained::barchart::bargroup::tests::default ... ok
[INFO] [stdout] test retained::barchart::bargroup::tests::edited ... ok
[INFO] [stdout] test retained::calendar::tests::edited ... ok
[INFO] [stdout] test retained::barchart::tests::configured ... ok
[INFO] [stdout] test retained::calendar::tests::default ... ok
[INFO] [stdout] test patch::scrollbar::tests::thumb_visible_on_very_small_track::case_08_position_70 ... ok
[INFO] [stdout] test patch::scrollbar::tests::thumb_visible_on_very_small_track::case_09_position_80 ... ok
[INFO] [stdout] test retained::block::tests::default ... ok
[INFO] [stdout] test retained::block::tests::edited ... ok
[INFO] [stdout] test retained::calendar::tests::configured ... ok
[INFO] [stdout] test retained::barchart::tests::default ... ok
[INFO] [stdout] test patch::scrollbar::tests::render_scrollbar_halfbar::case_2_position_1 ... ok
[INFO] [stdout] test retained::chart::tests::edited ... ok
[INFO] [stdout] test retained::chart::tests::configured ... ok
[INFO] [stdout] test retained::gauge::tests::default ... ok
[INFO] [stdout] test retained::gauge::tests::configured ... ok
[INFO] [stdout] test retained::list::listitem::tests::configured ... ok
[INFO] [stdout] test retained::block::tests::configured ... ok
[INFO] [stdout] test retained::gauge::tests::edited ... ok
[INFO] [stdout] test retained::chart::dataset::tests::edited ... ok
[INFO] [stdout] test retained::list::listitem::tests::default ... ok
[INFO] [stdout] test retained::list::listitem::tests::edited ... ok
[INFO] [stdout] test retained::chart::axis::tests::configured ... ok
[INFO] [stdout] test retained::chart::axis::tests::default ... ok
[INFO] [stdout] test retained::chart::axis::tests::edited ... ok
[INFO] [stdout] test retained::chart::dataset::tests::configured ... ok
[INFO] [stdout] test retained::chart::dataset::tests::default ... ok
[INFO] [stdout] test retained::chart::tests::default ... ok
[INFO] [stdout] test retained::list::tests::default ... ok
[INFO] [stdout] test retained::list::tests::configured ... ok
[INFO] [stdout] test retained::list::tests::edited ... ok
[INFO] [stdout] test retained::paragraph::tests::configured ... ok
[INFO] [stdout] test retained::paragraph::tests::default ... ok
[INFO] [stdout] test retained::paragraph::tests::edited ... ok
[INFO] [stdout] test retained::scrollbar::tests::edited ... ok
[INFO] [stdout] test retained::sparkline::sparklinebar::tests::configured ... ok
[INFO] [stdout] test retained::scrollbar::tests::configured ... ok
[INFO] [stdout] test retained::sparkline::sparklinebar::tests::default ... ok
[INFO] [stdout] test retained::sparkline::sparklinebar::tests::edited ... ok
[INFO] [stdout] test retained::sparkline::tests::configured ... ok
[INFO] [stdout] test retained::scrollbar::tests::default ... ok
[INFO] [stdout] test retained::sparkline::tests::default ... ok
[INFO] [stdout] test retained::sparkline::tests::edited ... ok
[INFO] [stdout] test retained::table::tests::default ... ok
[INFO] [stdout] test retained::table::tests::edited ... ok
[INFO] [stdout] test retained::tabs::tests::configured ... ok
[INFO] [stdout] test retained::tabs::tests::default ... ok
[INFO] [stdout] test retained::table::row::tests::edited ... ok
[INFO] [stdout] test retained::table::cell::tests::edited ... ok
[INFO] [stdout] test retained::table::tests::configured ... ok
[INFO] [stdout] test retained::table::cell::tests::default ... ok
[INFO] [stdout] test retained::table::row::tests::configured ... ok
[INFO] [stdout] test retained::table::cell::tests::configured ... ok
[INFO] [stdout] test retained::table::row::tests::default ... ok
[INFO] [stdout] test retained::canvas::tests::edited ... ok
[INFO] [stdout] test retained::canvas::tests::configured ... ok
[INFO] [stdout] test wrapped::tests::edit ... ok
[INFO] [stdout] test patch::scrollbar::tests::render_scrollbar_horizontal_bottom::case_03_position_2 ... ok
[INFO] [stdout] test patch::scrollbar::tests::render_scrollbar_horizontal_bottom::case_04_position_3 ... ok
[INFO] [stdout] test patch::scrollbar::tests::render_scrollbar_over_content::case_03_position_2 ... ok
[INFO] [stdout] test retained::tabs::tests::edited ... ok
[INFO] [stdout] test tests::tests::name ... ok
[INFO] [stdout] test retained::canvas::tests::default ... ok
[INFO] [stdout] test stack::tests::edit ... ok
[INFO] [stdout] 
[INFO] [stdout] test result: ok. 201 passed; 0 failed; 0 ignored; 0 measured; 0 filtered out; finished in 0.19s
[INFO] [stdout] 
[INFO] [stderr]    Doc-tests ratwrap
[INFO] [stdout] 
[INFO] [stdout] running 45 tests
[INFO] [stdout] test src/container.rs - container::AppearanceGuard<'a,Name>::edit_items_composition (line 2067) ... ok
[INFO] [stdout] test src/patch/chart.rs - patch::chart::Axis (line 37) ... ok
[INFO] [stdout] test src/patch/chart.rs - patch::chart::Axis<'a>::labels (line 111) ... ok
[INFO] [stdout] test src/patch/chart.rs - patch::chart::Chart<'a>::hidden_legend_constraints (line 707) ... ok
[INFO] [stdout] test src/patch/chart.rs - patch::chart::Axis<'a>::style (line 145) ... ok
[INFO] [stdout] test src/patch/chart.rs - patch::chart::Chart<'a>::hidden_legend_constraints (line 681) ... ok
[INFO] [stdout] test src/patch/chart.rs - patch::chart::Chart (line 502) ... ok
[INFO] [stdout] test src/container.rs - container::Builder<Name>::push_item (line 1691) ... ok
[INFO] [stdout] test src/container.rs - container::Data<Name>::peek_tree (line 1247) ... ok
[INFO] [stdout] test src/container.rs - container::AppearanceGuard<'a,Name>::edit_items_appearance (line 1971) ... ok
[INFO] [stdout] test src/patch/chart.rs - patch::chart::Chart<'a>::legend_position (line 745) ... ok
[INFO] [stdout] test src/patch/chart.rs - patch::chart::Chart<'a>::legend_position (line 754) ... ok
[INFO] [stdout] test src/retained/calendar.rs - retained::calendar (line 24) ... ok
[INFO] [stdout] test src/patch/chart.rs - patch::chart::Chart<'a>::y_axis (line 645) ... ok
[INFO] [stdout] test src/container.rs - container::CompositionMethods::edit_items_placement (line 1805) ... ok
[INFO] [stdout] test src/retained/block.rs - retained::block (line 23) ... ok
[INFO] [stdout] test src/container.rs - container::Data<Name>::peek_areas (line 1129) ... ok
[INFO] [stdout] test src/prelude.rs - prelude (line 6) ... ok
[INFO] [stdout] test src/retained/barchart.rs - retained::barchart (line 24) ... ok
[INFO] [stdout] test src/patch/chart.rs - patch::chart::Dataset<'a>::style (line 445) ... ok
[INFO] [stdout] test src/patch/scrollbar.rs - patch::scrollbar::Scrollbar (line 51) ... ok
[INFO] [stdout] test src/retained/chart.rs - retained::chart (line 23) ... ok
[INFO] [stdout] test src/retained/table.rs - retained::table (line 23) ... ok
[INFO] [stdout] test src/patch/chart.rs - patch::chart::Dataset (line 328) ... ok
[INFO] [stdout] test src/patch/chart.rs - patch::chart::Chart<'a>::x_axis (line 620) ... ok
[INFO] [stdout] test src/retained/list.rs - retained::list (line 22) ... ok
[INFO] [stdout] test src/container.rs - container (line 50) ... ok
[INFO] [stdout] test src/stack.rs - stack::Data<Name>::peek_tree (line 627) ... ok
[INFO] [stdout] test src/stack.rs - stack::CompositionMethods::edit_items_placement (line 1013) ... ok
[INFO] [stdout] test src/stack.rs - stack::AppearanceGuard<'a,Name>::edit_items_composition (line 1271) ... ok
[INFO] [stdout] test src/patch/chart.rs - patch::chart::Chart<'a>::hidden_legend_constraints (line 694) ... ok
[INFO] [stdout] test src/wrapped.rs - wrapped::Builder<Name>::new (line 612) ... ok
[INFO] [stdout] test src/stack.rs - stack::Builder<Name>::push_item (line 926) ... ok
[INFO] [stdout] test src/wrapped.rs - wrapped (line 32) ... ok
[INFO] [stdout] test src/retained/tabs.rs - retained::tabs (line 22) ... ok
[INFO] [stdout] test src/retained/scrollbar.rs - retained::scrollbar (line 25) ... ok
[INFO] [stdout] test src/retained/paragraph.rs - retained::paragraph (line 24) ... ok
[INFO] [stdout] test src/retained/gauge.rs - retained::gauge (line 23) ... ok
[INFO] [stdout] test src/stack.rs - stack::AppearanceGuard<'a,Name>::edit_items_appearance (line 1180) ... ok
[INFO] [stdout] test src/retained/canvas.rs - retained::canvas (line 24) ... ok
[INFO] [stdout] test src/lib.rs - (line 31) ... FAILED
[INFO] [stdout] test src/retained/sparkline.rs - retained::sparkline (line 24) ... ok
[INFO] [stdout] test src/lib.rs - (line 215) ... FAILED
[INFO] [stdout] test src/stack.rs - stack (line 54) ... ok
[INFO] [stdout] test src/traits.rs - traits::Renderable::render (line 34) ... FAILED
[INFO] [stdout] 
[INFO] [stdout] failures:
[INFO] [stdout] 
[INFO] [stdout] ---- src/lib.rs - (line 31) stdout ----
[INFO] [stdout] Test executable failed (exit status: 101).
[INFO] [stdout] 
[INFO] [stdout] stderr:
[INFO] [stdout] 
[INFO] [stdout] thread 'main' (3083) panicked at /tmp/rustdoctestN36Lmj/doctest_bundle_2024.rs:742:67:
[INFO] [stdout] called `Result::unwrap()` on an `Err` value: Os { code: 2, kind: NotFound, message: "No such file or directory" }
[INFO] [stdout] stack backtrace:
[INFO] [stdout]    0:     0x6473aca8b091 - std[617be2ca0a6fd877]::backtrace_rs::backtrace::libunwind::trace
[INFO] [stdout]                                at /rustc/e3feeb59cd1bdd011a2bfcc0747b55125d9b8527/library/std/src/../../backtrace/src/backtrace/libunwind.rs:117:9
[INFO] [stdout]    1:     0x6473aca8b091 - std[617be2ca0a6fd877]::backtrace_rs::backtrace::trace_unsynchronized::<std[617be2ca0a6fd877]::sys::backtrace::_print_fmt::{closure#1}>
[INFO] [stdout]                                at /rustc/e3feeb59cd1bdd011a2bfcc0747b55125d9b8527/library/std/src/../../backtrace/src/backtrace/mod.rs:66:14
[INFO] [stdout]    2:     0x6473aca8b091 - std[617be2ca0a6fd877]::sys::backtrace::_print_fmt
[INFO] [stdout]                                at /rustc/e3feeb59cd1bdd011a2bfcc0747b55125d9b8527/library/std/src/sys/backtrace.rs:74:9
[INFO] [stdout]    3:     0x6473aca8b091 - <<std[617be2ca0a6fd877]::sys::backtrace::BacktraceLock>::print::DisplayBacktrace as core[a373ad73a504971]::fmt::Display>::fmt
[INFO] [stdout]                                at /rustc/e3feeb59cd1bdd011a2bfcc0747b55125d9b8527/library/std/src/sys/backtrace.rs:44:26
[INFO] [stdout]    4:     0x6473acaa07ca - <core[a373ad73a504971]::fmt::rt::Argument>::fmt
[INFO] [stdout]                                at /rustc/e3feeb59cd1bdd011a2bfcc0747b55125d9b8527/library/core/src/fmt/rt.rs:152:76
[INFO] [stdout]    5:     0x6473acaa07ca - core[a373ad73a504971]::fmt::write
[INFO] [stdout]    6:     0x6473aca905dc - core[a373ad73a504971]::io::write::default_write_fmt::<std[617be2ca0a6fd877]::sys::stdio::unix::Stderr>
[INFO] [stdout]                                at /rustc/e3feeb59cd1bdd011a2bfcc0747b55125d9b8527/library/core/src/io/write.rs:402:11
[INFO] [stdout]    7:     0x6473aca905dc - <std[617be2ca0a6fd877]::sys::stdio::unix::Stderr as core[a373ad73a504971]::io::write::Write>::write_fmt
[INFO] [stdout]                                at /rustc/e3feeb59cd1bdd011a2bfcc0747b55125d9b8527/library/core/src/io/write.rs:335:13
[INFO] [stdout]    8:     0x6473aca66d06 - <std[617be2ca0a6fd877]::sys::backtrace::BacktraceLock>::print
[INFO] [stdout]                                at /rustc/e3feeb59cd1bdd011a2bfcc0747b55125d9b8527/library/std/src/sys/backtrace.rs:47:9
[INFO] [stdout]    9:     0x6473aca66d06 - std[617be2ca0a6fd877]::panicking::default_hook::{closure#0}
[INFO] [stdout]                                at /rustc/e3feeb59cd1bdd011a2bfcc0747b55125d9b8527/library/std/src/panicking.rs:289:27
[INFO] [stdout]   10:     0x6473aca83181 - std[617be2ca0a6fd877]::panicking::default_hook
[INFO] [stdout]                                at /rustc/e3feeb59cd1bdd011a2bfcc0747b55125d9b8527/library/std/src/panicking.rs:316:9
[INFO] [stdout]   11:     0x6473aca8333b - std[617be2ca0a6fd877]::panicking::panic_with_hook
[INFO] [stdout]                                at /rustc/e3feeb59cd1bdd011a2bfcc0747b55125d9b8527/library/std/src/panicking.rs:811:13
[INFO] [stdout]   12:     0x6473aca66db2 - std[617be2ca0a6fd877]::panicking::panic_handler::{closure#0}
[INFO] [stdout]                                at /rustc/e3feeb59cd1bdd011a2bfcc0747b55125d9b8527/library/std/src/panicking.rs:685:13
[INFO] [stdout]   13:     0x6473aca5fa19 - std[617be2ca0a6fd877]::sys::backtrace::__rust_end_short_backtrace::<std[617be2ca0a6fd877]::panicking::panic_handler::{closure#0}, !>
[INFO] [stdout]                                at /rustc/e3feeb59cd1bdd011a2bfcc0747b55125d9b8527/library/std/src/sys/backtrace.rs:182:18
[INFO] [stdout]   14:     0x6473aca67b3d - __rustc[ea4f61d10b84890b]::rust_begin_unwind
[INFO] [stdout]                                at /rustc/e3feeb59cd1bdd011a2bfcc0747b55125d9b8527/library/std/src/panicking.rs:676:5
[INFO] [stdout]   15:     0x6473acaa0fbc - core[a373ad73a504971]::panicking::panic_fmt
[INFO] [stdout]                                at /rustc/e3feeb59cd1bdd011a2bfcc0747b55125d9b8527/library/core/src/panicking.rs:80:14
[INFO] [stdout]   16:     0x6473acaa0d12 - core[a373ad73a504971]::result::unwrap_failed
[INFO] [stdout]                                at /rustc/e3feeb59cd1bdd011a2bfcc0747b55125d9b8527/library/core/src/result.rs:1870:5
[INFO] [stdout]   17:     0x6473ac87fef0 - doctest_bundle_2024[8cc95805e96201d2]::__doctest_8::main
[INFO] [stdout]   18:     0x6473ac8808e6 - doctest_bundle_2024[8cc95805e96201d2]::__doctest_8::__main_fn
[INFO] [stdout]   19:     0x6473ac7f1801 - doctest_runner_2024[a5234fb354d81c5]::__doctest_8::TEST::{closure#0}
[INFO] [stdout]   20:     0x6473ac7f4b86 - <doctest_runner_2024[a5234fb354d81c5]::__doctest_8::TEST::{closure#0} as core[a373ad73a504971]::ops::function::FnOnce<()>>::call_once
[INFO] [stdout]   21:     0x6473ac7f3098 - doctest_runner_2024[a5234fb354d81c5]::main
[INFO] [stdout]   22:     0x6473ac7f4a13 - <fn() -> std[617be2ca0a6fd877]::process::ExitCode as core[a373ad73a504971]::ops::function::FnOnce<()>>::call_once
[INFO] [stdout]   23:     0x6473ac7f0f26 - std[617be2ca0a6fd877]::sys::backtrace::__rust_begin_short_backtrace::<fn() -> std[617be2ca0a6fd877]::process::ExitCode, std[617be2ca0a6fd877]::process::ExitCode>
[INFO] [stdout]   24:     0x6473ac7f1239 - std[617be2ca0a6fd877]::rt::lang_start::<std[617be2ca0a6fd877]::process::ExitCode>::{closure#0}
[INFO] [stdout]   25:     0x6473aca821b8 - <&dyn core[a373ad73a504971]::ops::function::Fn<(), Output = i32> + core[a373ad73a504971]::marker::Sync + core[a373ad73a504971]::panic::unwind_safe::RefUnwindSafe as core[a373ad73a504971]::ops::function::FnOnce<()>>::call_once
[INFO] [stdout]                                at /rustc/e3feeb59cd1bdd011a2bfcc0747b55125d9b8527/library/core/src/ops/function.rs:287:21
[INFO] [stdout]   26:     0x6473aca821b8 - std[617be2ca0a6fd877]::panicking::catch_unwind::do_call::<&dyn core[a373ad73a504971]::ops::function::Fn<(), Output = i32> + core[a373ad73a504971]::marker::Sync + core[a373ad73a504971]::panic::unwind_safe::RefUnwindSafe, i32>
[INFO] [stdout]                                at /rustc/e3feeb59cd1bdd011a2bfcc0747b55125d9b8527/library/std/src/panicking.rs:573:43
[INFO] [stdout]   27:     0x6473aca821b8 - std[617be2ca0a6fd877]::panicking::catch_unwind::<i32, &dyn core[a373ad73a504971]::ops::function::Fn<(), Output = i32> + core[a373ad73a504971]::marker::Sync + core[a373ad73a504971]::panic::unwind_safe::RefUnwindSafe>
[INFO] [stdout]                                at /rustc/e3feeb59cd1bdd011a2bfcc0747b55125d9b8527/library/std/src/panicking.rs:541:19
[INFO] [stdout]   28:     0x6473aca821b8 - std[617be2ca0a6fd877]::panic::catch_unwind::<&dyn core[a373ad73a504971]::ops::function::Fn<(), Output = i32> + core[a373ad73a504971]::marker::Sync + core[a373ad73a504971]::panic::unwind_safe::RefUnwindSafe, i32>
[INFO] [stdout]                                at /rustc/e3feeb59cd1bdd011a2bfcc0747b55125d9b8527/library/std/src/panic.rs:359:14
[INFO] [stdout]   29:     0x6473aca821b8 - std[617be2ca0a6fd877]::rt::lang_start_internal::{closure#0}
[INFO] [stdout]                                at /rustc/e3feeb59cd1bdd011a2bfcc0747b55125d9b8527/library/std/src/rt.rs:175:24
[INFO] [stdout]   30:     0x6473aca821b8 - std[617be2ca0a6fd877]::panicking::catch_unwind::do_call::<std[617be2ca0a6fd877]::rt::lang_start_internal::{closure#0}, isize>
[INFO] [stdout]                                at /rustc/e3feeb59cd1bdd011a2bfcc0747b55125d9b8527/library/std/src/panicking.rs:573:43
[INFO] [stdout]   31:     0x6473aca821b8 - std[617be2ca0a6fd877]::panicking::catch_unwind::<isize, std[617be2ca0a6fd877]::rt::lang_start_internal::{closure#0}>
[INFO] [stdout]                                at /rustc/e3feeb59cd1bdd011a2bfcc0747b55125d9b8527/library/std/src/panicking.rs:541:19
[INFO] [stdout]   32:     0x6473aca821b8 - std[617be2ca0a6fd877]::panic::catch_unwind::<std[617be2ca0a6fd877]::rt::lang_start_internal::{closure#0}, isize>
[INFO] [stdout]                                at /rustc/e3feeb59cd1bdd011a2bfcc0747b55125d9b8527/library/std/src/panic.rs:359:14
[INFO] [stdout]   33:     0x6473aca821b8 - std[617be2ca0a6fd877]::rt::lang_start_internal
[INFO] [stdout]                                at /rustc/e3feeb59cd1bdd011a2bfcc0747b55125d9b8527/library/std/src/rt.rs:171:5
[INFO] [stdout]   34:     0x6473ac7f0d31 - std[617be2ca0a6fd877]::rt::lang_start::<std[617be2ca0a6fd877]::process::ExitCode>
[INFO] [stdout]   35:     0x6473ac7f50e5 - main
[INFO] [stdout]   36:     0x74fb83f31601 - <unknown>
[INFO] [stdout]   37:     0x74fb83f31718 - __libc_start_main
[INFO] [stdout]   38:     0x6473ac7f0475 - _start
[INFO] [stdout]   39:                0x0 - <unknown>
[INFO] [stdout] 
[INFO] [stdout] 
[INFO] [stdout] ---- src/lib.rs - (line 215) stdout ----
[INFO] [stdout] Test executable failed (exit status: 101).
[INFO] [stdout] 
[INFO] [stdout] stderr:
[INFO] [stdout] 
[INFO] [stdout] thread 'main' (3086) panicked at /tmp/rustdoctestN36Lmj/doctest_bundle_2024.rs:614:67:
[INFO] [stdout] called `Result::unwrap()` on an `Err` value: Os { code: 2, kind: NotFound, message: "No such file or directory" }
[INFO] [stdout] stack backtrace:
[INFO] [stdout]    0:     0x556205fee091 - std[617be2ca0a6fd877]::backtrace_rs::backtrace::libunwind::trace
[INFO] [stdout]                                at /rustc/e3feeb59cd1bdd011a2bfcc0747b55125d9b8527/library/std/src/../../backtrace/src/backtrace/libunwind.rs:117:9
[INFO] [stdout]    1:     0x556205fee091 - std[617be2ca0a6fd877]::backtrace_rs::backtrace::trace_unsynchronized::<std[617be2ca0a6fd877]::sys::backtrace::_print_fmt::{closure#1}>
[INFO] [stdout]                                at /rustc/e3feeb59cd1bdd011a2bfcc0747b55125d9b8527/library/std/src/../../backtrace/src/backtrace/mod.rs:66:14
[INFO] [stdout]    2:     0x556205fee091 - std[617be2ca0a6fd877]::sys::backtrace::_print_fmt
[INFO] [stdout]                                at /rustc/e3feeb59cd1bdd011a2bfcc0747b55125d9b8527/library/std/src/sys/backtrace.rs:74:9
[INFO] [stdout]    3:     0x556205fee091 - <<std[617be2ca0a6fd877]::sys::backtrace::BacktraceLock>::print::DisplayBacktrace as core[a373ad73a504971]::fmt::Display>::fmt
[INFO] [stdout]                                at /rustc/e3feeb59cd1bdd011a2bfcc0747b55125d9b8527/library/std/src/sys/backtrace.rs:44:26
[INFO] [stdout]    4:     0x5562060037ca - <core[a373ad73a504971]::fmt::rt::Argument>::fmt
[INFO] [stdout]                                at /rustc/e3feeb59cd1bdd011a2bfcc0747b55125d9b8527/library/core/src/fmt/rt.rs:152:76
[INFO] [stdout]    5:     0x5562060037ca - core[a373ad73a504971]::fmt::write
[INFO] [stdout]    6:     0x556205ff35dc - core[a373ad73a504971]::io::write::default_write_fmt::<std[617be2ca0a6fd877]::sys::stdio::unix::Stderr>
[INFO] [stdout]                                at /rustc/e3feeb59cd1bdd011a2bfcc0747b55125d9b8527/library/core/src/io/write.rs:402:11
[INFO] [stdout]    7:     0x556205ff35dc - <std[617be2ca0a6fd877]::sys::stdio::unix::Stderr as core[a373ad73a504971]::io::write::Write>::write_fmt
[INFO] [stdout]                                at /rustc/e3feeb59cd1bdd011a2bfcc0747b55125d9b8527/library/core/src/io/write.rs:335:13
[INFO] [stdout]    8:     0x556205fc9d06 - <std[617be2ca0a6fd877]::sys::backtrace::BacktraceLock>::print
[INFO] [stdout]                                at /rustc/e3feeb59cd1bdd011a2bfcc0747b55125d9b8527/library/std/src/sys/backtrace.rs:47:9
[INFO] [stdout]    9:     0x556205fc9d06 - std[617be2ca0a6fd877]::panicking::default_hook::{closure#0}
[INFO] [stdout]                                at /rustc/e3feeb59cd1bdd011a2bfcc0747b55125d9b8527/library/std/src/panicking.rs:289:27
[INFO] [stdout]   10:     0x556205fe6181 - std[617be2ca0a6fd877]::panicking::default_hook
[INFO] [stdout]                                at /rustc/e3feeb59cd1bdd011a2bfcc0747b55125d9b8527/library/std/src/panicking.rs:316:9
[INFO] [stdout]   11:     0x556205fe633b - std[617be2ca0a6fd877]::panicking::panic_with_hook
[INFO] [stdout]                                at /rustc/e3feeb59cd1bdd011a2bfcc0747b55125d9b8527/library/std/src/panicking.rs:811:13
[INFO] [stdout]   12:     0x556205fc9db2 - std[617be2ca0a6fd877]::panicking::panic_handler::{closure#0}
[INFO] [stdout]                                at /rustc/e3feeb59cd1bdd011a2bfcc0747b55125d9b8527/library/std/src/panicking.rs:685:13
[INFO] [stdout]   13:     0x556205fc2a19 - std[617be2ca0a6fd877]::sys::backtrace::__rust_end_short_backtrace::<std[617be2ca0a6fd877]::panicking::panic_handler::{closure#0}, !>
[INFO] [stdout]                                at /rustc/e3feeb59cd1bdd011a2bfcc0747b55125d9b8527/library/std/src/sys/backtrace.rs:182:18
[INFO] [stdout]   14:     0x556205fcab3d - __rustc[ea4f61d10b84890b]::rust_begin_unwind
[INFO] [stdout]                                at /rustc/e3feeb59cd1bdd011a2bfcc0747b55125d9b8527/library/std/src/panicking.rs:676:5
[INFO] [stdout]   15:     0x556206003fbc - core[a373ad73a504971]::panicking::panic_fmt
[INFO] [stdout]                                at /rustc/e3feeb59cd1bdd011a2bfcc0747b55125d9b8527/library/core/src/panicking.rs:80:14
[INFO] [stdout]   16:     0x556206003d12 - core[a373ad73a504971]::result::unwrap_failed
[INFO] [stdout]                                at /rustc/e3feeb59cd1bdd011a2bfcc0747b55125d9b8527/library/core/src/result.rs:1870:5
[INFO] [stdout]   17:     0x556205de1f52 - doctest_bundle_2024[8cc95805e96201d2]::__doctest_7::main
[INFO] [stdout]   18:     0x556205de2e4e - doctest_bundle_2024[8cc95805e96201d2]::__doctest_7::__main_fn
[INFO] [stdout]   19:     0x556205d54781 - doctest_runner_2024[a5234fb354d81c5]::__doctest_7::TEST::{closure#0}
[INFO] [stdout]   20:     0x556205d57b66 - <doctest_runner_2024[a5234fb354d81c5]::__doctest_7::TEST::{closure#0} as core[a373ad73a504971]::ops::function::FnOnce<()>>::call_once
[INFO] [stdout]   21:     0x556205d56098 - doctest_runner_2024[a5234fb354d81c5]::main
[INFO] [stdout]   22:     0x556205d57a13 - <fn() -> std[617be2ca0a6fd877]::process::ExitCode as core[a373ad73a504971]::ops::function::FnOnce<()>>::call_once
[INFO] [stdout]   23:     0x556205d53f26 - std[617be2ca0a6fd877]::sys::backtrace::__rust_begin_short_backtrace::<fn() -> std[617be2ca0a6fd877]::process::ExitCode, std[617be2ca0a6fd877]::process::ExitCode>
[INFO] [stdout]   24:     0x556205d54239 - std[617be2ca0a6fd877]::rt::lang_start::<std[617be2ca0a6fd877]::process::ExitCode>::{closure#0}
[INFO] [stdout]   25:     0x556205fe51b8 - <&dyn core[a373ad73a504971]::ops::function::Fn<(), Output = i32> + core[a373ad73a504971]::marker::Sync + core[a373ad73a504971]::panic::unwind_safe::RefUnwindSafe as core[a373ad73a504971]::ops::function::FnOnce<()>>::call_once
[INFO] [stdout]                                at /rustc/e3feeb59cd1bdd011a2bfcc0747b55125d9b8527/library/core/src/ops/function.rs:287:21
[INFO] [stdout]   26:     0x556205fe51b8 - std[617be2ca0a6fd877]::panicking::catch_unwind::do_call::<&dyn core[a373ad73a504971]::ops::function::Fn<(), Output = i32> + core[a373ad73a504971]::marker::Sync + core[a373ad73a504971]::panic::unwind_safe::RefUnwindSafe, i32>
[INFO] [stdout]                                at /rustc/e3feeb59cd1bdd011a2bfcc0747b55125d9b8527/library/std/src/panicking.rs:573:43
[INFO] [stdout]   27:     0x556205fe51b8 - std[617be2ca0a6fd877]::panicking::catch_unwind::<i32, &dyn core[a373ad73a504971]::ops::function::Fn<(), Output = i32> + core[a373ad73a504971]::marker::Sync + core[a373ad73a504971]::panic::unwind_safe::RefUnwindSafe>
[INFO] [stdout]                                at /rustc/e3feeb59cd1bdd011a2bfcc0747b55125d9b8527/library/std/src/panicking.rs:541:19
[INFO] [stdout]   28:     0x556205fe51b8 - std[617be2ca0a6fd877]::panic::catch_unwind::<&dyn core[a373ad73a504971]::ops::function::Fn<(), Output = i32> + core[a373ad73a504971]::marker::Sync + core[a373ad73a504971]::panic::unwind_safe::RefUnwindSafe, i32>
[INFO] [stdout]                                at /rustc/e3feeb59cd1bdd011a2bfcc0747b55125d9b8527/library/std/src/panic.rs:359:14
[INFO] [stdout]   29:     0x556205fe51b8 - std[617be2ca0a6fd877]::rt::lang_start_internal::{closure#0}
[INFO] [stdout]                                at /rustc/e3feeb59cd1bdd011a2bfcc0747b55125d9b8527/library/std/src/rt.rs:175:24
[INFO] [stdout]   30:     0x556205fe51b8 - std[617be2ca0a6fd877]::panicking::catch_unwind::do_call::<std[617be2ca0a6fd877]::rt::lang_start_internal::{closure#0}, isize>
[INFO] [stdout]                                at /rustc/e3feeb59cd1bdd011a2bfcc0747b55125d9b8527/library/std/src/panicking.rs:573:43
[INFO] [stdout]   31:     0x556205fe51b8 - std[617be2ca0a6fd877]::panicking::catch_unwind::<isize, std[617be2ca0a6fd877]::rt::lang_start_internal::{closure#0}>
[INFO] [stdout]                                at /rustc/e3feeb59cd1bdd011a2bfcc0747b55125d9b8527/library/std/src/panicking.rs:541:19
[INFO] [stdout]   32:     0x556205fe51b8 - std[617be2ca0a6fd877]::panic::catch_unwind::<std[617be2ca0a6fd877]::rt::lang_start_internal::{closure#0}, isize>
[INFO] [stdout]                                at /rustc/e3feeb59cd1bdd011a2bfcc0747b55125d9b8527/library/std/src/panic.rs:359:14
[INFO] [stdout]   33:     0x556205fe51b8 - std[617be2ca0a6fd877]::rt::lang_start_internal
[INFO] [stdout]                                at /rustc/e3feeb59cd1bdd011a2bfcc0747b55125d9b8527/library/std/src/rt.rs:171:5
[INFO] [stdout]   34:     0x556205d53d31 - std[617be2ca0a6fd877]::rt::lang_start::<std[617be2ca0a6fd877]::process::ExitCode>
[INFO] [stdout]   35:     0x556205d580e5 - main
[INFO] [stdout]   36:     0x70dfa7178601 - <unknown>
[INFO] [stdout]   37:     0x70dfa7178718 - __libc_start_main
[INFO] [stdout]   38:     0x556205d53475 - _start
[INFO] [stdout]   39:                0x0 - <unknown>
[INFO] [stdout] 
[INFO] [stdout] 
[INFO] [stdout] ---- src/traits.rs - traits::Renderable::render (line 34) stdout ----
[INFO] [stdout] Test executable failed (exit status: 101).
[INFO] [stdout] 
[INFO] [stdout] stderr:
[INFO] [stdout] 
[INFO] [stdout] thread 'main' (3149) panicked at /tmp/rustdoctestN36Lmj/doctest_bundle_2024.rs:2766:67:
[INFO] [stdout] called `Result::unwrap()` on an `Err` value: Os { code: 11, kind: WouldBlock, message: "Resource temporarily unavailable" }
[INFO] [stdout] stack backtrace:
[INFO] [stdout]    0:     0x5eabb6722091 - std[617be2ca0a6fd877]::backtrace_rs::backtrace::libunwind::trace
[INFO] [stdout]                                at /rustc/e3feeb59cd1bdd011a2bfcc0747b55125d9b8527/library/std/src/../../backtrace/src/backtrace/libunwind.rs:117:9
[INFO] [stdout]    1:     0x5eabb6722091 - std[617be2ca0a6fd877]::backtrace_rs::backtrace::trace_unsynchronized::<std[617be2ca0a6fd877]::sys::backtrace::_print_fmt::{closure#1}>
[INFO] [stdout]                                at /rustc/e3feeb59cd1bdd011a2bfcc0747b55125d9b8527/library/std/src/../../backtrace/src/backtrace/mod.rs:66:14
[INFO] [stdout]    2:     0x5eabb6722091 - std[617be2ca0a6fd877]::sys::backtrace::_print_fmt
[INFO] [stdout]                                at /rustc/e3feeb59cd1bdd011a2bfcc0747b55125d9b8527/library/std/src/sys/backtrace.rs:74:9
[INFO] [stdout]    3:     0x5eabb6722091 - <<std[617be2ca0a6fd877]::sys::backtrace::BacktraceLock>::print::DisplayBacktrace as core[a373ad73a504971]::fmt::Display>::fmt
[INFO] [stdout]                                at /rustc/e3feeb59cd1bdd011a2bfcc0747b55125d9b8527/library/std/src/sys/backtrace.rs:44:26
[INFO] [stdout]    4:     0x5eabb67377ca - <core[a373ad73a504971]::fmt::rt::Argument>::fmt
[INFO] [stdout]                                at /rustc/e3feeb59cd1bdd011a2bfcc0747b55125d9b8527/library/core/src/fmt/rt.rs:152:76
[INFO] [stdout]    5:     0x5eabb67377ca - core[a373ad73a504971]::fmt::write
[INFO] [stdout]    6:     0x5eabb67275dc - core[a373ad73a504971]::io::write::default_write_fmt::<std[617be2ca0a6fd877]::sys::stdio::unix::Stderr>
[INFO] [stdout]                                at /rustc/e3feeb59cd1bdd011a2bfcc0747b55125d9b8527/library/core/src/io/write.rs:402:11
[INFO] [stdout]    7:     0x5eabb67275dc - <std[617be2ca0a6fd877]::sys::stdio::unix::Stderr as core[a373ad73a504971]::io::write::Write>::write_fmt
[INFO] [stdout]                                at /rustc/e3feeb59cd1bdd011a2bfcc0747b55125d9b8527/library/core/src/io/write.rs:335:13
[INFO] [stdout]    8:     0x5eabb66fdd06 - <std[617be2ca0a6fd877]::sys::backtrace::BacktraceLock>::print
[INFO] [stdout]                                at /rustc/e3feeb59cd1bdd011a2bfcc0747b55125d9b8527/library/std/src/sys/backtrace.rs:47:9
[INFO] [stdout]    9:     0x5eabb66fdd06 - std[617be2ca0a6fd877]::panicking::default_hook::{closure#0}
[INFO] [stdout]                                at /rustc/e3feeb59cd1bdd011a2bfcc0747b55125d9b8527/library/std/src/panicking.rs:289:27
[INFO] [stdout]   10:     0x5eabb671a181 - std[617be2ca0a6fd877]::panicking::default_hook
[INFO] [stdout]                                at /rustc/e3feeb59cd1bdd011a2bfcc0747b55125d9b8527/library/std/src/panicking.rs:316:9
[INFO] [stdout]   11:     0x5eabb671a33b - std[617be2ca0a6fd877]::panicking::panic_with_hook
[INFO] [stdout]                                at /rustc/e3feeb59cd1bdd011a2bfcc0747b55125d9b8527/library/std/src/panicking.rs:811:13
[INFO] [stdout]   12:     0x5eabb66fddb2 - std[617be2ca0a6fd877]::panicking::panic_handler::{closure#0}
[INFO] [stdout]                                at /rustc/e3feeb59cd1bdd011a2bfcc0747b55125d9b8527/library/std/src/panicking.rs:685:13
[INFO] [stdout]   13:     0x5eabb66f6a19 - std[617be2ca0a6fd877]::sys::backtrace::__rust_end_short_backtrace::<std[617be2ca0a6fd877]::panicking::panic_handler::{closure#0}, !>
[INFO] [stdout]                                at /rustc/e3feeb59cd1bdd011a2bfcc0747b55125d9b8527/library/std/src/sys/backtrace.rs:182:18
[INFO] [stdout]   14:     0x5eabb66feb3d - __rustc[ea4f61d10b84890b]::rust_begin_unwind
[INFO] [stdout]                                at /rustc/e3feeb59cd1bdd011a2bfcc0747b55125d9b8527/library/std/src/panicking.rs:676:5
[INFO] [stdout]   15:     0x5eabb6737fbc - core[a373ad73a504971]::panicking::panic_fmt
[INFO] [stdout]                                at /rustc/e3feeb59cd1bdd011a2bfcc0747b55125d9b8527/library/core/src/panicking.rs:80:14
[INFO] [stdout]   16:     0x5eabb6737d12 - core[a373ad73a504971]::result::unwrap_failed
[INFO] [stdout]                                at /rustc/e3feeb59cd1bdd011a2bfcc0747b55125d9b8527/library/core/src/result.rs:1870:5
[INFO] [stdout]   17:     0x5eabb652c425 - doctest_bundle_2024[8cc95805e96201d2]::__doctest_42::main
[INFO] [stdout]   18:     0x5eabb652c8e6 - doctest_bundle_2024[8cc95805e96201d2]::__doctest_42::__main_fn
[INFO] [stdout]   19:     0x5eabb6489901 - doctest_runner_2024[a5234fb354d81c5]::__doctest_42::TEST::{closure#0}
[INFO] [stdout]   20:     0x5eabb648bfc6 - <doctest_runner_2024[a5234fb354d81c5]::__doctest_42::TEST::{closure#0} as core[a373ad73a504971]::ops::function::FnOnce<()>>::call_once
[INFO] [stdout]   21:     0x5eabb648a098 - doctest_runner_2024[a5234fb354d81c5]::main
[INFO] [stdout]   22:     0x5eabb648ba13 - <fn() -> std[617be2ca0a6fd877]::process::ExitCode as core[a373ad73a504971]::ops::function::FnOnce<()>>::call_once
[INFO] [stdout]   23:     0x5eabb6487f26 - std[617be2ca0a6fd877]::sys::backtrace::__rust_begin_short_backtrace::<fn() -> std[617be2ca0a6fd877]::process::ExitCode, std[617be2ca0a6fd877]::process::ExitCode>
[INFO] [stdout]   24:     0x5eabb6488239 - std[617be2ca0a6fd877]::rt::lang_start::<std[617be2ca0a6fd877]::process::ExitCode>::{closure#0}
[INFO] [stdout]   25:     0x5eabb67191b8 - <&dyn core[a373ad73a504971]::ops::function::Fn<(), Output = i32> + core[a373ad73a504971]::marker::Sync + core[a373ad73a504971]::panic::unwind_safe::RefUnwindSafe as core[a373ad73a504971]::ops::function::FnOnce<()>>::call_once
[INFO] [stdout]                                at /rustc/e3feeb59cd1bdd011a2bfcc0747b55125d9b8527/library/core/src/ops/function.rs:287:21
[INFO] [stdout]   26:     0x5eabb67191b8 - std[617be2ca0a6fd877]::panicking::catch_unwind::do_call::<&dyn core[a373ad73a504971]::ops::function::Fn<(), Output = i32> + core[a373ad73a504971]::marker::Sync + core[a373ad73a504971]::panic::unwind_safe::RefUnwindSafe, i32>
[INFO] [stdout]                                at /rustc/e3feeb59cd1bdd011a2bfcc0747b55125d9b8527/library/std/src/panicking.rs:573:43
[INFO] [stdout]   27:     0x5eabb67191b8 - std[617be2ca0a6fd877]::panicking::catch_unwind::<i32, &dyn core[a373ad73a504971]::ops::function::Fn<(), Output = i32> + core[a373ad73a504971]::marker::Sync + core[a373ad73a504971]::panic::unwind_safe::RefUnwindSafe>
[INFO] [stdout]                                at /rustc/e3feeb59cd1bdd011a2bfcc0747b55125d9b8527/library/std/src/panicking.rs:541:19
[INFO] [stdout]   28:     0x5eabb67191b8 - std[617be2ca0a6fd877]::panic::catch_unwind::<&dyn core[a373ad73a504971]::ops::function::Fn<(), Output = i32> + core[a373ad73a504971]::marker::Sync + core[a373ad73a504971]::panic::unwind_safe::RefUnwindSafe, i32>
[INFO] [stdout]                                at /rustc/e3feeb59cd1bdd011a2bfcc0747b55125d9b8527/library/std/src/panic.rs:359:14
[INFO] [stdout]   29:     0x5eabb67191b8 - std[617be2ca0a6fd877]::rt::lang_start_internal::{closure#0}
[INFO] [stdout]                                at /rustc/e3feeb59cd1bdd011a2bfcc0747b55125d9b8527/library/std/src/rt.rs:175:24
[INFO] [stdout]   30:     0x5eabb67191b8 - std[617be2ca0a6fd877]::panicking::catch_unwind::do_call::<std[617be2ca0a6fd877]::rt::lang_start_internal::{closure#0}, isize>
[INFO] [stdout]                                at /rustc/e3feeb59cd1bdd011a2bfcc0747b55125d9b8527/library/std/src/panicking.rs:573:43
[INFO] [stdout]   31:     0x5eabb67191b8 - std[617be2ca0a6fd877]::panicking::catch_unwind::<isize, std[617be2ca0a6fd877]::rt::lang_start_internal::{closure#0}>
[INFO] [stdout]                                at /rustc/e3feeb59cd1bdd011a2bfcc0747b55125d9b8527/library/std/src/panicking.rs:541:19
[INFO] [stdout]   32:     0x5eabb67191b8 - std[617be2ca0a6fd877]::panic::catch_unwind::<std[617be2ca0a6fd877]::rt::lang_start_internal::{closure#0}, isize>
[INFO] [stdout]                                at /rustc/e3feeb59cd1bdd011a2bfcc0747b55125d9b8527/library/std/src/panic.rs:359:14
[INFO] [stdout]   33:     0x5eabb67191b8 - std[617be2ca0a6fd877]::rt::lang_start_internal
[INFO] [stdout]                                at /rustc/e3feeb59cd1bdd011a2bfcc0747b55125d9b8527/library/std/src/rt.rs:171:5
[INFO] [stdout]   34:     0x5eabb6487d31 - std[617be2ca0a6fd877]::rt::lang_start::<std[617be2ca0a6fd877]::process::ExitCode>
[INFO] [stdout]   35:     0x5eabb648c0e5 - main
[INFO] [stdout]   36:     0x7dfd890ac601 - <unknown>
[INFO] [stdout]   37:     0x7dfd890ac718 - __libc_start_main
[INFO] [stdout]   38:     0x5eabb6487475 - _start
[INFO] [stdout]   39:                0x0 - <unknown>
[INFO] [stdout] 
[INFO] [stdout] 
[INFO] [stdout] 
[INFO] [stdout] failures:
[INFO] [stdout]     src/lib.rs - (line 215)
[INFO] [stdout]     src/lib.rs - (line 31)
[INFO] [stdout]     src/traits.rs - traits::Renderable::render (line 34)
[INFO] [stdout] 
[INFO] [stdout] test result: FAILED. 42 passed; 3 failed; 0 ignored; 0 measured; 0 filtered out; finished in 0.19s
[INFO] [stdout] 
[INFO] [stdout] all doctests ran in 3.37s; merged doctests compilation took 3.16s
[INFO] [stderr] error: doctest failed, to rerun pass `--doc`
[INFO] running `Command { std: "docker" "inspect" "102f15d86522987fd7beef590b4afe5a2f74f90b01c0b19420f352d278da5f89", kill_on_drop: false }`
[INFO] running `Command { std: "docker" "rm" "-f" "102f15d86522987fd7beef590b4afe5a2f74f90b01c0b19420f352d278da5f89", kill_on_drop: false }`
[INFO] [stdout] 102f15d86522987fd7beef590b4afe5a2f74f90b01c0b19420f352d278da5f89
