[INFO] fetching crate rattles 0.3.1...
[INFO] testing rattles-0.3.1 against 1.100.0-beta.1 for beta-1.100-2
[INFO] extracting crate rattles 0.3.1 into /workspace/builds/worker-0-tc2/source
[INFO] started tweaking crates.io crate rattles 0.3.1
[INFO] removed 0 missing examples
[INFO] finished tweaking crates.io crate rattles 0.3.1
[INFO] tweaked toml for crates.io crate rattles 0.3.1 written to /workspace/builds/worker-0-tc2/source/Cargo.toml
[INFO] validating manifest of crates.io crate rattles 0.3.1 on toolchain 1.100.0-beta.1
[INFO] running `Command { std: CARGO_HOME="/workspace/cargo-home" RUSTUP_HOME="/workspace/rustup-home" "/workspace/cargo-home/bin/cargo" "+1.100.0-beta.1" "metadata" "--manifest-path" "Cargo.toml" "--no-deps", kill_on_drop: false }`
[INFO] crate crates.io crate rattles 0.3.1 already has a lockfile, it will not be regenerated
[INFO] running `Command { std: CARGO_HOME="/workspace/cargo-home" RUSTUP_HOME="/workspace/rustup-home" "/workspace/cargo-home/bin/cargo" "+1.100.0-beta.1" "fetch" "--manifest-path" "Cargo.toml", kill_on_drop: false }`
[INFO] running `Command { std: "docker" "create" "-v" "/var/lib/crater-agent-workspace/builds/worker-0-tc2/source:/opt/rustwide/workdir:ro,Z" "-v" "/var/lib/crater-agent-workspace/builds/worker-0-tc2/target:/opt/rustwide/target:rw,Z" "-v" "/var/lib/crater-agent-workspace/cargo-home:/opt/rustwide/cargo-home:ro,Z" "-v" "/var/lib/crater-agent-workspace/rustup-home:/opt/rustwide/rustup-home:ro,Z" "-m" "1610612736" "--network" "none" "ghcr.io/rust-lang/crates-build-env/linux@sha256:3111399a4047eeb3a02b7a90e478d715f38a8c6669b5c4b49d30a17385265909" "sleep" "infinity", kill_on_drop: false }`
[INFO] [stdout] 5130c375be7c761bdebfa887d9d7fc47eb08d594bb0f336e046c8e6e21f3eb5e
[INFO] running `Command { std: "docker" "start" "5130c375be7c761bdebfa887d9d7fc47eb08d594bb0f336e046c8e6e21f3eb5e", kill_on_drop: false }`
[INFO] running `Command { std: "docker" "inspect" "5130c375be7c761bdebfa887d9d7fc47eb08d594bb0f336e046c8e6e21f3eb5e", kill_on_drop: false }`
[INFO] running `Command { std: "docker" "exec" "-e" "SOURCE_DIR=/opt/rustwide/workdir" "-e" "CARGO_HOME=/opt/rustwide/cargo-home" "-e" "RUSTUP_HOME=/opt/rustwide/rustup-home" "-e" "CARGO_TARGET_DIR=/opt/rustwide/target" "-w" "/opt/rustwide/workdir" "--user" "0:0" "5130c375be7c761bdebfa887d9d7fc47eb08d594bb0f336e046c8e6e21f3eb5e" "/opt/rustwide/cargo-home/bin/cargo" "+1.100.0-beta.1" "metadata" "--no-deps" "--format-version=1", kill_on_drop: false }`
[INFO] running `Command { std: "docker" "inspect" "5130c375be7c761bdebfa887d9d7fc47eb08d594bb0f336e046c8e6e21f3eb5e", kill_on_drop: false }`
[INFO] running `Command { std: "docker" "exec" "-e" "SOURCE_DIR=/opt/rustwide/workdir" "-e" "CARGO_HOME=/opt/rustwide/cargo-home" "-e" "RUSTUP_HOME=/opt/rustwide/rustup-home" "-e" "CARGO_TARGET_DIR=/opt/rustwide/target" "-e" "CARGO_INCREMENTAL=0" "-e" "RUST_BACKTRACE=full" "-e" "RUSTFLAGS=--cap-lints=warn" "-e" "RUSTDOCFLAGS=--cap-lints=warn" "-w" "/opt/rustwide/workdir" "--user" "0:0" "5130c375be7c761bdebfa887d9d7fc47eb08d594bb0f336e046c8e6e21f3eb5e" "/opt/rustwide/cargo-home/bin/cargo" "+1.100.0-beta.1" "build" "--frozen" "--message-format=json", kill_on_drop: false }`
[INFO] [stderr]    Compiling rattles v0.3.1 (/opt/rustwide/workdir)
[INFO] [stderr]     Finished `dev` profile [unoptimized + debuginfo] target(s) in 0.38s
[INFO] running `Command { std: "docker" "inspect" "5130c375be7c761bdebfa887d9d7fc47eb08d594bb0f336e046c8e6e21f3eb5e", kill_on_drop: false }`
[INFO] running `Command { std: "docker" "exec" "-e" "SOURCE_DIR=/opt/rustwide/workdir" "-e" "CARGO_HOME=/opt/rustwide/cargo-home" "-e" "RUSTUP_HOME=/opt/rustwide/rustup-home" "-e" "CARGO_TARGET_DIR=/opt/rustwide/target" "-e" "CARGO_INCREMENTAL=0" "-e" "RUST_BACKTRACE=full" "-e" "RUSTFLAGS=--cap-lints=warn" "-e" "RUSTDOCFLAGS=--cap-lints=warn" "-w" "/opt/rustwide/workdir" "--user" "0:0" "5130c375be7c761bdebfa887d9d7fc47eb08d594bb0f336e046c8e6e21f3eb5e" "/opt/rustwide/cargo-home/bin/cargo" "+1.100.0-beta.1" "test" "--frozen" "--no-run" "--message-format=json", kill_on_drop: false }`
[INFO] [stderr]    Compiling libc v0.2.185
[INFO] [stderr]    Compiling unicode-segmentation v1.13.2
[INFO] [stderr]    Compiling bitflags v2.11.0
[INFO] [stderr]    Compiling thiserror v2.0.18
[INFO] [stderr]    Compiling syn v2.0.117
[INFO] [stderr]    Compiling hashbrown v0.16.1
[INFO] [stderr]    Compiling itertools v0.14.0
[INFO] [stderr]    Compiling signal-hook v0.3.18
[INFO] [stderr]    Compiling indoc v2.0.7
[INFO] [stderr]    Compiling instability v0.3.12
[INFO] [stderr]    Compiling compact_str v0.9.0
[INFO] [stderr]    Compiling convert_case v0.10.0
[INFO] [stderr]    Compiling rustix v1.1.4
[INFO] [stderr]    Compiling powerfmt v0.2.0
[INFO] [stderr]    Compiling smallvec v1.15.1
[INFO] [stderr]    Compiling deranged v0.5.8
[INFO] [stderr]    Compiling time-core v0.1.8
[INFO] [stderr]    Compiling num-conv v0.2.1
[INFO] [stderr]    Compiling lru v0.16.3
[INFO] [stderr]    Compiling linux-raw-sys v0.12.1
[INFO] [stderr]    Compiling num_threads v0.1.7
[INFO] [stderr]    Compiling line-clipping v0.3.7
[INFO] [stderr]    Compiling errno v0.3.14
[INFO] [stderr]    Compiling parking_lot_core v0.9.12
[INFO] [stderr]    Compiling mio v1.2.0
[INFO] [stderr]    Compiling signal-hook-registry v1.4.8
[INFO] [stderr]    Compiling parking_lot v0.12.5
[INFO] [stderr]    Compiling signal-hook-mio v0.2.5
[INFO] [stderr]    Compiling time v0.3.47
[INFO] [stderr]    Compiling unicode-truncate v2.0.1
[INFO] [stderr]    Compiling darling_core v0.23.0
[INFO] [stderr]    Compiling thiserror-impl v2.0.18
[INFO] [stderr]    Compiling strum_macros v0.27.2
[INFO] [stderr]    Compiling derive_more-impl v2.1.1
[INFO] [stderr]    Compiling derive_more v2.1.1
[INFO] [stderr]    Compiling crossterm v0.29.0
[INFO] [stderr]    Compiling kasuari v0.4.12
[INFO] [stderr]    Compiling strum v0.27.2
[INFO] [stderr]    Compiling ratatui-core v0.1.0
[INFO] [stderr]    Compiling darling_macro v0.23.0
[INFO] [stderr]    Compiling darling v0.23.0
[INFO] [stderr]    Compiling ratatui-widgets v0.3.0
[INFO] [stderr]    Compiling ratatui-crossterm v0.1.0
[INFO] [stderr]    Compiling ratatui-macros v0.7.0
[INFO] [stderr]    Compiling ratatui v0.30.0
[INFO] [stderr]    Compiling rattles v0.3.1 (/opt/rustwide/workdir)
[INFO] [stderr]     Finished `test` profile [unoptimized + debuginfo] target(s) in 33.38s
[INFO] running `Command { std: "docker" "inspect" "5130c375be7c761bdebfa887d9d7fc47eb08d594bb0f336e046c8e6e21f3eb5e", kill_on_drop: false }`
[INFO] running `Command { std: "docker" "exec" "-e" "SOURCE_DIR=/opt/rustwide/workdir" "-e" "CARGO_HOME=/opt/rustwide/cargo-home" "-e" "RUSTUP_HOME=/opt/rustwide/rustup-home" "-e" "CARGO_TARGET_DIR=/opt/rustwide/target" "-e" "CARGO_INCREMENTAL=0" "-e" "RUST_BACKTRACE=full" "-e" "RUSTFLAGS=--cap-lints=warn" "-e" "RUSTDOCFLAGS=--cap-lints=warn" "-w" "/opt/rustwide/workdir" "--user" "0:0" "5130c375be7c761bdebfa887d9d7fc47eb08d594bb0f336e046c8e6e21f3eb5e" "/opt/rustwide/cargo-home/bin/cargo" "+1.100.0-beta.1" "test" "--frozen", kill_on_drop: false }`
[INFO] [stderr]     Finished `test` profile [unoptimized + debuginfo] target(s) in 0.20s
[INFO] [stderr]      Running unittests src/lib.rs (/opt/rustwide/target/debug/build/rattles/12a1592e9d794197/out/rattles-12a1592e9d794197)
[INFO] [stdout] 
[INFO] [stdout] running 0 tests
[INFO] [stdout] 
[INFO] [stdout] test result: ok. 0 passed; 0 failed; 0 ignored; 0 measured; 0 filtered out; finished in 0.00s
[INFO] [stdout] 
[INFO] [stderr]    Doc-tests rattles
[INFO] [stdout] 
[INFO] [stdout] running 56 tests
[INFO] [stdout] test src/macros.rs - presets::ascii::dqpb (line 38) ... FAILED
[INFO] [stdout] test src/macros.rs - presets::ascii::circle_halves (line 38) ... FAILED
[INFO] [stdout] test src/macros.rs - presets::ascii::arc (line 38) ... FAILED
[INFO] [stdout] test src/macros.rs - presets::arrows::arrow (line 38) ... FAILED
[INFO] [stdout] test src/macros.rs - presets::ascii::noise (line 38) ... FAILED
[INFO] [stdout] test src/macros.rs - presets::ascii::balloon (line 38) ... FAILED
[INFO] [stdout] test src/macros.rs - presets::arrows::double_arrow (line 38) ... FAILED
[INFO] [stdout] test src/macros.rs - presets::ascii::rolling_line (line 38) ... FAILED
[INFO] [stdout] test src/macros.rs - presets::ascii::grow_horizontal (line 38) ... FAILED
[INFO] [stdout] test src/macros.rs - presets::ascii::circle_quarters (line 38) ... FAILED
[INFO] [stdout] test src/macros.rs - presets::ascii::simple_dots_scrolling (line 38) ... FAILED
[INFO] [stdout] test src/macros.rs - presets::ascii::grow_vertical (line 38) ... FAILED
[INFO] [stdout] test src/macros.rs - presets::ascii::point (line 38) ... FAILED
[INFO] [stdout] test src/macros.rs - presets::braille::cascade (line 38) ... FAILED
[INFO] [stdout] test src/macros.rs - presets::ascii::simple_dots (line 38) ... FAILED
[INFO] [stdout] test src/macros.rs - presets::ascii::square_corners (line 38) ... FAILED
[INFO] [stdout] test src/macros.rs - presets::ascii::triangle (line 38) ... FAILED
[INFO] [stdout] test src/macros.rs - presets::braille::breathe (line 38) ... FAILED
[INFO] [stdout] test src/macros.rs - presets::braille::diagswipe (line 38) ... FAILED
[INFO] [stdout] test src/macros.rs - presets::ascii::toggle (line 38) ... FAILED
[INFO] [stdout] test src/macros.rs - presets::braille::bounce (line 38) ... FAILED
[INFO] [stdout] test src/macros.rs - presets::braille::checkerboard (line 38) ... FAILED
[INFO] [stdout] test src/macros.rs - presets::braille::dots12 (line 38) ... FAILED
[INFO] [stdout] test src/macros.rs - presets::braille::dots (line 38) ... FAILED
[INFO] [stdout] test src/macros.rs - presets::braille::dots3 (line 38) ... FAILED
[INFO] [stdout] test src/macros.rs - presets::braille::dots10 (line 38) ... FAILED
[INFO] [stdout] test src/macros.rs - presets::braille::dots13 (line 38) ... FAILED
[INFO] [stdout] test src/macros.rs - presets::braille::dots2 (line 38) ... FAILED
[INFO] [stdout] test src/macros.rs - presets::braille::dots4 (line 38) ... FAILED
[INFO] [stdout] test src/macros.rs - presets::braille::columns (line 38) ... FAILED
[INFO] [stdout] test src/macros.rs - presets::braille::dots6 (line 38) ... FAILED
[INFO] [stdout] test src/macros.rs - presets::braille::dots8 (line 38) ... FAILED
[INFO] [stdout] test src/macros.rs - presets::braille::dots14 (line 38) ... FAILED
[INFO] [stdout] test src/macros.rs - presets::braille::dots11 (line 38) ... FAILED
[INFO] [stdout] test src/macros.rs - presets::braille::dots5 (line 38) ... FAILED
[INFO] [stdout] test src/macros.rs - presets::braille::infinity (line 38) ... FAILED
[INFO] [stdout] test src/macros.rs - presets::braille::dots7 (line 38) ... FAILED
[INFO] [stdout] test src/macros.rs - presets::braille::helix (line 38) ... FAILED
[INFO] [stdout] test src/macros.rs - presets::braille::dots_circle (line 38) ... FAILED
[INFO] [stdout] test src/macros.rs - presets::braille::dots9 (line 38) ... FAILED
[INFO] [stdout] test src/macros.rs - presets::braille::sand (line 38) ... FAILED
[INFO] [stdout] test src/macros.rs - presets::braille::orbit (line 38) ... FAILED
[INFO] [stdout] test src/macros.rs - presets::braille::sparkle (line 38) ... FAILED
[INFO] [stdout] test src/macros.rs - presets::braille::fillsweep (line 38) ... FAILED
[INFO] [stdout] test src/macros.rs - presets::braille::pulse (line 38) ... FAILED
[INFO] [stdout] test src/macros.rs - presets::braille::waverows (line 38) ... FAILED
[INFO] [stdout] test src/macros.rs - presets::braille::rain (line 38) ... FAILED
[INFO] [stdout] test src/macros.rs - presets::emoji::hearts (line 38) ... FAILED
[INFO] [stdout] test src/macros.rs - presets::braille::scan (line 38) ... FAILED
[INFO] [stdout] test src/macros.rs - presets::braille::wave (line 38) ... FAILED
[INFO] [stdout] test src/macros.rs - presets::braille::snake (line 38) ... FAILED
[INFO] [stdout] test src/macros.rs - presets::emoji::moon (line 38) ... FAILED
[INFO] [stdout] test src/macros.rs - presets::emoji::clock (line 38) ... FAILED
[INFO] [stdout] test src/macros.rs - presets::emoji::earth (line 38) ... FAILED
[INFO] [stdout] test src/macros.rs - presets::emoji::speaker (line 38) ... FAILED
[INFO] [stdout] test src/macros.rs - presets::emoji::weather (line 38) ... FAILED
[INFO] [stdout] 
[INFO] [stdout] failures:
[INFO] [stdout] 
[INFO] [stdout] ---- src/macros.rs - presets::ascii::dqpb (line 38) stdout ----
[INFO] [stdout] error[E0308]: mismatched types
[INFO] [stdout]   --> src/macros.rs:39:1
[INFO] [stdout]    |
[INFO] [stdout] 38 | fn main() { #[allow(non_snake_case)] fn _doctest_main_src_macros_rs_38_2() {
[INFO] [stdout]    |                                                                           - help: try adding a return type: `-> [&str; 4]`
[INFO] [stdout] 39 | ["d", "q", "p", "b"]
[INFO] [stdout]    | ^^^^^^^^^^^^^^^^^^^^ expected `()`, found `[&str; 4]`
[INFO] [stdout] 
[INFO] [stdout] error: aborting due to 1 previous error
[INFO] [stdout] 
[INFO] [stdout] For more information about this error, try `rustc --explain E0308`.
[INFO] [stdout] Couldn't compile the test.
[INFO] [stdout] ---- src/macros.rs - presets::ascii::circle_halves (line 38) stdout ----
[INFO] [stdout] error[E0308]: mismatched types
[INFO] [stdout]   --> src/macros.rs:39:1
[INFO] [stdout]    |
[INFO] [stdout] 38 | fn main() { #[allow(non_snake_case)] fn _doctest_main_src_macros_rs_38_8() {
[INFO] [stdout]    |                                                                           - help: try adding a return type: `-> [&str; 4]`
[INFO] [stdout] 39 | ["◐", "◓", "◑", "◒"]
[INFO] [stdout]    | ^^^^^^^^^^^^^^^^^^^^ expected `()`, found `[&str; 4]`
[INFO] [stdout] 
[INFO] [stdout] error: aborting due to 1 previous error
[INFO] [stdout] 
[INFO] [stdout] For more information about this error, try `rustc --explain E0308`.
[INFO] [stdout] Couldn't compile the test.
[INFO] [stdout] ---- src/macros.rs - presets::ascii::arc (line 38) stdout ----
[INFO] [stdout] error[E0308]: mismatched types
[INFO] [stdout]   --> src/macros.rs:39:1
[INFO] [stdout]    |
[INFO] [stdout] 38 | fn main() { #[allow(non_snake_case)] fn _doctest_main_src_macros_rs_38_6() {
[INFO] [stdout]    |                                                                           - help: try adding a return type: `-> [&str; 6]`
[INFO] [stdout] 39 | ["◜", "◠", "◝", "◞", "◡", "◟"]
[INFO] [stdout]    | ^^^^^^^^^^^^^^^^^^^^^^^^^^^^^^ expected `()`, found `[&str; 6]`
[INFO] [stdout] 
[INFO] [stdout] error: aborting due to 1 previous error
[INFO] [stdout] 
[INFO] [stdout] For more information about this error, try `rustc --explain E0308`.
[INFO] [stdout] Couldn't compile the test.
[INFO] [stdout] ---- src/macros.rs - presets::arrows::arrow (line 38) stdout ----
[INFO] [stdout] error[E0308]: mismatched types
[INFO] [stdout]   --> src/macros.rs:39:1
[INFO] [stdout]    |
[INFO] [stdout] 38 | fn main() { #[allow(non_snake_case)] fn _doctest_main_src_macros_rs_38_0() {
[INFO] [stdout]    |                                                                           - help: try adding a return type: `-> [&str; 8]`
[INFO] [stdout] 39 | ["←", "↖", "↑", "↗", "→", "↘", "↓", "↙"]
[INFO] [stdout]    | ^^^^^^^^^^^^^^^^^^^^^^^^^^^^^^^^^^^^^^^^ expected `()`, found `[&str; 8]`
[INFO] [stdout] 
[INFO] [stdout] error: aborting due to 1 previous error
[INFO] [stdout] 
[INFO] [stdout] For more information about this error, try `rustc --explain E0308`.
[INFO] [stdout] Couldn't compile the test.
[INFO] [stdout] ---- src/macros.rs - presets::ascii::noise (line 38) stdout ----
[INFO] [stdout] error[E0308]: mismatched types
[INFO] [stdout]   --> src/macros.rs:39:1
[INFO] [stdout]    |
[INFO] [stdout] 38 | fn main() { #[allow(non_snake_case)] fn _doctest_main_src_macros_rs_38_16() {
[INFO] [stdout]    |                                                                            - help: try adding a return type: `-> [&str; 6]`
[INFO] [stdout] 39 | ["▓", "▒", "░", " ", "░", "▒"]
[INFO] [stdout]    | ^^^^^^^^^^^^^^^^^^^^^^^^^^^^^^ expected `()`, found `[&str; 6]`
[INFO] [stdout] 
[INFO] [stdout] error: aborting due to 1 previous error
[INFO] [stdout] 
[INFO] [stdout] For more information about this error, try `rustc --explain E0308`.
[INFO] [stdout] Couldn't compile the test.
[INFO] [stdout] ---- src/macros.rs - presets::ascii::balloon (line 38) stdout ----
[INFO] [stdout] error[E0308]: mismatched types
[INFO] [stdout]   --> src/macros.rs:39:1
[INFO] [stdout]    |
[INFO] [stdout] 38 | fn main() { #[allow(non_snake_case)] fn _doctest_main_src_macros_rs_38_7() {
[INFO] [stdout]    |                                                                           - help: try adding a return type: `-> [&str; 5]`
[INFO] [stdout] 39 | [".", "o", "O", "o", "."]
[INFO] [stdout]    | ^^^^^^^^^^^^^^^^^^^^^^^^^ expected `()`, found `[&str; 5]`
[INFO] [stdout] 
[INFO] [stdout] error: aborting due to 1 previous error
[INFO] [stdout] 
[INFO] [stdout] For more information about this error, try `rustc --explain E0308`.
[INFO] [stdout] Couldn't compile the test.
[INFO] [stdout] ---- src/macros.rs - presets::arrows::double_arrow (line 38) stdout ----
[INFO] [stdout] error[E0308]: mismatched types
[INFO] [stdout]   --> src/macros.rs:39:1
[INFO] [stdout]    |
[INFO] [stdout] 38 | fn main() { #[allow(non_snake_case)] fn _doctest_main_src_macros_rs_38_1() {
[INFO] [stdout]    |                                                                           - help: try adding a return type: `-> [&str; 8]`
[INFO] [stdout] 39 | ["⇐", "⇖", "⇑", "⇗", "⇒", "⇘", "⇓", "⇙"]
[INFO] [stdout]    | ^^^^^^^^^^^^^^^^^^^^^^^^^^^^^^^^^^^^^^^^ expected `()`, found `[&str; 8]`
[INFO] [stdout] 
[INFO] [stdout] error: aborting due to 1 previous error
[INFO] [stdout] 
[INFO] [stdout] For more information about this error, try `rustc --explain E0308`.
[INFO] [stdout] Couldn't compile the test.
[INFO] [stdout] ---- src/macros.rs - presets::ascii::rolling_line (line 38) stdout ----
[INFO] [stdout] error[E0308]: mismatched types
[INFO] [stdout]   --> src/macros.rs:39:1
[INFO] [stdout]    |
[INFO] [stdout] 38 | fn main() { #[allow(non_snake_case)] fn _doctest_main_src_macros_rs_38_3() {
[INFO] [stdout]    |                                                                           - help: try adding a return type: `-> [&str; 6]`
[INFO] [stdout] 39 | ["/", "-", "\\", "|", "\\", "-"]
[INFO] [stdout]    | ^^^^^^^^^^^^^^^^^^^^^^^^^^^^^^^^ expected `()`, found `[&str; 6]`
[INFO] [stdout] 
[INFO] [stdout] error: aborting due to 1 previous error
[INFO] [stdout] 
[INFO] [stdout] For more information about this error, try `rustc --explain E0308`.
[INFO] [stdout] Couldn't compile the test.
[INFO] [stdout] ---- src/macros.rs - presets::ascii::grow_horizontal (line 38) stdout ----
[INFO] [stdout] error[E0308]: mismatched types
[INFO] [stdout]   --> src/macros.rs:39:1
[INFO] [stdout]    |
[INFO] [stdout] 38 |   fn main() { #[allow(non_snake_case)] fn _doctest_main_src_macros_rs_38_14() {
[INFO] [stdout]    |                                                                              - help: try adding a return type: `-> [&str; 12]`
[INFO] [stdout] 39 | / ["▏", "▎", "▍", "▌", "▋", "▊", "▉", "▊", "▋", "▌", "▍",
[INFO] [stdout] 40 | | "▎"]
[INFO] [stdout]    | |____^ expected `()`, found `[&str; 12]`
[INFO] [stdout] 
[INFO] [stdout] error: aborting due to 1 previous error
[INFO] [stdout] 
[INFO] [stdout] For more information about this error, try `rustc --explain E0308`.
[INFO] [stdout] Couldn't compile the test.
[INFO] [stdout] ---- src/macros.rs - presets::ascii::circle_quarters (line 38) stdout ----
[INFO] [stdout] error[E0308]: mismatched types
[INFO] [stdout]   --> src/macros.rs:39:1
[INFO] [stdout]    |
[INFO] [stdout] 38 | fn main() { #[allow(non_snake_case)] fn _doctest_main_src_macros_rs_38_9() {
[INFO] [stdout]    |                                                                           - help: try adding a return type: `-> [&str; 4]`
[INFO] [stdout] 39 | ["◴", "◷", "◶", "◵"]
[INFO] [stdout]    | ^^^^^^^^^^^^^^^^^^^^ expected `()`, found `[&str; 4]`
[INFO] [stdout] 
[INFO] [stdout] error: aborting due to 1 previous error
[INFO] [stdout] 
[INFO] [stdout] For more information about this error, try `rustc --explain E0308`.
[INFO] [stdout] Couldn't compile the test.
[INFO] [stdout] ---- src/macros.rs - presets::ascii::simple_dots_scrolling (line 38) stdout ----
[INFO] [stdout] error[E0308]: mismatched types
[INFO] [stdout]   --> src/macros.rs:39:1
[INFO] [stdout]    |
[INFO] [stdout] 38 | fn main() { #[allow(non_snake_case)] fn _doctest_main_src_macros_rs_38_5() {
[INFO] [stdout]    |                                                                           - help: try adding a return type: `-> [&str; 6]`
[INFO] [stdout] 39 | [".  ", ".. ", "...", " ..", "  .", "   "]
[INFO] [stdout]    | ^^^^^^^^^^^^^^^^^^^^^^^^^^^^^^^^^^^^^^^^^^ expected `()`, found `[&str; 6]`
[INFO] [stdout] 
[INFO] [stdout] error: aborting due to 1 previous error
[INFO] [stdout] 
[INFO] [stdout] For more information about this error, try `rustc --explain E0308`.
[INFO] [stdout] Couldn't compile the test.
[INFO] [stdout] ---- src/macros.rs - presets::ascii::grow_vertical (line 38) stdout ----
[INFO] [stdout] error[E0308]: mismatched types
[INFO] [stdout]   --> src/macros.rs:39:1
[INFO] [stdout]    |
[INFO] [stdout] 38 | fn main() { #[allow(non_snake_case)] fn _doctest_main_src_macros_rs_38_15() {
[INFO] [stdout]    |                                                                            - help: try adding a return type: `-> [&str; 10]`
[INFO] [stdout] 39 | ["▁", "▃", "▄", "▅", "▆", "▇", "▆", "▅", "▄", "▃"]
[INFO] [stdout]    | ^^^^^^^^^^^^^^^^^^^^^^^^^^^^^^^^^^^^^^^^^^^^^^^^^^ expected `()`, found `[&str; 10]`
[INFO] [stdout] 
[INFO] [stdout] error: aborting due to 1 previous error
[INFO] [stdout] 
[INFO] [stdout] For more information about this error, try `rustc --explain E0308`.
[INFO] [stdout] Couldn't compile the test.
[INFO] [stdout] ---- src/macros.rs - presets::ascii::point (line 38) stdout ----
[INFO] [stdout] error[E0308]: mismatched types
[INFO] [stdout]   --> src/macros.rs:39:1
[INFO] [stdout]    |
[INFO] [stdout] 38 | fn main() { #[allow(non_snake_case)] fn _doctest_main_src_macros_rs_38_10() {
[INFO] [stdout]    |                                                                            - help: try adding a return type: `-> [&str; 5]`
[INFO] [stdout] 39 | ["···", "•··", "·•·", "··•", "···"]
[INFO] [stdout]    | ^^^^^^^^^^^^^^^^^^^^^^^^^^^^^^^^^^^ expected `()`, found `[&str; 5]`
[INFO] [stdout] 
[INFO] [stdout] error: aborting due to 1 previous error
[INFO] [stdout] 
[INFO] [stdout] For more information about this error, try `rustc --explain E0308`.
[INFO] [stdout] Couldn't compile the test.
[INFO] [stdout] ---- src/macros.rs - presets::braille::cascade (line 38) stdout ----
[INFO] [stdout] error[E0308]: mismatched types
[INFO] [stdout]   --> src/macros.rs:39:1
[INFO] [stdout]    |
[INFO] [stdout] 38 |   fn main() { #[allow(non_snake_case)] fn _doctest_main_src_macros_rs_38_40() {
[INFO] [stdout]    |                                                                              - help: try adding a return type: `-> [&str; 14]`
[INFO] [stdout] 39 | / ["⠀⠀⠀⠀", "⠀⠀⠀⠀", "⠁⠀⠀⠀", "⠋⠀⠀⠀",
[INFO] [stdout] 40 | | "⠞⠁⠀⠀", "⡴⠋⠀⠀", "⣠⠞⠁⠀", "⢀⡴⠋⠀",
[INFO] [stdout] 41 | | "⠀⣠⠞⠁", "⠀⢀⡴⠋", "⠀⠀⣠⠞", "⠀⠀⢀⡴",
[INFO] [stdout] 42 | | "⠀⠀⠀⣠", "⠀⠀⠀⢀"]
[INFO] [stdout]    | |_______________^ expected `()`, found `[&str; 14]`
[INFO] [stdout] 
[INFO] [stdout] error: aborting due to 1 previous error
[INFO] [stdout] 
[INFO] [stdout] For more information about this error, try `rustc --explain E0308`.
[INFO] [stdout] Couldn't compile the test.
[INFO] [stdout] ---- src/macros.rs - presets::ascii::simple_dots (line 38) stdout ----
[INFO] [stdout] error[E0308]: mismatched types
[INFO] [stdout]   --> src/macros.rs:39:1
[INFO] [stdout]    |
[INFO] [stdout] 38 | fn main() { #[allow(non_snake_case)] fn _doctest_main_src_macros_rs_38_4() {
[INFO] [stdout]    |                                                                           - help: try adding a return type: `-> [&str; 4]`
[INFO] [stdout] 39 | [".  ", ".. ", "...", "   "]
[INFO] [stdout]    | ^^^^^^^^^^^^^^^^^^^^^^^^^^^^ expected `()`, found `[&str; 4]`
[INFO] [stdout] 
[INFO] [stdout] error: aborting due to 1 previous error
[INFO] [stdout] 
[INFO] [stdout] For more information about this error, try `rustc --explain E0308`.
[INFO] [stdout] Couldn't compile the test.
[INFO] [stdout] ---- src/macros.rs - presets::ascii::square_corners (line 38) stdout ----
[INFO] [stdout] error[E0308]: mismatched types
[INFO] [stdout]   --> src/macros.rs:39:1
[INFO] [stdout]    |
[INFO] [stdout] 38 | fn main() { #[allow(non_snake_case)] fn _doctest_main_src_macros_rs_38_11() {
[INFO] [stdout]    |                                                                            - help: try adding a return type: `-> [&str; 4]`
[INFO] [stdout] 39 | ["◰", "◳", "◲", "◱"]
[INFO] [stdout]    | ^^^^^^^^^^^^^^^^^^^^ expected `()`, found `[&str; 4]`
[INFO] [stdout] 
[INFO] [stdout] error: aborting due to 1 previous error
[INFO] [stdout] 
[INFO] [stdout] For more information about this error, try `rustc --explain E0308`.
[INFO] [stdout] Couldn't compile the test.
[INFO] [stdout] ---- src/macros.rs - presets::ascii::triangle (line 38) stdout ----
[INFO] [stdout] error[E0308]: mismatched types
[INFO] [stdout]   --> src/macros.rs:39:1
[INFO] [stdout]    |
[INFO] [stdout] 38 | fn main() { #[allow(non_snake_case)] fn _doctest_main_src_macros_rs_38_13() {
[INFO] [stdout]    |                                                                            - help: try adding a return type: `-> [&str; 4]`
[INFO] [stdout] 39 | ["◢", "◣", "◤", "◥"]
[INFO] [stdout]    | ^^^^^^^^^^^^^^^^^^^^ expected `()`, found `[&str; 4]`
[INFO] [stdout] 
[INFO] [stdout] error: aborting due to 1 previous error
[INFO] [stdout] 
[INFO] [stdout] For more information about this error, try `rustc --explain E0308`.
[INFO] [stdout] Couldn't compile the test.
[INFO] [stdout] ---- src/macros.rs - presets::braille::breathe (line 38) stdout ----
[INFO] [stdout] error[E0308]: mismatched types
[INFO] [stdout]   --> src/macros.rs:39:1
[INFO] [stdout]    |
[INFO] [stdout] 38 |   fn main() { #[allow(non_snake_case)] fn _doctest_main_src_macros_rs_38_43() {
[INFO] [stdout]    |                                                                              - help: try adding a return type: `-> [&str; 17]`
[INFO] [stdout] 39 | / ["⠀", "⠂", "⠌", "⡑", "⢕", "⢝", "⣫", "⣟", "⣿", "⣟", "⣫",
[INFO] [stdout] 40 | | "⢝", "⢕", "⡑", "⠌", "⠂", "⠀"]
[INFO] [stdout]    | |_____________________________^ expected `()`, found `[&str; 17]`
[INFO] [stdout] 
[INFO] [stdout] error: aborting due to 1 previous error
[INFO] [stdout] 
[INFO] [stdout] For more information about this error, try `rustc --explain E0308`.
[INFO] [stdout] Couldn't compile the test.
[INFO] [stdout] ---- src/macros.rs - presets::braille::diagswipe (line 38) stdout ----
[INFO] [stdout] error[E0308]: mismatched types
[INFO] [stdout]   --> src/macros.rs:39:1
[INFO] [stdout]    |
[INFO] [stdout] 38 |   fn main() { #[allow(non_snake_case)] fn _doctest_main_src_macros_rs_38_48() {
[INFO] [stdout]    |                                                                              - help: try adding a return type: `-> [&str; 16]`
[INFO] [stdout] 39 | / ["⠁⠀", "⠋⠀", "⠟⠁", "⡿⠋", "⣿⠟", "⣿⡿", "⣿⣿",
[INFO] [stdout] 40 | | "⣿⣿", "⣾⣿", "⣴⣿", "⣠⣾", "⢀⣴", "⠀⣠", "⠀⢀",
[INFO] [stdout] 41 | | "⠀⠀", "⠀⠀"]
[INFO] [stdout]    | |___________^ expected `()`, found `[&str; 16]`
[INFO] [stdout] 
[INFO] [stdout] error: aborting due to 1 previous error
[INFO] [stdout] 
[INFO] [stdout] For more information about this error, try `rustc --explain E0308`.
[INFO] [stdout] Couldn't compile the test.
[INFO] [stdout] ---- src/macros.rs - presets::ascii::toggle (line 38) stdout ----
[INFO] [stdout] error[E0308]: mismatched types
[INFO] [stdout]   --> src/macros.rs:39:1
[INFO] [stdout]    |
[INFO] [stdout] 38 | fn main() { #[allow(non_snake_case)] fn _doctest_main_src_macros_rs_38_12() {
[INFO] [stdout]    |                                                                            - help: try adding a return type: `-> [&str; 2]`
[INFO] [stdout] 39 | ["⊶", "⊷"]
[INFO] [stdout]    | ^^^^^^^^^^ expected `()`, found `[&str; 2]`
[INFO] [stdout] 
[INFO] [stdout] error: aborting due to 1 previous error
[INFO] [stdout] 
[INFO] [stdout] For more information about this error, try `rustc --explain E0308`.
[INFO] [stdout] Couldn't compile the test.
[INFO] [stdout] ---- src/macros.rs - presets::braille::bounce (line 38) stdout ----
[INFO] [stdout] error[E0308]: mismatched types
[INFO] [stdout]   --> src/macros.rs:39:1
[INFO] [stdout]    |
[INFO] [stdout] 38 | fn main() { #[allow(non_snake_case)] fn _doctest_main_src_macros_rs_38_32() {
[INFO] [stdout]    |                                                                            - help: try adding a return type: `-> [&str; 6]`
[INFO] [stdout] 39 | ["⠁", "⠂", "⠄", "⡀", "⠄", "⠂"]
[INFO] [stdout]    | ^^^^^^^^^^^^^^^^^^^^^^^^^^^^^^ expected `()`, found `[&str; 6]`
[INFO] [stdout] 
[INFO] [stdout] error: aborting due to 1 previous error
[INFO] [stdout] 
[INFO] [stdout] For more information about this error, try `rustc --explain E0308`.
[INFO] [stdout] Couldn't compile the test.
[INFO] [stdout] ---- src/macros.rs - presets::braille::checkerboard (line 38) stdout ----
[INFO] [stdout] error[E0308]: mismatched types
[INFO] [stdout]   --> src/macros.rs:39:1
[INFO] [stdout]    |
[INFO] [stdout] 38 | fn main() { #[allow(non_snake_case)] fn _doctest_main_src_macros_rs_38_45() {
[INFO] [stdout]    |                                                                            - help: try adding a return type: `-> [&str; 4]`
[INFO] [stdout] 39 | ["⢕⢕⢕", "⡪⡪⡪", "⢊⠔⡡", "⡡⢊⠔"]
[INFO] [stdout]    | ^^^^^^^^^^^^^^^^^^^^^^^^^^^^ expected `()`, found `[&str; 4]`
[INFO] [stdout] 
[INFO] [stdout] error: aborting due to 1 previous error
[INFO] [stdout] 
[INFO] [stdout] For more information about this error, try `rustc --explain E0308`.
[INFO] [stdout] Couldn't compile the test.
[INFO] [stdout] ---- src/macros.rs - presets::braille::dots12 (line 38) stdout ----
[INFO] [stdout] error[E0308]: mismatched types
[INFO] [stdout]   --> src/macros.rs:39:1
[INFO] [stdout]    |
[INFO] [stdout] 38 |   fn main() { #[allow(non_snake_case)] fn _doctest_main_src_macros_rs_38_28() {
[INFO] [stdout]    |                                                                              - help: try adding a return type: `-> [&str; 56]`
[INFO] [stdout] 39 | / ["⢀⠀", "⡀⠀", "⠄⠀", "⢂⠀", "⡂⠀", "⠅⠀", "⢃⠀",
[INFO] [stdout] 40 | | "⡃⠀", "⠍⠀", "⢋⠀", "⡋⠀", "⠍⠁", "⢋⠁", "⡋⠁",
[INFO] [stdout] 41 | | "⠍⠉", "⠋⠉", "⠋⠉", "⠉⠙", "⠉⠙", "⠉⠩", "⠈⢙",
[INFO] [stdout] 42 | | "⠈⡙", "⢈⠩", "⡀⢙", "⠄⡙", "⢂⠩", "⡂⢘", "⠅⡘",
[INFO] [stdout] ...  |
[INFO] [stdout] 45 | | "⠈⢙", "⠈⡙", "⠈⠩", "⠀⢙", "⠀⡙", "⠀⠩", "⠀⢘",
[INFO] [stdout] 46 | | "⠀⡘", "⠀⠨", "⠀⢐", "⠀⡐", "⠀⠠", "⠀⢀", "⠀⡀"]
[INFO] [stdout]    | |_________________________________________^ expected `()`, found `[&str; 56]`
[INFO] [stdout] 
[INFO] [stdout] error: aborting due to 1 previous error
[INFO] [stdout] 
[INFO] [stdout] For more information about this error, try `rustc --explain E0308`.
[INFO] [stdout] Couldn't compile the test.
[INFO] [stdout] ---- src/macros.rs - presets::braille::dots (line 38) stdout ----
[INFO] [stdout] error[E0308]: mismatched types
[INFO] [stdout]   --> src/macros.rs:39:1
[INFO] [stdout]    |
[INFO] [stdout] 38 | fn main() { #[allow(non_snake_case)] fn _doctest_main_src_macros_rs_38_17() {
[INFO] [stdout]    |                                                                            - help: try adding a return type: `-> [&str; 10]`
[INFO] [stdout] 39 | ["⠋", "⠙", "⠹", "⠸", "⠼", "⠴", "⠦", "⠧", "⠇", "⠏"]
[INFO] [stdout]    | ^^^^^^^^^^^^^^^^^^^^^^^^^^^^^^^^^^^^^^^^^^^^^^^^^^ expected `()`, found `[&str; 10]`
[INFO] [stdout] 
[INFO] [stdout] error: aborting due to 1 previous error
[INFO] [stdout] 
[INFO] [stdout] For more information about this error, try `rustc --explain E0308`.
[INFO] [stdout] Couldn't compile the test.
[INFO] [stdout] ---- src/macros.rs - presets::braille::dots3 (line 38) stdout ----
[INFO] [stdout] error[E0308]: mismatched types
[INFO] [stdout]   --> src/macros.rs:39:1
[INFO] [stdout]    |
[INFO] [stdout] 38 | fn main() { #[allow(non_snake_case)] fn _doctest_main_src_macros_rs_38_19() {
[INFO] [stdout]    |                                                                            - help: try adding a return type: `-> [&str; 10]`
[INFO] [stdout] 39 | ["⠋", "⠙", "⠚", "⠞", "⠖", "⠦", "⠴", "⠲", "⠳", "⠓"]
[INFO] [stdout]    | ^^^^^^^^^^^^^^^^^^^^^^^^^^^^^^^^^^^^^^^^^^^^^^^^^^ expected `()`, found `[&str; 10]`
[INFO] [stdout] 
[INFO] [stdout] error: aborting due to 1 previous error
[INFO] [stdout] 
[INFO] [stdout] For more information about this error, try `rustc --explain E0308`.
[INFO] [stdout] Couldn't compile the test.
[INFO] [stdout] ---- src/macros.rs - presets::braille::dots10 (line 38) stdout ----
[INFO] [stdout] error[E0308]: mismatched types
[INFO] [stdout]   --> src/macros.rs:39:1
[INFO] [stdout]    |
[INFO] [stdout] 38 | fn main() { #[allow(non_snake_case)] fn _doctest_main_src_macros_rs_38_26() {
[INFO] [stdout]    |                                                                            - help: try adding a return type: `-> [&str; 7]`
[INFO] [stdout] 39 | ["⢄", "⢂", "⢁", "⡁", "⡈", "⡐", "⡠"]
[INFO] [stdout]    | ^^^^^^^^^^^^^^^^^^^^^^^^^^^^^^^^^^^ expected `()`, found `[&str; 7]`
[INFO] [stdout] 
[INFO] [stdout] error: aborting due to 1 previous error
[INFO] [stdout] 
[INFO] [stdout] For more information about this error, try `rustc --explain E0308`.
[INFO] [stdout] Couldn't compile the test.
[INFO] [stdout] ---- src/macros.rs - presets::braille::dots13 (line 38) stdout ----
[INFO] [stdout] error[E0308]: mismatched types
[INFO] [stdout]   --> src/macros.rs:39:1
[INFO] [stdout]    |
[INFO] [stdout] 38 | fn main() { #[allow(non_snake_case)] fn _doctest_main_src_macros_rs_38_29() {
[INFO] [stdout]    |                                                                            - help: try adding a return type: `-> [&str; 8]`
[INFO] [stdout] 39 | ["⣼", "⣹", "⢻", "⠿", "⡟", "⣏", "⣧", "⣶"]
[INFO] [stdout]    | ^^^^^^^^^^^^^^^^^^^^^^^^^^^^^^^^^^^^^^^^ expected `()`, found `[&str; 8]`
[INFO] [stdout] 
[INFO] [stdout] error: aborting due to 1 previous error
[INFO] [stdout] 
[INFO] [stdout] For more information about this error, try `rustc --explain E0308`.
[INFO] [stdout] Couldn't compile the test.
[INFO] [stdout] ---- src/macros.rs - presets::braille::dots2 (line 38) stdout ----
[INFO] [stdout] error[E0308]: mismatched types
[INFO] [stdout]   --> src/macros.rs:39:1
[INFO] [stdout]    |
[INFO] [stdout] 38 | fn main() { #[allow(non_snake_case)] fn _doctest_main_src_macros_rs_38_18() {
[INFO] [stdout]    |                                                                            - help: try adding a return type: `-> [&str; 8]`
[INFO] [stdout] 39 | ["⣾", "⣽", "⣻", "⢿", "⡿", "⣟", "⣯", "⣷"]
[INFO] [stdout]    | ^^^^^^^^^^^^^^^^^^^^^^^^^^^^^^^^^^^^^^^^ expected `()`, found `[&str; 8]`
[INFO] [stdout] 
[INFO] [stdout] error: aborting due to 1 previous error
[INFO] [stdout] 
[INFO] [stdout] For more information about this error, try `rustc --explain E0308`.
[INFO] [stdout] Couldn't compile the test.
[INFO] [stdout] ---- src/macros.rs - presets::braille::dots4 (line 38) stdout ----
[INFO] [stdout] error[E0308]: mismatched types
[INFO] [stdout]   --> src/macros.rs:39:1
[INFO] [stdout]    |
[INFO] [stdout] 38 |   fn main() { #[allow(non_snake_case)] fn _doctest_main_src_macros_rs_38_20() {
[INFO] [stdout]    |                                                                              - help: try adding a return type: `-> [&str; 14]`
[INFO] [stdout] 39 | / ["⠄", "⠆", "⠇", "⠋", "⠙", "⠸", "⠰", "⠠", "⠰", "⠸", "⠙",
[INFO] [stdout] 40 | | "⠋", "⠇", "⠆"]
[INFO] [stdout]    | |______________^ expected `()`, found `[&str; 14]`
[INFO] [stdout] 
[INFO] [stdout] error: aborting due to 1 previous error
[INFO] [stdout] 
[INFO] [stdout] For more information about this error, try `rustc --explain E0308`.
[INFO] [stdout] Couldn't compile the test.
[INFO] [stdout] ---- src/macros.rs - presets::braille::columns (line 38) stdout ----
[INFO] [stdout] error[E0308]: mismatched types
[INFO] [stdout]   --> src/macros.rs:39:1
[INFO] [stdout]    |
[INFO] [stdout] 38 |   fn main() { #[allow(non_snake_case)] fn _doctest_main_src_macros_rs_38_41() {
[INFO] [stdout]    |                                                                              - help: try adding a return type: `-> [&str; 26]`
[INFO] [stdout] 39 | / ["⡀⠀⠀", "⡄⠀⠀", "⡆⠀⠀", "⡇⠀⠀", "⣇⠀⠀", "⣧⠀⠀",
[INFO] [stdout] 40 | | "⣷⠀⠀", "⣿⠀⠀", "⣿⡀⠀", "⣿⡄⠀", "⣿⡆⠀", "⣿⡇⠀",
[INFO] [stdout] 41 | | "⣿⣇⠀", "⣿⣧⠀", "⣿⣷⠀", "⣿⣿⠀", "⣿⣿⡀", "⣿⣿⡄",
[INFO] [stdout] 42 | | "⣿⣿⡆", "⣿⣿⡇", "⣿⣿⣇", "⣿⣿⣧", "⣿⣿⣷", "⣿⣿⣿",
[INFO] [stdout] 43 | | "⣿⣿⣿", "⠀⠀⠀"]
[INFO] [stdout]    | |_____________^ expected `()`, found `[&str; 26]`
[INFO] [stdout] 
[INFO] [stdout] error: aborting due to 1 previous error
[INFO] [stdout] 
[INFO] [stdout] For more information about this error, try `rustc --explain E0308`.
[INFO] [stdout] Couldn't compile the test.
[INFO] [stdout] ---- src/macros.rs - presets::braille::dots6 (line 38) stdout ----
[INFO] [stdout] error[E0308]: mismatched types
[INFO] [stdout]   --> src/macros.rs:39:1
[INFO] [stdout]    |
[INFO] [stdout] 38 |   fn main() { #[allow(non_snake_case)] fn _doctest_main_src_macros_rs_38_22() {
[INFO] [stdout]    |                                                                              - help: try adding a return type: `-> [&str; 24]`
[INFO] [stdout] 39 | / ["⠁", "⠉", "⠙", "⠚", "⠒", "⠂", "⠂", "⠒", "⠲", "⠴", "⠤",
[INFO] [stdout] 40 | | "⠄", "⠄", "⠤", "⠴", "⠲", "⠒", "⠂", "⠂", "⠒", "⠚", "⠙",
[INFO] [stdout] 41 | | "⠉", "⠁"]
[INFO] [stdout]    | |_________^ expected `()`, found `[&str; 24]`
[INFO] [stdout] 
[INFO] [stdout] error: aborting due to 1 previous error
[INFO] [stdout] 
[INFO] [stdout] For more information about this error, try `rustc --explain E0308`.
[INFO] [stdout] Couldn't compile the test.
[INFO] [stdout] ---- src/macros.rs - presets::braille::dots8 (line 38) stdout ----
[INFO] [stdout] error[E0308]: mismatched types
[INFO] [stdout]   --> src/macros.rs:39:1
[INFO] [stdout]    |
[INFO] [stdout] 38 |   fn main() { #[allow(non_snake_case)] fn _doctest_main_src_macros_rs_38_24() {
[INFO] [stdout]    |                                                                              - help: try adding a return type: `-> [&str; 29]`
[INFO] [stdout] 39 | / ["⠁", "⠁", "⠉", "⠙", "⠚", "⠒", "⠂", "⠂", "⠒", "⠲", "⠴",
[INFO] [stdout] 40 | | "⠤", "⠄", "⠄", "⠤", "⠠", "⠠", "⠤", "⠦", "⠖", "⠒", "⠐",
[INFO] [stdout] 41 | | "⠐", "⠒", "⠓", "⠋", "⠉", "⠈", "⠈"]
[INFO] [stdout]    | |__________________________________^ expected `()`, found `[&str; 29]`
[INFO] [stdout] 
[INFO] [stdout] error: aborting due to 1 previous error
[INFO] [stdout] 
[INFO] [stdout] For more information about this error, try `rustc --explain E0308`.
[INFO] [stdout] Couldn't compile the test.
[INFO] [stdout] ---- src/macros.rs - presets::braille::dots14 (line 38) stdout ----
[INFO] [stdout] error[E0308]: mismatched types
[INFO] [stdout]   --> src/macros.rs:39:1
[INFO] [stdout]    |
[INFO] [stdout] 38 |   fn main() { #[allow(non_snake_case)] fn _doctest_main_src_macros_rs_38_30() {
[INFO] [stdout]    |                                                                              - help: try adding a return type: `-> [&str; 12]`
[INFO] [stdout] 39 | / ["⠉⠉", "⠈⠙", "⠀⠹", "⠀⢸", "⠀⣰", "⢀⣠", "⣀⣀",
[INFO] [stdout] 40 | | "⣄⡀", "⣆⠀", "⡇⠀", "⠏⠀", "⠋⠁"]
[INFO] [stdout]    | |_____________________________^ expected `()`, found `[&str; 12]`
[INFO] [stdout] 
[INFO] [stdout] error: aborting due to 1 previous error
[INFO] [stdout] 
[INFO] [stdout] For more information about this error, try `rustc --explain E0308`.
[INFO] [stdout] Couldn't compile the test.
[INFO] [stdout] ---- src/macros.rs - presets::braille::dots11 (line 38) stdout ----
[INFO] [stdout] error[E0308]: mismatched types
[INFO] [stdout]   --> src/macros.rs:39:1
[INFO] [stdout]    |
[INFO] [stdout] 38 | fn main() { #[allow(non_snake_case)] fn _doctest_main_src_macros_rs_38_27() {
[INFO] [stdout]    |                                                                            - help: try adding a return type: `-> [&str; 8]`
[INFO] [stdout] 39 | ["⠁", "⠂", "⠄", "⡀", "⢀", "⠠", "⠐", "⠈"]
[INFO] [stdout]    | ^^^^^^^^^^^^^^^^^^^^^^^^^^^^^^^^^^^^^^^^ expected `()`, found `[&str; 8]`
[INFO] [stdout] 
[INFO] [stdout] error: aborting due to 1 previous error
[INFO] [stdout] 
[INFO] [stdout] For more information about this error, try `rustc --explain E0308`.
[INFO] [stdout] Couldn't compile the test.
[INFO] [stdout] ---- src/macros.rs - presets::braille::dots5 (line 38) stdout ----
[INFO] [stdout] error[E0308]: mismatched types
[INFO] [stdout]   --> src/macros.rs:39:1
[INFO] [stdout]    |
[INFO] [stdout] 38 |   fn main() { #[allow(non_snake_case)] fn _doctest_main_src_macros_rs_38_21() {
[INFO] [stdout]    |                                                                              - help: try adding a return type: `-> [&str; 17]`
[INFO] [stdout] 39 | / ["⠋", "⠙", "⠚", "⠒", "⠂", "⠂", "⠒", "⠲", "⠴", "⠦", "⠖",
[INFO] [stdout] 40 | | "⠒", "⠐", "⠐", "⠒", "⠓", "⠋"]
[INFO] [stdout]    | |_____________________________^ expected `()`, found `[&str; 17]`
[INFO] [stdout] 
[INFO] [stdout] error: aborting due to 1 previous error
[INFO] [stdout] 
[INFO] [stdout] For more information about this error, try `rustc --explain E0308`.
[INFO] [stdout] Couldn't compile the test.
[INFO] [stdout] ---- src/macros.rs - presets::braille::infinity (line 38) stdout ----
[INFO] [stdout] error[E0308]: mismatched types
[INFO] [stdout]   --> src/macros.rs:39:1
[INFO] [stdout]    |
[INFO] [stdout] 38 |   fn main() { #[allow(non_snake_case)] fn _doctest_main_src_macros_rs_38_49() {
[INFO] [stdout]    |                                                                              - help: try adding a return type: `-> [&str; 32]`
[INFO] [stdout] 39 | / ["⢎⡱⣉⠆", "⢎⡱⣈⠆", "⢎⡱⣀⠆", "⢎⡱⣀⠄", "⢎⡱⣀ ",
[INFO] [stdout] 40 | | "⢎⡱⡀ ", "⢎⡱  ", "⢎⡱  ", "⢎⡡  ", "⢎⡠  ", "⢆⡠  ",
[INFO] [stdout] 41 | | "⢄⡠  ", "⢀⡠  ", " ⡠  ", " ⠠  ", " ⠰  ", " ⠐  ", " ⠐⠁ ",
[INFO] [stdout] 42 | | " ⠐⠉ ", " ⠐⠉⠂", " ⠐⠉⠆", " ⠐⢉⠆", " ⠐⣉⠆",
[INFO] [stdout] 43 | | " ⠰⣉⠆", " ⠰⣉⠆", " ⠱⣉⠆", "⠈⠱⣉⠆", "⠊⠱⣉⠆",
[INFO] [stdout] 44 | | "⠎⠱⣉⠆", "⢎⠱⣉⠆", "⢎⡱⣉⠆", "⢎⡱⣉⠆"]
[INFO] [stdout]    | |_______________________________^ expected `()`, found `[&str; 32]`
[INFO] [stdout] 
[INFO] [stdout] error: aborting due to 1 previous error
[INFO] [stdout] 
[INFO] [stdout] For more information about this error, try `rustc --explain E0308`.
[INFO] [stdout] Couldn't compile the test.
[INFO] [stdout] ---- src/macros.rs - presets::braille::dots7 (line 38) stdout ----
[INFO] [stdout] error[E0308]: mismatched types
[INFO] [stdout]   --> src/macros.rs:39:1
[INFO] [stdout]    |
[INFO] [stdout] 38 |   fn main() { #[allow(non_snake_case)] fn _doctest_main_src_macros_rs_38_23() {
[INFO] [stdout]    |                                                                              - help: try adding a return type: `-> [&str; 24]`
[INFO] [stdout] 39 | / ["⠈", "⠉", "⠋", "⠓", "⠒", "⠐", "⠐", "⠒", "⠖", "⠦", "⠤",
[INFO] [stdout] 40 | | "⠠", "⠠", "⠤", "⠦", "⠖", "⠒", "⠐", "⠐", "⠒", "⠓", "⠋",
[INFO] [stdout] 41 | | "⠉", "⠈"]
[INFO] [stdout]    | |_________^ expected `()`, found `[&str; 24]`
[INFO] [stdout] 
[INFO] [stdout] error: aborting due to 1 previous error
[INFO] [stdout] 
[INFO] [stdout] For more information about this error, try `rustc --explain E0308`.
[INFO] [stdout] Couldn't compile the test.
[INFO] [stdout] ---- src/macros.rs - presets::braille::helix (line 38) stdout ----
[INFO] [stdout] error[E0308]: mismatched types
[INFO] [stdout]   --> src/macros.rs:39:1
[INFO] [stdout]    |
[INFO] [stdout] 38 |   fn main() { #[allow(non_snake_case)] fn _doctest_main_src_macros_rs_38_46() {
[INFO] [stdout]    |                                                                              - help: try adding a return type: `-> [&str; 16]`
[INFO] [stdout] 39 | / ["⢌⣉⢎⣉", "⣉⡱⣉⡱", "⣉⢎⣉⢎", "⡱⣉⡱⣉",
[INFO] [stdout] 40 | | "⢎⣉⢎⣉", "⣉⡱⣉⡱", "⣉⢎⣉⢎", "⡱⣉⡱⣉",
[INFO] [stdout] 41 | | "⢎⣉⢎⣉", "⣉⡱⣉⡱", "⣉⢎⣉⢎", "⡱⣉⡱⣉",
[INFO] [stdout] 42 | | "⢎⣉⢎⣉", "⣉⡱⣉⡱", "⣉⢎⣉⢎", "⡱⣉⡱⣉"]
[INFO] [stdout]    | |_______________________________^ expected `()`, found `[&str; 16]`
[INFO] [stdout] 
[INFO] [stdout] error: aborting due to 1 previous error
[INFO] [stdout] 
[INFO] [stdout] For more information about this error, try `rustc --explain E0308`.
[INFO] [stdout] Couldn't compile the test.
[INFO] [stdout] ---- src/macros.rs - presets::braille::dots_circle (line 38) stdout ----
[INFO] [stdout] error[E0308]: mismatched types
[INFO] [stdout]   --> src/macros.rs:39:1
[INFO] [stdout]    |
[INFO] [stdout] 38 | fn main() { #[allow(non_snake_case)] fn _doctest_main_src_macros_rs_38_33() {
[INFO] [stdout]    |                                                                            - help: try adding a return type: `-> [&str; 8]`
[INFO] [stdout] 39 | ["⢎ ", "⠎⠁", "⠊⠑", "⠈⠱", " ⡱", "⢀⡰", "⢄⡠", "⢆⡀"]
[INFO] [stdout]    | ^^^^^^^^^^^^^^^^^^^^^^^^^^^^^^^^^^^^^^^^^^^^^^^^ expected `()`, found `[&str; 8]`
[INFO] [stdout] 
[INFO] [stdout] error: aborting due to 1 previous error
[INFO] [stdout] 
[INFO] [stdout] For more information about this error, try `rustc --explain E0308`.
[INFO] [stdout] Couldn't compile the test.
[INFO] [stdout] ---- src/macros.rs - presets::braille::dots9 (line 38) stdout ----
[INFO] [stdout] error[E0308]: mismatched types
[INFO] [stdout]   --> src/macros.rs:39:1
[INFO] [stdout]    |
[INFO] [stdout] 38 | fn main() { #[allow(non_snake_case)] fn _doctest_main_src_macros_rs_38_25() {
[INFO] [stdout]    |                                                                            - help: try adding a return type: `-> [&str; 8]`
[INFO] [stdout] 39 | ["⢹", "⢺", "⢼", "⣸", "⣇", "⡧", "⡗", "⡏"]
[INFO] [stdout]    | ^^^^^^^^^^^^^^^^^^^^^^^^^^^^^^^^^^^^^^^^ expected `()`, found `[&str; 8]`
[INFO] [stdout] 
[INFO] [stdout] error: aborting due to 1 previous error
[INFO] [stdout] 
[INFO] [stdout] For more information about this error, try `rustc --explain E0308`.
[INFO] [stdout] Couldn't compile the test.
[INFO] [stdout] ---- src/macros.rs - presets::braille::sand (line 38) stdout ----
[INFO] [stdout] error[E0308]: mismatched types
[INFO] [stdout]   --> src/macros.rs:39:1
[INFO] [stdout]    |
[INFO] [stdout] 38 |   fn main() { #[allow(non_snake_case)] fn _doctest_main_src_macros_rs_38_31() {
[INFO] [stdout]    |                                                                              - help: try adding a return type: `-> [&str; 35]`
[INFO] [stdout] 39 | / ["⠁", "⠂", "⠄", "⡀", "⡈", "⡐", "⡠", "⣀", "⣁", "⣂", "⣄",
[INFO] [stdout] 40 | | "⣌", "⣔", "⣤", "⣥", "⣦", "⣮", "⣶", "⣷", "⣿", "⡿", "⠿",
[INFO] [stdout] 41 | | "⢟", "⠟", "⡛", "⠛", "⠫", "⢋", "⠋", "⠍", "⡉", "⠉", "⠑",
[INFO] [stdout] 42 | | "⠡", "⢁"]
[INFO] [stdout]    | |_________^ expected `()`, found `[&str; 35]`
[INFO] [stdout] 
[INFO] [stdout] error: aborting due to 1 previous error
[INFO] [stdout] 
[INFO] [stdout] For more information about this error, try `rustc --explain E0308`.
[INFO] [stdout] Couldn't compile the test.
[INFO] [stdout] ---- src/macros.rs - presets::braille::orbit (line 38) stdout ----
[INFO] [stdout] error[E0308]: mismatched types
[INFO] [stdout]   --> src/macros.rs:39:1
[INFO] [stdout]    |
[INFO] [stdout] 38 | fn main() { #[allow(non_snake_case)] fn _doctest_main_src_macros_rs_38_42() {
[INFO] [stdout]    |                                                                            - help: try adding a return type: `-> [&str; 8]`
[INFO] [stdout] 39 | ["⠃", "⠉", "⠘", "⠰", "⢠", "⣀", "⡄", "⠆"]
[INFO] [stdout]    | ^^^^^^^^^^^^^^^^^^^^^^^^^^^^^^^^^^^^^^^^ expected `()`, found `[&str; 8]`
[INFO] [stdout] 
[INFO] [stdout] error: aborting due to 1 previous error
[INFO] [stdout] 
[INFO] [stdout] For more information about this error, try `rustc --explain E0308`.
[INFO] [stdout] Couldn't compile the test.
[INFO] [stdout] ---- src/macros.rs - presets::braille::sparkle (line 38) stdout ----
[INFO] [stdout] error[E0308]: mismatched types
[INFO] [stdout]   --> src/macros.rs:39:1
[INFO] [stdout]    |
[INFO] [stdout] 38 |   fn main() { #[allow(non_snake_case)] fn _doctest_main_src_macros_rs_38_39() {
[INFO] [stdout]    |                                                                              - help: try adding a return type: `-> [&str; 6]`
[INFO] [stdout] 39 | / ["⡡⠊⢔⠡", "⠊⡰⡡⡘", "⢔⢅⠈⢢", "⡁⢂⠆⡍",
[INFO] [stdout] 40 | | "⢔⠨⢑⢐", "⠨⡑⡠⠊"]
[INFO] [stdout]    | |_______________^ expected `()`, found `[&str; 6]`
[INFO] [stdout] 
[INFO] [stdout] error: aborting due to 1 previous error
[INFO] [stdout] 
[INFO] [stdout] For more information about this error, try `rustc --explain E0308`.
[INFO] [stdout] Couldn't compile the test.
[INFO] [stdout] ---- src/macros.rs - presets::braille::fillsweep (line 38) stdout ----
[INFO] [stdout] error[E0308]: mismatched types
[INFO] [stdout]   --> src/macros.rs:39:1
[INFO] [stdout]    |
[INFO] [stdout] 38 |   fn main() { #[allow(non_snake_case)] fn _doctest_main_src_macros_rs_38_47() {
[INFO] [stdout]    |                                                                              - help: try adding a return type: `-> [&str; 11]`
[INFO] [stdout] 39 | / ["⣀⣀", "⣤⣤", "⣶⣶", "⣿⣿", "⣿⣿", "⣿⣿", "⣶⣶",
[INFO] [stdout] 40 | | "⣤⣤", "⣀⣀", "⠀⠀", "⠀⠀"]
[INFO] [stdout]    | |_______________________^ expected `()`, found `[&str; 11]`
[INFO] [stdout] 
[INFO] [stdout] error: aborting due to 1 previous error
[INFO] [stdout] 
[INFO] [stdout] For more information about this error, try `rustc --explain E0308`.
[INFO] [stdout] Couldn't compile the test.
[INFO] [stdout] ---- src/macros.rs - presets::braille::pulse (line 38) stdout ----
[INFO] [stdout] error[E0308]: mismatched types
[INFO] [stdout]   --> src/macros.rs:39:1
[INFO] [stdout]    |
[INFO] [stdout] 38 | fn main() { #[allow(non_snake_case)] fn _doctest_main_src_macros_rs_38_37() {
[INFO] [stdout]    |                                                                            - help: try adding a return type: `-> [&str; 5]`
[INFO] [stdout] 39 | ["⠀⠶⠀", "⠰⣿⠆", "⢾⣉⡷", "⣏⠀⣹", "⡁⠀⢈"]
[INFO] [stdout]    | ^^^^^^^^^^^^^^^^^^^^^^^^^^^^^^^^^^^ expected `()`, found `[&str; 5]`
[INFO] [stdout] 
[INFO] [stdout] error: aborting due to 1 previous error
[INFO] [stdout] 
[INFO] [stdout] For more information about this error, try `rustc --explain E0308`.
[INFO] [stdout] Couldn't compile the test.
[INFO] [stdout] ---- src/macros.rs - presets::braille::waverows (line 38) stdout ----
[INFO] [stdout] error[E0308]: mismatched types
[INFO] [stdout]   --> src/macros.rs:39:1
[INFO] [stdout]    |
[INFO] [stdout] 38 |   fn main() { #[allow(non_snake_case)] fn _doctest_main_src_macros_rs_38_44() {
[INFO] [stdout]    |                                                                              - help: try adding a return type: `-> [&str; 16]`
[INFO] [stdout] 39 | / ["⠖⠉⠉⠑", "⡠⠖⠉⠉", "⣠⡠⠖⠉", "⣄⣠⡠⠖",
[INFO] [stdout] 40 | | "⠢⣄⣠⡠", "⠙⠢⣄⣠", "⠉⠙⠢⣄", "⠊⠉⠙⠢",
[INFO] [stdout] 41 | | "⠜⠊⠉⠙", "⡤⠜⠊⠉", "⣀⡤⠜⠊", "⢤⣀⡤⠜",
[INFO] [stdout] 42 | | "⠣⢤⣀⡤", "⠑⠣⢤⣀", "⠉⠑⠣⢤", "⠋⠉⠑⠣"]
[INFO] [stdout]    | |_______________________________^ expected `()`, found `[&str; 16]`
[INFO] [stdout] 
[INFO] [stdout] error: aborting due to 1 previous error
[INFO] [stdout] 
[INFO] [stdout] For more information about this error, try `rustc --explain E0308`.
[INFO] [stdout] Couldn't compile the test.
[INFO] [stdout] ---- src/macros.rs - presets::braille::rain (line 38) stdout ----
[INFO] [stdout] error[E0308]: mismatched types
[INFO] [stdout]   --> src/macros.rs:39:1
[INFO] [stdout]    |
[INFO] [stdout] 38 |   fn main() { #[allow(non_snake_case)] fn _doctest_main_src_macros_rs_38_36() {
[INFO] [stdout]    |                                                                              - help: try adding a return type: `-> [&str; 12]`
[INFO] [stdout] 39 | / ["⢁⠂⠔⠈", "⠂⠌⡠⠐", "⠄⡐⢀⠡", "⡈⠠⠀⢂",
[INFO] [stdout] 40 | | "⠐⢀⠁⠄", "⠠⠁⠊⡀", "⢁⠂⠔⠈", "⠂⠌⡠⠐",
[INFO] [stdout] 41 | | "⠄⡐⢀⠡", "⡈⠠⠀⢂", "⠐⢀⠁⠄", "⠠⠁⠊⡀"]
[INFO] [stdout]    | |_______________________________^ expected `()`, found `[&str; 12]`
[INFO] [stdout] 
[INFO] [stdout] error: aborting due to 1 previous error
[INFO] [stdout] 
[INFO] [stdout] For more information about this error, try `rustc --explain E0308`.
[INFO] [stdout] Couldn't compile the test.
[INFO] [stdout] ---- src/macros.rs - presets::emoji::hearts (line 38) stdout ----
[INFO] [stdout] error[E0308]: mismatched types
[INFO] [stdout]   --> src/macros.rs:39:1
[INFO] [stdout]    |
[INFO] [stdout] 38 |   fn main() { #[allow(non_snake_case)] fn _doctest_main_src_macros_rs_38_50() {
[INFO] [stdout]    |                                                                              - help: try adding a return type: `-> [&str; 11]`
[INFO] [stdout] 39 | / ["🩷", "🧡", "💛", "💚", "💙", "🩵", "💜", "🤎", "🖤",
[INFO] [stdout] 40 | | "🩶", "🤍"]
[INFO] [stdout]    | |___________^ expected `()`, found `[&str; 11]`
[INFO] [stdout] 
[INFO] [stdout] error: aborting due to 1 previous error
[INFO] [stdout] 
[INFO] [stdout] For more information about this error, try `rustc --explain E0308`.
[INFO] [stdout] Couldn't compile the test.
[INFO] [stdout] ---- src/macros.rs - presets::braille::scan (line 38) stdout ----
[INFO] [stdout] error[E0308]: mismatched types
[INFO] [stdout]   --> src/macros.rs:39:1
[INFO] [stdout]    |
[INFO] [stdout] 38 |   fn main() { #[allow(non_snake_case)] fn _doctest_main_src_macros_rs_38_35() {
[INFO] [stdout]    |                                                                              - help: try adding a return type: `-> [&str; 10]`
[INFO] [stdout] 39 | / ["⠀⠀⠀⠀", "⡇⠀⠀⠀", "⣿⠀⠀⠀", "⢸⡇⠀⠀",
[INFO] [stdout] 40 | | "⠀⣿⠀⠀", "⠀⢸⡇⠀", "⠀⠀⣿⠀", "⠀⠀⢸⡇",
[INFO] [stdout] 41 | | "⠀⠀⠀⣿", "⠀⠀⠀⢸"]
[INFO] [stdout]    | |_______________^ expected `()`, found `[&str; 10]`
[INFO] [stdout] 
[INFO] [stdout] error: aborting due to 1 previous error
[INFO] [stdout] 
[INFO] [stdout] For more information about this error, try `rustc --explain E0308`.
[INFO] [stdout] Couldn't compile the test.
[INFO] [stdout] ---- src/macros.rs - presets::braille::wave (line 38) stdout ----
[INFO] [stdout] error[E0308]: mismatched types
[INFO] [stdout]   --> src/macros.rs:39:1
[INFO] [stdout]    |
[INFO] [stdout] 38 |   fn main() { #[allow(non_snake_case)] fn _doctest_main_src_macros_rs_38_34() {
[INFO] [stdout]    |                                                                              - help: try adding a return type: `-> [&str; 8]`
[INFO] [stdout] 39 | / ["⠁⠂⠄⡀", "⠂⠄⡀⢀", "⠄⡀⢀⠠", "⡀⢀⠠⠐",
[INFO] [stdout] 40 | | "⢀⠠⠐⠈", "⠠⠐⠈⠁", "⠐⠈⠁⠂", "⠈⠁⠂⠄"]
[INFO] [stdout]    | |_______________________________^ expected `()`, found `[&str; 8]`
[INFO] [stdout] 
[INFO] [stdout] error: aborting due to 1 previous error
[INFO] [stdout] 
[INFO] [stdout] For more information about this error, try `rustc --explain E0308`.
[INFO] [stdout] Couldn't compile the test.
[INFO] [stdout] ---- src/macros.rs - presets::braille::snake (line 38) stdout ----
[INFO] [stdout] error[E0308]: mismatched types
[INFO] [stdout]   --> src/macros.rs:39:1
[INFO] [stdout]    |
[INFO] [stdout] 38 |   fn main() { #[allow(non_snake_case)] fn _doctest_main_src_macros_rs_38_38() {
[INFO] [stdout]    |                                                                              - help: try adding a return type: `-> [&str; 16]`
[INFO] [stdout] 39 | / ["⣁⡀", "⣉⠀", "⡉⠁", "⠉⠉", "⠈⠙", "⠀⠛", "⠐⠚",
[INFO] [stdout] 40 | | "⠒⠒", "⠖⠂", "⠶⠀", "⠦⠄", "⠤⠤", "⠠⢤", "⠀⣤",
[INFO] [stdout] 41 | | "⢀⣠", "⣀⣀"]
[INFO] [stdout]    | |___________^ expected `()`, found `[&str; 16]`
[INFO] [stdout] 
[INFO] [stdout] error: aborting due to 1 previous error
[INFO] [stdout] 
[INFO] [stdout] For more information about this error, try `rustc --explain E0308`.
[INFO] [stdout] Couldn't compile the test.
[INFO] [stdout] ---- src/macros.rs - presets::emoji::moon (line 38) stdout ----
[INFO] [stdout] error[E0308]: mismatched types
[INFO] [stdout]   --> src/macros.rs:39:1
[INFO] [stdout]    |
[INFO] [stdout] 38 | fn main() { #[allow(non_snake_case)] fn _doctest_main_src_macros_rs_38_53() {
[INFO] [stdout]    |                                                                            - help: try adding a return type: `-> [&str; 8]`
[INFO] [stdout] 39 | ["🌑", "🌒", "🌓", "🌔", "🌕", "🌖", "🌗", "🌘"]
[INFO] [stdout]    | ^^^^^^^^^^^^^^^^^^^^^^^^^^^^^^^^^^^^^^^^^^^^^^^^ expected `()`, found `[&str; 8]`
[INFO] [stdout] 
[INFO] [stdout] error: aborting due to 1 previous error
[INFO] [stdout] 
[INFO] [stdout] For more information about this error, try `rustc --explain E0308`.
[INFO] [stdout] Couldn't compile the test.
[INFO] [stdout] ---- src/macros.rs - presets::emoji::clock (line 38) stdout ----
[INFO] [stdout] error[E0308]: mismatched types
[INFO] [stdout]   --> src/macros.rs:39:1
[INFO] [stdout]    |
[INFO] [stdout] 38 |   fn main() { #[allow(non_snake_case)] fn _doctest_main_src_macros_rs_38_51() {
[INFO] [stdout]    |                                                                              - help: try adding a return type: `-> [&str; 12]`
[INFO] [stdout] 39 | / ["🕛", "🕐", "🕑", "🕒", "🕓", "🕔", "🕕", "🕖", "🕗",
[INFO] [stdout] 40 | | "🕘", "🕙", "🕚"]
[INFO] [stdout]    | |_________________^ expected `()`, found `[&str; 12]`
[INFO] [stdout] 
[INFO] [stdout] error: aborting due to 1 previous error
[INFO] [stdout] 
[INFO] [stdout] For more information about this error, try `rustc --explain E0308`.
[INFO] [stdout] Couldn't compile the test.
[INFO] [stdout] ---- src/macros.rs - presets::emoji::earth (line 38) stdout ----
[INFO] [stdout] error[E0308]: mismatched types
[INFO] [stdout]   --> src/macros.rs:39:1
[INFO] [stdout]    |
[INFO] [stdout] 38 | fn main() { #[allow(non_snake_case)] fn _doctest_main_src_macros_rs_38_52() {
[INFO] [stdout]    |                                                                            - help: try adding a return type: `-> [&str; 3]`
[INFO] [stdout] 39 | ["🌍", "🌎", "🌏"]
[INFO] [stdout]    | ^^^^^^^^^^^^^^^^^^ expected `()`, found `[&str; 3]`
[INFO] [stdout] 
[INFO] [stdout] error: aborting due to 1 previous error
[INFO] [stdout] 
[INFO] [stdout] For more information about this error, try `rustc --explain E0308`.
[INFO] [stdout] Couldn't compile the test.
[INFO] [stdout] ---- src/macros.rs - presets::emoji::speaker (line 38) stdout ----
[INFO] [stdout] error[E0308]: mismatched types
[INFO] [stdout]   --> src/macros.rs:39:1
[INFO] [stdout]    |
[INFO] [stdout] 38 | fn main() { #[allow(non_snake_case)] fn _doctest_main_src_macros_rs_38_54() {
[INFO] [stdout]    |                                                                            - help: try adding a return type: `-> [&str; 4]`
[INFO] [stdout] 39 | ["🔈", "🔉", "🔊", "🔉"]
[INFO] [stdout]    | ^^^^^^^^^^^^^^^^^^^^^^^^ expected `()`, found `[&str; 4]`
[INFO] [stdout] 
[INFO] [stdout] error: aborting due to 1 previous error
[INFO] [stdout] 
[INFO] [stdout] For more information about this error, try `rustc --explain E0308`.
[INFO] [stdout] Couldn't compile the test.
[INFO] [stdout] ---- src/macros.rs - presets::emoji::weather (line 38) stdout ----
[INFO] [stdout] error[E0308]: mismatched types
[INFO] [stdout]   --> src/macros.rs:39:1
[INFO] [stdout]    |
[INFO] [stdout] 38 | fn main() { #[allow(non_snake_case)] fn _doctest_main_src_macros_rs_38_55() {
[INFO] [stdout]    |                                                                            - help: try adding a return type: `-> [&str; 8]`
[INFO] [stdout] 39 | ["☀️", "🌤", "⛅️", "🌥", "☁️", "🌧", "🌨", "⛈"]
[INFO] [stdout]    | ^^^^^^^^^^^^^^^^^^^^^^^^^^^^^^^^^^^^^^^^^ expected `()`, found `[&str; 8]`
[INFO] [stdout] 
[INFO] [stdout] error: aborting due to 1 previous error
[INFO] [stdout] 
[INFO] [stdout] For more information about this error, try `rustc --explain E0308`.
[INFO] [stdout] Couldn't compile the test.
[INFO] [stdout] 
[INFO] [stdout] failures:
[INFO] [stdout]     src/macros.rs - presets::arrows::arrow (line 38)
[INFO] [stdout]     src/macros.rs - presets::arrows::double_arrow (line 38)
[INFO] [stdout]     src/macros.rs - presets::ascii::arc (line 38)
[INFO] [stdout]     src/macros.rs - presets::ascii::balloon (line 38)
[INFO] [stdout]     src/macros.rs - presets::ascii::circle_halves (line 38)
[INFO] [stdout]     src/macros.rs - presets::ascii::circle_quarters (line 38)
[INFO] [stdout]     src/macros.rs - presets::ascii::dqpb (line 38)
[INFO] [stdout]     src/macros.rs - presets::ascii::grow_horizontal (line 38)
[INFO] [stdout]     src/macros.rs - presets::ascii::grow_vertical (line 38)
[INFO] [stdout]     src/macros.rs - presets::ascii::noise (line 38)
[INFO] [stdout]     src/macros.rs - presets::ascii::point (line 38)
[INFO] [stdout]     src/macros.rs - presets::ascii::rolling_line (line 38)
[INFO] [stdout]     src/macros.rs - presets::ascii::simple_dots (line 38)
[INFO] [stdout]     src/macros.rs - presets::ascii::simple_dots_scrolling (line 38)
[INFO] [stdout]     src/macros.rs - presets::ascii::square_corners (line 38)
[INFO] [stdout]     src/macros.rs - presets::ascii::toggle (line 38)
[INFO] [stdout]     src/macros.rs - presets::ascii::triangle (line 38)
[INFO] [stdout]     src/macros.rs - presets::braille::bounce (line 38)
[INFO] [stdout]     src/macros.rs - presets::braille::breathe (line 38)
[INFO] [stdout]     src/macros.rs - presets::braille::cascade (line 38)
[INFO] [stdout]     src/macros.rs - presets::braille::checkerboard (line 38)
[INFO] [stdout]     src/macros.rs - presets::braille::columns (line 38)
[INFO] [stdout]     src/macros.rs - presets::braille::diagswipe (line 38)
[INFO] [stdout]     src/macros.rs - presets::braille::dots (line 38)
[INFO] [stdout]     src/macros.rs - presets::braille::dots10 (line 38)
[INFO] [stdout]     src/macros.rs - presets::braille::dots11 (line 38)
[INFO] [stdout]     src/macros.rs - presets::braille::dots12 (line 38)
[INFO] [stdout]     src/macros.rs - presets::braille::dots13 (line 38)
[INFO] [stdout]     src/macros.rs - presets::braille::dots14 (line 38)
[INFO] [stdout]     src/macros.rs - presets::braille::dots2 (line 38)
[INFO] [stdout]     src/macros.rs - presets::braille::dots3 (line 38)
[INFO] [stdout]     src/macros.rs - presets::braille::dots4 (line 38)
[INFO] [stdout]     src/macros.rs - presets::braille::dots5 (line 38)
[INFO] [stdout]     src/macros.rs - presets::braille::dots6 (line 38)
[INFO] [stdout]     src/macros.rs - presets::braille::dots7 (line 38)
[INFO] [stdout]     src/macros.rs - presets::braille::dots8 (line 38)
[INFO] [stdout]     src/macros.rs - presets::braille::dots9 (line 38)
[INFO] [stdout]     src/macros.rs - presets::braille::dots_circle (line 38)
[INFO] [stdout]     src/macros.rs - presets::braille::fillsweep (line 38)
[INFO] [stdout]     src/macros.rs - presets::braille::helix (line 38)
[INFO] [stdout]     src/macros.rs - presets::braille::infinity (line 38)
[INFO] [stdout]     src/macros.rs - presets::braille::orbit (line 38)
[INFO] [stdout]     src/macros.rs - presets::braille::pulse (line 38)
[INFO] [stdout]     src/macros.rs - presets::braille::rain (line 38)
[INFO] [stdout]     src/macros.rs - presets::braille::sand (line 38)
[INFO] [stdout]     src/macros.rs - presets::braille::scan (line 38)
[INFO] [stdout]     src/macros.rs - presets::braille::snake (line 38)
[INFO] [stdout]     src/macros.rs - presets::braille::sparkle (line 38)
[INFO] [stdout]     src/macros.rs - presets::braille::wave (line 38)
[INFO] [stdout]     src/macros.rs - presets::braille::waverows (line 38)
[INFO] [stdout]     src/macros.rs - presets::emoji::clock (line 38)
[INFO] [stdout]     src/macros.rs - presets::emoji::earth (line 38)
[INFO] [stdout]     src/macros.rs - presets::emoji::hearts (line 38)
[INFO] [stdout]     src/macros.rs - presets::emoji::moon (line 38)
[INFO] [stdout]     src/macros.rs - presets::emoji::speaker (line 38)
[INFO] [stdout]     src/macros.rs - presets::emoji::weather (line 38)
[INFO] [stdout] 
[INFO] [stdout] test result: FAILED. 0 passed; 56 failed; 0 ignored; 0 measured; 0 filtered out; finished in 1.87s
[INFO] [stdout] 
[INFO] [stdout] all doctests ran in 1.97s; merged doctests compilation took 0.09s
[INFO] [stderr] error: doctest failed, to rerun pass `--doc`
[INFO] running `Command { std: "docker" "inspect" "5130c375be7c761bdebfa887d9d7fc47eb08d594bb0f336e046c8e6e21f3eb5e", kill_on_drop: false }`
[INFO] running `Command { std: "docker" "rm" "-f" "5130c375be7c761bdebfa887d9d7fc47eb08d594bb0f336e046c8e6e21f3eb5e", kill_on_drop: false }`
[INFO] [stdout] 5130c375be7c761bdebfa887d9d7fc47eb08d594bb0f336e046c8e6e21f3eb5e
