[INFO] fetching crate raoh 0.1.0...
[INFO] testing raoh-0.1.0 against 1.99.0-beta.8 for beta-1.100-2
[INFO] extracting crate raoh 0.1.0 into /workspace/builds/worker-4-tc1/source
[INFO] started tweaking crates.io crate raoh 0.1.0
[INFO] removed 0 missing tests
[INFO] finished tweaking crates.io crate raoh 0.1.0
[INFO] tweaked toml for crates.io crate raoh 0.1.0 written to /workspace/builds/worker-4-tc1/source/Cargo.toml
[INFO] validating manifest of crates.io crate raoh 0.1.0 on toolchain 1.99.0-beta.8
[INFO] running `Command { std: CARGO_HOME="/workspace/cargo-home" RUSTUP_HOME="/workspace/rustup-home" "/workspace/cargo-home/bin/cargo" "+1.99.0-beta.8" "metadata" "--manifest-path" "Cargo.toml" "--no-deps", kill_on_drop: false }`
[INFO] crate crates.io crate raoh 0.1.0 already has a lockfile, it will not be regenerated
[INFO] running `Command { std: CARGO_HOME="/workspace/cargo-home" RUSTUP_HOME="/workspace/rustup-home" "/workspace/cargo-home/bin/cargo" "+1.99.0-beta.8" "fetch" "--manifest-path" "Cargo.toml", kill_on_drop: false }`
[INFO] [stderr]     Updating crates.io index
[INFO] [stderr]  Downloading crates ...
[INFO] [stderr]   Downloaded target-triple v1.0.1
[INFO] [stderr]   Downloaded trybuild v1.0.119
[INFO] [stderr]   Downloaded yoke-derive v0.8.3
[INFO] [stderr]   Downloaded zerocopy-derive v0.8.59
[INFO] [stderr]   Downloaded proptest v1.11.0
[INFO] [stderr]   Downloaded zerocopy v0.8.59
[INFO] running `Command { std: "docker" "create" "-v" "/var/lib/crater-agent-workspace/builds/worker-4-tc1/source:/opt/rustwide/workdir:ro,Z" "-v" "/var/lib/crater-agent-workspace/builds/worker-4-tc1/target:/opt/rustwide/target:rw,Z" "-v" "/var/lib/crater-agent-workspace/cargo-home:/opt/rustwide/cargo-home:ro,Z" "-v" "/var/lib/crater-agent-workspace/rustup-home:/opt/rustwide/rustup-home:ro,Z" "-m" "1610612736" "--network" "none" "ghcr.io/rust-lang/crates-build-env/linux@sha256:3111399a4047eeb3a02b7a90e478d715f38a8c6669b5c4b49d30a17385265909" "sleep" "infinity", kill_on_drop: false }`
[INFO] [stdout] 5f93750d5606f69dbc23f60e6bd5227e5b1948ad7fd0709d09a3274b4278ac2e
[INFO] running `Command { std: "docker" "start" "5f93750d5606f69dbc23f60e6bd5227e5b1948ad7fd0709d09a3274b4278ac2e", kill_on_drop: false }`
[INFO] running `Command { std: "docker" "inspect" "5f93750d5606f69dbc23f60e6bd5227e5b1948ad7fd0709d09a3274b4278ac2e", kill_on_drop: false }`
[INFO] running `Command { std: "docker" "exec" "-e" "SOURCE_DIR=/opt/rustwide/workdir" "-e" "CARGO_HOME=/opt/rustwide/cargo-home" "-e" "RUSTUP_HOME=/opt/rustwide/rustup-home" "-e" "CARGO_TARGET_DIR=/opt/rustwide/target" "-w" "/opt/rustwide/workdir" "--user" "0:0" "5f93750d5606f69dbc23f60e6bd5227e5b1948ad7fd0709d09a3274b4278ac2e" "/opt/rustwide/cargo-home/bin/cargo" "+1.99.0-beta.8" "metadata" "--no-deps" "--format-version=1", kill_on_drop: false }`
[INFO] running `Command { std: "docker" "inspect" "5f93750d5606f69dbc23f60e6bd5227e5b1948ad7fd0709d09a3274b4278ac2e", kill_on_drop: false }`
[INFO] running `Command { std: "docker" "exec" "-e" "SOURCE_DIR=/opt/rustwide/workdir" "-e" "CARGO_HOME=/opt/rustwide/cargo-home" "-e" "RUSTUP_HOME=/opt/rustwide/rustup-home" "-e" "CARGO_TARGET_DIR=/opt/rustwide/target" "-e" "CARGO_INCREMENTAL=0" "-e" "RUST_BACKTRACE=full" "-e" "RUSTFLAGS=--cap-lints=warn" "-e" "RUSTDOCFLAGS=--cap-lints=warn" "-w" "/opt/rustwide/workdir" "--user" "0:0" "5f93750d5606f69dbc23f60e6bd5227e5b1948ad7fd0709d09a3274b4278ac2e" "/opt/rustwide/cargo-home/bin/cargo" "+1.99.0-beta.8" "build" "--frozen" "--message-format=json", kill_on_drop: false }`
[INFO] [stderr]    Compiling serde v1.0.229
[INFO] [stderr]    Compiling serde_json v1.0.151
[INFO] [stderr]    Compiling indexmap v2.14.2
[INFO] [stderr]    Compiling raoh v0.1.0 (/opt/rustwide/workdir)
[INFO] [stderr]     Finished `dev` profile [unoptimized + debuginfo] target(s) in 5.06s
[INFO] running `Command { std: "docker" "inspect" "5f93750d5606f69dbc23f60e6bd5227e5b1948ad7fd0709d09a3274b4278ac2e", kill_on_drop: false }`
[INFO] running `Command { std: "docker" "exec" "-e" "SOURCE_DIR=/opt/rustwide/workdir" "-e" "CARGO_HOME=/opt/rustwide/cargo-home" "-e" "RUSTUP_HOME=/opt/rustwide/rustup-home" "-e" "CARGO_TARGET_DIR=/opt/rustwide/target" "-e" "CARGO_INCREMENTAL=0" "-e" "RUST_BACKTRACE=full" "-e" "RUSTFLAGS=--cap-lints=warn" "-e" "RUSTDOCFLAGS=--cap-lints=warn" "-w" "/opt/rustwide/workdir" "--user" "0:0" "5f93750d5606f69dbc23f60e6bd5227e5b1948ad7fd0709d09a3274b4278ac2e" "/opt/rustwide/cargo-home/bin/cargo" "+1.99.0-beta.8" "test" "--frozen" "--no-run" "--message-format=json", kill_on_drop: false }`
[INFO] [stderr]    Compiling libc v0.2.189
[INFO] [stderr]    Compiling proc-macro2 v1.0.107
[INFO] [stderr]    Compiling rustix v1.1.5
[INFO] [stderr]    Compiling zerocopy v0.8.59
[INFO] [stderr]    Compiling quote v1.0.47
[INFO] [stderr]    Compiling serde_json v1.0.151
[INFO] [stderr]    Compiling linux-raw-sys v0.12.1
[INFO] [stderr]    Compiling bitflags v2.13.2
[INFO] [stderr]    Compiling num-traits v0.2.19
[INFO] [stderr]    Compiling indexmap v2.14.2
[INFO] [stderr]    Compiling fastrand v2.5.0
[INFO] [stderr]    Compiling winnow v1.0.4
[INFO] [stderr]    Compiling once_cell v1.21.4
[INFO] [stderr]    Compiling target-triple v1.0.1
[INFO] [stderr]    Compiling serde v1.0.229
[INFO] [stderr]    Compiling toml_datetime v1.1.1+spec-1.1.0
[INFO] [stderr]    Compiling toml_parser v1.1.3+spec-1.1.0
[INFO] [stderr]    Compiling serde_spanned v1.1.1
[INFO] [stderr]    Compiling syn v3.0.6
[INFO] [stderr]    Compiling toml_writer v1.1.2+spec-1.1.0
[INFO] [stderr]    Compiling toml v1.1.6+spec-1.1.0
[INFO] [stderr]    Compiling getrandom v0.3.4
[INFO] [stderr]    Compiling rand_core v0.9.5
[INFO] [stderr]    Compiling getrandom v0.4.3
[INFO] [stderr]    Compiling wait-timeout v0.2.1
[INFO] [stderr]    Compiling rand_xorshift v0.4.0
[INFO] [stderr]    Compiling rand v0.9.5
[INFO] [stderr]    Compiling regex-syntax v0.8.11
[INFO] [stderr]    Compiling termcolor v1.4.1
[INFO] [stderr]    Compiling glob v0.3.4
[INFO] [stderr]    Compiling tempfile v3.27.0
[INFO] [stderr]    Compiling raoh v0.1.0 (/opt/rustwide/workdir)
[INFO] [stderr]    Compiling rusty-fork v0.3.1
[INFO] [stderr]    Compiling serde_derive v1.0.229
[INFO] [stderr]    Compiling trybuild v1.0.119
[INFO] [stderr]    Compiling ppv-lite86 v0.2.21
[INFO] [stderr]    Compiling rand_chacha v0.9.0
[INFO] [stderr]    Compiling proptest v1.11.0
[INFO] [stderr]     Finished `test` profile [unoptimized + debuginfo] target(s) in 43.01s
[INFO] running `Command { std: "docker" "inspect" "5f93750d5606f69dbc23f60e6bd5227e5b1948ad7fd0709d09a3274b4278ac2e", kill_on_drop: false }`
[INFO] running `Command { std: "docker" "exec" "-e" "SOURCE_DIR=/opt/rustwide/workdir" "-e" "CARGO_HOME=/opt/rustwide/cargo-home" "-e" "RUSTUP_HOME=/opt/rustwide/rustup-home" "-e" "CARGO_TARGET_DIR=/opt/rustwide/target" "-e" "CARGO_INCREMENTAL=0" "-e" "RUST_BACKTRACE=full" "-e" "RUSTFLAGS=--cap-lints=warn" "-e" "RUSTDOCFLAGS=--cap-lints=warn" "-w" "/opt/rustwide/workdir" "--user" "0:0" "5f93750d5606f69dbc23f60e6bd5227e5b1948ad7fd0709d09a3274b4278ac2e" "/opt/rustwide/cargo-home/bin/cargo" "+1.99.0-beta.8" "test" "--frozen", kill_on_drop: false }`
[INFO] [stderr]     Finished `test` profile [unoptimized + debuginfo] target(s) in 0.13s
[INFO] [stderr]      Running unittests src/lib.rs (/opt/rustwide/target/debug/deps/raoh-1f4910057025079d)
[INFO] [stdout] 
[INFO] [stdout] running 62 tests
[INFO] [stdout] test java::tests::doubles_are_written_as_java_writes_them ... ok
[INFO] [stdout] test java::tests::properties_follow_properties_load ... ok
[INFO] [stdout] test issue::tests::rebase_puts_the_prefix_before_the_issue_path ... ok
[INFO] [stdout] test json::choice::tests::a_missing_tag_is_required_and_a_non_object_is_rejected_once ... ok
[INFO] [stdout] test json::choice::tests::an_unknown_tag_is_not_allowed_at_the_tag_path ... ok
[INFO] [stdout] test issue::tests::a_code_no_catalogue_knows_says_which_code_it_is ... ok
[INFO] [stdout] test issue::tests::flatten_keeps_the_order_paths_were_first_seen ... ok
[INFO] [stdout] test json::choice::tests::the_tag_picks_the_variant ... ok
[INFO] [stdout] test issue::tests::serialize_is_the_same_as_to_json ... ok
[INFO] [stdout] test json::dict::tests::members_keep_the_order_of_the_value ... ok
[INFO] [stdout] test json::ext::tests::every_element_issue_is_reported_under_its_index ... ok
[INFO] [stdout] test issue::tests::a_custom_message_is_kept_in_every_language ... ok
[INFO] [stdout] test java::tests::a_malformed_unicode_escape_is_an_error ... ok
[INFO] [stdout] test json::ip::tests::a_zone_is_taken_only_below_global_scope ... ok
[INFO] [stdout] test json::choice::tests::enum_names_fold_ascii_case_only ... ok
[INFO] [stdout] test json::ext::tests::non_empty_uses_its_own_message_key ... ok
[INFO] [stdout] test json::ip::tests::ipv6_follows_the_rfc_4291_text_form ... ok
[INFO] [stdout] test json::ext::tests::nullable_accepts_null_but_not_missing ... ok
[INFO] [stdout] test json::choice::tests::literal_requires_the_exact_string ... ok
[INFO] [stdout] test json::ip::tests::ipv4_rejects_leading_zeros_and_large_octets ... ok
[INFO] [stdout] test json::number::tests::a_number_that_is_not_an_integer_names_what_it_is ... ok
[INFO] [stdout] test json::number::tests::multiple_of_does_not_overflow ... ok
[INFO] [stdout] test json::number::tests::f64_bounds_are_written_as_java_writes_doubles ... ok
[INFO] [stdout] test json::number::tests::range_reports_both_bounds ... ok
[INFO] [stdout] test json::number::tests::an_integer_the_type_cannot_hold_is_outside_its_range ... ok
[INFO] [stdout] test json::number::tests::negative_zero_text_is_the_integer_zero ... ok
[INFO] [stdout] test json::object::tests::a_non_object_is_one_issue_at_the_object_path ... ok
[INFO] [stdout] test json::object::tests::keys_holding_slash_and_tilde_are_escaped ... ok
[INFO] [stdout] test json::object::tests::nested_paths_join ... ok
[INFO] [stdout] test json::object::tests::optional_and_presence_fields_do_not_accept_a_non_object ... ok
[INFO] [stdout] test json::object::tests::optional_field_gives_none_when_missing_and_requires_non_null ... ok
[INFO] [stdout] test json::object::tests::presence_field_tells_the_three_apart ... ok
[INFO] [stdout] test json::string::tests::a_message_goes_to_the_latest_constraint_past_transformations ... ok
[INFO] [stdout] test json::object::tests::strict_reports_every_unknown_member_after_the_fields_issues ... ok
[INFO] [stdout] test json::string::tests::format_issues_name_the_check_in_their_key ... ok
[INFO] [stdout] test json::string::tests::length_counts_code_points ... ok
[INFO] [stdout] test json::number::tests::signed_positive_and_negative_bounds_follow_java ... ok
[INFO] [stdout] test json::string::tests::email_follows_the_java_pattern ... ok
[INFO] [stdout] test json::string::tests::missing_and_null_are_required_and_other_types_mismatch ... ok
[INFO] [stdout] test json::object::tests::a_missing_field_is_required_at_its_path ... ok
[INFO] [stdout] test json::string::tests::one_of_sorts_by_code_point ... ok
[INFO] [stdout] test json::string::tests::trim_and_non_blank_share_unicode_white_space ... ok
[INFO] [stdout] test message::tests::a_closure_is_a_resolver ... ok
[INFO] [stdout] test message::tests::a_refined_key_falls_back_to_its_code_in_a_java_catalogue ... ok
[INFO] [stdout] test message::tests::a_template_missing_a_meta_entry_falls_back_to_the_code ... ok
[INFO] [stdout] test message::tests::a_partial_translation_wins_over_a_refined_key_beneath_it ... ok
[INFO] [stdout] test message::tests::an_unfillable_template_gives_way_to_the_same_key_beneath_it ... ok
[INFO] [stdout] test json::string::tests::the_first_failing_constraint_is_reported ... ok
[INFO] [stdout] test message::tests::escaped_catalogues_read_as_java_reads_them ... ok
[INFO] [stdout] test message::tests::falling_back_goes_beneath_every_layer_there_is ... ok
[INFO] [stdout] test message::tests::lists_and_fractions_are_written_as_java_writes_them ... ok
[INFO] [stdout] test message::tests::the_message_key_is_looked_up_before_the_code ... ok
[INFO] [stdout] test path::tests::an_empty_key_is_one_segment ... ok
[INFO] [stdout] test message::tests::the_catalogues_cover_every_code_and_message_key ... ok
[INFO] [stdout] test json::ext::tests::unique_reports_each_duplicate_once ... ok
[INFO] [stdout] test path::tests::keys_and_indices_are_written_in_order ... ok
[INFO] [stdout] test path::tests::prefixed_puts_the_prefix_first ... ok
[INFO] [stdout] test path::tests::root_is_the_empty_pointer ... ok
[INFO] [stdout] test path::tests::tilde_and_slash_are_escaped ... ok
[INFO] [stdout] test json::choice::tests::enum_names_equal_under_folding_panic - should panic ... ok
[INFO] [stdout] test json::choice::tests::duplicate_tags_panic - should panic ... ok
[INFO] [stdout] test path::tests::a_written_pointer_reads_back_to_its_segments ... ok
[INFO] [stdout] 
[INFO] [stdout] test result: ok. 62 passed; 0 failed; 0 ignored; 0 measured; 0 filtered out; finished in 0.10s
[INFO] [stdout] 
[INFO] [stderr]      Running tests/combinators.rs (/opt/rustwide/target/debug/deps/combinators-ced57b808f676352)
[INFO] [stdout] 
[INFO] [stdout] running 12 tests
[INFO] [stdout] test from_str_reports_text_that_is_not_json ... ok
[INFO] [stdout] test and_then_moves_its_issues_to_where_the_decoder_is_exactly_once ... ok
[INFO] [stdout] test pipe_hands_the_output_on_at_the_same_path ... ok
[INFO] [stdout] test recover_covers_every_failure ... ok
[INFO] [stdout] test refine_reports_its_message_as_a_custom_one ... ok
[INFO] [stdout] test and_then_runs_only_once_the_parts_decode ... ok
[INFO] [stdout] test a_bare_tuple_is_a_decoder_too ... ok
[INFO] [stdout] test with_default_covers_only_missing_or_null ... ok
[INFO] [stdout] test a_tuple_reports_the_issues_of_every_part_in_the_order_written ... ok
[INFO] [stdout] test a_boxed_decoder_is_shared_across_threads ... ok
[INFO] [stdout] test one_of_lists_each_candidate_issues ... ok
[INFO] [stdout] test lazy_decodes_input_as_deep_as_serde_json_reads ... ok
[INFO] [stdout] 
[INFO] [stdout] test result: ok. 12 passed; 0 failed; 0 ignored; 0 measured; 0 filtered out; finished in 0.01s
[INFO] [stdout] 
[INFO] [stderr]      Running tests/compat.rs (/opt/rustwide/target/debug/deps/compat-77f47dfb48e7bd7c)
[INFO] [stdout] 
[INFO] [stdout] running 2 tests
[INFO] [stdout] test the_catalogues_hold_raoh_for_javas_templates ... ok
[INFO] [stdout] test every_case_gives_what_raoh_for_java_gives ... ok
[INFO] [stdout] 
[INFO] [stdout] test result: ok. 2 passed; 0 failed; 0 ignored; 0 measured; 0 filtered out; finished in 0.05s
[INFO] [stdout] 
[INFO] [stderr]      Running tests/trybuild.rs (/opt/rustwide/target/debug/deps/trybuild-88d34ff03808812a)
[INFO] [stdout] 
[INFO] [stdout] running 1 test
[INFO] [stderr]    Compiling libc v0.2.189
[INFO] [stderr]     Checking cfg-if v1.0.5
[INFO] [stderr]    Compiling getrandom v0.3.4
[INFO] [stderr]    Compiling serde_core v1.0.229
[INFO] [stderr]    Compiling zerocopy v0.8.59
[INFO] [stderr]    Compiling getrandom v0.4.3
[INFO] [stderr]    Compiling rustix v1.1.5
[INFO] [stderr]    Compiling zmij v1.0.23
[INFO] [stderr]     Checking bitflags v2.13.2
[INFO] [stderr]     Checking linux-raw-sys v0.12.1
[INFO] [stderr]    Compiling autocfg v1.5.1
[INFO] [stderr]    Compiling serde_json v1.0.151
[INFO] [stderr]    Compiling serde v1.0.229
[INFO] [stderr]     Checking fastrand v2.5.0
[INFO] [stderr]     Checking once_cell v1.21.4
[INFO] [stderr]     Checking hashbrown v0.17.1
[INFO] [stderr]     Checking equivalent v1.0.2
[INFO] [stderr]     Checking bit-vec v0.8.0
[INFO] [stderr]     Checking memchr v2.8.3
[INFO] [stderr]     Checking itoa v1.0.18
[INFO] [stderr]     Checking quick-error v1.2.3
[INFO] [stderr]     Checking fnv v1.0.7
[INFO] [stderr]     Checking bit-set v0.8.0
[INFO] [stderr]     Checking unarray v0.1.4
[INFO] [stderr]     Checking regex-syntax v0.8.11
[INFO] [stderr]    Compiling num-traits v0.2.19
[INFO] [stderr]     Checking wait-timeout v0.2.1
[INFO] [stderr]     Checking rand_core v0.9.5
[INFO] [stderr]     Checking rand v0.9.5
[INFO] [stderr]     Checking rand_xorshift v0.4.0
[INFO] [stderr]     Checking tempfile v3.27.0
[INFO] [stderr]     Checking rusty-fork v0.3.1
[INFO] [stderr]     Checking indexmap v2.14.2
[INFO] [stderr]     Checking raoh v0.1.0 (/opt/rustwide/workdir)
[INFO] [stderr]     Checking ppv-lite86 v0.2.21
[INFO] [stderr]     Checking rand_chacha v0.9.0
[INFO] [stderr]     Checking proptest v1.11.0
[INFO] [stderr]     Checking raoh-tests v0.0.0 (/opt/rustwide/target/tests/trybuild/raoh)
[INFO] [stderr]     Finished `dev` profile [unoptimized + debuginfo] target(s) in 20.89s
[INFO] [stderr] 
[INFO] [stderr] 
[INFO] [stderr] test tests/ui/alternatives_is_sealed.rs ... mismatch
[INFO] [stderr] 
[INFO] [stderr] EXPECTED:
[INFO] [stderr] ┈┈┈┈┈┈┈┈┈┈┈┈┈┈┈┈┈┈┈┈┈┈┈┈┈┈┈┈┈┈┈┈┈┈┈┈┈┈┈┈┈┈┈┈┈┈┈┈┈┈┈┈┈┈┈┈┈┈┈┈
[INFO] [stderr] error[E0277]: the trait bound `Anything: combinator::one_of::sealed::Sealed<raoh::json::prelude::Value>` is not satisfied
[INFO] [stderr]  --> tests/ui/alternatives_is_sealed.rs:7:30
[INFO] [stderr]   |
[INFO] [stderr] 7 | impl Alternatives<Value> for Anything {
[INFO] [stderr]   |                              ^^^^^^^^ unsatisfied trait bound
[INFO] [stderr]   |
[INFO] [stderr] help: the trait `combinator::one_of::sealed::Sealed<raoh::json::prelude::Value>` is not implemented for `Anything`
[INFO] [stderr]  --> tests/ui/alternatives_is_sealed.rs:5:1
[INFO] [stderr]   |
[INFO] [stderr] 5 | struct Anything;
[INFO] [stderr]   | ^^^^^^^^^^^^^^^
[INFO] [stderr]   = help: the following other types implement trait `combinator::one_of::sealed::Sealed<I>`:
[INFO] [stderr]             (A, B)
[INFO] [stderr]             (A, B, C)
[INFO] [stderr]             (A, B, C, D)
[INFO] [stderr]             (A, B, C, D, E)
[INFO] [stderr]             (A, B, C, D, E, F)
[INFO] [stderr]             (A, B, C, D, E, F, G)
[INFO] [stderr]             (A, B, C, D, E, F, G, H)
[INFO] [stderr]             (A, B, C, D, E, F, G, H, J)
[INFO] [stderr]           and $N others
[INFO] [stderr] note: required by a bound in `Alternatives`
[INFO] [stderr]  --> src/combinator/one_of.rs
[INFO] [stderr]   |
[INFO] [stderr]   | pub trait Alternatives<I: ?Sized>: sealed::Sealed<I> {
[INFO] [stderr]   |                                    ^^^^^^^^^^^^^^^^^ required by this bound in `Alternatives`
[INFO] [stderr]   = note: `Alternatives` is a "sealed trait", because to implement it you also need to implement `raoh::combinator::one_of::sealed::Sealed`, which is not accessible; this is usually done to force you to use one of the provided types that already implement it
[INFO] [stderr]   = help: the following types implement the trait:
[INFO] [stderr]             (A,)
[INFO] [stderr]             (A, B)
[INFO] [stderr]             (A, B, C)
[INFO] [stderr]             (A, B, C, D)
[INFO] [stderr]             (A, B, C, D, E)
[INFO] [stderr]             (A, B, C, D, E, F)
[INFO] [stderr]             (A, B, C, D, E, F, G)
[INFO] [stderr]             (A, B, C, D, E, F, G, H)
[INFO] [stderr]           and $N others
[INFO] [stderr] ┈┈┈┈┈┈┈┈┈┈┈┈┈┈┈┈┈┈┈┈┈┈┈┈┈┈┈┈┈┈┈┈┈┈┈┈┈┈┈┈┈┈┈┈┈┈┈┈┈┈┈┈┈┈┈┈┈┈┈┈
[INFO] [stderr] 
[INFO] [stderr] ACTUAL OUTPUT:
[INFO] [stderr] ┈┈┈┈┈┈┈┈┈┈┈┈┈┈┈┈┈┈┈┈┈┈┈┈┈┈┈┈┈┈┈┈┈┈┈┈┈┈┈┈┈┈┈┈┈┈┈┈┈┈┈┈┈┈┈┈┈┈┈┈
[INFO] [stderr] error[E0277]: the trait bound `Anything: combinator::one_of::sealed::Sealed<raoh::json::prelude::Value>` is not satisfied
[INFO] [stderr]  --> tests/ui/alternatives_is_sealed.rs:7:30
[INFO] [stderr]   |
[INFO] [stderr] 7 | impl Alternatives<Value> for Anything {
[INFO] [stderr]   |                              ^^^^^^^^ unsatisfied trait bound
[INFO] [stderr]   |
[INFO] [stderr] help: the trait `combinator::one_of::sealed::Sealed<raoh::json::prelude::Value>` is not implemented for `Anything`
[INFO] [stderr]  --> tests/ui/alternatives_is_sealed.rs:5:1
[INFO] [stderr]   |
[INFO] [stderr] 5 | struct Anything;
[INFO] [stderr]   | ^^^^^^^^^^^^^^^
[INFO] [stderr]   = help: the following other types implement trait `combinator::one_of::sealed::Sealed<I>`:
[INFO] [stderr]             (T₁, T₂, …, Tₙ) for tuples of arity 1 up to and including 16
[INFO] [stderr] note: required by a bound in `Alternatives`
[INFO] [stderr]  --> src/combinator/one_of.rs
[INFO] [stderr]   |
[INFO] [stderr]   | pub trait Alternatives<I: ?Sized>: sealed::Sealed<I> {
[INFO] [stderr]   |                                    ^^^^^^^^^^^^^^^^^ required by this bound in `Alternatives`
[INFO] [stderr]   = note: `Alternatives` is a "sealed trait", because to implement it you also need to implement `raoh::combinator::one_of::sealed::Sealed`, which is not accessible; this is usually done to force you to use one of the provided types that already implement it
[INFO] [stderr]   = help: the following types implement the trait:
[INFO] [stderr]             (A,)
[INFO] [stderr]             (A, B)
[INFO] [stderr]             (A, B, C)
[INFO] [stderr]             (A, B, C, D)
[INFO] [stderr]             (A, B, C, D, E)
[INFO] [stderr]             (A, B, C, D, E, F)
[INFO] [stderr]             (A, B, C, D, E, F, G)
[INFO] [stderr]             (A, B, C, D, E, F, G, H)
[INFO] [stderr]           and $N others
[INFO] [stderr] ┈┈┈┈┈┈┈┈┈┈┈┈┈┈┈┈┈┈┈┈┈┈┈┈┈┈┈┈┈┈┈┈┈┈┈┈┈┈┈┈┈┈┈┈┈┈┈┈┈┈┈┈┈┈┈┈┈┈┈┈
[INFO] [stderr] note: If the actual output is the correct output you can bless it by rerunning
[INFO] [stderr]       your test with the environment variable TRYBUILD=overwrite
[INFO] [stderr] 
[INFO] [stderr] test tests/ui/and_then_error_must_become_issues.rs ... mismatch
[INFO] [stderr] 
[INFO] [stderr] EXPECTED:
[INFO] [stderr] ┈┈┈┈┈┈┈┈┈┈┈┈┈┈┈┈┈┈┈┈┈┈┈┈┈┈┈┈┈┈┈┈┈┈┈┈┈┈┈┈┈┈┈┈┈┈┈┈┈┈┈┈┈┈┈┈┈┈┈┈
[INFO] [stderr] error[E0277]: the trait bound `Issues: From<&str>` is not satisfied
[INFO] [stderr]  --> tests/ui/and_then_error_must_become_issues.rs:4:19
[INFO] [stderr]   |
[INFO] [stderr] 4 |     let _ = i64().and_then(|n| if n > 0 { Ok(n) } else { Err("not positive") });
[INFO] [stderr]   |                   ^^^^^^^^ the trait `From<&str>` is not implemented for `Issues`
[INFO] [stderr]   |
[INFO] [stderr] help: the following other types implement trait `From<T>`
[INFO] [stderr]  --> src/issue.rs
[INFO] [stderr]   |
[INFO] [stderr]   | impl From<Issue> for Issues {
[INFO] [stderr]   | ^^^^^^^^^^^^^^^^^^^^^^^^^^^ `Issues` implements `From<Issue>`
[INFO] [stderr] ...
[INFO] [stderr]   | impl From<Vec<Issue>> for Issues {
[INFO] [stderr]   | ^^^^^^^^^^^^^^^^^^^^^^^^^^^^^^^^ `Issues` implements `From<Vec<Issue>>`
[INFO] [stderr]   = note: required for `&str` to implement `Into<Issues>`
[INFO] [stderr] note: required by a bound in `and_then`
[INFO] [stderr]  --> src/decoder.rs
[INFO] [stderr]   |
[INFO] [stderr]   |     fn and_then<F, U, E>(self, f: F) -> AndThen<Self, F>
[INFO] [stderr]   |        -------- required by a bound in this associated function
[INFO] [stderr] ...
[INFO] [stderr]   |         E: Into<Issues>,
[INFO] [stderr]   |            ^^^^^^^^^^^^ required by this bound in `Decoder::and_then`
[INFO] [stderr] ┈┈┈┈┈┈┈┈┈┈┈┈┈┈┈┈┈┈┈┈┈┈┈┈┈┈┈┈┈┈┈┈┈┈┈┈┈┈┈┈┈┈┈┈┈┈┈┈┈┈┈┈┈┈┈┈┈┈┈┈
[INFO] [stderr] 
[INFO] [stderr] ACTUAL OUTPUT:
[INFO] [stderr] ┈┈┈┈┈┈┈┈┈┈┈┈┈┈┈┈┈┈┈┈┈┈┈┈┈┈┈┈┈┈┈┈┈┈┈┈┈┈┈┈┈┈┈┈┈┈┈┈┈┈┈┈┈┈┈┈┈┈┈┈
[INFO] [stderr] error[E0277]: the trait bound `Issues: From<&str>` is not satisfied
[INFO] [stderr]  --> tests/ui/and_then_error_must_become_issues.rs:4:19
[INFO] [stderr]   |
[INFO] [stderr] 4 |     let _ = i64().and_then(|n| if n > 0 { Ok(n) } else { Err("not positive") });
[INFO] [stderr]   |                   ^^^^^^^^ the trait `From<&str>` is not implemented for `Issues`
[INFO] [stderr]   |
[INFO] [stderr] help: `Issues` implements trait `From<T>`
[INFO] [stderr]  --> src/issue.rs
[INFO] [stderr]   |
[INFO] [stderr]   | impl From<Issue> for Issues {
[INFO] [stderr]   | ^^^^^^^^^^^^^^^^^^^^^^^^^^^ `From<Issue>`
[INFO] [stderr] ...
[INFO] [stderr]   | impl From<Vec<Issue>> for Issues {
[INFO] [stderr]   | ^^^^^^^^^^^^^^^^^^^^^^^^^^^^^^^^ `From<Vec<Issue>>`
[INFO] [stderr]   = note: required for `&str` to implement `Into<Issues>`
[INFO] [stderr] note: required by a bound in `and_then`
[INFO] [stderr]  --> src/decoder.rs
[INFO] [stderr]   |
[INFO] [stderr]   |     fn and_then<F, U, E>(self, f: F) -> AndThen<Self, F>
[INFO] [stderr]   |        -------- required by a bound in this associated function
[INFO] [stderr] ...
[INFO] [stderr]   |         E: Into<Issues>,
[INFO] [stderr]   |            ^^^^^^^^^^^^ required by this bound in `Decoder::and_then`
[INFO] [stderr] ┈┈┈┈┈┈┈┈┈┈┈┈┈┈┈┈┈┈┈┈┈┈┈┈┈┈┈┈┈┈┈┈┈┈┈┈┈┈┈┈┈┈┈┈┈┈┈┈┈┈┈┈┈┈┈┈┈┈┈┈
[INFO] [stderr] note: If the actual output is the correct output you can bless it by rerunning
[INFO] [stderr]       your test with the environment variable TRYBUILD=overwrite
[INFO] [stderr] 
[INFO] [stderr] test tests/ui/boxed_requires_send.rs ... ok
[INFO] [stderr] test tests/ui/field_is_read_only_from_an_object.rs ... ok
[INFO] [stderr] test tests/ui/field_set_is_sealed.rs ... mismatch
[INFO] [stderr] 
[INFO] [stderr] EXPECTED:
[INFO] [stderr] ┈┈┈┈┈┈┈┈┈┈┈┈┈┈┈┈┈┈┈┈┈┈┈┈┈┈┈┈┈┈┈┈┈┈┈┈┈┈┈┈┈┈┈┈┈┈┈┈┈┈┈┈┈┈┈┈┈┈┈┈
[INFO] [stderr] error[E0277]: the trait bound `Anything: json::object::sealed::Sealed` is not satisfied
[INFO] [stderr]  --> tests/ui/field_set_is_sealed.rs:8:19
[INFO] [stderr]   |
[INFO] [stderr] 8 | impl FieldSet for Anything {
[INFO] [stderr]   |                   ^^^^^^^^ unsatisfied trait bound
[INFO] [stderr]   |
[INFO] [stderr] help: the trait `json::object::sealed::Sealed` is not implemented for `Anything`
[INFO] [stderr]  --> tests/ui/field_set_is_sealed.rs:6:1
[INFO] [stderr]   |
[INFO] [stderr] 6 | struct Anything;
[INFO] [stderr]   | ^^^^^^^^^^^^^^^
[INFO] [stderr]   = help: the following other types implement trait `json::object::sealed::Sealed`:
[INFO] [stderr]             (A, B)
[INFO] [stderr]             (A, B, C)
[INFO] [stderr]             (A, B, C, D)
[INFO] [stderr]             (A, B, C, D, E)
[INFO] [stderr]             (A, B, C, D, E, F)
[INFO] [stderr]             (A, B, C, D, E, F, G)
[INFO] [stderr]             (A, B, C, D, E, F, G, H)
[INFO] [stderr]             (A, B, C, D, E, F, G, H, J)
[INFO] [stderr]           and $N others
[INFO] [stderr] note: required by a bound in `FieldSet`
[INFO] [stderr]  --> src/json/object.rs
[INFO] [stderr]   |
[INFO] [stderr]   | pub trait FieldSet: sealed::Sealed {
[INFO] [stderr]   |                     ^^^^^^^^^^^^^^ required by this bound in `FieldSet`
[INFO] [stderr]   = note: `FieldSet` is a "sealed trait", because to implement it you also need to implement `raoh::json::object::sealed::Sealed`, which is not accessible; this is usually done to force you to use one of the provided types that already implement it
[INFO] [stderr]   = help: the following types implement the trait:
[INFO] [stderr]             raoh::json::Field<D>
[INFO] [stderr]             raoh::json::OptionalField<D>
[INFO] [stderr]             raoh::json::PresenceField<D>
[INFO] [stderr]             (A,)
[INFO] [stderr]             (A, B)
[INFO] [stderr]             (A, B, C)
[INFO] [stderr]             (A, B, C, D)
[INFO] [stderr]             (A, B, C, D, E)
[INFO] [stderr]           and $N others
[INFO] [stderr] ┈┈┈┈┈┈┈┈┈┈┈┈┈┈┈┈┈┈┈┈┈┈┈┈┈┈┈┈┈┈┈┈┈┈┈┈┈┈┈┈┈┈┈┈┈┈┈┈┈┈┈┈┈┈┈┈┈┈┈┈
[INFO] [stderr] 
[INFO] [stderr] ACTUAL OUTPUT:
[INFO] [stderr] ┈┈┈┈┈┈┈┈┈┈┈┈┈┈┈┈┈┈┈┈┈┈┈┈┈┈┈┈┈┈┈┈┈┈┈┈┈┈┈┈┈┈┈┈┈┈┈┈┈┈┈┈┈┈┈┈┈┈┈┈
[INFO] [stderr] error[E0277]: the trait bound `Anything: json::object::sealed::Sealed` is not satisfied
[INFO] [stderr]  --> tests/ui/field_set_is_sealed.rs:8:19
[INFO] [stderr]   |
[INFO] [stderr] 8 | impl FieldSet for Anything {
[INFO] [stderr]   |                   ^^^^^^^^ unsatisfied trait bound
[INFO] [stderr]   |
[INFO] [stderr] help: the trait `json::object::sealed::Sealed` is not implemented for `Anything`
[INFO] [stderr]  --> tests/ui/field_set_is_sealed.rs:6:1
[INFO] [stderr]   |
[INFO] [stderr] 6 | struct Anything;
[INFO] [stderr]   | ^^^^^^^^^^^^^^^
[INFO] [stderr]   = help: the following other types implement trait `json::object::sealed::Sealed`:
[INFO] [stderr]             (A,)
[INFO] [stderr]             (A, B)
[INFO] [stderr]             (A, B, C)
[INFO] [stderr]             (A, B, C, D)
[INFO] [stderr]             (A, B, C, D, E)
[INFO] [stderr]             (A, B, C, D, E, F)
[INFO] [stderr]             (A, B, C, D, E, F, G)
[INFO] [stderr]             (A, B, C, D, E, F, G, H)
[INFO] [stderr]           and $N others
[INFO] [stderr] note: required by a bound in `FieldSet`
[INFO] [stderr]  --> src/json/object.rs
[INFO] [stderr]   |
[INFO] [stderr]   | pub trait FieldSet: sealed::Sealed {
[INFO] [stderr]   |                     ^^^^^^^^^^^^^^ required by this bound in `FieldSet`
[INFO] [stderr]   = note: `FieldSet` is a "sealed trait", because to implement it you also need to implement `raoh::json::object::sealed::Sealed`, which is not accessible; this is usually done to force you to use one of the provided types that already implement it
[INFO] [stderr]   = help: the following types implement the trait:
[INFO] [stderr]             raoh::json::Field<D>
[INFO] [stderr]             raoh::json::OptionalField<D>
[INFO] [stderr]             raoh::json::PresenceField<D>
[INFO] [stderr]             (A,)
[INFO] [stderr]             (A, B)
[INFO] [stderr]             (A, B, C)
[INFO] [stderr]             (A, B, C, D)
[INFO] [stderr]             (A, B, C, D, E)
[INFO] [stderr]           and $N others
[INFO] [stderr] ┈┈┈┈┈┈┈┈┈┈┈┈┈┈┈┈┈┈┈┈┈┈┈┈┈┈┈┈┈┈┈┈┈┈┈┈┈┈┈┈┈┈┈┈┈┈┈┈┈┈┈┈┈┈┈┈┈┈┈┈
[INFO] [stderr] note: If the actual output is the correct output you can bless it by rerunning
[INFO] [stderr]       your test with the environment variable TRYBUILD=overwrite
[INFO] [stderr] 
[INFO] [stderr] test tests/ui/object_takes_only_fields.rs ... mismatch
[INFO] [stderr] 
[INFO] [stderr] EXPECTED:
[INFO] [stderr] ┈┈┈┈┈┈┈┈┈┈┈┈┈┈┈┈┈┈┈┈┈┈┈┈┈┈┈┈┈┈┈┈┈┈┈┈┈┈┈┈┈┈┈┈┈┈┈┈┈┈┈┈┈┈┈┈┈┈┈┈
[INFO] [stderr] error[E0277]: the trait bound `StringDecoder: FieldSet` is not satisfied
[INFO] [stderr]  --> tests/ui/object_takes_only_fields.rs:4:21
[INFO] [stderr]   |
[INFO] [stderr] 4 |     let _ = object((string(), field("a", i64())));
[INFO] [stderr]   |             ------  ^^^^^^^^ the trait `FieldSet` is not implemented for `StringDecoder`
[INFO] [stderr]   |             |
[INFO] [stderr]   |             required by a bound introduced by this call
[INFO] [stderr]   |
[INFO] [stderr]   = help: the following other types implement trait `FieldSet`:
[INFO] [stderr]             (A, B)
[INFO] [stderr]             (A, B, C)
[INFO] [stderr]             (A, B, C, D)
[INFO] [stderr]             (A, B, C, D, E)
[INFO] [stderr]             (A, B, C, D, E, F)
[INFO] [stderr]             (A, B, C, D, E, F, G)
[INFO] [stderr]             (A, B, C, D, E, F, G, H)
[INFO] [stderr]             (A, B, C, D, E, F, G, H, J)
[INFO] [stderr]           and $N others
[INFO] [stderr]   = note: required for `(StringDecoder, raoh::json::Field<IntDecoder<i64>>)` to implement `FieldSet`
[INFO] [stderr] note: required by a bound in `raoh::json::object`
[INFO] [stderr]  --> src/json/object.rs
[INFO] [stderr]   |
[INFO] [stderr]   | pub fn object<F: FieldSet>(fields: F) -> Object<F> {
[INFO] [stderr]   |                  ^^^^^^^^ required by this bound in `object`
[INFO] [stderr] ┈┈┈┈┈┈┈┈┈┈┈┈┈┈┈┈┈┈┈┈┈┈┈┈┈┈┈┈┈┈┈┈┈┈┈┈┈┈┈┈┈┈┈┈┈┈┈┈┈┈┈┈┈┈┈┈┈┈┈┈
[INFO] [stderr] 
[INFO] [stderr] ACTUAL OUTPUT:
[INFO] [stderr] ┈┈┈┈┈┈┈┈┈┈┈┈┈┈┈┈┈┈┈┈┈┈┈┈┈┈┈┈┈┈┈┈┈┈┈┈┈┈┈┈┈┈┈┈┈┈┈┈┈┈┈┈┈┈┈┈┈┈┈┈
[INFO] [stderr] error[E0277]: the trait bound `StringDecoder: FieldSet` is not satisfied
[INFO] [stderr]  --> tests/ui/object_takes_only_fields.rs:4:21
[INFO] [stderr]   |
[INFO] [stderr] 4 |     let _ = object((string(), field("a", i64())));
[INFO] [stderr]   |             ------  ^^^^^^^^ the trait `FieldSet` is not implemented for `StringDecoder`
[INFO] [stderr]   |             |
[INFO] [stderr]   |             required by a bound introduced by this call
[INFO] [stderr]   |
[INFO] [stderr]   = help: the following other types implement trait `FieldSet`:
[INFO] [stderr]             (A,)
[INFO] [stderr]             (A, B)
[INFO] [stderr]             (A, B, C)
[INFO] [stderr]             (A, B, C, D)
[INFO] [stderr]             (A, B, C, D, E)
[INFO] [stderr]             (A, B, C, D, E, F)
[INFO] [stderr]             (A, B, C, D, E, F, G)
[INFO] [stderr]             (A, B, C, D, E, F, G, H)
[INFO] [stderr]           and $N others
[INFO] [stderr]   = note: required for `(StringDecoder, raoh::json::Field<IntDecoder<i64>>)` to implement `FieldSet`
[INFO] [stderr] note: required by a bound in `raoh::json::object`
[INFO] [stderr]  --> src/json/object.rs
[INFO] [stderr]   |
[INFO] [stderr]   | pub fn object<F: FieldSet>(fields: F) -> Object<F> {
[INFO] [stderr]   |                  ^^^^^^^^ required by this bound in `object`
[INFO] [stderr] ┈┈┈┈┈┈┈┈┈┈┈┈┈┈┈┈┈┈┈┈┈┈┈┈┈┈┈┈┈┈┈┈┈┈┈┈┈┈┈┈┈┈┈┈┈┈┈┈┈┈┈┈┈┈┈┈┈┈┈┈
[INFO] [stderr] note: If the actual output is the correct output you can bless it by rerunning
[INFO] [stderr]       your test with the environment variable TRYBUILD=overwrite
[INFO] [stderr] 
[INFO] [stderr] test tests/ui/tuple_has_no_strict.rs ... ok
[INFO] [stderr] test tests/ui/unsigned_has_no_negative.rs ... ok
[INFO] [stderr] test tests/ui/variants_is_sealed.rs ... mismatch
[INFO] [stderr] 
[INFO] [stderr] EXPECTED:
[INFO] [stderr] ┈┈┈┈┈┈┈┈┈┈┈┈┈┈┈┈┈┈┈┈┈┈┈┈┈┈┈┈┈┈┈┈┈┈┈┈┈┈┈┈┈┈┈┈┈┈┈┈┈┈┈┈┈┈┈┈┈┈┈┈
[INFO] [stderr] error[E0277]: the trait bound `Anything: json::choice::sealed::Sealed` is not satisfied
[INFO] [stderr]  --> tests/ui/variants_is_sealed.rs:7:19
[INFO] [stderr]   |
[INFO] [stderr] 7 | impl Variants for Anything {
[INFO] [stderr]   |                   ^^^^^^^^ unsatisfied trait bound
[INFO] [stderr]   |
[INFO] [stderr] help: the trait `json::choice::sealed::Sealed` is not implemented for `Anything`
[INFO] [stderr]  --> tests/ui/variants_is_sealed.rs:5:1
[INFO] [stderr]   |
[INFO] [stderr] 5 | struct Anything;
[INFO] [stderr]   | ^^^^^^^^^^^^^^^
[INFO] [stderr]   = help: the following other types implement trait `json::choice::sealed::Sealed`:
[INFO] [stderr]             (Variant<A>, Variant<B>)
[INFO] [stderr]             (Variant<A>, Variant<B>, Variant<C>)
[INFO] [stderr]             (Variant<A>, Variant<B>, Variant<C>, Variant<D>)
[INFO] [stderr]             (Variant<A>, Variant<B>, Variant<C>, Variant<D>, Variant<E>)
[INFO] [stderr]             (Variant<A>, Variant<B>, Variant<C>, Variant<D>, Variant<E>, Variant<F>)
[INFO] [stderr]             (Variant<A>, Variant<B>, Variant<C>, Variant<D>, Variant<E>, Variant<F>, Variant<G>)
[INFO] [stderr]             (Variant<A>, Variant<B>, Variant<C>, Variant<D>, Variant<E>, Variant<F>, Variant<G>, Variant<H>)
[INFO] [stderr]             (Variant<A>, Variant<B>, Variant<C>, Variant<D>, Variant<E>, Variant<F>, Variant<G>, Variant<H>, Variant<J>)
[INFO] [stderr]           and $N others
[INFO] [stderr] note: required by a bound in `Variants`
[INFO] [stderr]  --> src/json/choice.rs
[INFO] [stderr]   |
[INFO] [stderr]   | pub trait Variants: sealed::Sealed {
[INFO] [stderr]   |                     ^^^^^^^^^^^^^^ required by this bound in `Variants`
[INFO] [stderr]   = note: `Variants` is a "sealed trait", because to implement it you also need to implement `raoh::json::choice::sealed::Sealed`, which is not accessible; this is usually done to force you to use one of the provided types that already implement it
[INFO] [stderr]   = help: the following types implement the trait:
[INFO] [stderr]             (raoh::json::Variant<A>,)
[INFO] [stderr]             (raoh::json::Variant<A>, raoh::json::Variant<B>)
[INFO] [stderr]             (raoh::json::Variant<A>, raoh::json::Variant<B>, raoh::json::Variant<C>)
[INFO] [stderr]             (raoh::json::Variant<A>, raoh::json::Variant<B>, raoh::json::Variant<C>, raoh::json::Variant<D>)
[INFO] [stderr]             (raoh::json::Variant<A>, raoh::json::Variant<B>, raoh::json::Variant<C>, raoh::json::Variant<D>, raoh::json::Variant<E>)
[INFO] [stderr]             (raoh::json::Variant<A>, raoh::json::Variant<B>, raoh::json::Variant<C>, raoh::json::Variant<D>, raoh::json::Variant<E>, raoh::json::Variant<F>)
[INFO] [stderr]             (raoh::json::Variant<A>, raoh::json::Variant<B>, raoh::json::Variant<C>, raoh::json::Variant<D>, raoh::json::Variant<E>, raoh::json::Variant<F>, raoh::json::Variant<G>)
[INFO] [stderr]             (raoh::json::Variant<A>, raoh::json::Variant<B>, raoh::json::Variant<C>, raoh::json::Variant<D>, raoh::json::Variant<E>, raoh::json::Variant<F>, raoh::json::Variant<G>, raoh::json::Variant<H>)
[INFO] [stderr]           and $N others
[INFO] [stderr] ┈┈┈┈┈┈┈┈┈┈┈┈┈┈┈┈┈┈┈┈┈┈┈┈┈┈┈┈┈┈┈┈┈┈┈┈┈┈┈┈┈┈┈┈┈┈┈┈┈┈┈┈┈┈┈┈┈┈┈┈
[INFO] [stderr] 
[INFO] [stderr] ACTUAL OUTPUT:
[INFO] [stderr] ┈┈┈┈┈┈┈┈┈┈┈┈┈┈┈┈┈┈┈┈┈┈┈┈┈┈┈┈┈┈┈┈┈┈┈┈┈┈┈┈┈┈┈┈┈┈┈┈┈┈┈┈┈┈┈┈┈┈┈┈
[INFO] [stderr] error[E0277]: the trait bound `Anything: json::choice::sealed::Sealed` is not satisfied
[INFO] [stderr]  --> tests/ui/variants_is_sealed.rs:7:19
[INFO] [stderr]   |
[INFO] [stderr] 7 | impl Variants for Anything {
[INFO] [stderr]   |                   ^^^^^^^^ unsatisfied trait bound
[INFO] [stderr]   |
[INFO] [stderr] help: the trait `json::choice::sealed::Sealed` is not implemented for `Anything`
[INFO] [stderr]  --> tests/ui/variants_is_sealed.rs:5:1
[INFO] [stderr]   |
[INFO] [stderr] 5 | struct Anything;
[INFO] [stderr]   | ^^^^^^^^^^^^^^^
[INFO] [stderr]   = help: the following other types implement trait `json::choice::sealed::Sealed`:
[INFO] [stderr]             (T₁, T₂, …, Tₙ) for tuples of arity 1 up to and including 16
[INFO] [stderr] note: required by a bound in `Variants`
[INFO] [stderr]  --> src/json/choice.rs
[INFO] [stderr]   |
[INFO] [stderr]   | pub trait Variants: sealed::Sealed {
[INFO] [stderr]   |                     ^^^^^^^^^^^^^^ required by this bound in `Variants`
[INFO] [stderr]   = note: `Variants` is a "sealed trait", because to implement it you also need to implement `raoh::json::choice::sealed::Sealed`, which is not accessible; this is usually done to force you to use one of the provided types that already implement it
[INFO] [stderr]   = help: the following types implement the trait:
[INFO] [stderr]             (raoh::json::Variant<A>,)
[INFO] [stderr]             (raoh::json::Variant<A>, raoh::json::Variant<B>)
[INFO] [stderr]             (raoh::json::Variant<A>, raoh::json::Variant<B>, raoh::json::Variant<C>)
[INFO] [stderr]             (raoh::json::Variant<A>, raoh::json::Variant<B>, raoh::json::Variant<C>, raoh::json::Variant<D>)
[INFO] [stderr]             (raoh::json::Variant<A>, raoh::json::Variant<B>, raoh::json::Variant<C>, raoh::json::Variant<D>, raoh::json::Variant<E>)
[INFO] [stderr]             (raoh::json::Variant<A>, raoh::json::Variant<B>, raoh::json::Variant<C>, raoh::json::Variant<D>, raoh::json::Variant<E>, raoh::json::Variant<F>)
[INFO] [stderr]             (raoh::json::Variant<A>, raoh::json::Variant<B>, raoh::json::Variant<C>, raoh::json::Variant<D>, raoh::json::Variant<E>, raoh::json::Variant<F>, raoh::json::Variant<G>)
[INFO] [stderr]             (raoh::json::Variant<A>, raoh::json::Variant<B>, raoh::json::Variant<C>, raoh::json::Variant<D>, raoh::json::Variant<E>, raoh::json::Variant<F>, raoh::json::Variant<G>, raoh::json::Variant<H>)
[INFO] [stderr]           and $N others
[INFO] [stderr] ┈┈┈┈┈┈┈┈┈┈┈┈┈┈┈┈┈┈┈┈┈┈┈┈┈┈┈┈┈┈┈┈┈┈┈┈┈┈┈┈┈┈┈┈┈┈┈┈┈┈┈┈┈┈┈┈┈┈┈┈
[INFO] [stderr] note: If the actual output is the correct output you can bless it by rerunning
[INFO] [stderr]       your test with the environment variable TRYBUILD=overwrite
[INFO] [stderr] 
[INFO] [stderr] 
[INFO] [stderr] 
[INFO] [stdout] test misuse_does_not_compile ... FAILED
[INFO] [stdout] 
[INFO] [stdout] failures:
[INFO] [stdout] 
[INFO] [stdout] ---- misuse_does_not_compile stdout ----
[INFO] [stdout] 
[INFO] [stdout] thread 'misuse_does_not_compile' (942) panicked at /opt/rustwide/cargo-home/registry/src/index.crates.io-1949cf8c6b5b557f/trybuild-1.0.119/src/run.rs:102:13:
[INFO] [stdout] 5 of 9 tests failed
[INFO] [stdout] stack backtrace:
[INFO] [stdout]    0:     0x55c0cb062001 - std[70759c8f55707aa4]::backtrace_rs::backtrace::libunwind::trace
[INFO] [stdout]                                at /rustc/dfb0accb7f508ae8be965d8629557221c889dd98/library/std/src/../../backtrace/src/backtrace/libunwind.rs:117:9
[INFO] [stdout]    1:     0x55c0cb062001 - std[70759c8f55707aa4]::backtrace_rs::backtrace::trace_unsynchronized::<std[70759c8f55707aa4]::sys::backtrace::_print_fmt::{closure#1}>
[INFO] [stdout]                                at /rustc/dfb0accb7f508ae8be965d8629557221c889dd98/library/std/src/../../backtrace/src/backtrace/mod.rs:66:14
[INFO] [stdout]    2:     0x55c0cb062001 - std[70759c8f55707aa4]::sys::backtrace::_print_fmt
[INFO] [stdout]                                at /rustc/dfb0accb7f508ae8be965d8629557221c889dd98/library/std/src/sys/backtrace.rs:74:9
[INFO] [stdout]    3:     0x55c0cb062001 - <<std[70759c8f55707aa4]::sys::backtrace::BacktraceLock>::print::DisplayBacktrace as core[df12db4294e9bfd3]::fmt::Display>::fmt
[INFO] [stdout]                                at /rustc/dfb0accb7f508ae8be965d8629557221c889dd98/library/std/src/sys/backtrace.rs:44:26
[INFO] [stdout]    4:     0x55c0cb078a1a - <core[df12db4294e9bfd3]::fmt::rt::Argument>::fmt
[INFO] [stdout]                                at /rustc/dfb0accb7f508ae8be965d8629557221c889dd98/library/core/src/fmt/rt.rs:152:76
[INFO] [stdout]    5:     0x55c0cb078a1a - core[df12db4294e9bfd3]::fmt::write
[INFO] [stdout]    6:     0x55c0cb066acc - core[df12db4294e9bfd3]::io::write::default_write_fmt::<alloc[2182bb758b4b3781]::vec::Vec<u8>>
[INFO] [stdout]                                at /rustc/dfb0accb7f508ae8be965d8629557221c889dd98/library/core/src/io/write.rs:402:11
[INFO] [stdout]    7:     0x55c0cb066acc - <alloc[2182bb758b4b3781]::vec::Vec<u8> as core[df12db4294e9bfd3]::io::write::Write>::write_fmt
[INFO] [stdout]                                at /rustc/dfb0accb7f508ae8be965d8629557221c889dd98/library/core/src/io/write.rs:335:13
[INFO] [stdout]    8:     0x55c0cb03b4e6 - <std[70759c8f55707aa4]::sys::backtrace::BacktraceLock>::print
[INFO] [stdout]                                at /rustc/dfb0accb7f508ae8be965d8629557221c889dd98/library/std/src/sys/backtrace.rs:47:9
[INFO] [stdout]    9:     0x55c0cb03b4e6 - std[70759c8f55707aa4]::panicking::default_hook::{closure#0}
[INFO] [stdout]                                at /rustc/dfb0accb7f508ae8be965d8629557221c889dd98/library/std/src/panicking.rs:292:27
[INFO] [stdout]   10:     0x55c0cb059679 - std[70759c8f55707aa4]::panicking::default_hook
[INFO] [stdout]                                at /rustc/dfb0accb7f508ae8be965d8629557221c889dd98/library/std/src/panicking.rs:316:9
[INFO] [stdout]   11:     0x55c0caff2950 - <alloc[2182bb758b4b3781]::boxed::Box<dyn for<'a, 'b> core[df12db4294e9bfd3]::ops::function::Fn<(&'a std[70759c8f55707aa4]::panic::PanicHookInfo<'b>,), Output = ()> + core[df12db4294e9bfd3]::marker::Send + core[df12db4294e9bfd3]::marker::Sync> as core[df12db4294e9bfd3]::ops::function::Fn<(&std[70759c8f55707aa4]::panic::PanicHookInfo,)>>::call
[INFO] [stdout]                                at /rustc/dfb0accb7f508ae8be965d8629557221c889dd98/library/alloc/src/boxed.rs:2334:9
[INFO] [stdout]   12:     0x55c0caff2950 - test[9d35eded1c95d3be]::test_main_inner::<test[9d35eded1c95d3be]::test_main_static::{closure#0}>::{closure#0}
[INFO] [stdout]                                at /rustc/dfb0accb7f508ae8be965d8629557221c889dd98/library/test/src/lib.rs:155:21
[INFO] [stdout]   13:     0x55c0cb059832 - <alloc[2182bb758b4b3781]::boxed::Box<dyn for<'a, 'b> core[df12db4294e9bfd3]::ops::function::Fn<(&'a std[70759c8f55707aa4]::panic::PanicHookInfo<'b>,), Output = ()> + core[df12db4294e9bfd3]::marker::Send + core[df12db4294e9bfd3]::marker::Sync> as core[df12db4294e9bfd3]::ops::function::Fn<(&std[70759c8f55707aa4]::panic::PanicHookInfo,)>>::call
[INFO] [stdout]                                at /rustc/dfb0accb7f508ae8be965d8629557221c889dd98/library/alloc/src/boxed.rs:2334:9
[INFO] [stdout]   14:     0x55c0cb059832 - std[70759c8f55707aa4]::panicking::panic_with_hook
[INFO] [stdout]                                at /rustc/dfb0accb7f508ae8be965d8629557221c889dd98/library/std/src/panicking.rs:823:13
[INFO] [stdout]   15:     0x55c0cb03b592 - std[70759c8f55707aa4]::panicking::panic_handler::{closure#0}
[INFO] [stdout]                                at /rustc/dfb0accb7f508ae8be965d8629557221c889dd98/library/std/src/panicking.rs:688:13
[INFO] [stdout]   16:     0x55c0cb033e59 - std[70759c8f55707aa4]::sys::backtrace::__rust_end_short_backtrace::<std[70759c8f55707aa4]::panicking::panic_handler::{closure#0}, !>
[INFO] [stdout]                                at /rustc/dfb0accb7f508ae8be965d8629557221c889dd98/library/std/src/sys/backtrace.rs:182:18
[INFO] [stdout]   17:     0x55c0cb03c18d - __rustc[8fa7c3cbc660c2b3]::rust_begin_unwind
[INFO] [stdout]                                at /rustc/dfb0accb7f508ae8be965d8629557221c889dd98/library/std/src/panicking.rs:679:5
[INFO] [stdout]   18:     0x55c0cb07920c - core[df12db4294e9bfd3]::panicking::panic_fmt
[INFO] [stdout]                                at /rustc/dfb0accb7f508ae8be965d8629557221c889dd98/library/core/src/panicking.rs:80:14
[INFO] [stdout]   19:     0x55c0cadc55c4 - <trybuild[781c239f6dde203f]::Runner>::run
[INFO] [stdout]                                at /opt/rustwide/cargo-home/registry/src/index.crates.io-1949cf8c6b5b557f/trybuild-1.0.119/src/run.rs:102:13
[INFO] [stdout]   20:     0x55c0cadd1ab8 - <trybuild[781c239f6dde203f]::TestCases as core[df12db4294e9bfd3]::ops::drop::Drop>::drop
[INFO] [stdout]                                at /opt/rustwide/cargo-home/registry/src/index.crates.io-1949cf8c6b5b557f/trybuild-1.0.119/src/lib.rs:342:38
[INFO] [stdout]   21:     0x55c0cadbe5c7 - core[df12db4294e9bfd3]::ptr::drop_glue::<trybuild[781c239f6dde203f]::TestCases>
[INFO] [stdout]                                at /rustc/dfb0accb7f508ae8be965d8629557221c889dd98/library/core/src/ptr/mod.rs:847:1
[INFO] [stdout]   22:     0x55c0cadbe7d3 - trybuild[c7ef60339564e38c]::misuse_does_not_compile
[INFO] [stdout]                                at /opt/rustwide/workdir/tests/trybuild.rs:7:1
[INFO] [stdout]   23:     0x55c0cadbe727 - trybuild[c7ef60339564e38c]::misuse_does_not_compile::{closure#0}
[INFO] [stdout]                                at /opt/rustwide/workdir/tests/trybuild.rs:4:29
[INFO] [stdout]   24:     0x55c0cadbec36 - <trybuild[c7ef60339564e38c]::misuse_does_not_compile::{closure#0} as core[df12db4294e9bfd3]::ops::function::FnOnce<()>>::call_once
[INFO] [stdout]                                at /rustc/dfb0accb7f508ae8be965d8629557221c889dd98/library/core/src/ops/function.rs:250:5
[INFO] [stdout]   25:     0x55c0cafe5c3b - <fn() -> core[df12db4294e9bfd3]::result::Result<(), alloc[2182bb758b4b3781]::string::String> as core[df12db4294e9bfd3]::ops::function::FnOnce<()>>::call_once
[INFO] [stdout]                                at /rustc/dfb0accb7f508ae8be965d8629557221c889dd98/library/core/src/ops/function.rs:250:5
[INFO] [stdout]   26:     0x55c0cafe5c3b - test[9d35eded1c95d3be]::__rust_begin_short_backtrace::<core[df12db4294e9bfd3]::result::Result<(), alloc[2182bb758b4b3781]::string::String>, fn() -> core[df12db4294e9bfd3]::result::Result<(), alloc[2182bb758b4b3781]::string::String>>
[INFO] [stdout]                                at /rustc/dfb0accb7f508ae8be965d8629557221c889dd98/library/test/src/lib.rs:733:18
[INFO] [stdout]   27:     0x55c0caff32a5 - test[9d35eded1c95d3be]::run_test_in_process::{closure#0}
[INFO] [stdout]                                at /rustc/dfb0accb7f508ae8be965d8629557221c889dd98/library/test/src/lib.rs:756:74
[INFO] [stdout]   28:     0x55c0caff32a5 - <core[df12db4294e9bfd3]::panic::unwind_safe::AssertUnwindSafe<test[9d35eded1c95d3be]::run_test_in_process::{closure#0}> as core[df12db4294e9bfd3]::ops::function::FnOnce<()>>::call_once
[INFO] [stdout]                                at /rustc/dfb0accb7f508ae8be965d8629557221c889dd98/library/core/src/panic/unwind_safe.rs:275:9
[INFO] [stdout]   29:     0x55c0caff32a5 - std[70759c8f55707aa4]::panicking::catch_unwind::do_call::<core[df12db4294e9bfd3]::panic::unwind_safe::AssertUnwindSafe<test[9d35eded1c95d3be]::run_test_in_process::{closure#0}>, core[df12db4294e9bfd3]::result::Result<(), alloc[2182bb758b4b3781]::string::String>>
[INFO] [stdout]                                at /rustc/dfb0accb7f508ae8be965d8629557221c889dd98/library/std/src/panicking.rs:576:43
[INFO] [stdout]   30:     0x55c0caff32a5 - std[70759c8f55707aa4]::panicking::catch_unwind::<core[df12db4294e9bfd3]::result::Result<(), alloc[2182bb758b4b3781]::string::String>, core[df12db4294e9bfd3]::panic::unwind_safe::AssertUnwindSafe<test[9d35eded1c95d3be]::run_test_in_process::{closure#0}>>
[INFO] [stdout]                                at /rustc/dfb0accb7f508ae8be965d8629557221c889dd98/library/std/src/panicking.rs:544:19
[INFO] [stdout]   31:     0x55c0caff32a5 - std[70759c8f55707aa4]::panic::catch_unwind::<core[df12db4294e9bfd3]::panic::unwind_safe::AssertUnwindSafe<test[9d35eded1c95d3be]::run_test_in_process::{closure#0}>, core[df12db4294e9bfd3]::result::Result<(), alloc[2182bb758b4b3781]::string::String>>
[INFO] [stdout]                                at /rustc/dfb0accb7f508ae8be965d8629557221c889dd98/library/std/src/panic.rs:359:14
[INFO] [stdout]   32:     0x55c0caff32a5 - test[9d35eded1c95d3be]::run_test_in_process
[INFO] [stdout]                                at /rustc/dfb0accb7f508ae8be965d8629557221c889dd98/library/test/src/lib.rs:756:27
[INFO] [stdout]   33:     0x55c0caff32a5 - test[9d35eded1c95d3be]::run_test::{closure#0}
[INFO] [stdout]                                at /rustc/dfb0accb7f508ae8be965d8629557221c889dd98/library/test/src/lib.rs:677:43
[INFO] [stdout]   34:     0x55c0cafecb64 - test[9d35eded1c95d3be]::run_test::{closure#1}
[INFO] [stdout]                                at /rustc/dfb0accb7f508ae8be965d8629557221c889dd98/library/test/src/lib.rs:707:41
[INFO] [stdout]   35:     0x55c0cafecb64 - std[70759c8f55707aa4]::sys::backtrace::__rust_begin_short_backtrace::<test[9d35eded1c95d3be]::run_test::{closure#1}, ()>
[INFO] [stdout]                                at /rustc/dfb0accb7f508ae8be965d8629557221c889dd98/library/std/src/sys/backtrace.rs:166:18
[INFO] [stdout]   36:     0x55c0caff6402 - std[70759c8f55707aa4]::thread::lifecycle::spawn_unchecked::<test[9d35eded1c95d3be]::run_test::{closure#1}, ()>::{closure#1}::{closure#0}
[INFO] [stdout]                                at /rustc/dfb0accb7f508ae8be965d8629557221c889dd98/library/std/src/thread/lifecycle.rs:70:13
[INFO] [stdout]   37:     0x55c0caff6402 - <core[df12db4294e9bfd3]::panic::unwind_safe::AssertUnwindSafe<std[70759c8f55707aa4]::thread::lifecycle::spawn_unchecked<test[9d35eded1c95d3be]::run_test::{closure#1}, ()>::{closure#1}::{closure#0}> as core[df12db4294e9bfd3]::ops::function::FnOnce<()>>::call_once
[INFO] [stdout]                                at /rustc/dfb0accb7f508ae8be965d8629557221c889dd98/library/core/src/panic/unwind_safe.rs:275:9
[INFO] [stdout]   38:     0x55c0caff6402 - std[70759c8f55707aa4]::panicking::catch_unwind::do_call::<core[df12db4294e9bfd3]::panic::unwind_safe::AssertUnwindSafe<std[70759c8f55707aa4]::thread::lifecycle::spawn_unchecked<test[9d35eded1c95d3be]::run_test::{closure#1}, ()>::{closure#1}::{closure#0}>, ()>
[INFO] [stdout]                                at /rustc/dfb0accb7f508ae8be965d8629557221c889dd98/library/std/src/panicking.rs:576:43
[INFO] [stdout]   39:     0x55c0caff6402 - std[70759c8f55707aa4]::panicking::catch_unwind::<(), core[df12db4294e9bfd3]::panic::unwind_safe::AssertUnwindSafe<std[70759c8f55707aa4]::thread::lifecycle::spawn_unchecked<test[9d35eded1c95d3be]::run_test::{closure#1}, ()>::{closure#1}::{closure#0}>>
[INFO] [stdout]                                at /rustc/dfb0accb7f508ae8be965d8629557221c889dd98/library/std/src/panicking.rs:544:19
[INFO] [stdout]   40:     0x55c0caff6402 - std[70759c8f55707aa4]::panic::catch_unwind::<core[df12db4294e9bfd3]::panic::unwind_safe::AssertUnwindSafe<std[70759c8f55707aa4]::thread::lifecycle::spawn_unchecked<test[9d35eded1c95d3be]::run_test::{closure#1}, ()>::{closure#1}::{closure#0}>, ()>
[INFO] [stdout]                                at /rustc/dfb0accb7f508ae8be965d8629557221c889dd98/library/std/src/panic.rs:359:14
[INFO] [stdout]   41:     0x55c0caff6402 - std[70759c8f55707aa4]::thread::lifecycle::spawn_unchecked::<test[9d35eded1c95d3be]::run_test::{closure#1}, ()>::{closure#1}
[INFO] [stdout]                                at /rustc/dfb0accb7f508ae8be965d8629557221c889dd98/library/std/src/thread/lifecycle.rs:68:26
[INFO] [stdout]   42:     0x55c0caff6402 - <std[70759c8f55707aa4]::thread::lifecycle::spawn_unchecked<test[9d35eded1c95d3be]::run_test::{closure#1}, ()>::{closure#1} as core[df12db4294e9bfd3]::ops::function::FnOnce<()>>::call_once::{shim:vtable#0}
[INFO] [stdout]                                at /rustc/dfb0accb7f508ae8be965d8629557221c889dd98/library/core/src/ops/function.rs:250:5
[INFO] [stdout]   43:     0x55c0cb0612b9 - <alloc[2182bb758b4b3781]::boxed::Box<dyn core[df12db4294e9bfd3]::ops::function::FnOnce<(), Output = ()> + core[df12db4294e9bfd3]::marker::Send> as core[df12db4294e9bfd3]::ops::function::FnOnce<()>>::call_once
[INFO] [stdout]                                at /rustc/dfb0accb7f508ae8be965d8629557221c889dd98/library/alloc/src/boxed.rs:2320:9
[INFO] [stdout]   44:     0x55c0cb0612b9 - <std[70759c8f55707aa4]::sys::thread::unix::Thread>::new::thread_start
[INFO] [stdout]                                at /rustc/dfb0accb7f508ae8be965d8629557221c889dd98/library/std/src/sys/thread/unix.rs:123:17
[INFO] [stdout]   45:     0x7218fd66adfa - <unknown>
[INFO] [stdout]   46:     0x7218fd6fe3d4 - clone
[INFO] [stdout]   47:                0x0 - <unknown>
[INFO] [stdout] 
[INFO] [stdout] 
[INFO] [stdout] failures:
[INFO] [stdout]     misuse_does_not_compile
[INFO] [stdout] 
[INFO] [stdout] test result: FAILED. 0 passed; 1 failed; 0 ignored; 0 measured; 0 filtered out; finished in 41.73s
[INFO] [stdout] 
[INFO] [stderr] error: test failed, to rerun pass `--test trybuild`
[INFO] running `Command { std: "docker" "inspect" "5f93750d5606f69dbc23f60e6bd5227e5b1948ad7fd0709d09a3274b4278ac2e", kill_on_drop: false }`
[INFO] running `Command { std: "docker" "rm" "-f" "5f93750d5606f69dbc23f60e6bd5227e5b1948ad7fd0709d09a3274b4278ac2e", kill_on_drop: false }`
[INFO] [stdout] 5f93750d5606f69dbc23f60e6bd5227e5b1948ad7fd0709d09a3274b4278ac2e
