[INFO] fetching crate rallocator 0.1.0...
[INFO] testing rallocator-0.1.0 against 1.99.0-beta.8 for beta-1.100-2
[INFO] extracting crate rallocator 0.1.0 into /workspace/builds/worker-7-tc1/source
[INFO] started tweaking crates.io crate rallocator 0.1.0
[INFO] removed 0 missing examples
[INFO] removed 0 missing tests
[INFO] finished tweaking crates.io crate rallocator 0.1.0
[INFO] tweaked toml for crates.io crate rallocator 0.1.0 written to /workspace/builds/worker-7-tc1/source/Cargo.toml
[INFO] validating manifest of crates.io crate rallocator 0.1.0 on toolchain 1.99.0-beta.8
[INFO] running `Command { std: CARGO_HOME="/workspace/cargo-home" RUSTUP_HOME="/workspace/rustup-home" "/workspace/cargo-home/bin/cargo" "+1.99.0-beta.8" "metadata" "--manifest-path" "Cargo.toml" "--no-deps", kill_on_drop: false }`
[INFO] crate crates.io crate rallocator 0.1.0 already has a lockfile, it will not be regenerated
[INFO] running `Command { std: CARGO_HOME="/workspace/cargo-home" RUSTUP_HOME="/workspace/rustup-home" "/workspace/cargo-home/bin/cargo" "+1.99.0-beta.8" "fetch" "--manifest-path" "Cargo.toml", kill_on_drop: false }`
[INFO] [stderr]     Updating crates.io index
[INFO] [stderr]     Blocking waiting for file lock on package cache
[INFO] [stderr]  Downloading crates ...
[INFO] [stderr]   Downloaded ptr_meta v0.3.1
[INFO] [stderr]   Downloaded rallocator_telemetry v0.1.0
[INFO] [stderr]   Downloaded loom v0.7.2
[INFO] [stderr]   Downloaded rallocator_wire v0.1.0
[INFO] [stderr]   Downloaded mimalloc v0.1.52
[INFO] [stderr]   Downloaded allocation_hints v0.1.0
[INFO] [stderr]   Downloaded generator v0.8.9
[INFO] [stderr]   Downloaded allocator-api2 v0.4.0
[INFO] [stderr]   Downloaded multitude v0.8.0
[INFO] [stderr]   Downloaded libmimalloc-sys v0.1.49
[INFO] running `Command { std: "docker" "create" "-v" "/var/lib/crater-agent-workspace/builds/worker-7-tc1/source:/opt/rustwide/workdir:ro,Z" "-v" "/var/lib/crater-agent-workspace/builds/worker-7-tc1/target:/opt/rustwide/target:rw,Z" "-v" "/var/lib/crater-agent-workspace/cargo-home:/opt/rustwide/cargo-home:ro,Z" "-v" "/var/lib/crater-agent-workspace/rustup-home:/opt/rustwide/rustup-home:ro,Z" "-m" "1610612736" "--network" "none" "ghcr.io/rust-lang/crates-build-env/linux@sha256:3111399a4047eeb3a02b7a90e478d715f38a8c6669b5c4b49d30a17385265909" "sleep" "infinity", kill_on_drop: false }`
[INFO] [stdout] 1838edcfabaf375f36ab1ab5f3d08a25be8ca3c5740009cb19f6f52ddf1750ce
[INFO] running `Command { std: "docker" "start" "1838edcfabaf375f36ab1ab5f3d08a25be8ca3c5740009cb19f6f52ddf1750ce", kill_on_drop: false }`
[INFO] running `Command { std: "docker" "inspect" "1838edcfabaf375f36ab1ab5f3d08a25be8ca3c5740009cb19f6f52ddf1750ce", kill_on_drop: false }`
[INFO] running `Command { std: "docker" "exec" "-e" "SOURCE_DIR=/opt/rustwide/workdir" "-e" "CARGO_HOME=/opt/rustwide/cargo-home" "-e" "RUSTUP_HOME=/opt/rustwide/rustup-home" "-e" "CARGO_TARGET_DIR=/opt/rustwide/target" "-w" "/opt/rustwide/workdir" "--user" "0:0" "1838edcfabaf375f36ab1ab5f3d08a25be8ca3c5740009cb19f6f52ddf1750ce" "/opt/rustwide/cargo-home/bin/cargo" "+1.99.0-beta.8" "metadata" "--no-deps" "--format-version=1", kill_on_drop: false }`
[INFO] running `Command { std: "docker" "inspect" "1838edcfabaf375f36ab1ab5f3d08a25be8ca3c5740009cb19f6f52ddf1750ce", kill_on_drop: false }`
[INFO] running `Command { std: "docker" "exec" "-e" "SOURCE_DIR=/opt/rustwide/workdir" "-e" "CARGO_HOME=/opt/rustwide/cargo-home" "-e" "RUSTUP_HOME=/opt/rustwide/rustup-home" "-e" "CARGO_TARGET_DIR=/opt/rustwide/target" "-e" "CARGO_INCREMENTAL=0" "-e" "RUST_BACKTRACE=full" "-e" "RUSTFLAGS=--cap-lints=warn" "-e" "RUSTDOCFLAGS=--cap-lints=warn" "-w" "/opt/rustwide/workdir" "--user" "0:0" "1838edcfabaf375f36ab1ab5f3d08a25be8ca3c5740009cb19f6f52ddf1750ce" "/opt/rustwide/cargo-home/bin/cargo" "+1.99.0-beta.8" "build" "--frozen" "--message-format=json", kill_on_drop: false }`
[INFO] [stderr]    Compiling libc v0.2.186
[INFO] [stderr]    Compiling allocation_hints v0.1.0
[INFO] [stderr]    Compiling memchr v2.8.2
[INFO] [stderr]    Compiling rallocator_wire v0.1.0
[INFO] [stderr]    Compiling rallocator_telemetry v0.1.0
[INFO] [stderr]    Compiling object v0.37.3
[INFO] [stderr]    Compiling backtrace v0.3.76
[INFO] [stderr]    Compiling rallocator v0.1.0 (/opt/rustwide/workdir)
[INFO] [stderr]     Finished `dev` profile [unoptimized + debuginfo] target(s) in 9.56s
[INFO] running `Command { std: "docker" "inspect" "1838edcfabaf375f36ab1ab5f3d08a25be8ca3c5740009cb19f6f52ddf1750ce", kill_on_drop: false }`
[INFO] running `Command { std: "docker" "exec" "-e" "SOURCE_DIR=/opt/rustwide/workdir" "-e" "CARGO_HOME=/opt/rustwide/cargo-home" "-e" "RUSTUP_HOME=/opt/rustwide/rustup-home" "-e" "CARGO_TARGET_DIR=/opt/rustwide/target" "-e" "CARGO_INCREMENTAL=0" "-e" "RUST_BACKTRACE=full" "-e" "RUSTFLAGS=--cap-lints=warn" "-e" "RUSTDOCFLAGS=--cap-lints=warn" "-w" "/opt/rustwide/workdir" "--user" "0:0" "1838edcfabaf375f36ab1ab5f3d08a25be8ca3c5740009cb19f6f52ddf1750ce" "/opt/rustwide/cargo-home/bin/cargo" "+1.99.0-beta.8" "test" "--frozen" "--no-run" "--message-format=json", kill_on_drop: false }`
[INFO] [stderr]    Compiling quote v1.0.46
[INFO] [stderr]    Compiling zerocopy v0.8.52
[INFO] [stderr]    Compiling memchr v2.8.2
[INFO] [stderr]    Compiling cc v1.2.65
[INFO] [stderr]    Compiling ciborium-io v0.2.2
[INFO] [stderr]    Compiling regex-syntax v0.8.11
[INFO] [stderr]    Compiling either v1.16.0
[INFO] [stderr]    Compiling clap_builder v4.6.5
[INFO] [stderr]    Compiling cast v0.3.0
[INFO] [stderr]    Compiling foldhash v0.2.0
[INFO] [stderr]    Compiling page_size v0.6.0
[INFO] [stderr]    Compiling anes v0.1.6
[INFO] [stderr]    Compiling ptr_meta v0.3.1
[INFO] [stderr]    Compiling allocator-api2 v0.4.0
[INFO] [stderr]    Compiling oorandom v11.1.5
[INFO] [stderr]    Compiling hashbrown v0.17.1
[INFO] [stderr]    Compiling syn v2.0.118
[INFO] [stderr]    Compiling itertools v0.13.0
[INFO] [stderr]    Compiling object v0.37.3
[INFO] [stderr]    Compiling serde_json v1.0.150
[INFO] [stderr]    Compiling multitude v0.8.0
[INFO] [stderr]    Compiling libmimalloc-sys v0.1.49
[INFO] [stderr]    Compiling alloca v0.4.0
[INFO] [stderr]    Compiling regex-automata v0.4.14
[INFO] [stderr]    Compiling criterion-plot v0.8.2
[INFO] [stderr]    Compiling clap v4.6.5
[INFO] [stderr]    Compiling mimalloc v0.1.52
[INFO] [stderr]    Compiling regex v1.12.4
[INFO] [stderr]    Compiling zerocopy-derive v0.8.52
[INFO] [stderr]    Compiling serde_derive v1.0.228
[INFO] [stderr]    Compiling backtrace v0.3.76
[INFO] [stderr]    Compiling rallocator v0.1.0 (/opt/rustwide/workdir)
[INFO] [stderr]    Compiling serde v1.0.228
[INFO] [stderr]    Compiling tinytemplate v1.2.1
[INFO] [stderr]    Compiling half v2.7.1
[INFO] [stderr]    Compiling ciborium-ll v0.2.2
[INFO] [stderr]    Compiling ciborium v0.2.2
[INFO] [stderr]    Compiling criterion v0.8.2
[INFO] [stderr]     Finished `test` profile [unoptimized + debuginfo] target(s) in 37.26s
[INFO] running `Command { std: "docker" "inspect" "1838edcfabaf375f36ab1ab5f3d08a25be8ca3c5740009cb19f6f52ddf1750ce", kill_on_drop: false }`
[INFO] running `Command { std: "docker" "exec" "-e" "SOURCE_DIR=/opt/rustwide/workdir" "-e" "CARGO_HOME=/opt/rustwide/cargo-home" "-e" "RUSTUP_HOME=/opt/rustwide/rustup-home" "-e" "CARGO_TARGET_DIR=/opt/rustwide/target" "-e" "CARGO_INCREMENTAL=0" "-e" "RUST_BACKTRACE=full" "-e" "RUSTFLAGS=--cap-lints=warn" "-e" "RUSTDOCFLAGS=--cap-lints=warn" "-w" "/opt/rustwide/workdir" "--user" "0:0" "1838edcfabaf375f36ab1ab5f3d08a25be8ca3c5740009cb19f6f52ddf1750ce" "/opt/rustwide/cargo-home/bin/cargo" "+1.99.0-beta.8" "test" "--frozen", kill_on_drop: false }`
[INFO] [stderr]     Finished `test` profile [unoptimized + debuginfo] target(s) in 0.09s
[INFO] [stderr]      Running unittests src/lib.rs (/opt/rustwide/target/debug/deps/rallocator-3e4b5d39f3a1182c)
[INFO] [stdout] 
[INFO] [stdout] running 67 tests
[INFO] [stdout] test allocator::tests::allocator_recovers_from_commit_and_decommit_failures ... ok
[INFO] [stdout] test allocator::tests::direct_slab_usage_and_list_removal_cover_non_head_entries ... ok
[INFO] [stdout] test allocator::tests::locality_slab_commit_failure_preserves_the_reserved_segment ... ok
[INFO] [stdout] test allocator::tests::medium_purge_keeps_slices_reserved_when_decommit_fails ... ok
[INFO] [stdout] test allocator::tests::exhausted_region_and_secondary_extents_cover_search_edges ... ok
[INFO] [stdout] test allocator::tests::ordinary_alignment_direct_payload_cannot_forge_bump_ownership ... ok
[INFO] [stdout] test allocator::tests::invalid_medium_requests_and_non_region_metadata_are_rejected ... ok
[INFO] [stdout] test allocator::tests::constructors_initialize_empty_runtime_state ... ok
[INFO] [stdout] test allocator::tests::caller_tracking_allocates_directly_from_an_active_bump ... ok
[INFO] [stdout] test allocator::tests::ordinary_layout_medium_allocation_uses_region_deallocation_path ... ok
[INFO] [stdout] test allocator::tests::remote_available_retries_compare_exchange_failures ... ok
[INFO] [stdout] test allocator::tests::bump_chunks_are_slices_from_shared_regions ... ok
[INFO] [stdout] test allocator::tests::remote_and_direct_allocation_failures_return_null ... ok
[INFO] [stdout] test allocator::tests::later_tls_destructor_can_use_allocator_after_thread_state_cleanup ... ok
[INFO] [stdout] test allocator::tests::exhausted_bump_allocations_use_every_general_fallback_class ... ok
[INFO] [stdout] test allocator::tests::medium_purge_releases_fixed_and_variable_spans ... ok
[INFO] [stdout] test allocator::tests::global_allocation_falls_back_after_injected_failures ... ok
[INFO] [stdout] test allocator::tests::context_remote_inbox_returns_freed_blocks_to_partial_lists ... ok
[INFO] [stdout] test allocator::tests::allocator_propagates_hal_allocation_failures ... ok
[INFO] [stdout] test allocator::tests::bitmap_and_extent_helpers_cover_wrapping_and_coalescing ... ok
[INFO] [stdout] test allocator::tests::thread_heap_usage_rejects_a_detached_owner_heap ... ok
[INFO] [stdout] test allocator::tests::slow_refills_reuse_active_and_partial_slabs ... ok
[INFO] [stdout] test allocator::tests::escaped_thread_allocation_releases_its_slice_after_owner_exit ... ok
[INFO] [stdout] test hal::linux::tests::mapping_failures_and_page_size_validation_are_reported ... ok
[INFO] [stdout] test hal::linux::tests::stack_capture_clamps_to_its_fixed_buffer ... ok
[INFO] [stdout] test heap::bump::state::tests::allocation_rejects_address_overflow_and_exhausted_backing ... ok
[INFO] [stdout] test hal::linux::tests::aligned_mapping_works_with_large_page_granularities ... ok
[INFO] [stdout] test heap::bump::state::tests::contiguous_latest_allocations_rewind_in_reverse_order ... ok
[INFO] [stdout] test heap::bump::state::tests::global_pool_lock_spins_until_the_owner_releases_it ... ok
[INFO] [stdout] test heap::bump::state::tests::deallocation_waits_for_an_in_progress_usage_update ... ok
[INFO] [stdout] test hal::linux::tests::host_page_size_is_compatible_with_allocator_alignment ... ok
[INFO] [stdout] test heap::bump::state::tests::headerless_alignment_padding_stops_the_rewind_chain_safely ... ok
[INFO] [stdout] test allocator::tests::thread_exit_releases_empty_default_heap_slices ... ok
[INFO] [stdout] test allocator::tests::publication_retries_after_deterministic_compare_exchange_contention ... ok
[INFO] [stdout] test heap::bump::state::tests::matching_state_removal_handles_a_non_head_domain ... ok
[INFO] [stdout] test heap::bump::state::tests::final_allocation_release_returns_state_without_a_handle ... ok
[INFO] [stdout] test heap::bump::state::tests::non_latest_allocation_does_not_rewind_the_cursor ... ok
[INFO] [stdout] test heap::bump::state::tests::state_creation_and_fallback_restoration_report_allocation_failures ... ok
[INFO] [stdout] test heap::bump::state::tests::tracked_latest_allocations_restore_alignment_padding ... ok
[INFO] [stdout] test heap::bump::state::tests::usage_retries_while_a_writer_is_active_or_changes_sequence ... ok
[INFO] [stdout] test allocator::tests::slab_initialization_and_fallback_cover_capacity_edges ... ok
[INFO] [stdout] test heap::bump::state::tests::state_thresholds_and_retention_cover_direct_lifecycle_paths ... ok
[INFO] [stdout] test heap::bump::state::tests::reset_reuses_available_chunks_and_zero_credits_need_no_release ... ok
[INFO] [stdout] test telemetry::core::tests::private_snapshot_encoders_cover_every_topology_kind ... ok
[INFO] [stdout] test allocator::tests::thread_heap_and_bump_chunk_report_backing_failures ... ok
[INFO] [stdout] test allocator::tests::topology_snapshots_cover_continuations_and_truncated_spans ... ok
[INFO] [stdout] test allocator::tests::region_manager_expands_after_a_region_is_full ... ok
[INFO] [stdout] test allocator::tests::tracking_target_creates_a_log_for_a_new_session ... ok
[INFO] [stdout] test tests::initialization_is_idempotent ... ok
[INFO] [stdout] test telemetry::core::tests::aggregate_helpers_cover_shared_fallback_and_registration_retry_paths ... ok
[INFO] [stdout] test telemetry::core::tests::aggregate_shards_merge_cross_thread_deallocations ... ok
[INFO] [stdout] test tunables::tests::runtime_size_class_validation_rejects_every_invalid_shape ... ok
[INFO] [stdout] test tunables::tests::runtime_size_class_tables_cover_alignment_and_arithmetic_cases ... ok
[INFO] [stdout] test tunables::tests::derived_tables_cannot_be_shadowed_by_layout ... ok
[INFO] [stdout] test telemetry::core::tests::telemetry_views_expose_values_and_sampling_progress ... ok
[INFO] [stdout] test telemetry::core::tests::suppression_and_counter_recorders_cover_disabled_paths ... ok
[INFO] [stdout] test telemetry::core::tests::tracking_ring_and_stack_table_handle_reuse_and_contention ... ok
[INFO] [stdout] test allocator::tests::missing_bump_chunk_region_delegates_failure ... ok
[INFO] [stdout] test domain::tests::domain_creation_reports_mapping_failure ... ok
[INFO] [stdout] test domain::tests::default_domain_delegates_unrecoverable_creation_failure ... ok
[INFO] [stdout] test allocator::tests::retirement_handles_direct_slabs_and_decommit_failures ... ok
[INFO] [stdout] test telemetry::core::tests::caller_encoding_and_address_details_are_deterministic ... ok
[INFO] [stdout] test allocator::tests::coordination_retries_and_partial_selection_cover_contended_paths ... ok
[INFO] [stdout] test heap::tests::heap_creation_reports_backing_allocation_failures ... ok
[INFO] [stdout] test heap::tests::heap_creation_rejects_general_pooling_and_invalid_hints_delegate_failure ... ok
[INFO] [stdout] test telemetry::core::tests::snapshot_debug_reports_encoded_size ... FAILED
[INFO] [stdout] test telemetry::core::tests::caller_tracking_configuration_rejects_invalid_shapes ... ok
[INFO] [stdout] 
[INFO] [stdout] failures:
[INFO] [stdout] 
[INFO] [stdout] ---- telemetry::core::tests::snapshot_debug_reports_encoded_size stdout ----
[INFO] [stdout] 
[INFO] [stdout] thread 'telemetry::core::tests::snapshot_debug_reports_encoded_size' (1220) panicked at src/telemetry/core.rs:2714:39:
[INFO] [stdout] called `Result::unwrap()` on an `Err` value: Os { code: 30, kind: ReadOnlyFilesystem, message: "Read-only file system" }
[INFO] [stdout] stack backtrace:
[INFO] [stdout]    0:     0x607a7a4d5481 - std[70759c8f55707aa4]::backtrace_rs::backtrace::libunwind::trace
[INFO] [stdout]                                at /rustc/dfb0accb7f508ae8be965d8629557221c889dd98/library/std/src/../../backtrace/src/backtrace/libunwind.rs:117:9
[INFO] [stdout]    1:     0x607a7a4d5481 - std[70759c8f55707aa4]::backtrace_rs::backtrace::trace_unsynchronized::<std[70759c8f55707aa4]::sys::backtrace::_print_fmt::{closure#1}>
[INFO] [stdout]                                at /rustc/dfb0accb7f508ae8be965d8629557221c889dd98/library/std/src/../../backtrace/src/backtrace/mod.rs:66:14
[INFO] [stdout]    2:     0x607a7a4d5481 - std[70759c8f55707aa4]::sys::backtrace::_print_fmt
[INFO] [stdout]                                at /rustc/dfb0accb7f508ae8be965d8629557221c889dd98/library/std/src/sys/backtrace.rs:74:9
[INFO] [stdout]    3:     0x607a7a4d5481 - <<std[70759c8f55707aa4]::sys::backtrace::BacktraceLock>::print::DisplayBacktrace as core[df12db4294e9bfd3]::fmt::Display>::fmt
[INFO] [stdout]                                at /rustc/dfb0accb7f508ae8be965d8629557221c889dd98/library/std/src/sys/backtrace.rs:44:26
[INFO] [stdout]    4:     0x607a7a4ea23a - <core[df12db4294e9bfd3]::fmt::rt::Argument>::fmt
[INFO] [stdout]                                at /rustc/dfb0accb7f508ae8be965d8629557221c889dd98/library/core/src/fmt/rt.rs:152:76
[INFO] [stdout]    5:     0x607a7a4ea23a - core[df12db4294e9bfd3]::fmt::write
[INFO] [stdout]    6:     0x607a7a4d998c - core[df12db4294e9bfd3]::io::write::default_write_fmt::<alloc[2182bb758b4b3781]::vec::Vec<u8>>
[INFO] [stdout]                                at /rustc/dfb0accb7f508ae8be965d8629557221c889dd98/library/core/src/io/write.rs:402:11
[INFO] [stdout]    7:     0x607a7a4d998c - <alloc[2182bb758b4b3781]::vec::Vec<u8> as core[df12db4294e9bfd3]::io::write::Write>::write_fmt
[INFO] [stdout]                                at /rustc/dfb0accb7f508ae8be965d8629557221c889dd98/library/core/src/io/write.rs:335:13
[INFO] [stdout]    8:     0x607a7a4b0d46 - <std[70759c8f55707aa4]::sys::backtrace::BacktraceLock>::print
[INFO] [stdout]                                at /rustc/dfb0accb7f508ae8be965d8629557221c889dd98/library/std/src/sys/backtrace.rs:47:9
[INFO] [stdout]    9:     0x607a7a4b0d46 - std[70759c8f55707aa4]::panicking::default_hook::{closure#0}
[INFO] [stdout]                                at /rustc/dfb0accb7f508ae8be965d8629557221c889dd98/library/std/src/panicking.rs:292:27
[INFO] [stdout]   10:     0x607a7a4cd559 - std[70759c8f55707aa4]::panicking::default_hook
[INFO] [stdout]                                at /rustc/dfb0accb7f508ae8be965d8629557221c889dd98/library/std/src/panicking.rs:316:9
[INFO] [stdout]   11:     0x607a7a44c590 - <alloc[2182bb758b4b3781]::boxed::Box<dyn for<'a, 'b> core[df12db4294e9bfd3]::ops::function::Fn<(&'a std[70759c8f55707aa4]::panic::PanicHookInfo<'b>,), Output = ()> + core[df12db4294e9bfd3]::marker::Send + core[df12db4294e9bfd3]::marker::Sync> as core[df12db4294e9bfd3]::ops::function::Fn<(&std[70759c8f55707aa4]::panic::PanicHookInfo,)>>::call
[INFO] [stdout]                                at /rustc/dfb0accb7f508ae8be965d8629557221c889dd98/library/alloc/src/boxed.rs:2334:9
[INFO] [stdout]   12:     0x607a7a44c590 - test[9d35eded1c95d3be]::test_main_inner::<test[9d35eded1c95d3be]::test_main_static::{closure#0}>::{closure#0}
[INFO] [stdout]                                at /rustc/dfb0accb7f508ae8be965d8629557221c889dd98/library/test/src/lib.rs:155:21
[INFO] [stdout]   13:     0x607a7a4cd882 - <alloc[2182bb758b4b3781]::boxed::Box<dyn for<'a, 'b> core[df12db4294e9bfd3]::ops::function::Fn<(&'a std[70759c8f55707aa4]::panic::PanicHookInfo<'b>,), Output = ()> + core[df12db4294e9bfd3]::marker::Send + core[df12db4294e9bfd3]::marker::Sync> as core[df12db4294e9bfd3]::ops::function::Fn<(&std[70759c8f55707aa4]::panic::PanicHookInfo,)>>::call
[INFO] [stdout]                                at /rustc/dfb0accb7f508ae8be965d8629557221c889dd98/library/alloc/src/boxed.rs:2334:9
[INFO] [stdout]   14:     0x607a7a4cd882 - std[70759c8f55707aa4]::panicking::panic_with_hook
[INFO] [stdout]                                at /rustc/dfb0accb7f508ae8be965d8629557221c889dd98/library/std/src/panicking.rs:823:13
[INFO] [stdout]   15:     0x607a7a4b0df2 - std[70759c8f55707aa4]::panicking::panic_handler::{closure#0}
[INFO] [stdout]                                at /rustc/dfb0accb7f508ae8be965d8629557221c889dd98/library/std/src/panicking.rs:688:13
[INFO] [stdout]   16:     0x607a7a4a9ac9 - std[70759c8f55707aa4]::sys::backtrace::__rust_end_short_backtrace::<std[70759c8f55707aa4]::panicking::panic_handler::{closure#0}, !>
[INFO] [stdout]                                at /rustc/dfb0accb7f508ae8be965d8629557221c889dd98/library/std/src/sys/backtrace.rs:182:18
[INFO] [stdout]   17:     0x607a7a4b19ed - __rustc[8fa7c3cbc660c2b3]::rust_begin_unwind
[INFO] [stdout]                                at /rustc/dfb0accb7f508ae8be965d8629557221c889dd98/library/std/src/panicking.rs:679:5
[INFO] [stdout]   18:     0x607a7a4eaa5c - core[df12db4294e9bfd3]::panicking::panic_fmt
[INFO] [stdout]                                at /rustc/dfb0accb7f508ae8be965d8629557221c889dd98/library/core/src/panicking.rs:80:14
[INFO] [stdout]   19:     0x607a7a4ea782 - core[df12db4294e9bfd3]::result::unwrap_failed
[INFO] [stdout]                                at /rustc/dfb0accb7f508ae8be965d8629557221c889dd98/library/core/src/result.rs:1871:5
[INFO] [stdout]   20:     0x607a7a326868 - <core[df12db4294e9bfd3]::result::Result<(), core[df12db4294e9bfd3]::io::error::Error>>::unwrap
[INFO] [stdout]                                at /rustc/dfb0accb7f508ae8be965d8629557221c889dd98/library/core/src/result.rs:1232:23
[INFO] [stdout]   21:     0x607a7a326868 - rallocator[45db6a5e22dec9b1]::telemetry::core::tests::snapshot_debug_reports_encoded_size
[INFO] [stdout]                                at /opt/rustwide/workdir/src/telemetry/core.rs:2714:39
[INFO] [stdout]   22:     0x607a7a3257a7 - rallocator[45db6a5e22dec9b1]::telemetry::core::tests::snapshot_debug_reports_encoded_size::{closure#0}
[INFO] [stdout]                                at /opt/rustwide/workdir/src/telemetry/core.rs:2698:45
[INFO] [stdout]   23:     0x607a7a308426 - <rallocator[45db6a5e22dec9b1]::telemetry::core::tests::snapshot_debug_reports_encoded_size::{closure#0} as core[df12db4294e9bfd3]::ops::function::FnOnce<()>>::call_once
[INFO] [stdout]                                at /rustc/dfb0accb7f508ae8be965d8629557221c889dd98/library/core/src/ops/function.rs:250:5
[INFO] [stdout]   24:     0x607a7a43f87b - <fn() -> core[df12db4294e9bfd3]::result::Result<(), alloc[2182bb758b4b3781]::string::String> as core[df12db4294e9bfd3]::ops::function::FnOnce<()>>::call_once
[INFO] [stdout]                                at /rustc/dfb0accb7f508ae8be965d8629557221c889dd98/library/core/src/ops/function.rs:250:5
[INFO] [stdout]   25:     0x607a7a43f87b - test[9d35eded1c95d3be]::__rust_begin_short_backtrace::<core[df12db4294e9bfd3]::result::Result<(), alloc[2182bb758b4b3781]::string::String>, fn() -> core[df12db4294e9bfd3]::result::Result<(), alloc[2182bb758b4b3781]::string::String>>
[INFO] [stdout]                                at /rustc/dfb0accb7f508ae8be965d8629557221c889dd98/library/test/src/lib.rs:733:18
[INFO] [stdout]   26:     0x607a7a44cee5 - test[9d35eded1c95d3be]::run_test_in_process::{closure#0}
[INFO] [stdout]                                at /rustc/dfb0accb7f508ae8be965d8629557221c889dd98/library/test/src/lib.rs:756:74
[INFO] [stdout]   27:     0x607a7a44cee5 - <core[df12db4294e9bfd3]::panic::unwind_safe::AssertUnwindSafe<test[9d35eded1c95d3be]::run_test_in_process::{closure#0}> as core[df12db4294e9bfd3]::ops::function::FnOnce<()>>::call_once
[INFO] [stdout]                                at /rustc/dfb0accb7f508ae8be965d8629557221c889dd98/library/core/src/panic/unwind_safe.rs:275:9
[INFO] [stdout]   28:     0x607a7a44cee5 - std[70759c8f55707aa4]::panicking::catch_unwind::do_call::<core[df12db4294e9bfd3]::panic::unwind_safe::AssertUnwindSafe<test[9d35eded1c95d3be]::run_test_in_process::{closure#0}>, core[df12db4294e9bfd3]::result::Result<(), alloc[2182bb758b4b3781]::string::String>>
[INFO] [stdout]                                at /rustc/dfb0accb7f508ae8be965d8629557221c889dd98/library/std/src/panicking.rs:576:43
[INFO] [stdout]   29:     0x607a7a44cee5 - std[70759c8f55707aa4]::panicking::catch_unwind::<core[df12db4294e9bfd3]::result::Result<(), alloc[2182bb758b4b3781]::string::String>, core[df12db4294e9bfd3]::panic::unwind_safe::AssertUnwindSafe<test[9d35eded1c95d3be]::run_test_in_process::{closure#0}>>
[INFO] [stdout]                                at /rustc/dfb0accb7f508ae8be965d8629557221c889dd98/library/std/src/panicking.rs:544:19
[INFO] [stdout]   30:     0x607a7a44cee5 - std[70759c8f55707aa4]::panic::catch_unwind::<core[df12db4294e9bfd3]::panic::unwind_safe::AssertUnwindSafe<test[9d35eded1c95d3be]::run_test_in_process::{closure#0}>, core[df12db4294e9bfd3]::result::Result<(), alloc[2182bb758b4b3781]::string::String>>
[INFO] [stdout]                                at /rustc/dfb0accb7f508ae8be965d8629557221c889dd98/library/std/src/panic.rs:359:14
[INFO] [stdout]   31:     0x607a7a44cee5 - test[9d35eded1c95d3be]::run_test_in_process
[INFO] [stdout]                                at /rustc/dfb0accb7f508ae8be965d8629557221c889dd98/library/test/src/lib.rs:756:27
[INFO] [stdout]   32:     0x607a7a44cee5 - test[9d35eded1c95d3be]::run_test::{closure#0}
[INFO] [stdout]                                at /rustc/dfb0accb7f508ae8be965d8629557221c889dd98/library/test/src/lib.rs:677:43
[INFO] [stdout]   33:     0x607a7a4467a4 - test[9d35eded1c95d3be]::run_test::{closure#1}
[INFO] [stdout]                                at /rustc/dfb0accb7f508ae8be965d8629557221c889dd98/library/test/src/lib.rs:707:41
[INFO] [stdout]   34:     0x607a7a4467a4 - std[70759c8f55707aa4]::sys::backtrace::__rust_begin_short_backtrace::<test[9d35eded1c95d3be]::run_test::{closure#1}, ()>
[INFO] [stdout]                                at /rustc/dfb0accb7f508ae8be965d8629557221c889dd98/library/std/src/sys/backtrace.rs:166:18
[INFO] [stdout]   35:     0x607a7a450042 - std[70759c8f55707aa4]::thread::lifecycle::spawn_unchecked::<test[9d35eded1c95d3be]::run_test::{closure#1}, ()>::{closure#1}::{closure#0}
[INFO] [stdout]                                at /rustc/dfb0accb7f508ae8be965d8629557221c889dd98/library/std/src/thread/lifecycle.rs:70:13
[INFO] [stdout]   36:     0x607a7a450042 - <core[df12db4294e9bfd3]::panic::unwind_safe::AssertUnwindSafe<std[70759c8f55707aa4]::thread::lifecycle::spawn_unchecked<test[9d35eded1c95d3be]::run_test::{closure#1}, ()>::{closure#1}::{closure#0}> as core[df12db4294e9bfd3]::ops::function::FnOnce<()>>::call_once
[INFO] [stdout]                                at /rustc/dfb0accb7f508ae8be965d8629557221c889dd98/library/core/src/panic/unwind_safe.rs:275:9
[INFO] [stdout]   37:     0x607a7a450042 - std[70759c8f55707aa4]::panicking::catch_unwind::do_call::<core[df12db4294e9bfd3]::panic::unwind_safe::AssertUnwindSafe<std[70759c8f55707aa4]::thread::lifecycle::spawn_unchecked<test[9d35eded1c95d3be]::run_test::{closure#1}, ()>::{closure#1}::{closure#0}>, ()>
[INFO] [stdout]                                at /rustc/dfb0accb7f508ae8be965d8629557221c889dd98/library/std/src/panicking.rs:576:43
[INFO] [stdout]   38:     0x607a7a450042 - std[70759c8f55707aa4]::panicking::catch_unwind::<(), core[df12db4294e9bfd3]::panic::unwind_safe::AssertUnwindSafe<std[70759c8f55707aa4]::thread::lifecycle::spawn_unchecked<test[9d35eded1c95d3be]::run_test::{closure#1}, ()>::{closure#1}::{closure#0}>>
[INFO] [stdout]                                at /rustc/dfb0accb7f508ae8be965d8629557221c889dd98/library/std/src/panicking.rs:544:19
[INFO] [stdout]   39:     0x607a7a450042 - std[70759c8f55707aa4]::panic::catch_unwind::<core[df12db4294e9bfd3]::panic::unwind_safe::AssertUnwindSafe<std[70759c8f55707aa4]::thread::lifecycle::spawn_unchecked<test[9d35eded1c95d3be]::run_test::{closure#1}, ()>::{closure#1}::{closure#0}>, ()>
[INFO] [stdout]                                at /rustc/dfb0accb7f508ae8be965d8629557221c889dd98/library/std/src/panic.rs:359:14
[INFO] [stdout]   40:     0x607a7a450042 - std[70759c8f55707aa4]::thread::lifecycle::spawn_unchecked::<test[9d35eded1c95d3be]::run_test::{closure#1}, ()>::{closure#1}
[INFO] [stdout]                                at /rustc/dfb0accb7f508ae8be965d8629557221c889dd98/library/std/src/thread/lifecycle.rs:68:26
[INFO] [stdout]   41:     0x607a7a450042 - <std[70759c8f55707aa4]::thread::lifecycle::spawn_unchecked<test[9d35eded1c95d3be]::run_test::{closure#1}, ()>::{closure#1} as core[df12db4294e9bfd3]::ops::function::FnOnce<()>>::call_once::{shim:vtable#0}
[INFO] [stdout]                                at /rustc/dfb0accb7f508ae8be965d8629557221c889dd98/library/core/src/ops/function.rs:250:5
[INFO] [stdout]   42:     0x607a7a4d4b59 - <alloc[2182bb758b4b3781]::boxed::Box<dyn core[df12db4294e9bfd3]::ops::function::FnOnce<(), Output = ()> + core[df12db4294e9bfd3]::marker::Send> as core[df12db4294e9bfd3]::ops::function::FnOnce<()>>::call_once
[INFO] [stdout]                                at /rustc/dfb0accb7f508ae8be965d8629557221c889dd98/library/alloc/src/boxed.rs:2320:9
[INFO] [stdout]   43:     0x607a7a4d4b59 - <std[70759c8f55707aa4]::sys::thread::unix::Thread>::new::thread_start
[INFO] [stdout]                                at /rustc/dfb0accb7f508ae8be965d8629557221c889dd98/library/std/src/sys/thread/unix.rs:123:17
[INFO] [stdout]   44:     0x710c4de9ddfa - <unknown>
[INFO] [stdout]   45:     0x710c4df313d4 - clone
[INFO] [stdout]   46:                0x0 - <unknown>
[INFO] [stdout] 
[INFO] [stdout] 
[INFO] [stdout] failures:
[INFO] [stdout]     telemetry::core::tests::snapshot_debug_reports_encoded_size
[INFO] [stdout] 
[INFO] [stdout] test result: FAILED. 66 passed; 1 failed; 0 ignored; 0 measured; 0 filtered out; finished in 0.22s
[INFO] [stdout] 
[INFO] [stderr] error: test failed, to rerun pass `--lib`
[INFO] running `Command { std: "docker" "inspect" "1838edcfabaf375f36ab1ab5f3d08a25be8ca3c5740009cb19f6f52ddf1750ce", kill_on_drop: false }`
[INFO] running `Command { std: "docker" "rm" "-f" "1838edcfabaf375f36ab1ab5f3d08a25be8ca3c5740009cb19f6f52ddf1750ce", kill_on_drop: false }`
[INFO] [stdout] 1838edcfabaf375f36ab1ab5f3d08a25be8ca3c5740009cb19f6f52ddf1750ce
