[INFO] fetching crate rainbowterm 0.2.26...
[INFO] testing rainbowterm-0.2.26 against 1.99.0-beta.8 for beta-1.100-2
[INFO] extracting crate rainbowterm 0.2.26 into /workspace/builds/worker-0-tc1/source
[INFO] started tweaking crates.io crate rainbowterm 0.2.26
[INFO] removed 0 missing tests
[INFO] finished tweaking crates.io crate rainbowterm 0.2.26
[INFO] tweaked toml for crates.io crate rainbowterm 0.2.26 written to /workspace/builds/worker-0-tc1/source/Cargo.toml
[INFO] validating manifest of crates.io crate rainbowterm 0.2.26 on toolchain 1.99.0-beta.8
[INFO] running `Command { std: CARGO_HOME="/workspace/cargo-home" RUSTUP_HOME="/workspace/rustup-home" "/workspace/cargo-home/bin/cargo" "+1.99.0-beta.8" "metadata" "--manifest-path" "Cargo.toml" "--no-deps", kill_on_drop: false }`
[INFO] crate crates.io crate rainbowterm 0.2.26 already has a lockfile, it will not be regenerated
[INFO] running `Command { std: CARGO_HOME="/workspace/cargo-home" RUSTUP_HOME="/workspace/rustup-home" "/workspace/cargo-home/bin/cargo" "+1.99.0-beta.8" "fetch" "--manifest-path" "Cargo.toml", kill_on_drop: false }`
[INFO] [stderr]     Blocking waiting for file lock on package cache
[INFO] [stderr]     Updating crates.io index
[INFO] [stderr]     Blocking waiting for file lock on package cache
[INFO] [stderr]  Downloading crates ...
[INFO] [stderr]   Downloaded toml_datetime v0.6.11
[INFO] [stderr]   Downloaded toml_write v0.1.2
[INFO] [stderr]   Downloaded dirs v6.0.0
[INFO] [stderr]   Downloaded toml_edit v0.22.27
[INFO] [stderr]   Downloaded memchr v2.7.6
[INFO] [stderr]   Downloaded cast v0.3.0
[INFO] [stderr]   Downloaded anstream v0.6.21
[INFO] [stderr]   Downloaded colorchoice v1.0.4
[INFO] [stderr]   Downloaded plotters-backend v0.3.7
[INFO] [stderr]   Downloaded criterion-plot v0.5.0
[INFO] [stderr]   Downloaded winnow v0.7.13
[INFO] [stderr]   Downloaded libredox v0.1.10
[INFO] [stderr]   Downloaded clap_lex v0.7.6
[INFO] [stderr]   Downloaded once_cell_polyfill v1.70.2
[INFO] [stderr]   Downloaded clap_complete v4.5.61
[INFO] [stderr]   Downloaded itertools v0.10.5
[INFO] [stderr]   Downloaded toml_datetime v0.7.3
[INFO] [stderr]   Downloaded winapi-util v0.1.11
[INFO] [stderr]   Downloaded zmij v1.0.2
[INFO] [stderr]   Downloaded num-traits v0.2.19
[INFO] [stderr]   Downloaded autocfg v1.5.0
[INFO] [stderr]   Downloaded anstyle-parse v0.2.7
[INFO] [stderr]   Downloaded ciborium-io v0.2.2
[INFO] [stderr]   Downloaded quote v1.0.42
[INFO] [stderr]   Downloaded rustversion v1.0.22
[INFO] [stderr]   Downloaded crunchy v0.2.4
[INFO] [stderr]   Downloaded constant_time_eq v0.3.1
[INFO] [stderr]   Downloaded wasm-bindgen-shared v0.2.106
[INFO] [stderr]   Downloaded is-terminal v0.4.17
[INFO] [stderr]   Downloaded arrayref v0.3.9
[INFO] [stderr]   Downloaded windows-link v0.2.1
[INFO] [stderr]   Downloaded dirs-sys v0.5.0
[INFO] [stderr]   Downloaded cfg-if v1.0.4
[INFO] [stderr]   Downloaded option-ext v0.2.0
[INFO] [stderr]   Downloaded wasm-bindgen-macro v0.2.106
[INFO] [stderr]   Downloaded js-sys v0.3.83
[INFO] [stderr]   Downloaded plotters-svg v0.3.7
[INFO] [stderr]   Downloaded ciborium-ll v0.2.2
[INFO] [stderr]   Downloaded anes v0.1.6
[INFO] [stderr]   Downloaded toml v0.9.8
[INFO] [stderr]   Downloaded serde_spanned v1.0.3
[INFO] [stderr]   Downloaded termcolor v1.4.1
[INFO] [stderr]   Downloaded redox_users v0.5.2
[INFO] [stderr]   Downloaded thiserror v2.0.17
[INFO] [stderr]   Downloaded thiserror-impl v2.0.17
[INFO] [stderr]   Downloaded wasi v0.11.1+wasi-snapshot-preview1
[INFO] [stderr]   Downloaded walkdir v2.5.0
[INFO] [stderr]   Downloaded same-file v1.0.6
[INFO] [stderr]   Downloaded itoa v1.0.15
[INFO] [stderr]   Downloaded oorandom v11.1.5
[INFO] [stderr]   Downloaded hermit-abi v0.5.2
[INFO] [stderr]   Downloaded anstyle-wincon v3.0.11
[INFO] [stderr]   Downloaded toml_writer v1.0.4
[INFO] [stderr]   Downloaded anstyle v1.0.13
[INFO] [stderr]   Downloaded shlex v1.3.0
[INFO] [stderr]   Downloaded find-msvc-tools v0.1.5
[INFO] [stderr]   Downloaded arrayvec v0.7.6
[INFO] [stderr]   Downloaded toml_parser v1.0.4
[INFO] [stderr]   Downloaded tinytemplate v1.2.1
[INFO] [stderr]   Downloaded crossbeam-utils v0.8.21
[INFO] [stderr]   Downloaded crossbeam-deque v0.8.6
[INFO] [stderr]   Downloaded crossbeam-epoch v0.9.18
[INFO] [stderr]   Downloaded either v1.15.0
[INFO] [stderr]   Downloaded ciborium v0.2.2
[INFO] [stderr]   Downloaded anyhow v1.0.100
[INFO] [stderr]   Downloaded serde_core v1.0.228
[INFO] [stderr]   Downloaded serde_derive v1.0.228
[INFO] [stderr]   Downloaded unicode-ident v1.0.22
[INFO] [stderr]   Downloaded proc-macro2 v1.0.103
[INFO] [stderr]   Downloaded bitflags v2.10.0
[INFO] [stderr]   Downloaded getrandom v0.2.16
[INFO] [stderr]   Downloaded wasm-bindgen v0.2.106
[INFO] [stderr]   Downloaded wasm-bindgen-macro-support v0.2.106
[INFO] [stderr]   Downloaded once_cell v1.21.3
[INFO] [stderr]   Downloaded clap v4.5.53
[INFO] [stderr]   Downloaded clap_derive v4.5.49
[INFO] [stderr]   Downloaded half v2.7.1
[INFO] [stderr]   Downloaded similar v2.7.0
[INFO] [stderr]   Downloaded rayon-core v1.13.0
[INFO] [stderr]   Downloaded serde v1.0.228
[INFO] [stderr]   Downloaded bumpalo v3.19.1
[INFO] [stderr]   Downloaded zerocopy-derive v0.8.31
[INFO] [stderr]   Downloaded cc v1.2.50
[INFO] [stderr]   Downloaded criterion v0.5.1
[INFO] [stderr]   Downloaded indexmap v2.12.1
[INFO] [stderr]   Downloaded plotters v0.3.7
[INFO] [stderr]   Downloaded hashbrown v0.16.1
[INFO] [stderr]   Downloaded regex v1.12.2
[INFO] [stderr]   Downloaded clap_builder v4.5.53
[INFO] [stderr]   Downloaded serde_json v1.0.148
[INFO] [stderr]   Downloaded rayon v1.11.0
[INFO] [stderr]   Downloaded aho-corasick v1.1.4
[INFO] [stderr]   Downloaded blake3 v1.8.2
[INFO] [stderr]   Downloaded syn v2.0.111
[INFO] [stderr]   Downloaded zerocopy v0.8.31
[INFO] [stderr]   Downloaded regex-syntax v0.8.8
[INFO] [stderr]   Downloaded web-sys v0.3.83
[INFO] [stderr]   Downloaded regex-automata v0.4.13
[INFO] [stderr]   Downloaded libc v0.2.177
[INFO] [stderr]   Downloaded windows-sys v0.61.2
[INFO] running `Command { std: "docker" "create" "-v" "/var/lib/crater-agent-workspace/builds/worker-0-tc1/source:/opt/rustwide/workdir:ro,Z" "-v" "/var/lib/crater-agent-workspace/builds/worker-0-tc1/target:/opt/rustwide/target:rw,Z" "-v" "/var/lib/crater-agent-workspace/cargo-home:/opt/rustwide/cargo-home:ro,Z" "-v" "/var/lib/crater-agent-workspace/rustup-home:/opt/rustwide/rustup-home:ro,Z" "-m" "1610612736" "--network" "none" "ghcr.io/rust-lang/crates-build-env/linux@sha256:3111399a4047eeb3a02b7a90e478d715f38a8c6669b5c4b49d30a17385265909" "sleep" "infinity", kill_on_drop: false }`
[INFO] [stdout] c328ffe2ce3d908d277390e49a22fcc9e7be30faf0847fcf5d0e4d165193e948
[INFO] running `Command { std: "docker" "start" "c328ffe2ce3d908d277390e49a22fcc9e7be30faf0847fcf5d0e4d165193e948", kill_on_drop: false }`
[INFO] running `Command { std: "docker" "inspect" "c328ffe2ce3d908d277390e49a22fcc9e7be30faf0847fcf5d0e4d165193e948", kill_on_drop: false }`
[INFO] running `Command { std: "docker" "exec" "-e" "SOURCE_DIR=/opt/rustwide/workdir" "-e" "CARGO_HOME=/opt/rustwide/cargo-home" "-e" "RUSTUP_HOME=/opt/rustwide/rustup-home" "-e" "CARGO_TARGET_DIR=/opt/rustwide/target" "-w" "/opt/rustwide/workdir" "--user" "0:0" "c328ffe2ce3d908d277390e49a22fcc9e7be30faf0847fcf5d0e4d165193e948" "/opt/rustwide/cargo-home/bin/cargo" "+1.99.0-beta.8" "metadata" "--no-deps" "--format-version=1", kill_on_drop: false }`
[INFO] running `Command { std: "docker" "inspect" "c328ffe2ce3d908d277390e49a22fcc9e7be30faf0847fcf5d0e4d165193e948", kill_on_drop: false }`
[INFO] running `Command { std: "docker" "exec" "-e" "SOURCE_DIR=/opt/rustwide/workdir" "-e" "CARGO_HOME=/opt/rustwide/cargo-home" "-e" "RUSTUP_HOME=/opt/rustwide/rustup-home" "-e" "CARGO_TARGET_DIR=/opt/rustwide/target" "-e" "CARGO_INCREMENTAL=0" "-e" "RUST_BACKTRACE=full" "-e" "RUSTFLAGS=--cap-lints=warn" "-e" "RUSTDOCFLAGS=--cap-lints=warn" "-w" "/opt/rustwide/workdir" "--user" "0:0" "c328ffe2ce3d908d277390e49a22fcc9e7be30faf0847fcf5d0e4d165193e948" "/opt/rustwide/cargo-home/bin/cargo" "+1.99.0-beta.8" "build" "--frozen" "--message-format=json", kill_on_drop: false }`
[INFO] [stderr]    Compiling proc-macro2 v1.0.103
[INFO] [stderr]    Compiling quote v1.0.42
[INFO] [stderr]    Compiling unicode-ident v1.0.22
[INFO] [stderr]    Compiling serde_core v1.0.228
[INFO] [stderr]    Compiling utf8parse v0.2.2
[INFO] [stderr]    Compiling shlex v1.3.0
[INFO] [stderr]    Compiling find-msvc-tools v0.1.5
[INFO] [stderr]    Compiling libc v0.2.177
[INFO] [stderr]    Compiling is_terminal_polyfill v1.70.2
[INFO] [stderr]    Compiling anstyle v1.0.13
[INFO] [stderr]    Compiling colorchoice v1.0.4
[INFO] [stderr]    Compiling anstyle-query v1.1.5
[INFO] [stderr]    Compiling heck v0.5.0
[INFO] [stderr]    Compiling strsim v0.11.1
[INFO] [stderr]    Compiling clap_lex v0.7.6
[INFO] [stderr]    Compiling memchr v2.7.6
[INFO] [stderr]    Compiling anstyle-parse v0.2.7
[INFO] [stderr]    Compiling cc v1.2.50
[INFO] [stderr]    Compiling winnow v0.7.13
[INFO] [stderr]    Compiling serde v1.0.228
[INFO] [stderr]    Compiling regex-syntax v0.8.8
[INFO] [stderr]    Compiling anyhow v1.0.100
[INFO] [stderr]    Compiling anstream v0.6.21
[INFO] [stderr]    Compiling equivalent v1.0.2
[INFO] [stderr]    Compiling hashbrown v0.16.1
[INFO] [stderr]    Compiling option-ext v0.2.0
[INFO] [stderr]    Compiling constant_time_eq v0.3.1
[INFO] [stderr]    Compiling cfg-if v1.0.4
[INFO] [stderr]    Compiling toml_writer v1.0.4
[INFO] [stderr]    Compiling arrayvec v0.7.6
[INFO] [stderr]    Compiling rainbowterm v0.2.26 (/opt/rustwide/workdir)
[INFO] [stderr]    Compiling arrayref v0.3.9
[INFO] [stderr]    Compiling toml_datetime v0.6.11
[INFO] [stderr]    Compiling toml_write v0.1.2
[INFO] [stderr]    Compiling clap_builder v4.5.53
[INFO] [stderr]    Compiling termcolor v1.4.1
[INFO] [stderr]    Compiling similar v2.7.0
[INFO] [stderr]    Compiling aho-corasick v1.1.4
[INFO] [stderr]    Compiling indexmap v2.12.1
[INFO] [stderr]    Compiling syn v2.0.111
[INFO] [stderr]    Compiling blake3 v1.8.2
[INFO] [stderr]    Compiling dirs-sys v0.5.0
[INFO] [stderr]    Compiling dirs v6.0.0
[INFO] [stderr]    Compiling toml_parser v1.0.4
[INFO] [stderr]    Compiling toml_edit v0.22.27
[INFO] [stderr]    Compiling serde_spanned v1.0.3
[INFO] [stderr]    Compiling toml_datetime v0.7.3
[INFO] [stderr]    Compiling regex-automata v0.4.13
[INFO] [stderr]    Compiling toml v0.9.8
[INFO] [stderr]    Compiling clap_derive v4.5.49
[INFO] [stderr]    Compiling serde_derive v1.0.228
[INFO] [stderr]    Compiling clap v4.5.53
[INFO] [stderr]    Compiling clap_complete v4.5.61
[INFO] [stderr]    Compiling regex v1.12.2
[INFO] [stderr]     Finished `dev` profile [unoptimized + debuginfo] target(s) in 25.22s
[INFO] running `Command { std: "docker" "inspect" "c328ffe2ce3d908d277390e49a22fcc9e7be30faf0847fcf5d0e4d165193e948", kill_on_drop: false }`
[INFO] running `Command { std: "docker" "exec" "-e" "SOURCE_DIR=/opt/rustwide/workdir" "-e" "CARGO_HOME=/opt/rustwide/cargo-home" "-e" "RUSTUP_HOME=/opt/rustwide/rustup-home" "-e" "CARGO_TARGET_DIR=/opt/rustwide/target" "-e" "CARGO_INCREMENTAL=0" "-e" "RUST_BACKTRACE=full" "-e" "RUSTFLAGS=--cap-lints=warn" "-e" "RUSTDOCFLAGS=--cap-lints=warn" "-w" "/opt/rustwide/workdir" "--user" "0:0" "c328ffe2ce3d908d277390e49a22fcc9e7be30faf0847fcf5d0e4d165193e948" "/opt/rustwide/cargo-home/bin/cargo" "+1.99.0-beta.8" "test" "--frozen" "--no-run" "--message-format=json", kill_on_drop: false }`
[INFO] [stderr]    Compiling crossbeam-utils v0.8.21
[INFO] [stderr]    Compiling serde v1.0.228
[INFO] [stderr]    Compiling zerocopy v0.8.31
[INFO] [stderr]    Compiling autocfg v1.5.0
[INFO] [stderr]    Compiling zmij v1.0.2
[INFO] [stderr]    Compiling rayon-core v1.13.0
[INFO] [stderr]    Compiling either v1.15.0
[INFO] [stderr]    Compiling serde_json v1.0.148
[INFO] [stderr]    Compiling zerocopy-derive v0.8.31
[INFO] [stderr]    Compiling ciborium-io v0.2.2
[INFO] [stderr]    Compiling plotters-backend v0.3.7
[INFO] [stderr]    Compiling itoa v1.0.15
[INFO] [stderr]    Compiling same-file v1.0.6
[INFO] [stderr]    Compiling cast v0.3.0
[INFO] [stderr]    Compiling is-terminal v0.4.17
[INFO] [stderr]    Compiling oorandom v11.1.5
[INFO] [stderr]    Compiling anes v0.1.6
[INFO] [stderr]    Compiling once_cell v1.21.3
[INFO] [stderr]    Compiling walkdir v2.5.0
[INFO] [stderr]    Compiling itertools v0.10.5
[INFO] [stderr]    Compiling plotters-svg v0.3.7
[INFO] [stderr]    Compiling num-traits v0.2.19
[INFO] [stderr]    Compiling rainbowterm v0.2.26 (/opt/rustwide/workdir)
[INFO] [stderr]    Compiling crossbeam-epoch v0.9.18
[INFO] [stderr]    Compiling crossbeam-deque v0.8.6
[INFO] [stderr]    Compiling tinytemplate v1.2.1
[INFO] [stderr]    Compiling plotters v0.3.7
[INFO] [stderr]    Compiling criterion-plot v0.5.0
[INFO] [stderr]    Compiling rayon v1.11.0
[INFO] [stderr]    Compiling half v2.7.1
[INFO] [stderr]    Compiling ciborium-ll v0.2.2
[INFO] [stderr]    Compiling ciborium v0.2.2
[INFO] [stderr]    Compiling criterion v0.5.1
[INFO] [stderr]     Finished `test` profile [unoptimized + debuginfo] target(s) in 20.91s
[INFO] running `Command { std: "docker" "inspect" "c328ffe2ce3d908d277390e49a22fcc9e7be30faf0847fcf5d0e4d165193e948", kill_on_drop: false }`
[INFO] running `Command { std: "docker" "exec" "-e" "SOURCE_DIR=/opt/rustwide/workdir" "-e" "CARGO_HOME=/opt/rustwide/cargo-home" "-e" "RUSTUP_HOME=/opt/rustwide/rustup-home" "-e" "CARGO_TARGET_DIR=/opt/rustwide/target" "-e" "CARGO_INCREMENTAL=0" "-e" "RUST_BACKTRACE=full" "-e" "RUSTFLAGS=--cap-lints=warn" "-e" "RUSTDOCFLAGS=--cap-lints=warn" "-w" "/opt/rustwide/workdir" "--user" "0:0" "c328ffe2ce3d908d277390e49a22fcc9e7be30faf0847fcf5d0e4d165193e948" "/opt/rustwide/cargo-home/bin/cargo" "+1.99.0-beta.8" "test" "--frozen", kill_on_drop: false }`
[INFO] [stderr]     Finished `test` profile [unoptimized + debuginfo] target(s) in 0.10s
[INFO] [stderr]      Running unittests src/lib.rs (/opt/rustwide/target/debug/deps/rainbowterm-9c0a50fb0a47de0a)
[INFO] [stdout] 
[INFO] [stdout] running 28 tests
[INFO] [stdout] test config::tests::test_config_resolve_color_hex ... ok
[INFO] [stdout] test config::tests::test_parse_hex_color_valid ... ok
[INFO] [stdout] test config::tests::test_parse_hex_color_invalid ... ok
[INFO] [stdout] test config::tests::test_config_resolve_color_missing ... ok
[INFO] [stdout] test config::tests::test_config_parse_minimal ... ok
[INFO] [stdout] test config::tests::test_config_resolve_color_palette ... ok
[INFO] [stdout] test config::tests::test_colored_range_new ... ok
[INFO] [stdout] test matching::tests::test_apply_patterns_alternation_groups ... ok
[INFO] [stdout] test matching::tests::test_alternation_capture_all_variants ... ok
[INFO] [stdout] test matching::tests::test_compile_patterns_sorts_by_priority ... ok
[INFO] [stdout] test matching::tests::test_apply_patterns_exclusive ... ok
[INFO] [stdout] test config::tests::test_validate_valid_config ... ok
[INFO] [stdout] test config::tests::test_profile_inheritance ... ok
[INFO] [stdout] test config::tests::test_validate_missing_inherit ... ok
[INFO] [stdout] test matching::tests::test_apply_patterns_simple_match ... ok
[INFO] [stdout] test matching::tests::test_apply_patterns_multiple_matches ... ok
[INFO] [stdout] test matching::tests::test_apply_patterns_no_match ... ok
[INFO] [stdout] test matching::tests::test_apply_patterns_group_colors ... ok
[INFO] [stdout] test matching::tests::test_apply_patterns_multiple_patterns_same_text ... ok
[INFO] [stdout] test matching::tests::test_apply_patterns_capture_group ... ok
[INFO] [stdout] test matching::tests::test_alternation_capture ... ok
[INFO] [stdout] test matching::tests::test_loop_detect_pdu_error_pattern ... ok
[INFO] [stdout] test matching::tests::test_count_juniper_patterns ... ok
[INFO] [stdout] test config::tests::test_parse_embedded_config ... ok
[INFO] [stdout] test config::tests::detect_profile_hint_is_optional_and_content_still_works ... ok
[INFO] [stdout] test config::tests::detect_profile_uses_hostname_hint_when_content_lacks_hostname ... ok
[INFO] [stdout] test matching::tests::test_loop_detect_pdu_with_full_config ... ok
[INFO] [stdout] test matching::tests::test_loop_detect_pdu_apply_patterns ... ok
[INFO] [stdout] 
[INFO] [stdout] test result: ok. 28 passed; 0 failed; 0 ignored; 0 measured; 0 filtered out; finished in 4.29s
[INFO] [stdout] 
[INFO] [stderr]      Running unittests src/main.rs (/opt/rustwide/target/debug/deps/rt-ce67ee6b051dc031)
[INFO] [stdout] 
[INFO] [stdout] running 40 tests
[INFO] [stdout] test config::tests::test_config_resolve_color_missing ... ok
[INFO] [stdout] test config::tests::test_config_resolve_color_hex ... ok
[INFO] [stdout] test config::tests::test_colored_range_new ... ok
[INFO] [stdout] test config::tests::test_validate_missing_inherit ... ok
[INFO] [stdout] test config::tests::test_config_resolve_color_palette ... ok
[INFO] [stdout] test config::tests::test_parse_hex_color_invalid ... ok
[INFO] [stdout] test config::tests::test_parse_hex_color_valid ... ok
[INFO] [stdout] test config::tests::test_config_parse_minimal ... ok
[INFO] [stdout] test config::tests::test_profile_inheritance ... ok
[INFO] [stdout] test matching::tests::test_alternation_capture_all_variants ... ok
[INFO] [stdout] test config::tests::test_validate_valid_config ... ok
[INFO] [stdout] test matching::tests::test_apply_patterns_multiple_matches ... ok
[INFO] [stdout] test matching::tests::test_apply_patterns_simple_match ... ok
[INFO] [stdout] test matching::tests::test_compile_patterns_sorts_by_priority ... ok
[INFO] [stdout] test matching::tests::test_apply_patterns_exclusive ... ok
[INFO] [stdout] test matching::tests::test_apply_patterns_no_match ... ok
[INFO] [stdout] test tests::process_complete_lines_handles_all_ascii ... ok
[INFO] [stdout] test tests::process_complete_lines_handles_crlf ... ok
[INFO] [stdout] test matching::tests::test_alternation_capture ... ok
[INFO] [stdout] test tests::process_complete_lines_returns_zero_when_no_complete_line ... ok
[INFO] [stdout] test versions::tests::embedded_config_matches_registered_hash ... ok
[INFO] [stdout] test versions::tests::test_compare_versions ... ok
[INFO] [stdout] test versions::tests::test_hash_config ... ok
[INFO] [stdout] test versions::tests::test_parse_config_date ... ok
[INFO] [stdout] test versions::tests::test_parse_config_version ... ok
[INFO] [stdout] test matching::tests::test_apply_patterns_alternation_groups ... ok
[INFO] [stdout] test matching::tests::test_apply_patterns_capture_group ... ok
[INFO] [stdout] test tests::process_complete_lines_handles_invalid_utf8 ... ok
[INFO] [stdout] test matching::tests::test_apply_patterns_multiple_patterns_same_text ... ok
[INFO] [stdout] test tests::detects_linux_via_os_banner ... ok
[INFO] [stdout] test tests::does_not_detect_network_device_prompts_as_linux ... ok
[INFO] [stdout] test tests::detects_linux_via_bash_prompt ... ok
[INFO] [stdout] test matching::tests::test_apply_patterns_group_colors ... ok
[INFO] [stdout] test matching::tests::test_loop_detect_pdu_error_pattern ... ok
[INFO] [stdout] test config::tests::detect_profile_hint_is_optional_and_content_still_works ... ok
[INFO] [stdout] test config::tests::detect_profile_uses_hostname_hint_when_content_lacks_hostname ... ok
[INFO] [stdout] test config::tests::test_parse_embedded_config ... ok
[INFO] [stdout] test matching::tests::test_loop_detect_pdu_with_full_config ... ok
[INFO] [stdout] test matching::tests::test_count_juniper_patterns ... ok
[INFO] [stdout] test matching::tests::test_loop_detect_pdu_apply_patterns ... ok
[INFO] [stdout] 
[INFO] [stdout] test result: ok. 40 passed; 0 failed; 0 ignored; 0 measured; 0 filtered out; finished in 3.43s
[INFO] [stdout] 
[INFO] [stderr]      Running tests/integration_tests.rs (/opt/rustwide/target/debug/deps/integration_tests-f82caf7f8efb6082)
[INFO] [stdout] 
[INFO] [stdout] running 4 tests
[INFO] [stdout] test test_arista_profiles ... ignored
[INFO] [stdout] test test_all_profiles ... FAILED
[INFO] [stdout] test test_juniper_profiles ... FAILED
[INFO] [stdout] test test_cisco_profiles ... FAILED
[INFO] [stdout] 
[INFO] [stdout] failures:
[INFO] [stdout] 
[INFO] [stdout] ---- test_all_profiles stdout ----
[INFO] [stdout] 
[INFO] [stdout] 
[INFO] [stdout] ================================================================================
[INFO] [stdout] RainbowTerm Profile Integration Tests
[INFO] [stdout] ================================================================================
[INFO] [stdout] 
[INFO] [stdout] Testing: cisco / ios ... ✗ FAILED: Failed to spawn rt: No such file or directory (os error 2)
[INFO] [stdout] Testing: juniper / common ... ✗ FAILED: Failed to spawn rt: No such file or directory (os error 2)
[INFO] [stderr] error: test failed, to rerun pass `--test integration_tests`
[INFO] [stdout] Testing: juniper / common ... ✗ FAILED: Failed to spawn rt: No such file or directory (os error 2)
[INFO] [stdout] Testing: versa / sdwan ... ✗ FAILED: Failed to spawn rt: No such file or directory (os error 2)
[INFO] [stdout] ================================================================================
[INFO] [stdout] Test Results: 0 passed, 4 failed
[INFO] [stdout] ================================================================================
[INFO] [stdout] 
[INFO] [stdout] 
[INFO] [stdout] thread 'test_all_profiles' (1777) panicked at tests/integration_tests.rs:203:5:
[INFO] [stdout] assertion `left == right` failed: Some profile tests failed. See output above for details.
[INFO] [stdout]   left: 4
[INFO] [stdout]  right: 0
[INFO] [stdout] stack backtrace:
[INFO] [stdout]    0:     0x55bc7f904c61 - std[70759c8f55707aa4]::backtrace_rs::backtrace::libunwind::trace
[INFO] [stdout]                                at /rustc/dfb0accb7f508ae8be965d8629557221c889dd98/library/std/src/../../backtrace/src/backtrace/libunwind.rs:117:9
[INFO] [stdout]    1:     0x55bc7f904c61 - std[70759c8f55707aa4]::backtrace_rs::backtrace::trace_unsynchronized::<std[70759c8f55707aa4]::sys::backtrace::_print_fmt::{closure#1}>
[INFO] [stdout]                                at /rustc/dfb0accb7f508ae8be965d8629557221c889dd98/library/std/src/../../backtrace/src/backtrace/mod.rs:66:14
[INFO] [stdout]    2:     0x55bc7f904c61 - std[70759c8f55707aa4]::sys::backtrace::_print_fmt
[INFO] [stdout]                                at /rustc/dfb0accb7f508ae8be965d8629557221c889dd98/library/std/src/sys/backtrace.rs:74:9
[INFO] [stdout]    3:     0x55bc7f904c61 - <<std[70759c8f55707aa4]::sys::backtrace::BacktraceLock>::print::DisplayBacktrace as core[df12db4294e9bfd3]::fmt::Display>::fmt
[INFO] [stdout]                                at /rustc/dfb0accb7f508ae8be965d8629557221c889dd98/library/std/src/sys/backtrace.rs:44:26
[INFO] [stdout]    4:     0x55bc7f91942a - <core[df12db4294e9bfd3]::fmt::rt::Argument>::fmt
[INFO] [stdout]                                at /rustc/dfb0accb7f508ae8be965d8629557221c889dd98/library/core/src/fmt/rt.rs:152:76
[INFO] [stdout]    5:     0x55bc7f91942a - core[df12db4294e9bfd3]::fmt::write
[INFO] [stdout]    6:     0x55bc7f90962c - core[df12db4294e9bfd3]::io::write::default_write_fmt::<alloc[2182bb758b4b3781]::vec::Vec<u8>>
[INFO] [stdout]                                at /rustc/dfb0accb7f508ae8be965d8629557221c889dd98/library/core/src/io/write.rs:402:11
[INFO] [stdout]    7:     0x55bc7f90962c - <alloc[2182bb758b4b3781]::vec::Vec<u8> as core[df12db4294e9bfd3]::io::write::Write>::write_fmt
[INFO] [stdout]                                at /rustc/dfb0accb7f508ae8be965d8629557221c889dd98/library/core/src/io/write.rs:335:13
[INFO] [stdout]    8:     0x55bc7f8e0066 - <std[70759c8f55707aa4]::sys::backtrace::BacktraceLock>::print
[INFO] [stdout]                                at /rustc/dfb0accb7f508ae8be965d8629557221c889dd98/library/std/src/sys/backtrace.rs:47:9
[INFO] [stdout]    9:     0x55bc7f8e0066 - std[70759c8f55707aa4]::panicking::default_hook::{closure#0}
[INFO] [stdout]                                at /rustc/dfb0accb7f508ae8be965d8629557221c889dd98/library/std/src/panicking.rs:292:27
[INFO] [stdout]   10:     0x55bc7f8fce49 - std[70759c8f55707aa4]::panicking::default_hook
[INFO] [stdout]                                at /rustc/dfb0accb7f508ae8be965d8629557221c889dd98/library/std/src/panicking.rs:316:9
[INFO] [stdout]   11:     0x55bc7f897fc0 - <alloc[2182bb758b4b3781]::boxed::Box<dyn for<'a, 'b> core[df12db4294e9bfd3]::ops::function::Fn<(&'a std[70759c8f55707aa4]::panic::PanicHookInfo<'b>,), Output = ()> + core[df12db4294e9bfd3]::marker::Send + core[df12db4294e9bfd3]::marker::Sync> as core[df12db4294e9bfd3]::ops::function::Fn<(&std[70759c8f55707aa4]::panic::PanicHookInfo,)>>::call
[INFO] [stdout]                                at /rustc/dfb0accb7f508ae8be965d8629557221c889dd98/library/alloc/src/boxed.rs:2334:9
[INFO] [stdout]   12:     0x55bc7f897fc0 - test[9d35eded1c95d3be]::test_main_inner::<test[9d35eded1c95d3be]::test_main_static::{closure#0}>::{closure#0}
[INFO] [stdout]                                at /rustc/dfb0accb7f508ae8be965d8629557221c889dd98/library/test/src/lib.rs:155:21
[INFO] [stdout]   13:     0x55bc7f8fd002 - <alloc[2182bb758b4b3781]::boxed::Box<dyn for<'a, 'b> core[df12db4294e9bfd3]::ops::function::Fn<(&'a std[70759c8f55707aa4]::panic::PanicHookInfo<'b>,), Output = ()> + core[df12db4294e9bfd3]::marker::Send + core[df12db4294e9bfd3]::marker::Sync> as core[df12db4294e9bfd3]::ops::function::Fn<(&std[70759c8f55707aa4]::panic::PanicHookInfo,)>>::call
[INFO] [stdout]                                at /rustc/dfb0accb7f508ae8be965d8629557221c889dd98/library/alloc/src/boxed.rs:2334:9
[INFO] [stdout]   14:     0x55bc7f8fd002 - std[70759c8f55707aa4]::panicking::panic_with_hook
[INFO] [stdout]                                at /rustc/dfb0accb7f508ae8be965d8629557221c889dd98/library/std/src/panicking.rs:823:13
[INFO] [stdout]   15:     0x55bc7f8e0112 - std[70759c8f55707aa4]::panicking::panic_handler::{closure#0}
[INFO] [stdout]                                at /rustc/dfb0accb7f508ae8be965d8629557221c889dd98/library/std/src/panicking.rs:688:13
[INFO] [stdout]   16:     0x55bc7f8d8c69 - std[70759c8f55707aa4]::sys::backtrace::__rust_end_short_backtrace::<std[70759c8f55707aa4]::panicking::panic_handler::{closure#0}, !>
[INFO] [stdout]                                at /rustc/dfb0accb7f508ae8be965d8629557221c889dd98/library/std/src/sys/backtrace.rs:182:18
[INFO] [stdout]   17:     0x55bc7f8e0d0d - __rustc[8fa7c3cbc660c2b3]::rust_begin_unwind
[INFO] [stdout]                                at /rustc/dfb0accb7f508ae8be965d8629557221c889dd98/library/std/src/panicking.rs:679:5
[INFO] [stdout]   18:     0x55bc7f919b9c - core[df12db4294e9bfd3]::panicking::panic_fmt
[INFO] [stdout]                                at /rustc/dfb0accb7f508ae8be965d8629557221c889dd98/library/core/src/panicking.rs:80:14
[INFO] [stdout]   19:     0x55bc7f919b13 - core[df12db4294e9bfd3]::panicking::assert_failed_inner
[INFO] [stdout]                                at /rustc/dfb0accb7f508ae8be965d8629557221c889dd98/library/core/src/panicking.rs:447:23
[INFO] [stdout]   20:     0x55bc7f8d8445 - core[df12db4294e9bfd3]::panicking::assert_failed::<i32, i32>
[INFO] [stdout]                                at /rustc/dfb0accb7f508ae8be965d8629557221c889dd98/library/core/src/panicking.rs:407:5
[INFO] [stdout]   21:     0x55bc7f875c28 - integration_tests[7cdba5296c4e7900]::test_all_profiles
[INFO] [stdout]                                at /opt/rustwide/workdir/tests/integration_tests.rs:203:5
[INFO] [stdout]   22:     0x55bc7f873b27 - integration_tests[7cdba5296c4e7900]::test_all_profiles::{closure#0}
[INFO] [stdout]                                at /opt/rustwide/workdir/tests/integration_tests.rs:141:23
[INFO] [stdout]   23:     0x55bc7f884de6 - <integration_tests[7cdba5296c4e7900]::test_all_profiles::{closure#0} as core[df12db4294e9bfd3]::ops::function::FnOnce<()>>::call_once
[INFO] [stdout]                                at /rustc/dfb0accb7f508ae8be965d8629557221c889dd98/library/core/src/ops/function.rs:250:5
[INFO] [stdout]   24:     0x55bc7f88b2ab - <fn() -> core[df12db4294e9bfd3]::result::Result<(), alloc[2182bb758b4b3781]::string::String> as core[df12db4294e9bfd3]::ops::function::FnOnce<()>>::call_once
[INFO] [stdout]                                at /rustc/dfb0accb7f508ae8be965d8629557221c889dd98/library/core/src/ops/function.rs:250:5
[INFO] [stdout]   25:     0x55bc7f88b2ab - test[9d35eded1c95d3be]::__rust_begin_short_backtrace::<core[df12db4294e9bfd3]::result::Result<(), alloc[2182bb758b4b3781]::string::String>, fn() -> core[df12db4294e9bfd3]::result::Result<(), alloc[2182bb758b4b3781]::string::String>>
[INFO] [stdout]                                at /rustc/dfb0accb7f508ae8be965d8629557221c889dd98/library/test/src/lib.rs:733:18
[INFO] [stdout]   26:     0x55bc7f898915 - test[9d35eded1c95d3be]::run_test_in_process::{closure#0}
[INFO] [stdout]                                at /rustc/dfb0accb7f508ae8be965d8629557221c889dd98/library/test/src/lib.rs:756:74
[INFO] [stdout]   27:     0x55bc7f898915 - <core[df12db4294e9bfd3]::panic::unwind_safe::AssertUnwindSafe<test[9d35eded1c95d3be]::run_test_in_process::{closure#0}> as core[df12db4294e9bfd3]::ops::function::FnOnce<()>>::call_once
[INFO] [stdout]                                at /rustc/dfb0accb7f508ae8be965d8629557221c889dd98/library/core/src/panic/unwind_safe.rs:275:9
[INFO] [stdout]   28:     0x55bc7f898915 - std[70759c8f55707aa4]::panicking::catch_unwind::do_call::<core[df12db4294e9bfd3]::panic::unwind_safe::AssertUnwindSafe<test[9d35eded1c95d3be]::run_test_in_process::{closure#0}>, core[df12db4294e9bfd3]::result::Result<(), alloc[2182bb758b4b3781]::string::String>>
[INFO] [stdout]                                at /rustc/dfb0accb7f508ae8be965d8629557221c889dd98/library/std/src/panicking.rs:576:43
[INFO] [stdout]   29:     0x55bc7f898915 - std[70759c8f55707aa4]::panicking::catch_unwind::<core[df12db4294e9bfd3]::result::Result<(), alloc[2182bb758b4b3781]::string::String>, core[df12db4294e9bfd3]::panic::unwind_safe::AssertUnwindSafe<test[9d35eded1c95d3be]::run_test_in_process::{closure#0}>>
[INFO] [stdout]                                at /rustc/dfb0accb7f508ae8be965d8629557221c889dd98/library/std/src/panicking.rs:544:19
[INFO] [stdout]   30:     0x55bc7f898915 - std[70759c8f55707aa4]::panic::catch_unwind::<core[df12db4294e9bfd3]::panic::unwind_safe::AssertUnwindSafe<test[9d35eded1c95d3be]::run_test_in_process::{closure#0}>, core[df12db4294e9bfd3]::result::Result<(), alloc[2182bb758b4b3781]::string::String>>
[INFO] [stdout]                                at /rustc/dfb0accb7f508ae8be965d8629557221c889dd98/library/std/src/panic.rs:359:14
[INFO] [stdout]   31:     0x55bc7f898915 - test[9d35eded1c95d3be]::run_test_in_process
[INFO] [stdout]                                at /rustc/dfb0accb7f508ae8be965d8629557221c889dd98/library/test/src/lib.rs:756:27
[INFO] [stdout]   32:     0x55bc7f898915 - test[9d35eded1c95d3be]::run_test::{closure#0}
[INFO] [stdout]                                at /rustc/dfb0accb7f508ae8be965d8629557221c889dd98/library/test/src/lib.rs:677:43
[INFO] [stdout]   33:     0x55bc7f8921d4 - test[9d35eded1c95d3be]::run_test::{closure#1}
[INFO] [stdout]                                at /rustc/dfb0accb7f508ae8be965d8629557221c889dd98/library/test/src/lib.rs:707:41
[INFO] [stdout]   34:     0x55bc7f8921d4 - std[70759c8f55707aa4]::sys::backtrace::__rust_begin_short_backtrace::<test[9d35eded1c95d3be]::run_test::{closure#1}, ()>
[INFO] [stdout]                                at /rustc/dfb0accb7f508ae8be965d8629557221c889dd98/library/std/src/sys/backtrace.rs:166:18
[INFO] [stdout]   35:     0x55bc7f89ba72 - std[70759c8f55707aa4]::thread::lifecycle::spawn_unchecked::<test[9d35eded1c95d3be]::run_test::{closure#1}, ()>::{closure#1}::{closure#0}
[INFO] [stdout]                                at /rustc/dfb0accb7f508ae8be965d8629557221c889dd98/library/std/src/thread/lifecycle.rs:70:13
[INFO] [stdout]   36:     0x55bc7f89ba72 - <core[df12db4294e9bfd3]::panic::unwind_safe::AssertUnwindSafe<std[70759c8f55707aa4]::thread::lifecycle::spawn_unchecked<test[9d35eded1c95d3be]::run_test::{closure#1}, ()>::{closure#1}::{closure#0}> as core[df12db4294e9bfd3]::ops::function::FnOnce<()>>::call_once
[INFO] [stdout]                                at /rustc/dfb0accb7f508ae8be965d8629557221c889dd98/library/core/src/panic/unwind_safe.rs:275:9
[INFO] [stdout]   37:     0x55bc7f89ba72 - std[70759c8f55707aa4]::panicking::catch_unwind::do_call::<core[df12db4294e9bfd3]::panic::unwind_safe::AssertUnwindSafe<std[70759c8f55707aa4]::thread::lifecycle::spawn_unchecked<test[9d35eded1c95d3be]::run_test::{closure#1}, ()>::{closure#1}::{closure#0}>, ()>
[INFO] [stdout]                                at /rustc/dfb0accb7f508ae8be965d8629557221c889dd98/library/std/src/panicking.rs:576:43
[INFO] [stdout]   38:     0x55bc7f89ba72 - std[70759c8f55707aa4]::panicking::catch_unwind::<(), core[df12db4294e9bfd3]::panic::unwind_safe::AssertUnwindSafe<std[70759c8f55707aa4]::thread::lifecycle::spawn_unchecked<test[9d35eded1c95d3be]::run_test::{closure#1}, ()>::{closure#1}::{closure#0}>>
[INFO] [stdout]                                at /rustc/dfb0accb7f508ae8be965d8629557221c889dd98/library/std/src/panicking.rs:544:19
[INFO] [stdout]   39:     0x55bc7f89ba72 - std[70759c8f55707aa4]::panic::catch_unwind::<core[df12db4294e9bfd3]::panic::unwind_safe::AssertUnwindSafe<std[70759c8f55707aa4]::thread::lifecycle::spawn_unchecked<test[9d35eded1c95d3be]::run_test::{closure#1}, ()>::{closure#1}::{closure#0}>, ()>
[INFO] [stdout]                                at /rustc/dfb0accb7f508ae8be965d8629557221c889dd98/library/std/src/panic.rs:359:14
[INFO] [stdout]   40:     0x55bc7f89ba72 - std[70759c8f55707aa4]::thread::lifecycle::spawn_unchecked::<test[9d35eded1c95d3be]::run_test::{closure#1}, ()>::{closure#1}
[INFO] [stdout]                                at /rustc/dfb0accb7f508ae8be965d8629557221c889dd98/library/std/src/thread/lifecycle.rs:68:26
[INFO] [stdout]   41:     0x55bc7f89ba72 - <std[70759c8f55707aa4]::thread::lifecycle::spawn_unchecked<test[9d35eded1c95d3be]::run_test::{closure#1}, ()>::{closure#1} as core[df12db4294e9bfd3]::ops::function::FnOnce<()>>::call_once::{shim:vtable#0}
[INFO] [stdout]                                at /rustc/dfb0accb7f508ae8be965d8629557221c889dd98/library/core/src/ops/function.rs:250:5
[INFO] [stdout]   42:     0x55bc7f9041c9 - <alloc[2182bb758b4b3781]::boxed::Box<dyn core[df12db4294e9bfd3]::ops::function::FnOnce<(), Output = ()> + core[df12db4294e9bfd3]::marker::Send> as core[df12db4294e9bfd3]::ops::function::FnOnce<()>>::call_once
[INFO] [stdout]                                at /rustc/dfb0accb7f508ae8be965d8629557221c889dd98/library/alloc/src/boxed.rs:2320:9
[INFO] [stdout]   43:     0x55bc7f9041c9 - <std[70759c8f55707aa4]::sys::thread::unix::Thread>::new::thread_start
[INFO] [stdout]                                at /rustc/dfb0accb7f508ae8be965d8629557221c889dd98/library/std/src/sys/thread/unix.rs:123:17
[INFO] [stdout]   44:     0x7f98d09aedfa - <unknown>
[INFO] [stdout]   45:     0x7f98d0a423d4 - clone
[INFO] [stdout]   46:                0x0 - <unknown>
[INFO] [stdout] 
[INFO] [stdout] ---- test_juniper_profiles stdout ----
[INFO] [stdout] 
[INFO] [stdout] 
[INFO] [stdout] Testing Juniper profiles...
[INFO] [stdout]   juniper / common ... 
[INFO] [stdout] thread 'test_juniper_profiles' (1779) panicked at tests/integration_tests.rs:229:23:
[INFO] [stdout] Failed: Failed to spawn rt: No such file or directory (os error 2)
[INFO] [stdout] stack backtrace:
[INFO] [stdout]    0:     0x55bc7f904c61 - std[70759c8f55707aa4]::backtrace_rs::backtrace::libunwind::trace
[INFO] [stdout]                                at /rustc/dfb0accb7f508ae8be965d8629557221c889dd98/library/std/src/../../backtrace/src/backtrace/libunwind.rs:117:9
[INFO] [stdout]    1:     0x55bc7f904c61 - std[70759c8f55707aa4]::backtrace_rs::backtrace::trace_unsynchronized::<std[70759c8f55707aa4]::sys::backtrace::_print_fmt::{closure#1}>
[INFO] [stdout]                                at /rustc/dfb0accb7f508ae8be965d8629557221c889dd98/library/std/src/../../backtrace/src/backtrace/mod.rs:66:14
[INFO] [stdout]    2:     0x55bc7f904c61 - std[70759c8f55707aa4]::sys::backtrace::_print_fmt
[INFO] [stdout]                                at /rustc/dfb0accb7f508ae8be965d8629557221c889dd98/library/std/src/sys/backtrace.rs:74:9
[INFO] [stdout]    3:     0x55bc7f904c61 - <<std[70759c8f55707aa4]::sys::backtrace::BacktraceLock>::print::DisplayBacktrace as core[df12db4294e9bfd3]::fmt::Display>::fmt
[INFO] [stdout]                                at /rustc/dfb0accb7f508ae8be965d8629557221c889dd98/library/std/src/sys/backtrace.rs:44:26
[INFO] [stdout]    4:     0x55bc7f91942a - <core[df12db4294e9bfd3]::fmt::rt::Argument>::fmt
[INFO] [stdout]                                at /rustc/dfb0accb7f508ae8be965d8629557221c889dd98/library/core/src/fmt/rt.rs:152:76
[INFO] [stdout]    5:     0x55bc7f91942a - core[df12db4294e9bfd3]::fmt::write
[INFO] [stdout]    6:     0x55bc7f90962c - core[df12db4294e9bfd3]::io::write::default_write_fmt::<alloc[2182bb758b4b3781]::vec::Vec<u8>>
[INFO] [stdout]                                at /rustc/dfb0accb7f508ae8be965d8629557221c889dd98/library/core/src/io/write.rs:402:11
[INFO] [stdout]    7:     0x55bc7f90962c - <alloc[2182bb758b4b3781]::vec::Vec<u8> as core[df12db4294e9bfd3]::io::write::Write>::write_fmt
[INFO] [stdout]                                at /rustc/dfb0accb7f508ae8be965d8629557221c889dd98/library/core/src/io/write.rs:335:13
[INFO] [stdout]    8:     0x55bc7f8e0066 - <std[70759c8f55707aa4]::sys::backtrace::BacktraceLock>::print
[INFO] [stdout]                                at /rustc/dfb0accb7f508ae8be965d8629557221c889dd98/library/std/src/sys/backtrace.rs:47:9
[INFO] [stdout]    9:     0x55bc7f8e0066 - std[70759c8f55707aa4]::panicking::default_hook::{closure#0}
[INFO] [stdout]                                at /rustc/dfb0accb7f508ae8be965d8629557221c889dd98/library/std/src/panicking.rs:292:27
[INFO] [stdout]   10:     0x55bc7f8fce49 - std[70759c8f55707aa4]::panicking::default_hook
[INFO] [stdout]                                at /rustc/dfb0accb7f508ae8be965d8629557221c889dd98/library/std/src/panicking.rs:316:9
[INFO] [stdout]   11:     0x55bc7f897fc0 - <alloc[2182bb758b4b3781]::boxed::Box<dyn for<'a, 'b> core[df12db4294e9bfd3]::ops::function::Fn<(&'a std[70759c8f55707aa4]::panic::PanicHookInfo<'b>,), Output = ()> + core[df12db4294e9bfd3]::marker::Send + core[df12db4294e9bfd3]::marker::Sync> as core[df12db4294e9bfd3]::ops::function::Fn<(&std[70759c8f55707aa4]::panic::PanicHookInfo,)>>::call
[INFO] [stdout]                                at /rustc/dfb0accb7f508ae8be965d8629557221c889dd98/library/alloc/src/boxed.rs:2334:9
[INFO] [stdout]   12:     0x55bc7f897fc0 - test[9d35eded1c95d3be]::test_main_inner::<test[9d35eded1c95d3be]::test_main_static::{closure#0}>::{closure#0}
[INFO] [stdout]                                at /rustc/dfb0accb7f508ae8be965d8629557221c889dd98/library/test/src/lib.rs:155:21
[INFO] [stdout]   13:     0x55bc7f8fd002 - <alloc[2182bb758b4b3781]::boxed::Box<dyn for<'a, 'b> core[df12db4294e9bfd3]::ops::function::Fn<(&'a std[70759c8f55707aa4]::panic::PanicHookInfo<'b>,), Output = ()> + core[df12db4294e9bfd3]::marker::Send + core[df12db4294e9bfd3]::marker::Sync> as core[df12db4294e9bfd3]::ops::function::Fn<(&std[70759c8f55707aa4]::panic::PanicHookInfo,)>>::call
[INFO] [stdout]                                at /rustc/dfb0accb7f508ae8be965d8629557221c889dd98/library/alloc/src/boxed.rs:2334:9
[INFO] [stdout]   14:     0x55bc7f8fd002 - std[70759c8f55707aa4]::panicking::panic_with_hook
[INFO] [stdout]                                at /rustc/dfb0accb7f508ae8be965d8629557221c889dd98/library/std/src/panicking.rs:823:13
[INFO] [stdout]   15:     0x55bc7f8e0112 - std[70759c8f55707aa4]::panicking::panic_handler::{closure#0}
[INFO] [stdout]                                at /rustc/dfb0accb7f508ae8be965d8629557221c889dd98/library/std/src/panicking.rs:688:13
[INFO] [stdout]   16:     0x55bc7f8d8c69 - std[70759c8f55707aa4]::sys::backtrace::__rust_end_short_backtrace::<std[70759c8f55707aa4]::panicking::panic_handler::{closure#0}, !>
[INFO] [stdout]                                at /rustc/dfb0accb7f508ae8be965d8629557221c889dd98/library/std/src/sys/backtrace.rs:182:18
[INFO] [stdout]   17:     0x55bc7f8e0d0d - __rustc[8fa7c3cbc660c2b3]::rust_begin_unwind
[INFO] [stdout]                                at /rustc/dfb0accb7f508ae8be965d8629557221c889dd98/library/std/src/panicking.rs:679:5
[INFO] [stdout]   18:     0x55bc7f919b9c - core[df12db4294e9bfd3]::panicking::panic_fmt
[INFO] [stdout]                                at /rustc/dfb0accb7f508ae8be965d8629557221c889dd98/library/core/src/panicking.rs:80:14
[INFO] [stdout]   19:     0x55bc7f877332 - integration_tests[7cdba5296c4e7900]::test_juniper_profiles
[INFO] [stdout]                                at /opt/rustwide/workdir/tests/integration_tests.rs:229:23
[INFO] [stdout]   20:     0x55bc7f873c57 - integration_tests[7cdba5296c4e7900]::test_juniper_profiles::{closure#0}
[INFO] [stdout]                                at /opt/rustwide/workdir/tests/integration_tests.rs:211:27
[INFO] [stdout]   21:     0x55bc7f884e46 - <integration_tests[7cdba5296c4e7900]::test_juniper_profiles::{closure#0} as core[df12db4294e9bfd3]::ops::function::FnOnce<()>>::call_once
[INFO] [stdout]                                at /rustc/dfb0accb7f508ae8be965d8629557221c889dd98/library/core/src/ops/function.rs:250:5
[INFO] [stdout]   22:     0x55bc7f88b2ab - <fn() -> core[df12db4294e9bfd3]::result::Result<(), alloc[2182bb758b4b3781]::string::String> as core[df12db4294e9bfd3]::ops::function::FnOnce<()>>::call_once
[INFO] [stdout]                                at /rustc/dfb0accb7f508ae8be965d8629557221c889dd98/library/core/src/ops/function.rs:250:5
[INFO] [stdout]   23:     0x55bc7f88b2ab - test[9d35eded1c95d3be]::__rust_begin_short_backtrace::<core[df12db4294e9bfd3]::result::Result<(), alloc[2182bb758b4b3781]::string::String>, fn() -> core[df12db4294e9bfd3]::result::Result<(), alloc[2182bb758b4b3781]::string::String>>
[INFO] [stdout]                                at /rustc/dfb0accb7f508ae8be965d8629557221c889dd98/library/test/src/lib.rs:733:18
[INFO] [stdout]   24:     0x55bc7f898915 - test[9d35eded1c95d3be]::run_test_in_process::{closure#0}
[INFO] [stdout]                                at /rustc/dfb0accb7f508ae8be965d8629557221c889dd98/library/test/src/lib.rs:756:74
[INFO] [stdout]   25:     0x55bc7f898915 - <core[df12db4294e9bfd3]::panic::unwind_safe::AssertUnwindSafe<test[9d35eded1c95d3be]::run_test_in_process::{closure#0}> as core[df12db4294e9bfd3]::ops::function::FnOnce<()>>::call_once
[INFO] [stdout]                                at /rustc/dfb0accb7f508ae8be965d8629557221c889dd98/library/core/src/panic/unwind_safe.rs:275:9
[INFO] [stdout]   26:     0x55bc7f898915 - std[70759c8f55707aa4]::panicking::catch_unwind::do_call::<core[df12db4294e9bfd3]::panic::unwind_safe::AssertUnwindSafe<test[9d35eded1c95d3be]::run_test_in_process::{closure#0}>, core[df12db4294e9bfd3]::result::Result<(), alloc[2182bb758b4b3781]::string::String>>
[INFO] [stdout]                                at /rustc/dfb0accb7f508ae8be965d8629557221c889dd98/library/std/src/panicking.rs:576:43
[INFO] [stdout]   27:     0x55bc7f898915 - std[70759c8f55707aa4]::panicking::catch_unwind::<core[df12db4294e9bfd3]::result::Result<(), alloc[2182bb758b4b3781]::string::String>, core[df12db4294e9bfd3]::panic::unwind_safe::AssertUnwindSafe<test[9d35eded1c95d3be]::run_test_in_process::{closure#0}>>
[INFO] [stdout]                                at /rustc/dfb0accb7f508ae8be965d8629557221c889dd98/library/std/src/panicking.rs:544:19
[INFO] [stdout]   28:     0x55bc7f898915 - std[70759c8f55707aa4]::panic::catch_unwind::<core[df12db4294e9bfd3]::panic::unwind_safe::AssertUnwindSafe<test[9d35eded1c95d3be]::run_test_in_process::{closure#0}>, core[df12db4294e9bfd3]::result::Result<(), alloc[2182bb758b4b3781]::string::String>>
[INFO] [stdout]                                at /rustc/dfb0accb7f508ae8be965d8629557221c889dd98/library/std/src/panic.rs:359:14
[INFO] [stdout]   29:     0x55bc7f898915 - test[9d35eded1c95d3be]::run_test_in_process
[INFO] [stdout]                                at /rustc/dfb0accb7f508ae8be965d8629557221c889dd98/library/test/src/lib.rs:756:27
[INFO] [stdout]   30:     0x55bc7f898915 - test[9d35eded1c95d3be]::run_test::{closure#0}
[INFO] [stdout]                                at /rustc/dfb0accb7f508ae8be965d8629557221c889dd98/library/test/src/lib.rs:677:43
[INFO] [stdout]   31:     0x55bc7f8921d4 - test[9d35eded1c95d3be]::run_test::{closure#1}
[INFO] [stdout]                                at /rustc/dfb0accb7f508ae8be965d8629557221c889dd98/library/test/src/lib.rs:707:41
[INFO] [stdout]   32:     0x55bc7f8921d4 - std[70759c8f55707aa4]::sys::backtrace::__rust_begin_short_backtrace::<test[9d35eded1c95d3be]::run_test::{closure#1}, ()>
[INFO] [stdout]                                at /rustc/dfb0accb7f508ae8be965d8629557221c889dd98/library/std/src/sys/backtrace.rs:166:18
[INFO] [stdout]   33:     0x55bc7f89ba72 - std[70759c8f55707aa4]::thread::lifecycle::spawn_unchecked::<test[9d35eded1c95d3be]::run_test::{closure#1}, ()>::{closure#1}::{closure#0}
[INFO] [stdout]                                at /rustc/dfb0accb7f508ae8be965d8629557221c889dd98/library/std/src/thread/lifecycle.rs:70:13
[INFO] [stdout]   34:     0x55bc7f89ba72 - <core[df12db4294e9bfd3]::panic::unwind_safe::AssertUnwindSafe<std[70759c8f55707aa4]::thread::lifecycle::spawn_unchecked<test[9d35eded1c95d3be]::run_test::{closure#1}, ()>::{closure#1}::{closure#0}> as core[df12db4294e9bfd3]::ops::function::FnOnce<()>>::call_once
[INFO] [stdout]                                at /rustc/dfb0accb7f508ae8be965d8629557221c889dd98/library/core/src/panic/unwind_safe.rs:275:9
[INFO] [stdout]   35:     0x55bc7f89ba72 - std[70759c8f55707aa4]::panicking::catch_unwind::do_call::<core[df12db4294e9bfd3]::panic::unwind_safe::AssertUnwindSafe<std[70759c8f55707aa4]::thread::lifecycle::spawn_unchecked<test[9d35eded1c95d3be]::run_test::{closure#1}, ()>::{closure#1}::{closure#0}>, ()>
[INFO] [stdout]                                at /rustc/dfb0accb7f508ae8be965d8629557221c889dd98/library/std/src/panicking.rs:576:43
[INFO] [stdout]   36:     0x55bc7f89ba72 - std[70759c8f55707aa4]::panicking::catch_unwind::<(), core[df12db4294e9bfd3]::panic::unwind_safe::AssertUnwindSafe<std[70759c8f55707aa4]::thread::lifecycle::spawn_unchecked<test[9d35eded1c95d3be]::run_test::{closure#1}, ()>::{closure#1}::{closure#0}>>
[INFO] [stdout]                                at /rustc/dfb0accb7f508ae8be965d8629557221c889dd98/library/std/src/panicking.rs:544:19
[INFO] [stdout]   37:     0x55bc7f89ba72 - std[70759c8f55707aa4]::panic::catch_unwind::<core[df12db4294e9bfd3]::panic::unwind_safe::AssertUnwindSafe<std[70759c8f55707aa4]::thread::lifecycle::spawn_unchecked<test[9d35eded1c95d3be]::run_test::{closure#1}, ()>::{closure#1}::{closure#0}>, ()>
[INFO] [stdout]                                at /rustc/dfb0accb7f508ae8be965d8629557221c889dd98/library/std/src/panic.rs:359:14
[INFO] [stdout]   38:     0x55bc7f89ba72 - std[70759c8f55707aa4]::thread::lifecycle::spawn_unchecked::<test[9d35eded1c95d3be]::run_test::{closure#1}, ()>::{closure#1}
[INFO] [stdout]                                at /rustc/dfb0accb7f508ae8be965d8629557221c889dd98/library/std/src/thread/lifecycle.rs:68:26
[INFO] [stdout]   39:     0x55bc7f89ba72 - <std[70759c8f55707aa4]::thread::lifecycle::spawn_unchecked<test[9d35eded1c95d3be]::run_test::{closure#1}, ()>::{closure#1} as core[df12db4294e9bfd3]::ops::function::FnOnce<()>>::call_once::{shim:vtable#0}
[INFO] [stdout]                                at /rustc/dfb0accb7f508ae8be965d8629557221c889dd98/library/core/src/ops/function.rs:250:5
[INFO] [stdout]   40:     0x55bc7f9041c9 - <alloc[2182bb758b4b3781]::boxed::Box<dyn core[df12db4294e9bfd3]::ops::function::FnOnce<(), Output = ()> + core[df12db4294e9bfd3]::marker::Send> as core[df12db4294e9bfd3]::ops::function::FnOnce<()>>::call_once
[INFO] [stdout]                                at /rustc/dfb0accb7f508ae8be965d8629557221c889dd98/library/alloc/src/boxed.rs:2320:9
[INFO] [stdout]   41:     0x55bc7f9041c9 - <std[70759c8f55707aa4]::sys::thread::unix::Thread>::new::thread_start
[INFO] [stdout]                                at /rustc/dfb0accb7f508ae8be965d8629557221c889dd98/library/std/src/sys/thread/unix.rs:123:17
[INFO] [stdout]   42:     0x7f98d09aedfa - <unknown>
[INFO] [stdout]   43:     0x7f98d0a423d4 - clone
[INFO] [stdout]   44:                0x0 - <unknown>
[INFO] [stdout] 
[INFO] [stdout] ---- test_cisco_profiles stdout ----
[INFO] [stdout] 
[INFO] [stdout] 
[INFO] [stdout] Testing Cisco profiles...
[INFO] [stdout]   cisco / ios ... 
[INFO] [stdout] thread 'test_cisco_profiles' (1778) panicked at tests/integration_tests.rs:253:23:
[INFO] [stdout] Failed: Failed to spawn rt: No such file or directory (os error 2)
[INFO] [stdout] stack backtrace:
[INFO] [stdout]    0:     0x55bc7f904c61 - std[70759c8f55707aa4]::backtrace_rs::backtrace::libunwind::trace
[INFO] [stdout]                                at /rustc/dfb0accb7f508ae8be965d8629557221c889dd98/library/std/src/../../backtrace/src/backtrace/libunwind.rs:117:9
[INFO] [stdout]    1:     0x55bc7f904c61 - std[70759c8f55707aa4]::backtrace_rs::backtrace::trace_unsynchronized::<std[70759c8f55707aa4]::sys::backtrace::_print_fmt::{closure#1}>
[INFO] [stdout]                                at /rustc/dfb0accb7f508ae8be965d8629557221c889dd98/library/std/src/../../backtrace/src/backtrace/mod.rs:66:14
[INFO] [stdout]    2:     0x55bc7f904c61 - std[70759c8f55707aa4]::sys::backtrace::_print_fmt
[INFO] [stdout]                                at /rustc/dfb0accb7f508ae8be965d8629557221c889dd98/library/std/src/sys/backtrace.rs:74:9
[INFO] [stdout]    3:     0x55bc7f904c61 - <<std[70759c8f55707aa4]::sys::backtrace::BacktraceLock>::print::DisplayBacktrace as core[df12db4294e9bfd3]::fmt::Display>::fmt
[INFO] [stdout]                                at /rustc/dfb0accb7f508ae8be965d8629557221c889dd98/library/std/src/sys/backtrace.rs:44:26
[INFO] [stdout]    4:     0x55bc7f91942a - <core[df12db4294e9bfd3]::fmt::rt::Argument>::fmt
[INFO] [stdout]                                at /rustc/dfb0accb7f508ae8be965d8629557221c889dd98/library/core/src/fmt/rt.rs:152:76
[INFO] [stdout]    5:     0x55bc7f91942a - core[df12db4294e9bfd3]::fmt::write
[INFO] [stdout]    6:     0x55bc7f90962c - core[df12db4294e9bfd3]::io::write::default_write_fmt::<alloc[2182bb758b4b3781]::vec::Vec<u8>>
[INFO] [stdout]                                at /rustc/dfb0accb7f508ae8be965d8629557221c889dd98/library/core/src/io/write.rs:402:11
[INFO] [stdout]    7:     0x55bc7f90962c - <alloc[2182bb758b4b3781]::vec::Vec<u8> as core[df12db4294e9bfd3]::io::write::Write>::write_fmt
[INFO] [stdout]                                at /rustc/dfb0accb7f508ae8be965d8629557221c889dd98/library/core/src/io/write.rs:335:13
[INFO] [stdout]    8:     0x55bc7f8e0066 - <std[70759c8f55707aa4]::sys::backtrace::BacktraceLock>::print
[INFO] [stdout]                                at /rustc/dfb0accb7f508ae8be965d8629557221c889dd98/library/std/src/sys/backtrace.rs:47:9
[INFO] [stdout]    9:     0x55bc7f8e0066 - std[70759c8f55707aa4]::panicking::default_hook::{closure#0}
[INFO] [stdout]                                at /rustc/dfb0accb7f508ae8be965d8629557221c889dd98/library/std/src/panicking.rs:292:27
[INFO] [stdout]   10:     0x55bc7f8fce49 - std[70759c8f55707aa4]::panicking::default_hook
[INFO] [stdout]                                at /rustc/dfb0accb7f508ae8be965d8629557221c889dd98/library/std/src/panicking.rs:316:9
[INFO] [stdout]   11:     0x55bc7f897fc0 - <alloc[2182bb758b4b3781]::boxed::Box<dyn for<'a, 'b> core[df12db4294e9bfd3]::ops::function::Fn<(&'a std[70759c8f55707aa4]::panic::PanicHookInfo<'b>,), Output = ()> + core[df12db4294e9bfd3]::marker::Send + core[df12db4294e9bfd3]::marker::Sync> as core[df12db4294e9bfd3]::ops::function::Fn<(&std[70759c8f55707aa4]::panic::PanicHookInfo,)>>::call
[INFO] [stdout]                                at /rustc/dfb0accb7f508ae8be965d8629557221c889dd98/library/alloc/src/boxed.rs:2334:9
[INFO] [stdout]   12:     0x55bc7f897fc0 - test[9d35eded1c95d3be]::test_main_inner::<test[9d35eded1c95d3be]::test_main_static::{closure#0}>::{closure#0}
[INFO] [stdout]                                at /rustc/dfb0accb7f508ae8be965d8629557221c889dd98/library/test/src/lib.rs:155:21
[INFO] [stdout]   13:     0x55bc7f8fd002 - <alloc[2182bb758b4b3781]::boxed::Box<dyn for<'a, 'b> core[df12db4294e9bfd3]::ops::function::Fn<(&'a std[70759c8f55707aa4]::panic::PanicHookInfo<'b>,), Output = ()> + core[df12db4294e9bfd3]::marker::Send + core[df12db4294e9bfd3]::marker::Sync> as core[df12db4294e9bfd3]::ops::function::Fn<(&std[70759c8f55707aa4]::panic::PanicHookInfo,)>>::call
[INFO] [stdout]                                at /rustc/dfb0accb7f508ae8be965d8629557221c889dd98/library/alloc/src/boxed.rs:2334:9
[INFO] [stdout]   14:     0x55bc7f8fd002 - std[70759c8f55707aa4]::panicking::panic_with_hook
[INFO] [stdout]                                at /rustc/dfb0accb7f508ae8be965d8629557221c889dd98/library/std/src/panicking.rs:823:13
[INFO] [stdout]   15:     0x55bc7f8e0112 - std[70759c8f55707aa4]::panicking::panic_handler::{closure#0}
[INFO] [stdout]                                at /rustc/dfb0accb7f508ae8be965d8629557221c889dd98/library/std/src/panicking.rs:688:13
[INFO] [stdout]   16:     0x55bc7f8d8c69 - std[70759c8f55707aa4]::sys::backtrace::__rust_end_short_backtrace::<std[70759c8f55707aa4]::panicking::panic_handler::{closure#0}, !>
[INFO] [stdout]                                at /rustc/dfb0accb7f508ae8be965d8629557221c889dd98/library/std/src/sys/backtrace.rs:182:18
[INFO] [stdout]   17:     0x55bc7f8e0d0d - __rustc[8fa7c3cbc660c2b3]::rust_begin_unwind
[INFO] [stdout]                                at /rustc/dfb0accb7f508ae8be965d8629557221c889dd98/library/std/src/panicking.rs:679:5
[INFO] [stdout]   18:     0x55bc7f919b9c - core[df12db4294e9bfd3]::panicking::panic_fmt
[INFO] [stdout]                                at /rustc/dfb0accb7f508ae8be965d8629557221c889dd98/library/core/src/panicking.rs:80:14
[INFO] [stdout]   19:     0x55bc7f876872 - integration_tests[7cdba5296c4e7900]::test_cisco_profiles
[INFO] [stdout]                                at /opt/rustwide/workdir/tests/integration_tests.rs:253:23
[INFO] [stdout]   20:     0x55bc7f873bf7 - integration_tests[7cdba5296c4e7900]::test_cisco_profiles::{closure#0}
[INFO] [stdout]                                at /opt/rustwide/workdir/tests/integration_tests.rs:235:25
[INFO] [stdout]   21:     0x55bc7f884e06 - <integration_tests[7cdba5296c4e7900]::test_cisco_profiles::{closure#0} as core[df12db4294e9bfd3]::ops::function::FnOnce<()>>::call_once
[INFO] [stdout]                                at /rustc/dfb0accb7f508ae8be965d8629557221c889dd98/library/core/src/ops/function.rs:250:5
[INFO] [stdout]   22:     0x55bc7f88b2ab - <fn() -> core[df12db4294e9bfd3]::result::Result<(), alloc[2182bb758b4b3781]::string::String> as core[df12db4294e9bfd3]::ops::function::FnOnce<()>>::call_once
[INFO] [stdout]                                at /rustc/dfb0accb7f508ae8be965d8629557221c889dd98/library/core/src/ops/function.rs:250:5
[INFO] [stdout]   23:     0x55bc7f88b2ab - test[9d35eded1c95d3be]::__rust_begin_short_backtrace::<core[df12db4294e9bfd3]::result::Result<(), alloc[2182bb758b4b3781]::string::String>, fn() -> core[df12db4294e9bfd3]::result::Result<(), alloc[2182bb758b4b3781]::string::String>>
[INFO] [stdout]                                at /rustc/dfb0accb7f508ae8be965d8629557221c889dd98/library/test/src/lib.rs:733:18
[INFO] [stdout]   24:     0x55bc7f898915 - test[9d35eded1c95d3be]::run_test_in_process::{closure#0}
[INFO] [stdout]                                at /rustc/dfb0accb7f508ae8be965d8629557221c889dd98/library/test/src/lib.rs:756:74
[INFO] [stdout]   25:     0x55bc7f898915 - <core[df12db4294e9bfd3]::panic::unwind_safe::AssertUnwindSafe<test[9d35eded1c95d3be]::run_test_in_process::{closure#0}> as core[df12db4294e9bfd3]::ops::function::FnOnce<()>>::call_once
[INFO] [stdout]                                at /rustc/dfb0accb7f508ae8be965d8629557221c889dd98/library/core/src/panic/unwind_safe.rs:275:9
[INFO] [stdout]   26:     0x55bc7f898915 - std[70759c8f55707aa4]::panicking::catch_unwind::do_call::<core[df12db4294e9bfd3]::panic::unwind_safe::AssertUnwindSafe<test[9d35eded1c95d3be]::run_test_in_process::{closure#0}>, core[df12db4294e9bfd3]::result::Result<(), alloc[2182bb758b4b3781]::string::String>>
[INFO] [stdout]                                at /rustc/dfb0accb7f508ae8be965d8629557221c889dd98/library/std/src/panicking.rs:576:43
[INFO] [stdout]   27:     0x55bc7f898915 - std[70759c8f55707aa4]::panicking::catch_unwind::<core[df12db4294e9bfd3]::result::Result<(), alloc[2182bb758b4b3781]::string::String>, core[df12db4294e9bfd3]::panic::unwind_safe::AssertUnwindSafe<test[9d35eded1c95d3be]::run_test_in_process::{closure#0}>>
[INFO] [stdout]                                at /rustc/dfb0accb7f508ae8be965d8629557221c889dd98/library/std/src/panicking.rs:544:19
[INFO] [stdout]   28:     0x55bc7f898915 - std[70759c8f55707aa4]::panic::catch_unwind::<core[df12db4294e9bfd3]::panic::unwind_safe::AssertUnwindSafe<test[9d35eded1c95d3be]::run_test_in_process::{closure#0}>, core[df12db4294e9bfd3]::result::Result<(), alloc[2182bb758b4b3781]::string::String>>
[INFO] [stdout]                                at /rustc/dfb0accb7f508ae8be965d8629557221c889dd98/library/std/src/panic.rs:359:14
[INFO] [stdout]   29:     0x55bc7f898915 - test[9d35eded1c95d3be]::run_test_in_process
[INFO] [stdout]                                at /rustc/dfb0accb7f508ae8be965d8629557221c889dd98/library/test/src/lib.rs:756:27
[INFO] [stdout]   30:     0x55bc7f898915 - test[9d35eded1c95d3be]::run_test::{closure#0}
[INFO] [stdout]                                at /rustc/dfb0accb7f508ae8be965d8629557221c889dd98/library/test/src/lib.rs:677:43
[INFO] [stdout]   31:     0x55bc7f8921d4 - test[9d35eded1c95d3be]::run_test::{closure#1}
[INFO] [stdout]                                at /rustc/dfb0accb7f508ae8be965d8629557221c889dd98/library/test/src/lib.rs:707:41
[INFO] [stdout]   32:     0x55bc7f8921d4 - std[70759c8f55707aa4]::sys::backtrace::__rust_begin_short_backtrace::<test[9d35eded1c95d3be]::run_test::{closure#1}, ()>
[INFO] [stdout]                                at /rustc/dfb0accb7f508ae8be965d8629557221c889dd98/library/std/src/sys/backtrace.rs:166:18
[INFO] [stdout]   33:     0x55bc7f89ba72 - std[70759c8f55707aa4]::thread::lifecycle::spawn_unchecked::<test[9d35eded1c95d3be]::run_test::{closure#1}, ()>::{closure#1}::{closure#0}
[INFO] [stdout]                                at /rustc/dfb0accb7f508ae8be965d8629557221c889dd98/library/std/src/thread/lifecycle.rs:70:13
[INFO] [stdout]   34:     0x55bc7f89ba72 - <core[df12db4294e9bfd3]::panic::unwind_safe::AssertUnwindSafe<std[70759c8f55707aa4]::thread::lifecycle::spawn_unchecked<test[9d35eded1c95d3be]::run_test::{closure#1}, ()>::{closure#1}::{closure#0}> as core[df12db4294e9bfd3]::ops::function::FnOnce<()>>::call_once
[INFO] [stdout]                                at /rustc/dfb0accb7f508ae8be965d8629557221c889dd98/library/core/src/panic/unwind_safe.rs:275:9
[INFO] [stdout]   35:     0x55bc7f89ba72 - std[70759c8f55707aa4]::panicking::catch_unwind::do_call::<core[df12db4294e9bfd3]::panic::unwind_safe::AssertUnwindSafe<std[70759c8f55707aa4]::thread::lifecycle::spawn_unchecked<test[9d35eded1c95d3be]::run_test::{closure#1}, ()>::{closure#1}::{closure#0}>, ()>
[INFO] [stdout]                                at /rustc/dfb0accb7f508ae8be965d8629557221c889dd98/library/std/src/panicking.rs:576:43
[INFO] [stdout]   36:     0x55bc7f89ba72 - std[70759c8f55707aa4]::panicking::catch_unwind::<(), core[df12db4294e9bfd3]::panic::unwind_safe::AssertUnwindSafe<std[70759c8f55707aa4]::thread::lifecycle::spawn_unchecked<test[9d35eded1c95d3be]::run_test::{closure#1}, ()>::{closure#1}::{closure#0}>>
[INFO] [stdout]                                at /rustc/dfb0accb7f508ae8be965d8629557221c889dd98/library/std/src/panicking.rs:544:19
[INFO] [stdout]   37:     0x55bc7f89ba72 - std[70759c8f55707aa4]::panic::catch_unwind::<core[df12db4294e9bfd3]::panic::unwind_safe::AssertUnwindSafe<std[70759c8f55707aa4]::thread::lifecycle::spawn_unchecked<test[9d35eded1c95d3be]::run_test::{closure#1}, ()>::{closure#1}::{closure#0}>, ()>
[INFO] [stdout]                                at /rustc/dfb0accb7f508ae8be965d8629557221c889dd98/library/std/src/panic.rs:359:14
[INFO] [stdout]   38:     0x55bc7f89ba72 - std[70759c8f55707aa4]::thread::lifecycle::spawn_unchecked::<test[9d35eded1c95d3be]::run_test::{closure#1}, ()>::{closure#1}
[INFO] [stdout]                                at /rustc/dfb0accb7f508ae8be965d8629557221c889dd98/library/std/src/thread/lifecycle.rs:68:26
[INFO] [stdout]   39:     0x55bc7f89ba72 - <std[70759c8f55707aa4]::thread::lifecycle::spawn_unchecked<test[9d35eded1c95d3be]::run_test::{closure#1}, ()>::{closure#1} as core[df12db4294e9bfd3]::ops::function::FnOnce<()>>::call_once::{shim:vtable#0}
[INFO] [stdout]                                at /rustc/dfb0accb7f508ae8be965d8629557221c889dd98/library/core/src/ops/function.rs:250:5
[INFO] [stdout]   40:     0x55bc7f9041c9 - <alloc[2182bb758b4b3781]::boxed::Box<dyn core[df12db4294e9bfd3]::ops::function::FnOnce<(), Output = ()> + core[df12db4294e9bfd3]::marker::Send> as core[df12db4294e9bfd3]::ops::function::FnOnce<()>>::call_once
[INFO] [stdout]                                at /rustc/dfb0accb7f508ae8be965d8629557221c889dd98/library/alloc/src/boxed.rs:2320:9
[INFO] [stdout]   41:     0x55bc7f9041c9 - <std[70759c8f55707aa4]::sys::thread::unix::Thread>::new::thread_start
[INFO] [stdout]                                at /rustc/dfb0accb7f508ae8be965d8629557221c889dd98/library/std/src/sys/thread/unix.rs:123:17
[INFO] [stdout]   42:     0x7f98d09aedfa - <unknown>
[INFO] [stdout]   43:     0x7f98d0a423d4 - clone
[INFO] [stdout]   44:                0x0 - <unknown>
[INFO] [stdout] 
[INFO] [stdout] 
[INFO] [stdout] failures:
[INFO] [stdout]     test_all_profiles
[INFO] [stdout]     test_cisco_profiles
[INFO] [stdout]     test_juniper_profiles
[INFO] [stdout] 
[INFO] [stdout] test result: FAILED. 0 passed; 3 failed; 1 ignored; 0 measured; 0 filtered out; finished in 0.03s
[INFO] [stdout] 
[INFO] running `Command { std: "docker" "inspect" "c328ffe2ce3d908d277390e49a22fcc9e7be30faf0847fcf5d0e4d165193e948", kill_on_drop: false }`
[INFO] running `Command { std: "docker" "rm" "-f" "c328ffe2ce3d908d277390e49a22fcc9e7be30faf0847fcf5d0e4d165193e948", kill_on_drop: false }`
[INFO] [stdout] c328ffe2ce3d908d277390e49a22fcc9e7be30faf0847fcf5d0e4d165193e948
