[INFO] fetching crate qwertty-term 0.4.0...
[INFO] testing qwertty-term-0.4.0 against 1.99.0-beta.8 for beta-1.100-2
[INFO] extracting crate qwertty-term 0.4.0 into /workspace/builds/worker-2-tc1/source
[INFO] started tweaking crates.io crate qwertty-term 0.4.0
[INFO] removed 0 missing tests
[INFO] finished tweaking crates.io crate qwertty-term 0.4.0
[INFO] tweaked toml for crates.io crate qwertty-term 0.4.0 written to /workspace/builds/worker-2-tc1/source/Cargo.toml
[INFO] validating manifest of crates.io crate qwertty-term 0.4.0 on toolchain 1.99.0-beta.8
[INFO] running `Command { std: CARGO_HOME="/workspace/cargo-home" RUSTUP_HOME="/workspace/rustup-home" "/workspace/cargo-home/bin/cargo" "+1.99.0-beta.8" "metadata" "--manifest-path" "Cargo.toml" "--no-deps", kill_on_drop: false }`
[INFO] crate crates.io crate qwertty-term 0.4.0 already has a lockfile, it will not be regenerated
[INFO] running `Command { std: CARGO_HOME="/workspace/cargo-home" RUSTUP_HOME="/workspace/rustup-home" "/workspace/cargo-home/bin/cargo" "+1.99.0-beta.8" "fetch" "--manifest-path" "Cargo.toml", kill_on_drop: false }`
[INFO] [stderr]     Updating crates.io index
[INFO] [stderr]  Downloading crates ...
[INFO] [stderr]   Downloaded bitflags v2.13.0
[INFO] [stderr]   Downloaded fontconfig v0.11.0
[INFO] [stderr]   Downloaded yeslogic-fontconfig-sys v6.0.1
[INFO] [stderr]   Downloaded cc v1.2.66
[INFO] [stderr]   Downloaded qwertty-term-input v0.4.0
[INFO] [stderr]   Downloaded qwertty-term-termio v0.4.0
[INFO] [stderr]   Downloaded qwertty-term-sprite v0.4.0
[INFO] [stderr]   Downloaded freetype-rs v0.36.0
[INFO] [stderr]   Downloaded qwertty-term-renderer v0.4.0
[INFO] [stderr]   Downloaded regex v1.12.4
[INFO] [stderr]   Downloaded syn v2.0.118
[INFO] [stderr]   Downloaded qwertty-term-vt v0.4.0
[INFO] [stderr]   Downloaded qwertty-term-font v0.4.0
[INFO] [stderr]   Downloaded freetype-sys v0.20.1
[INFO] running `Command { std: "docker" "create" "-v" "/var/lib/crater-agent-workspace/builds/worker-2-tc1/source:/opt/rustwide/workdir:ro,Z" "-v" "/var/lib/crater-agent-workspace/builds/worker-2-tc1/target:/opt/rustwide/target:rw,Z" "-v" "/var/lib/crater-agent-workspace/cargo-home:/opt/rustwide/cargo-home:ro,Z" "-v" "/var/lib/crater-agent-workspace/rustup-home:/opt/rustwide/rustup-home:ro,Z" "-m" "1610612736" "--network" "none" "ghcr.io/rust-lang/crates-build-env/linux@sha256:3111399a4047eeb3a02b7a90e478d715f38a8c6669b5c4b49d30a17385265909" "sleep" "infinity", kill_on_drop: false }`
[INFO] [stdout] 3ff4b239f72f81d12b648aea397f665201a5819a3bef024911522a2e3902d0a4
[INFO] running `Command { std: "docker" "start" "3ff4b239f72f81d12b648aea397f665201a5819a3bef024911522a2e3902d0a4", kill_on_drop: false }`
[INFO] running `Command { std: "docker" "inspect" "3ff4b239f72f81d12b648aea397f665201a5819a3bef024911522a2e3902d0a4", kill_on_drop: false }`
[INFO] running `Command { std: "docker" "exec" "-e" "SOURCE_DIR=/opt/rustwide/workdir" "-e" "CARGO_HOME=/opt/rustwide/cargo-home" "-e" "RUSTUP_HOME=/opt/rustwide/rustup-home" "-e" "CARGO_TARGET_DIR=/opt/rustwide/target" "-w" "/opt/rustwide/workdir" "--user" "0:0" "3ff4b239f72f81d12b648aea397f665201a5819a3bef024911522a2e3902d0a4" "/opt/rustwide/cargo-home/bin/cargo" "+1.99.0-beta.8" "metadata" "--no-deps" "--format-version=1", kill_on_drop: false }`
[INFO] running `Command { std: "docker" "inspect" "3ff4b239f72f81d12b648aea397f665201a5819a3bef024911522a2e3902d0a4", kill_on_drop: false }`
[INFO] running `Command { std: "docker" "exec" "-e" "SOURCE_DIR=/opt/rustwide/workdir" "-e" "CARGO_HOME=/opt/rustwide/cargo-home" "-e" "RUSTUP_HOME=/opt/rustwide/rustup-home" "-e" "CARGO_TARGET_DIR=/opt/rustwide/target" "-e" "CARGO_INCREMENTAL=0" "-e" "RUST_BACKTRACE=full" "-e" "RUSTFLAGS=--cap-lints=warn" "-e" "RUSTDOCFLAGS=--cap-lints=warn" "-w" "/opt/rustwide/workdir" "--user" "0:0" "3ff4b239f72f81d12b648aea397f665201a5819a3bef024911522a2e3902d0a4" "/opt/rustwide/cargo-home/bin/cargo" "+1.99.0-beta.8" "build" "--frozen" "--message-format=json", kill_on_drop: false }`
[INFO] [stderr]    Compiling simd-adler32 v0.3.9
[INFO] [stderr]    Compiling libc v0.2.186
[INFO] [stderr]    Compiling find-msvc-tools v0.1.9
[INFO] [stderr]    Compiling serde_core v1.0.228
[INFO] [stderr]    Compiling bitflags v2.13.0
[INFO] [stderr]    Compiling yeslogic-fontconfig-sys v6.0.1
[INFO] [stderr]    Compiling bytemuck v1.25.0
[INFO] [stderr]    Compiling proc-macro2 v1.0.106
[INFO] [stderr]    Compiling memchr v2.8.3
[INFO] [stderr]    Compiling cc v1.2.66
[INFO] [stderr]    Compiling miniz_oxide v0.8.9
[INFO] [stderr]    Compiling fdeflate v0.3.7
[INFO] [stderr]    Compiling strict-num v0.1.1
[INFO] [stderr]    Compiling log v0.4.33
[INFO] [stderr]    Compiling tiny-skia-path v0.11.4
[INFO] [stderr]    Compiling flate2 v1.1.9
[INFO] [stderr]    Compiling rustix v1.1.4
[INFO] [stderr]    Compiling png v0.17.16
[INFO] [stderr]    Compiling arrayvec v0.7.8
[INFO] [stderr]    Compiling fontconfig v0.11.0
[INFO] [stderr]    Compiling quote v1.0.46
[INFO] [stderr]    Compiling ttf-parser v0.25.1
[INFO] [stderr]    Compiling aho-corasick v1.1.4
[INFO] [stderr]    Compiling zmij v1.0.21
[INFO] [stderr]    Compiling freetype-sys v0.20.1
[INFO] [stderr]    Compiling smallvec v1.15.2
[INFO] [stderr]    Compiling unicode-properties v0.1.4
[INFO] [stderr]    Compiling tiny-skia v0.11.4
[INFO] [stderr]    Compiling linux-raw-sys v0.12.1
[INFO] [stderr]    Compiling freetype-rs v0.36.0
[INFO] [stderr]    Compiling qwertty-term-vt v0.4.0
[INFO] [stderr]    Compiling syn v2.0.118
[INFO] [stderr]    Compiling serde v1.0.228
[INFO] [stderr]    Compiling regex-automata v0.4.14
[INFO] [stderr]    Compiling serde_json v1.0.150
[INFO] [stderr]    Compiling qwertty-term-sprite v0.4.0
[INFO] [stderr]    Compiling rustybuzz v0.20.1
[INFO] [stderr]    Compiling winnow v1.0.3
[INFO] [stderr]    Compiling toml_parser v1.1.2+spec-1.1.0
[INFO] [stderr]    Compiling serde_spanned v1.1.1
[INFO] [stderr]    Compiling toml_datetime v0.7.5+spec-1.1.0
[INFO] [stderr]    Compiling toml_writer v1.1.1+spec-1.1.0
[INFO] [stderr]    Compiling winnow v0.7.15
[INFO] [stderr]    Compiling serde_derive v1.0.228
[INFO] [stderr]    Compiling regex v1.12.4
[INFO] [stderr]    Compiling qwertty-term-input v0.4.0
[INFO] [stderr]    Compiling qwertty-term-font v0.4.0
[INFO] [stderr]    Compiling polling v3.11.0
[INFO] [stderr]    Compiling qwertty-term-renderer v0.4.0
[INFO] [stderr]    Compiling qwertty-term-termio v0.4.0
[INFO] [stderr]    Compiling toml v0.9.12+spec-1.1.0
[INFO] [stderr]    Compiling qwertty-term v0.4.0 (/opt/rustwide/workdir)
[INFO] [stdout] warning: struct `ThemeColors` is never constructed
[INFO] [stdout]   --> src/theme.rs:40:19
[INFO] [stdout]    |
[INFO] [stdout] 40 | pub(crate) struct ThemeColors {
[INFO] [stdout]    |                   ^^^^^^^^^^^
[INFO] [stdout]    |
[INFO] [stdout]    = note: `#[warn(dead_code)]` (part of `#[warn(unused)]`) on by default
[INFO] [stdout] 
[INFO] [stdout] 
[INFO] [stdout] warning: associated items `parse` and `to_colors` are never used
[INFO] [stdout]    --> src/theme.rs:66:19
[INFO] [stdout]     |
[INFO] [stdout]  64 | impl ThemeColors {
[INFO] [stdout]     | ---------------- associated items in this implementation
[INFO] [stdout]  65 |     /// Parse a theme file's contents (ghostty's `key = value` line format).
[INFO] [stdout]  66 |     pub(crate) fn parse(contents: &str) -> Self {
[INFO] [stdout]     |                   ^^^^^
[INFO] [stdout] ...
[INFO] [stdout] 110 |     pub(crate) fn to_colors(&self) -> Colors {
[INFO] [stdout]     |                   ^^^^^^^^^
[INFO] [stdout] 
[INFO] [stdout] 
[INFO] [stdout] warning: function `load_theme` is never used
[INFO] [stdout]    --> src/theme.rs:137:15
[INFO] [stdout]     |
[INFO] [stdout] 137 | pub(crate) fn load_theme(name: &str) -> Option<ThemeColors> {
[INFO] [stdout]     |               ^^^^^^^^^^
[INFO] [stdout] 
[INFO] [stdout] 
[INFO] [stdout] warning: constant `DEFAULT_SHARED_THEMES_DIR` is never used
[INFO] [stdout]    --> src/theme.rs:151:7
[INFO] [stdout]     |
[INFO] [stdout] 151 | const DEFAULT_SHARED_THEMES_DIR: &str = "/Users/joshka/local/ghostty/zig-out/share/ghostty/themes";
[INFO] [stdout]     |       ^^^^^^^^^^^^^^^^^^^^^^^^^
[INFO] [stdout] 
[INFO] [stdout] 
[INFO] [stdout] warning: function `resolve_theme_path` is never used
[INFO] [stdout]    --> src/theme.rs:153:4
[INFO] [stdout]     |
[INFO] [stdout] 153 | fn resolve_theme_path(name: &str) -> Option<PathBuf> {
[INFO] [stdout]     |    ^^^^^^^^^^^^^^^^^^
[INFO] [stdout] 
[INFO] [stdout] 
[INFO] [stdout] warning: function `theme_search_dirs` is never used
[INFO] [stdout]    --> src/theme.rs:180:4
[INFO] [stdout]     |
[INFO] [stdout] 180 | fn theme_search_dirs() -> Vec<PathBuf> {
[INFO] [stdout]     |    ^^^^^^^^^^^^^^^^^
[INFO] [stdout] 
[INFO] [stdout] 
[INFO] [stderr]     Finished `dev` profile [unoptimized + debuginfo] target(s) in 1m 04s
[INFO] running `Command { std: "docker" "inspect" "3ff4b239f72f81d12b648aea397f665201a5819a3bef024911522a2e3902d0a4", kill_on_drop: false }`
[INFO] running `Command { std: "docker" "exec" "-e" "SOURCE_DIR=/opt/rustwide/workdir" "-e" "CARGO_HOME=/opt/rustwide/cargo-home" "-e" "RUSTUP_HOME=/opt/rustwide/rustup-home" "-e" "CARGO_TARGET_DIR=/opt/rustwide/target" "-e" "CARGO_INCREMENTAL=0" "-e" "RUST_BACKTRACE=full" "-e" "RUSTFLAGS=--cap-lints=warn" "-e" "RUSTDOCFLAGS=--cap-lints=warn" "-w" "/opt/rustwide/workdir" "--user" "0:0" "3ff4b239f72f81d12b648aea397f665201a5819a3bef024911522a2e3902d0a4" "/opt/rustwide/cargo-home/bin/cargo" "+1.99.0-beta.8" "test" "--frozen" "--no-run" "--message-format=json", kill_on_drop: false }`
[INFO] [stderr]    Compiling num-traits v0.2.19
[INFO] [stderr]    Compiling png v0.18.1
[INFO] [stdout] warning: struct `ThemeColors` is never constructed
[INFO] [stdout]   --> src/theme.rs:40:19
[INFO] [stdout]    |
[INFO] [stdout] 40 | pub(crate) struct ThemeColors {
[INFO] [stdout]    |                   ^^^^^^^^^^^
[INFO] [stdout]    |
[INFO] [stdout]    = note: `#[warn(dead_code)]` (part of `#[warn(unused)]`) on by default
[INFO] [stdout] 
[INFO] [stdout] 
[INFO] [stdout] warning: associated items `parse` and `to_colors` are never used
[INFO] [stdout]    --> src/theme.rs:66:19
[INFO] [stdout]     |
[INFO] [stdout]  64 | impl ThemeColors {
[INFO] [stdout]     | ---------------- associated items in this implementation
[INFO] [stdout]  65 |     /// Parse a theme file's contents (ghostty's `key = value` line format).
[INFO] [stdout]  66 |     pub(crate) fn parse(contents: &str) -> Self {
[INFO] [stdout]     |                   ^^^^^
[INFO] [stdout] ...
[INFO] [stdout] 110 |     pub(crate) fn to_colors(&self) -> Colors {
[INFO] [stdout]     |                   ^^^^^^^^^
[INFO] [stdout] 
[INFO] [stdout] 
[INFO] [stdout] warning: function `load_theme` is never used
[INFO] [stdout]    --> src/theme.rs:137:15
[INFO] [stdout]     |
[INFO] [stdout] 137 | pub(crate) fn load_theme(name: &str) -> Option<ThemeColors> {
[INFO] [stdout]     |               ^^^^^^^^^^
[INFO] [stdout] 
[INFO] [stdout] 
[INFO] [stdout] warning: constant `DEFAULT_SHARED_THEMES_DIR` is never used
[INFO] [stdout]    --> src/theme.rs:151:7
[INFO] [stdout]     |
[INFO] [stdout] 151 | const DEFAULT_SHARED_THEMES_DIR: &str = "/Users/joshka/local/ghostty/zig-out/share/ghostty/themes";
[INFO] [stdout]     |       ^^^^^^^^^^^^^^^^^^^^^^^^^
[INFO] [stdout] 
[INFO] [stdout] 
[INFO] [stdout] warning: function `resolve_theme_path` is never used
[INFO] [stdout]    --> src/theme.rs:153:4
[INFO] [stdout]     |
[INFO] [stdout] 153 | fn resolve_theme_path(name: &str) -> Option<PathBuf> {
[INFO] [stdout]     |    ^^^^^^^^^^^^^^^^^^
[INFO] [stdout] 
[INFO] [stdout] 
[INFO] [stdout] warning: function `theme_search_dirs` is never used
[INFO] [stdout]    --> src/theme.rs:180:4
[INFO] [stdout]     |
[INFO] [stdout] 180 | fn theme_search_dirs() -> Vec<PathBuf> {
[INFO] [stdout]     |    ^^^^^^^^^^^^^^^^^
[INFO] [stdout] 
[INFO] [stdout] 
[INFO] [stderr]    Compiling moxcms v0.8.1
[INFO] [stderr]    Compiling image v0.25.10
[INFO] [stderr]    Compiling qwertty-term v0.4.0 (/opt/rustwide/workdir)
[INFO] [stderr]     Finished `test` profile [unoptimized + debuginfo] target(s) in 27.82s
[INFO] running `Command { std: "docker" "inspect" "3ff4b239f72f81d12b648aea397f665201a5819a3bef024911522a2e3902d0a4", kill_on_drop: false }`
[INFO] running `Command { std: "docker" "exec" "-e" "SOURCE_DIR=/opt/rustwide/workdir" "-e" "CARGO_HOME=/opt/rustwide/cargo-home" "-e" "RUSTUP_HOME=/opt/rustwide/rustup-home" "-e" "CARGO_TARGET_DIR=/opt/rustwide/target" "-e" "CARGO_INCREMENTAL=0" "-e" "RUST_BACKTRACE=full" "-e" "RUSTFLAGS=--cap-lints=warn" "-e" "RUSTDOCFLAGS=--cap-lints=warn" "-w" "/opt/rustwide/workdir" "--user" "0:0" "3ff4b239f72f81d12b648aea397f665201a5819a3bef024911522a2e3902d0a4" "/opt/rustwide/cargo-home/bin/cargo" "+1.99.0-beta.8" "test" "--frozen", kill_on_drop: false }`
[INFO] [stderr] warning: struct `ThemeColors` is never constructed
[INFO] [stderr]   --> src/theme.rs:40:19
[INFO] [stderr]    |
[INFO] [stderr] 40 | pub(crate) struct ThemeColors {
[INFO] [stderr]    |                   ^^^^^^^^^^^
[INFO] [stderr]    |
[INFO] [stderr]    = note: `#[warn(dead_code)]` (part of `#[warn(unused)]`) on by default
[INFO] [stderr] 
[INFO] [stderr] warning: associated items `parse` and `to_colors` are never used
[INFO] [stderr]    --> src/theme.rs:66:19
[INFO] [stderr]     |
[INFO] [stderr]  64 | impl ThemeColors {
[INFO] [stderr]     | ---------------- associated items in this implementation
[INFO] [stderr]  65 |     /// Parse a theme file's contents (ghostty's `key = value` line format).
[INFO] [stderr]  66 |     pub(crate) fn parse(contents: &str) -> Self {
[INFO] [stderr]     |                   ^^^^^
[INFO] [stderr] ...
[INFO] [stderr] 110 |     pub(crate) fn to_colors(&self) -> Colors {
[INFO] [stderr]     |                   ^^^^^^^^^
[INFO] [stderr] 
[INFO] [stderr] warning: function `load_theme` is never used
[INFO] [stderr]    --> src/theme.rs:137:15
[INFO] [stderr]     |
[INFO] [stderr] 137 | pub(crate) fn load_theme(name: &str) -> Option<ThemeColors> {
[INFO] [stderr]     |               ^^^^^^^^^^
[INFO] [stderr] 
[INFO] [stderr] warning: constant `DEFAULT_SHARED_THEMES_DIR` is never used
[INFO] [stderr]    --> src/theme.rs:151:7
[INFO] [stderr]     |
[INFO] [stderr] 151 | const DEFAULT_SHARED_THEMES_DIR: &str = "/Users/joshka/local/ghostty/zig-out/share/ghostty/themes";
[INFO] [stderr]     |       ^^^^^^^^^^^^^^^^^^^^^^^^^
[INFO] [stderr] 
[INFO] [stderr] warning: function `resolve_theme_path` is never used
[INFO] [stderr]    --> src/theme.rs:153:4
[INFO] [stderr]     |
[INFO] [stderr] 153 | fn resolve_theme_path(name: &str) -> Option<PathBuf> {
[INFO] [stderr]     |    ^^^^^^^^^^^^^^^^^^
[INFO] [stderr] 
[INFO] [stderr] warning: function `theme_search_dirs` is never used
[INFO] [stderr]    --> src/theme.rs:180:4
[INFO] [stderr]     |
[INFO] [stderr] 180 | fn theme_search_dirs() -> Vec<PathBuf> {
[INFO] [stderr]     |    ^^^^^^^^^^^^^^^^^
[INFO] [stderr] 
[INFO] [stderr] warning: `qwertty-term` (lib) generated 6 warnings
[INFO] [stderr]     Finished `test` profile [unoptimized + debuginfo] target(s) in 0.15s
[INFO] [stderr]      Running unittests src/lib.rs (/opt/rustwide/target/debug/deps/qwertty_term-c7c9e9cd7a4ed7c9)
[INFO] [stdout] 
[INFO] [stdout] running 275 tests
[INFO] [stdout] test bell::tests::default_is_attention_and_title ... ok
[INFO] [stdout] test bell::tests::unknown_tokens_ignored ... ok
[INFO] [stdout] test bell::tests::audio_and_border_round_trip_even_though_slice1_defers_them ... ok
[INFO] [stdout] test config::tests::cli_override_beats_file_and_infers_types ... ok
[INFO] [stdout] test bell::tests::empty_keeps_defaults ... ok
[INFO] [stdout] test bell::tests::tokens_toggle_over_defaults ... ok
[INFO] [stdout] test bell::tests::true_false_set_all ... ok
[INFO] [stdout] test config::tests::cli_keybind_appends_to_file_values ... ok
[INFO] [stdout] test config::tests::cli_string_value_with_spaces_is_quoted ... ok
[INFO] [stdout] test config::tests::default_config_is_empty ... ok
[INFO] [stdout] test config::tests::cursor_color_parses_hex_and_x11_and_ignores_garbage ... ok
[INFO] [stdout] test config::tests::forced_title_is_none_when_unset_or_blank ... ok
[INFO] [stdout] test config::tests::invalid_cli_override_is_dropped_not_fatal ... ok
[INFO] [stdout] test config::tests::load_file_into_merges_locations_in_priority_order ... ok
[INFO] [stdout] test config::tests::color_overrides_parse_and_default_to_none ... ok
[INFO] [stdout] test config::tests::example_config_template_parses_to_defaults ... ok
[INFO] [stdout] test config::tests::load_from_breaks_include_cycles ... ok
[INFO] [stdout] test config::tests::load_from_merges_includes_with_override_and_append ... ok
[INFO] [stdout] test config::tests::load_from_optional_missing_include_is_skipped ... ok
[INFO] [stdout] test config::tests::malformed_cli_arg_is_ignored ... ok
[INFO] [stdout] test config::tests::metric_modifiers_maps_adjust_keys_and_skips_garbage ... ok
[INFO] [stdout] test config::tests::mouse_scroll_multiplier_partial_table_keeps_defaults ... ok
[INFO] [stdout] test config::tests::parses_all_known_keys ... ok
[INFO] [stdout] test config::tests::malformed_toml_is_an_error_not_a_panic ... ok
[INFO] [stdout] test config::tests::merge_tables_appends_arrays_and_overrides_scalars ... ok
[INFO] [stdout] test config::tests::parse_include_spec_handles_optional_prefix ... ok
[INFO] [stdout] test config::tests::palette_overrides_parse_pairs_and_skip_garbage ... ok
[INFO] [stdout] test config::tests::parses_bell_features_over_defaults ... ok
[INFO] [stdout] test config::tests::parses_confirm_close_surface_key ... ok
[INFO] [stdout] test config::tests::parses_mouse_scroll_multiplier_table ... ok
[INFO] [stdout] test config::tests::parses_notify_on_command_finish_keys ... ok
[INFO] [stdout] test config::tests::parses_mouse_shift_capture_key ... ok
[INFO] [stdout] test config::tests::parses_clipboard_hardening_keys ... ok
[INFO] [stdout] test config::tests::parses_progress_style_key ... ok
[INFO] [stdout] test config::tests::parses_desktop_notifications_key ... ok
[INFO] [stdout] test config::tests::parses_quick_terminal_keys ... ok
[INFO] [stdout] test config::tests::parses_resize_overlay_keys ... ok
[INFO] [stdout] test config::tests::parses_window_save_state_key ... ok
[INFO] [stdout] test config::tests::quick_terminal_unknown_position_falls_back_to_top ... ok
[INFO] [stdout] test config::tests::unknown_keys_are_ignored ... ok
[INFO] [stdout] test config::tests::unfocused_split_opacity_clamps_out_of_range ... ok
[INFO] [stdout] test config::tests::parses_unfocused_split_keys ... ok
[INFO] [stdout] test config::tests::parses_selection_gesture_keys ... ok
[INFO] [stdout] test config::tests::parses_keybind_array_including_maintainer_binding ... ok
[INFO] [stdout] test config::tests::parses_mouse_keys ... ok
[INFO] [stdout] test config::tests::unfocused_split_fill_accepts_x11_name_and_ignores_garbage ... ok
[INFO] [stdout] test config::tests::window_geometry_is_all_or_nothing_and_clamped ... ok
[INFO] [stdout] test context_menu::tests::copy_only_present_with_selection ... ok
[INFO] [stdout] test context_menu::tests::menu_has_splits_and_close_grouped_by_separators ... ok
[INFO] [stdout] test engine::tests::drains_dsr_reply ... ok
[INFO] [stdout] test context_menu::tests::right_click_action_parses ... ok
[INFO] [stdout] test context_menu::tests::tags_round_trip_and_are_unique_and_nonzero ... ok
[INFO] [stdout] test config::tests::parses_window_state_keys ... ok
[INFO] [stdout] test engine::tests::reports_title ... ok
[INFO] [stdout] test engine::tests::resize_changes_dims ... ok
[INFO] [stdout] test engine::tests::screen_range_resolves_ordered_bounds ... ok
[INFO] [stdout] test engine::tests::clear_selection_removes_it ... ok
[INFO] [stdout] test engine::tests::osc7_path_extraction ... ok
[INFO] [stdout] test engine::tests::pin_at_out_of_grid_returns_none ... ok
[INFO] [stdout] test engine::tests::scrollback_string_includes_history_beyond_the_viewport ... ok
[INFO] [stdout] test engine::tests::search_all_finds_every_match_in_reading_order ... ok
[INFO] [stdout] test engine::tests::search_all_empty_needle_is_no_matches ... ok
[INFO] [stdout] test engine::tests::search_all_reaches_into_scrollback ... ok
[INFO] [stdout] test engine::tests::search_all_is_case_insensitive_ascii ... ok
[INFO] [stdout] test engine::tests::select_line_bounds_trims_and_falls_back ... ok
[INFO] [stdout] test engine::tests::select_spans_multiple_rows ... ok
[INFO] [stdout] test engine::tests::select_word_bounds_finds_word_and_rejects_empty ... ok
[INFO] [stdout] test engine::tests::select_and_selection_string_round_trip_single_row ... ok
[INFO] [stdout] test engine::tests::select_screen_points_round_trips_when_scrolled ... ok
[INFO] [stdout] test engine::tests::select_word_between_bounds_walks_toward_target ... ok
[INFO] [stdout] test engine::tests::select_handles_backwards_drag ... ok
[INFO] [stdout] test engine::tests::selection_string_opt_controls_trailing_space_trim ... ok
[INFO] [stdout] test font_size::tests::clamps_at_bounds_and_reports_no_change ... ok
[INFO] [stdout] test font_size::tests::constructor_clamps_wild_defaults ... ok
[INFO] [stdout] test engine::tests::window_to_screen_point_maps_offsets ... ok
[INFO] [stdout] test engine::tests::with_colors_seeds_startup_palette_and_default_fg_bg ... ok
[INFO] [stdout] test engine::tests::set_colors_swaps_palette_live ... ok
[INFO] [stdout] test font_size::tests::increase_and_decrease_step ... ok
[INFO] [stdout] test font_size::tests::reset_returns_to_default ... ok
[INFO] [stdout] test font_size::tests::starts_at_default ... ok
[INFO] [stdout] test engine::tests::writes_and_dumps_text ... ok
[INFO] [stdout] test frame_dump::tests::png_roundtrips_through_image_decoder ... ok
[INFO] [stdout] test geometry::tests::cell_at_maps_pixel_to_cell ... ok
[INFO] [stdout] test geometry::tests::cell_at_zero_cell_size_does_not_divide_by_zero ... ok
[INFO] [stdout] test frame_dump::tests::max_bg_delta_detects_bright_pixel ... ok
[INFO] [stdout] test geometry::tests::floors_partial_cells ... ok
[INFO] [stdout] test geometry::tests::floors_to_at_least_one_cell ... ok
[INFO] [stdout] test frame_dump::tests::max_bg_delta_zero_for_uniform_bg ... ok
[INFO] [stdout] test geometry::tests::pixel_size_round_trips_exact_grids ... ok
[INFO] [stdout] test geometry::tests::cell_at_rejects_negative_positions ... ok
[INFO] [stdout] test engine::tests::tracks_pwd_via_osc7 ... ok
[INFO] [stdout] test gesture::tests::cell_drag_left_to_right_includes_cells_past_threshold ... ok
[INFO] [stdout] test gesture::tests::cell_drag_within_threshold_of_same_cell_is_no_selection ... ok
[INFO] [stdout] test geometry::tests::exact_fit ... ok
[INFO] [stdout] test geometry::tests::cell_at_rejects_positions_past_the_grid ... ok
[INFO] [stdout] test gesture::tests::cell_drag_excluded_click_cell_starts_at_neighbor ... ok
[INFO] [stdout] test geometry::tests::zero_cell_size_does_not_divide_by_zero ... ok
[INFO] [stdout] test gesture::tests::double_press_selects_word_triple_selects_line ... ok
[INFO] [stdout] test gesture::tests::release_without_cell_marks_dragged ... ok
[INFO] [stdout] test gesture::tests::drag_on_other_screen_is_noop ... ok
[INFO] [stdout] test gesture::tests::release_keeps_click_state_but_stops_autoscroll ... ok
[INFO] [stdout] test gesture::tests::line_drag_extends_by_lines ... ok
[INFO] [stdout] test gesture::tests::drag_at_edges_requests_autoscroll ... ok
[INFO] [stdout] test gesture::tests::reset_clears_sequence ... ok
[INFO] [stdout] test gesture::tests::screen_switch_resets_sequence ... ok
[INFO] [stdout] test gesture::tests::single_press_is_cell_behavior_and_returns_none ... ok
[INFO] [stdout] test import::tests::converts_the_maintainers_real_config ... ok
[INFO] [stdout] test import::tests::every_supported_key_is_a_real_config_field ... ok
[INFO] [stdout] test gesture::tests::slow_second_press_resets_to_single ... ok
[INFO] [stdout] test import::tests::maps_bool_numeric_and_string_keys ... ok
[INFO] [stdout] test gesture::tests::word_drag_spans_words_in_both_directions ... ok
[INFO] [stdout] test import::tests::non_numeric_value_for_a_numeric_key_is_commented_not_emitted ... ok
[INFO] [stdout] test import::tests::parse_splits_on_first_equals_and_strips_quotes ... ok
[INFO] [stdout] test gesture::tests::cell_drag_right_to_left_selects_backwards ... ok
[INFO] [stdout] test gesture::tests::distant_second_press_resets_to_single ... ok
[INFO] [stdout] test import::tests::multiple_palette_entries_accumulate_into_one_array ... ok
[INFO] [stdout] test import::tests::unsupported_keys_become_comments ... ok
[INFO] [stdout] test input::keymap::tests::maps_common_keys ... ok
[INFO] [stdout] test import::tests::format_mismatched_keys_become_manual_comments ... ok
[INFO] [stdout] test input::keymap::tests::maps_function_keys ... ok
[INFO] [stdout] test import::tests::repeated_scalar_key_is_deduped_last_wins ... ok
[INFO] [stdout] test input::keymap::tests::unknown_keycode_is_unidentified ... ok
[INFO] [stdout] test input::mouse::tests::reporting_off_produces_nothing ... ok
[INFO] [stdout] test input::preedit::tests::dead_key_then_compose_e_acute ... ok
[INFO] [stdout] test import::tests::multiple_keybinds_accumulate_into_one_array ... ok
[INFO] [stdout] test input::preedit::tests::plain_insert_outside_key_event_sends_immediately ... ok
[INFO] [stdout] test input::preedit::tests::marked_then_unmark ... ok
[INFO] [stdout] test input::mouse::tests::sgr_left_press_reports_button_zero ... ok
[INFO] [stdout] test input::translate::tests::ctrl_c_encodes_kitty_csi_u ... ok
[INFO] [stdout] test input::translate::tests::command_keys_are_swallowed ... ok
[INFO] [stdout] test input::translate::tests::typing_ls_enter_with_default_options_emits_expected_bytes ... ok
[INFO] [stdout] test keybind::tests::csi_action_sends_esc_bracket_plus_value ... ok
[INFO] [stdout] test keybind::tests::esc_action_sends_esc_plus_value ... ok
[INFO] [stdout] test input::preedit::tests::commit_during_key_event_is_accumulated_then_drained ... ok
[INFO] [stdout] test input::translate::tests::bare_modifier_detection ... ok
[INFO] [stdout] test input::translate::tests::plain_a_passes_through_as_its_byte ... ok
[INFO] [stdout] test keybind::tests::chain_binding_resolves_to_all_actions_in_order ... ok
[INFO] [stdout] test keybind::tests::last_binding_wins_on_trigger_collision ... ok
[INFO] [stdout] test keybind::tests::leader_sequence_steps_descend_then_complete ... ok
[INFO] [stdout] test keybind::tests::unescape_supports_the_documented_subset ... ok
[INFO] [stdout] test keybind::tests::non_text_action_falls_through_at_this_seam ... ok
[INFO] [stdout] test menu::tests::actions_are_grouped_under_all_four_menus ... ok
[INFO] [stdout] test keybind::tests::maintainer_shift_enter_binding_sends_esc_cr ... ok
[INFO] [stdout] test keybind::tests::unescape_rejects_bad_sequences ... ok
[INFO] [stdout] test menu::tests::every_cmd_action_has_a_key_equivalent_that_round_trips ... ok
[INFO] [stdout] test keybind::tests::unknown_action_or_trigger_is_skipped_not_fatal ... ok
[INFO] [stdout] test keybind::tests::unicode_trigger_binding_resolves_via_codepoint ... ok
[INFO] [stdout] test menu::tests::key_matching_is_case_insensitive ... ok
[INFO] [stdout] test menu::tests::plus_and_equals_both_increase_font_size ... ok
[INFO] [stdout] test menu::tests::tab_cycling_items_live_under_window_menu_with_bracket_equivalents ... ok
[INFO] [stdout] test menu::tests::tags_round_trip_and_are_unique ... ok
[INFO] [stdout] test menu::tests::unbound_key_is_none ... ok
[INFO] [stdout] test notify::tests::command_finish_action_parses_over_defaults ... ok
[INFO] [stdout] test notify::tests::distinct_after_one_second_is_admitted ... ok
[INFO] [stdout] test notify::tests::first_notification_is_admitted ... ok
[INFO] [stdout] test notify::tests::notify_mode_parses_with_never_fallback ... ok
[INFO] [stdout] test notify::tests::second_within_one_second_is_throttled_even_if_distinct ... ok
[INFO] [stdout] test paste::tests::bracket_end_sequence_is_never_trusted ... ok
[INFO] [stdout] test notify::tests::command_finish_notification_wording ... ok
[INFO] [stdout] test paste::tests::bracketed_is_trusted_when_configured ... ok
[INFO] [stdout] test notify::tests::humanize_duration_buckets ... ok
[INFO] [stdout] test notify::tests::identical_within_five_seconds_is_deduped ... ok
[INFO] [stdout] test notify::tests::mode_and_threshold_gate_command_finish ... ok
[INFO] [stdout] test progress::tests::error_is_red_and_pause_is_orange_full ... ok
[INFO] [stdout] test progress::tests::indeterminate_and_valueless_set_are_indeterminate ... ok
[INFO] [stdout] test progress::tests::remove_clears_the_bar ... ok
[INFO] [stdout] test paste::tests::non_bracketed_multiline_is_unsafe ... ok
[INFO] [stdout] test progress::tests::set_fills_to_percentage ... ok
[INFO] [stdout] test paste::tests::protection_off_is_always_safe ... ok
[INFO] [stdout] test paste::tests::is_safe_flags_newline_and_bracket_end ... ok
[INFO] [stdout] test quickterm::tests::bottom_origins ... ok
[INFO] [stdout] test quickterm::tests::center_final_is_screen_centered ... ok
[INFO] [stdout] test quickterm::tests::centered_axis_is_rounded ... ok
[INFO] [stdout] test quickterm::tests::left_right_origins_center_vertically ... ok
[INFO] [stdout] test quickterm::tests::origins_respect_a_nonzero_screen_origin ... ok
[INFO] [stdout] test quickterm::tests::position_parses_known_and_rejects_unknown ... ok
[INFO] [stdout] test quickterm::tests::size_percentage_and_pixels ... ok
[INFO] [stdout] test resize_overlay::tests::center_is_middle_of_the_container ... ok
[INFO] [stdout] test resize_overlay::tests::corners_inset_by_margin_in_bottom_left_space ... ok
[INFO] [stdout] test quickterm::tests::size_defaults_per_position ... ok
[INFO] [stdout] test resize_overlay::tests::should_show_respects_mode_and_first_size ... ok
[INFO] [stdout] test quickterm::tests::size_parse_syntax ... ok
[INFO] [stdout] test quickterm::tests::top_origins ... ok
[INFO] [stdout] test resize_overlay::tests::duration_parses_ms ... ok
[INFO] [stdout] test resize_overlay::tests::mode_parses_with_after_first_default ... ok
[INFO] [stdout] test scroll::tests::ladder_alt_scroll_requires_all_three ... ok
[INFO] [stdout] test scroll::tests::ladder_reporting_wins_over_viewport_but_not_when_alt_scroll_applies ... ok
[INFO] [stdout] test scroll::tests::discrete_slow_tick_ramps_to_at_least_one ... ok
[INFO] [stdout] test scroll::tests::ladder_zero_delta_is_none ... ok
[INFO] [stdout] test scroll::tests::multiplier_clamps_to_upstream_range ... ok
[INFO] [stdout] test resize_overlay::tests::text_uses_the_cross_glyph ... ok
[INFO] [stdout] test scroll::tests::discrete_single_tick_scrolls_by_multiplier_rows ... ok
[INFO] [stdout] test scroll::tests::discrete_down_tick_is_negative ... ok
[INFO] [stdout] test scroll::tests::precision_accumulates_below_a_cell ... ok
[INFO] [stdout] test scroll::tests::precision_remainder_carries_across_direction_change ... ok
[INFO] [stdout] test search::tests::next_and_previous_wrap ... ok
[INFO] [stdout] test search::tests::open_close_lifecycle ... ok
[INFO] [stdout] test search::tests::set_results_selects_first_match ... ok
[INFO] [stdout] test selection::tests::dim_blends_cells_toward_fill ... ok
[INFO] [stdout] test selection::tests::dim_resolves_default_against_window_defaults ... ok
[INFO] [stdout] test selection::tests::dim_resolves_palette_indices ... ok
[INFO] [stdout] test selection::tests::dim_toward_white_fill_brightens_black ... ok
[INFO] [stdout] test scroll::tests::zero_yoff_is_noop ... ok
[INFO] [stdout] test selection::tests::dim_uses_fallback_for_default_fg_when_window_has_none ... ok
[INFO] [stdout] test search::tests::counter_label_shapes ... ok
[INFO] [stdout] test selection::tests::explicit_colors_are_applied_verbatim ... ok
[INFO] [stdout] test selection::tests::inverse_tint_swaps_fg_and_bg_within_range ... ok
[INFO] [stdout] test selection::tests::rectangle_range_bounds_both_axes_independently ... ok
[INFO] [stdout] test selection::tests::single_row_range_bounds_both_columns ... ok
[INFO] [stdout] test selection::tests::tint_accounts_for_window_top_offset ... ok
[INFO] [stdout] test selection::tests::tint_leaves_cells_outside_range_untouched ... ok
[INFO] [stdout] test selection::tests::tint_matches_colors_current_distinctly ... ok
[INFO] [stdout] test selection::tests::tint_matches_empty_is_noop ... ok
[INFO] [stdout] test session::tests::a_wrong_version_is_rejected ... ok
[INFO] [stdout] test session::tests::garbage_is_rejected ... ok
[INFO] [stdout] test session::tests::json_round_trip_preserves_the_tree ... ok
[INFO] [stdout] test session::tests::leaf_count_walks_the_tree ... ok
[INFO] [stdout] test splits::tests::adjacent_single_leaf_is_none ... ok
[INFO] [stdout] test splits::tests::adjacent_wraps_in_flatten_order ... ok
[INFO] [stdout] test splits::tests::close_collapses_parent_and_sibling_absorbs_space ... ok
[INFO] [stdout] test progress::tests::set_over_100_clamps ... ok
[INFO] [stdout] test splits::tests::close_last_surface_returns_none ... ok
[INFO] [stdout] test splits::tests::close_middle_pane_collapses_to_two ... ok
[INFO] [stdout] test selection::tests::dim_zero_alpha_is_noop ... ok
[INFO] [stdout] test selection::tests::multi_row_range_first_row_is_from_col_to_end ... ok
[INFO] [stdout] test splits::tests::close_unfocused_pane_preserves_focus ... ok
[INFO] [stdout] test search::tests::navigation_with_no_matches_is_none ... ok
[INFO] [stdout] test scroll::tests::scrolled_offset_moves_and_clamps ... ok
[INFO] [stdout] test splits::tests::equalize_cross_axis_child_counts_as_one ... ok
[INFO] [stdout] test splits::tests::directional_neighbor_walks_the_grid ... ok
[INFO] [stdout] test splits::tests::divider_path_targets_the_correct_split ... ok
[INFO] [stdout] test splits::tests::closing_the_zoomed_pane_clears_zoom_other_close_preserves_it ... ok
[INFO] [stdout] test splits::tests::equalize_preserves_zoom ... ok
[INFO] [stdout] test splits::tests::equalize_two_panes_is_half ... ok
[INFO] [stdout] test splits::tests::hit_test_finds_the_pane_under_a_point ... ok
[INFO] [stdout] test splits::tests::equalize_weights_by_leaf_count_same_axis ... ok
[INFO] [stdout] test splits::tests::resize_dir_clamps ... ok
[INFO] [stdout] test splits::tests::leaf_path_locates_leaves ... ok
[INFO] [stdout] test splits::tests::resize_clamps_to_bounds ... ok
[INFO] [stdout] test splits::tests::resize_dir_noop_when_no_matching_axis_ancestor ... ok
[INFO] [stdout] test splits::tests::resize_resets_zoom ... ok
[INFO] [stdout] test splits::tests::resize_dir_moves_matching_axis_ancestor ... ok
[INFO] [stdout] test splits::tests::single_pane_cannot_zoom ... ok
[INFO] [stdout] test splits::tests::split_down_stacks_vertically ... ok
[INFO] [stdout] test splits::tests::resize_dir_finds_the_nearest_matching_ancestor ... ok
[INFO] [stdout] test splits::tests::splitting_resets_zoom ... ok
[INFO] [stdout] test splits::tests::split_left_places_new_surface_first ... ok
[INFO] [stdout] test splits::tests::split_rect_reports_the_split_container_geometry ... ok
[INFO] [stdout] test splits::tests::toggle_zoom_twice_restores_the_layout ... ok
[INFO] [stdout] test splits::tests::split_right_places_new_surface_in_second_slot_and_focuses_it ... ok
[INFO] [stdout] test splits::tests::three_panes_split_right_then_down ... ok
[INFO] [stdout] test splits::tests::window_resize_preserves_ratios ... ok
[INFO] [stdout] test splits::tests::zoom_fills_the_container_and_hides_others ... ok
[INFO] [stdout] test splits::tests::resize_moves_the_divider_ratio ... ok
[INFO] [stdout] test splits::tests::single_leaf_is_the_whole_container ... ok
[INFO] [stdout] test tabs::tests::activate_unknown_is_false ... ok
[INFO] [stdout] test tabs::tests::add_makes_new_tab_active ... ok
[INFO] [stdout] test tabs::tests::ids_are_unique_and_monotonic ... ok
[INFO] [stdout] test tabs::tests::remove_active_falls_back_to_neighbor ... ok
[INFO] [stdout] test tabs::tests::inherit_pwd_honors_existing_dir ... ok
[INFO] [stdout] test tabs::tests::inherit_pwd_rejects_missing_dir_and_none ... ok
[INFO] [stdout] test tabs::tests::remove_unknown_is_false ... ok
[INFO] [stdout] test tabs::tests::remove_last_tab_clears_active ... ok
[INFO] [stdout] test tabs::tests::remove_non_active_keeps_active ... ok
[INFO] [stdout] test theme::tests::parses_named_color_keys ... ok
[INFO] [stdout] test theme::tests::default_theme_matches_qwertty_term_vt_defaults ... ok
[INFO] [stdout] test theme::tests::parses_palette_entries_by_index ... ok
[INFO] [stdout] test theme::tests::skips_malformed_lines_without_panicking ... ok
[INFO] [stdout] test theme::tests::to_colors_with_no_overrides_leaves_default_fg_bg_unset ... ok
[INFO] [stdout] test theme::tests::to_colors_applies_palette_and_default_fg_bg ... ok
[INFO] [stdout] test theme::tests::missing_theme_returns_none ... ok
[INFO] [stdout] test theme::tests::ignores_unknown_keys_and_blank_and_comment_lines ... ok
[INFO] [stdout] test theme::tests::resolves_absolute_path_as_is ... ok
[INFO] [stdout] test input::translate::tests::option_as_alt_suppresses_composed_text ... FAILED
[INFO] [stdout] test engine::tests::search_timing_10k_scrollback ... ok
[INFO] [stdout] 
[INFO] [stdout] failures:
[INFO] [stdout] 
[INFO] [stdout] ---- input::translate::tests::option_as_alt_suppresses_composed_text stdout ----
[INFO] [stdout] 
[INFO] [stdout] thread 'input::translate::tests::option_as_alt_suppresses_composed_text' (1682) panicked at src/input/translate.rs:279:9:
[INFO] [stdout] assertion failed: option_is_alt(&raw, &cfg)
[INFO] [stdout] stack backtrace:
[INFO] [stdout]    0:     0x600b41f76c71 - std[70759c8f55707aa4]::backtrace_rs::backtrace::libunwind::trace
[INFO] [stdout]                                at /rustc/dfb0accb7f508ae8be965d8629557221c889dd98/library/std/src/../../backtrace/src/backtrace/libunwind.rs:117:9
[INFO] [stdout]    1:     0x600b41f76c71 - std[70759c8f55707aa4]::backtrace_rs::backtrace::trace_unsynchronized::<std[70759c8f55707aa4]::sys::backtrace::_print_fmt::{closure#1}>
[INFO] [stdout]                                at /rustc/dfb0accb7f508ae8be965d8629557221c889dd98/library/std/src/../../backtrace/src/backtrace/mod.rs:66:14
[INFO] [stdout]    2:     0x600b41f76c71 - std[70759c8f55707aa4]::sys::backtrace::_print_fmt
[INFO] [stdout]                                at /rustc/dfb0accb7f508ae8be965d8629557221c889dd98/library/std/src/sys/backtrace.rs:74:9
[INFO] [stdout]    3:     0x600b41f76c71 - <<std[70759c8f55707aa4]::sys::backtrace::BacktraceLock>::print::DisplayBacktrace as core[df12db4294e9bfd3]::fmt::Display>::fmt
[INFO] [stdout]                                at /rustc/dfb0accb7f508ae8be965d8629557221c889dd98/library/std/src/sys/backtrace.rs:44:26
[INFO] [stdout]    4:     0x600b41f8e15a - <core[df12db4294e9bfd3]::fmt::rt::Argument>::fmt
[INFO] [stdout]                                at /rustc/dfb0accb7f508ae8be965d8629557221c889dd98/library/core/src/fmt/rt.rs:152:76
[INFO] [stdout]    5:     0x600b41f8e15a - core[df12db4294e9bfd3]::fmt::write
[INFO] [stdout]    6:     0x600b41f7b38c - core[df12db4294e9bfd3]::io::write::default_write_fmt::<alloc[2182bb758b4b3781]::vec::Vec<u8>>
[INFO] [stdout]                                at /rustc/dfb0accb7f508ae8be965d8629557221c889dd98/library/core/src/io/write.rs:402:11
[INFO] [stdout]    7:     0x600b41f7b38c - <alloc[2182bb758b4b3781]::vec::Vec<u8> as core[df12db4294e9bfd3]::io::write::Write>::write_fmt
[INFO] [stdout]                                at /rustc/dfb0accb7f508ae8be965d8629557221c889dd98/library/core/src/io/write.rs:335:13
[INFO] [stdout]    8:     0x600b41f51556 - <std[70759c8f55707aa4]::sys::backtrace::BacktraceLock>::print
[INFO] [stdout]                                at /rustc/dfb0accb7f508ae8be965d8629557221c889dd98/library/std/src/sys/backtrace.rs:47:9
[INFO] [stdout]    9:     0x600b41f51556 - std[70759c8f55707aa4]::panicking::default_hook::{closure#0}
[INFO] [stdout]                                at /rustc/dfb0accb7f508ae8be965d8629557221c889dd98/library/std/src/panicking.rs:292:27
[INFO] [stdout]   10:     0x600b41f6e709 - std[70759c8f55707aa4]::panicking::default_hook
[INFO] [stdout]                                at /rustc/dfb0accb7f508ae8be965d8629557221c889dd98/library/std/src/panicking.rs:316:9
[INFO] [stdout]   11:     0x600b41db6550 - <alloc[2182bb758b4b3781]::boxed::Box<dyn for<'a, 'b> core[df12db4294e9bfd3]::ops::function::Fn<(&'a std[70759c8f55707aa4]::panic::PanicHookInfo<'b>,), Output = ()> + core[df12db4294e9bfd3]::marker::Send + core[df12db4294e9bfd3]::marker::Sync> as core[df12db4294e9bfd3]::ops::function::Fn<(&std[70759c8f55707aa4]::panic::PanicHookInfo,)>>::call
[INFO] [stdout]                                at /rustc/dfb0accb7f508ae8be965d8629557221c889dd98/library/alloc/src/boxed.rs:2334:9
[INFO] [stdout]   12:     0x600b41db6550 - test[9d35eded1c95d3be]::test_main_inner::<test[9d35eded1c95d3be]::test_main_static::{closure#0}>::{closure#0}
[INFO] [stdout]                                at /rustc/dfb0accb7f508ae8be965d8629557221c889dd98/library/test/src/lib.rs:155:21
[INFO] [stdout]   13:     0x600b41f6e8c2 - <alloc[2182bb758b4b3781]::boxed::Box<dyn for<'a, 'b> core[df12db4294e9bfd3]::ops::function::Fn<(&'a std[70759c8f55707aa4]::panic::PanicHookInfo<'b>,), Output = ()> + core[df12db4294e9bfd3]::marker::Send + core[df12db4294e9bfd3]::marker::Sync> as core[df12db4294e9bfd3]::ops::function::Fn<(&std[70759c8f55707aa4]::panic::PanicHookInfo,)>>::call
[INFO] [stdout]                                at /rustc/dfb0accb7f508ae8be965d8629557221c889dd98/library/alloc/src/boxed.rs:2334:9
[INFO] [stdout]   14:     0x600b41f6e8c2 - std[70759c8f55707aa4]::panicking::panic_with_hook
[INFO] [stdout]                                at /rustc/dfb0accb7f508ae8be965d8629557221c889dd98/library/std/src/panicking.rs:823:13
[INFO] [stdout]   15:     0x600b41f51634 - std[70759c8f55707aa4]::panicking::panic_handler::{closure#0}
[INFO] [stdout]                                at /rustc/dfb0accb7f508ae8be965d8629557221c889dd98/library/std/src/panicking.rs:681:13
[INFO] [stdout]   16:     0x600b41f4a0d9 - std[70759c8f55707aa4]::sys::backtrace::__rust_end_short_backtrace::<std[70759c8f55707aa4]::panicking::panic_handler::{closure#0}, !>
[INFO] [stdout]                                at /rustc/dfb0accb7f508ae8be965d8629557221c889dd98/library/std/src/sys/backtrace.rs:182:18
[INFO] [stdout]   17:     0x600b41f521fd - __rustc[8fa7c3cbc660c2b3]::rust_begin_unwind
[INFO] [stdout]                                at /rustc/dfb0accb7f508ae8be965d8629557221c889dd98/library/std/src/panicking.rs:679:5
[INFO] [stdout]   18:     0x600b41f8e94c - core[df12db4294e9bfd3]::panicking::panic_fmt
[INFO] [stdout]                                at /rustc/dfb0accb7f508ae8be965d8629557221c889dd98/library/core/src/panicking.rs:80:14
[INFO] [stdout]   19:     0x600b41f8e912 - core[df12db4294e9bfd3]::panicking::panic
[INFO] [stdout]                                at /rustc/dfb0accb7f508ae8be965d8629557221c889dd98/library/core/src/panicking.rs:150:5
[INFO] [stdout]   20:     0x600b41c87b87 - qwertty_term[aef7b62732d05cb1]::input::translate::tests::option_as_alt_suppresses_composed_text
[INFO] [stdout]                                at /opt/rustwide/workdir/src/input/translate.rs:279:9
[INFO] [stdout]   21:     0x600b41c847f7 - qwertty_term[aef7b62732d05cb1]::input::translate::tests::option_as_alt_suppresses_composed_text::{closure#0}
[INFO] [stdout]                                at /opt/rustwide/workdir/src/input/translate.rs:272:48
[INFO] [stdout]   22:     0x600b41c0b8f6 - <qwertty_term[aef7b62732d05cb1]::input::translate::tests::option_as_alt_suppresses_composed_text::{closure#0} as core[df12db4294e9bfd3]::ops::function::FnOnce<()>>::call_once
[INFO] [stdout]                                at /rustc/dfb0accb7f508ae8be965d8629557221c889dd98/library/core/src/ops/function.rs:250:5
[INFO] [stdout]   23:     0x600b41da983b - <fn() -> core[df12db4294e9bfd3]::result::Result<(), alloc[2182bb758b4b3781]::string::String> as core[df12db4294e9bfd3]::ops::function::FnOnce<()>>::call_once
[INFO] [stdout]                                at /rustc/dfb0accb7f508ae8be965d8629557221c889dd98/library/core/src/ops/function.rs:250:5
[INFO] [stdout]   24:     0x600b41da983b - test[9d35eded1c95d3be]::__rust_begin_short_backtrace::<core[df12db4294e9bfd3]::result::Result<(), alloc[2182bb758b4b3781]::string::String>, fn() -> core[df12db4294e9bfd3]::result::Result<(), alloc[2182bb758b4b3781]::string::String>>
[INFO] [stdout]                                at /rustc/dfb0accb7f508ae8be965d8629557221c889dd98/library/test/src/lib.rs:733:18
[INFO] [stdout]   25:     0x600b41db6ea5 - test[9d35eded1c95d3be]::run_test_in_process::{closure#0}
[INFO] [stdout]                                at /rustc/dfb0accb7f508ae8be965d8629557221c889dd98/library/test/src/lib.rs:756:74
[INFO] [stdout]   26:     0x600b41db6ea5 - <core[df12db4294e9bfd3]::panic::unwind_safe::AssertUnwindSafe<test[9d35eded1c95d3be]::run_test_in_process::{closure#0}> as core[df12db4294e9bfd3]::ops::function::FnOnce<()>>::call_once
[INFO] [stdout]                                at /rustc/dfb0accb7f508ae8be965d8629557221c889dd98/library/core/src/panic/unwind_safe.rs:275:9
[INFO] [stdout]   27:     0x600b41db6ea5 - std[70759c8f55707aa4]::panicking::catch_unwind::do_call::<core[df12db4294e9bfd3]::panic::unwind_safe::AssertUnwindSafe<test[9d35eded1c95d3be]::run_test_in_process::{closure#0}>, core[df12db4294e9bfd3]::result::Result<(), alloc[2182bb758b4b3781]::string::String>>
[INFO] [stdout]                                at /rustc/dfb0accb7f508ae8be965d8629557221c889dd98/library/std/src/panicking.rs:576:43
[INFO] [stdout]   28:     0x600b41db6ea5 - std[70759c8f55707aa4]::panicking::catch_unwind::<core[df12db4294e9bfd3]::result::Result<(), alloc[2182bb758b4b3781]::string::String>, core[df12db4294e9bfd3]::panic::unwind_safe::AssertUnwindSafe<test[9d35eded1c95d3be]::run_test_in_process::{closure#0}>>
[INFO] [stdout]                                at /rustc/dfb0accb7f508ae8be965d8629557221c889dd98/library/std/src/panicking.rs:544:19
[INFO] [stdout]   29:     0x600b41db6ea5 - std[70759c8f55707aa4]::panic::catch_unwind::<core[df12db4294e9bfd3]::panic::unwind_safe::AssertUnwindSafe<test[9d35eded1c95d3be]::run_test_in_process::{closure#0}>, core[df12db4294e9bfd3]::result::Result<(), alloc[2182bb758b4b3781]::string::String>>
[INFO] [stdout]                                at /rustc/dfb0accb7f508ae8be965d8629557221c889dd98/library/std/src/panic.rs:359:14
[INFO] [stdout]   30:     0x600b41db6ea5 - test[9d35eded1c95d3be]::run_test_in_process
[INFO] [stdout]                                at /rustc/dfb0accb7f508ae8be965d8629557221c889dd98/library/test/src/lib.rs:756:27
[INFO] [stdout]   31:     0x600b41db6ea5 - test[9d35eded1c95d3be]::run_test::{closure#0}
[INFO] [stdout]                                at /rustc/dfb0accb7f508ae8be965d8629557221c889dd98/library/test/src/lib.rs:677:43
[INFO] [stdout]   32:     0x600b41db0764 - test[9d35eded1c95d3be]::run_test::{closure#1}
[INFO] [stdout]                                at /rustc/dfb0accb7f508ae8be965d8629557221c889dd98/library/test/src/lib.rs:707:41
[INFO] [stdout]   33:     0x600b41db0764 - std[70759c8f55707aa4]::sys::backtrace::__rust_begin_short_backtrace::<test[9d35eded1c95d3be]::run_test::{closure#1}, ()>
[INFO] [stdout]                                at /rustc/dfb0accb7f508ae8be965d8629557221c889dd98/library/std/src/sys/backtrace.rs:166:18
[INFO] [stdout]   34:     0x600b41dba002 - std[70759c8f55707aa4]::thread::lifecycle::spawn_unchecked::<test[9d35eded1c95d3be]::run_test::{closure#1}, ()>::{closure#1}::{closure#0}
[INFO] [stdout]                                at /rustc/dfb0accb7f508ae8be965d8629557221c889dd98/library/std/src/thread/lifecycle.rs:70:13
[INFO] [stdout]   35:     0x600b41dba002 - <core[df12db4294e9bfd3]::panic::unwind_safe::AssertUnwindSafe<std[70759c8f55707aa4]::thread::lifecycle::spawn_unchecked<test[9d35eded1c95d3be]::run_test::{closure#1}, ()>::{closure#1}::{closure#0}> as core[df12db4294e9bfd3]::ops::function::FnOnce<()>>::call_once
[INFO] [stdout]                                at /rustc/dfb0accb7f508ae8be965d8629557221c889dd98/library/core/src/panic/unwind_safe.rs:275:9
[INFO] [stdout]   36:     0x600b41dba002 - std[70759c8f55707aa4]::panicking::catch_unwind::do_call::<core[df12db4294e9bfd3]::panic::unwind_safe::AssertUnwindSafe<std[70759c8f55707aa4]::thread::lifecycle::spawn_unchecked<test[9d35eded1c95d3be]::run_test::{closure#1}, ()>::{closure#1}::{closure#0}>, ()>
[INFO] [stdout]                                at /rustc/dfb0accb7f508ae8be965d8629557221c889dd98/library/std/src/panicking.rs:576:43
[INFO] [stdout]   37:     0x600b41dba002 - std[70759c8f55707aa4]::panicking::catch_unwind::<(), core[df12db4294e9bfd3]::panic::unwind_safe::AssertUnwindSafe<std[70759c8f55707aa4]::thread::lifecycle::spawn_unchecked<test[9d35eded1c95d3be]::run_test::{closure#1}, ()>::{closure#1}::{closure#0}>>
[INFO] [stdout]                                at /rustc/dfb0accb7f508ae8be965d8629557221c889dd98/library/std/src/panicking.rs:544:19
[INFO] [stdout]   38:     0x600b41dba002 - std[70759c8f55707aa4]::panic::catch_unwind::<core[df12db4294e9bfd3]::panic::unwind_safe::AssertUnwindSafe<std[70759c8f55707aa4]::thread::lifecycle::spawn_unchecked<test[9d35eded1c95d3be]::run_test::{closure#1}, ()>::{closure#1}::{closure#0}>, ()>
[INFO] [stdout]                                at /rustc/dfb0accb7f508ae8be965d8629557221c889dd98/library/std/src/panic.rs:359:14
[INFO] [stdout]   39:     0x600b41dba002 - std[70759c8f55707aa4]::thread::lifecycle::spawn_unchecked::<test[9d35eded1c95d3be]::run_test::{closure#1}, ()>::{closure#1}
[INFO] [stdout]                                at /rustc/dfb0accb7f508ae8be965d8629557221c889dd98/library/std/src/thread/lifecycle.rs:68:26
[INFO] [stdout]   40:     0x600b41dba002 - <std[70759c8f55707aa4]::thread::lifecycle::spawn_unchecked<test[9d35eded1c95d3be]::run_test::{closure#1}, ()>::{closure#1} as core[df12db4294e9bfd3]::ops::function::FnOnce<()>>::call_once::{shim:vtable#0}
[INFO] [stdout]                                at /rustc/dfb0accb7f508ae8be965d8629557221c889dd98/library/core/src/ops/function.rs:250:5
[INFO] [stdout]   41:     0x600b41f75fe9 - <alloc[2182bb758b4b3781]::boxed::Box<dyn core[df12db4294e9bfd3]::ops::function::FnOnce<(), Output = ()> + core[df12db4294e9bfd3]::marker::Send> as core[df12db4294e9bfd3]::ops::function::FnOnce<()>>::call_once
[INFO] [stdout]                                at /rustc/dfb0accb7f508ae8be965d8629557221c889dd98/library/alloc/src/boxed.rs:2320:9
[INFO] [stdout]   42:     0x600b41f75fe9 - <std[70759c8f55707aa4]::sys::thread::unix::Thread>::new::thread_start
[INFO] [stdout]                                at /rustc/dfb0accb7f508ae8be965d8629557221c889dd98/library/std/src/sys/thread/unix.rs:123:17
[INFO] [stdout]   43:     0x7f1824732dfa - <unknown>
[INFO] [stdout]   44:     0x7f18247c63d4 - clone
[INFO] [stdout]   45:                0x0 - <unknown>
[INFO] [stdout] 
[INFO] [stdout] 
[INFO] [stdout] failures:
[INFO] [stdout]     input::translate::tests::option_as_alt_suppresses_composed_text
[INFO] [stdout] 
[INFO] [stdout] test result: FAILED. 274 passed; 1 failed; 0 ignored; 0 measured; 0 filtered out; finished in 0.41s
[INFO] [stdout] 
[INFO] [stderr] error: test failed, to rerun pass `--lib`
[INFO] running `Command { std: "docker" "inspect" "3ff4b239f72f81d12b648aea397f665201a5819a3bef024911522a2e3902d0a4", kill_on_drop: false }`
[INFO] running `Command { std: "docker" "rm" "-f" "3ff4b239f72f81d12b648aea397f665201a5819a3bef024911522a2e3902d0a4", kill_on_drop: false }`
[INFO] [stdout] 3ff4b239f72f81d12b648aea397f665201a5819a3bef024911522a2e3902d0a4
